000
CDUS41 KCAR 280528
CLIHUL


CLIMATE REPORT
NATIONAL WEATHER SERVICE CARIBOU, ME
1228 AM EST WED JAN 28 2015


...................................

...THE HOULTON ME CLIMATE SUMMARY FOR JANUARY 27 2015...

CLIMATE NORMAL PERIOD 1981 TO 2010
CLIMATE RECORD PERIOD 1948 TO 2015


WEATHER ITEM   OBSERVED TIME   RECORD YEAR NORMAL DEPARTURE LAST
                VALUE   (LST)  VALUE       VALUE  FROM      YEAR
                                                  NORMAL
..................................................................
TEMPERATURE (F)
 YESTERDAY
  MAXIMUM          9   1159 PM  49    1976  22    -13       38
  MINIMUM          3    111 AM -21    2009   0      3        0
                                      2008
  AVERAGE          6                        11     -5       19

PRECIPITATION (IN)
  YESTERDAY        0.11          0.72 1996   0.09   0.02     0.29
  MONTH TO DATE    1.32                      2.51  -1.19     4.18
  SINCE DEC 1      6.82                      5.80   1.02     6.55
  SINCE JAN 1      1.32                      2.51  -1.19     4.18

SNOWFALL (IN)
  YESTERDAY       MM             8.0  1963   0.8   MM       MM
  MONTH TO DATE   MM                        20.5   MM       MM
  SINCE DEC 1     MM                        36.9   MM       MM
  SINCE JUL 1     MM                        45.0   MM       MM
  SNOW DEPTH      MM

DEGREE DAYS
 HEATING
  YESTERDAY       59                        54      5       46
  MONTH TO DATE 1474                      1440     34     1346
  SINCE DEC 1   2718                      2852   -134     2907
  SINCE JUL 1   4615                      4960   -345     4908

 COOLING
  YESTERDAY        0                         0      0        0
  MONTH TO DATE    0                         0      0        0
  SINCE DEC 1      0                         0      0        0
  SINCE JAN 1      0                         0      0        0
..................................................................


WIND (MPH)
  HIGHEST WIND SPEED    25   HIGHEST WIND DIRECTION    NE (30)
  HIGHEST GUST SPEED    33   HIGHEST GUST DIRECTION     N (10)
  AVERAGE WIND SPEED    17.9


SKY COVER
  POSSIBLE SUNSHINE  MM
  AVERAGE SKY COVER 0.9


WEATHER CONDITIONS
 THE FOLLOWING WEATHER WAS RECORDED YESTERDAY.
  HEAVY SNOW
  SNOW
  LIGHT SNOW
  FOG
  FOG W/VISIBILITY <= 1/4 MILE


RELATIVE HUMIDITY (PERCENT)
 HIGHEST    88           400 PM
 LOWEST     54           500 AM
 AVERAGE    71

..........................................................


THE HOULTON ME CLIMATE NORMALS FOR TODAY
                         NORMAL    RECORD    YEAR
 MAXIMUM TEMPERATURE (F)   22        51      2011
 MINIMUM TEMPERATURE (F)    0       -25      2009


SUNRISE AND SUNSET
JANUARY 28 2015.......SUNRISE   659 AM EST   SUNSET   430 PM EST
JANUARY 29 2015.......SUNRISE   658 AM EST   SUNSET   431 PM EST


-  INDICATES NEGATIVE NUMBERS.
R  INDICATES RECORD WAS SET OR TIED.
MM INDICATES DATA IS MISSING.
T  INDICATES TRACE AMOUNT.




$$
