000
CDUS41 KCAR 270537
CLIHUL


CLIMATE REPORT
NATIONAL WEATHER SERVICE CARIBOU, ME
1234 AM EST SAT DEC 27 2014


...................................

...THE HOULTON ME CLIMATE SUMMARY FOR DECEMBER 26 2014...

CLIMATE NORMAL PERIOD 1981 TO 2010
CLIMATE RECORD PERIOD 1948 TO 2014


WEATHER ITEM   OBSERVED TIME   RECORD YEAR NORMAL DEPARTURE LAST
                VALUE   (LST)  VALUE       VALUE  FROM      YEAR
                                                  NORMAL
..................................................................
TEMPERATURE (F)
 YESTERDAY
  MAXIMUM         43    152 PM  54    1964  25     18       18
  MINIMUM         35    735 PM -28    1980   6     29      -19
  AVERAGE         39                        16     23        0

PRECIPITATION (IN)
  YESTERDAY        0.00          1.61 1976   0.09  -0.09     0.20
  MONTH TO DATE    5.37                      2.84   2.53     2.13
  SINCE DEC 1      5.37                      2.84   2.53     2.13
  SINCE JAN 1     42.21                     39.53   2.68    42.08

SNOWFALL (IN)
  YESTERDAY       MM             9.0  2005   0.6   MM       MM
  MONTH TO DATE   MM                        13.1   MM       MM
  SINCE DEC 1     MM                        13.1   MM       MM
  SINCE JUL 1     MM                        21.2   MM       MM
  SNOW DEPTH      MM

DEGREE DAYS
 HEATING
  YESTERDAY       26                        49    -23       65
  MONTH TO DATE 1011                      1159   -148     1284
  SINCE DEC 1   1011                      1159   -148     1284
  SINCE JUL 1   2908                      3267   -359     3285

 COOLING
  YESTERDAY        0                         0      0        0
  MONTH TO DATE    0                         0      0        0
  SINCE DEC 1      0                         0      0        0
  SINCE JAN 1    233                       191     42      198
..................................................................


WIND (MPH)
  HIGHEST WIND SPEED    29   HIGHEST WIND DIRECTION     W (270)
  HIGHEST GUST SPEED    41   HIGHEST GUST DIRECTION     W (280)
  AVERAGE WIND SPEED    13.4


SKY COVER
  POSSIBLE SUNSHINE  MM
  AVERAGE SKY COVER 0.5


WEATHER CONDITIONS
 THE FOLLOWING WEATHER WAS RECORDED YESTERDAY.
  NO SIGNIFICANT WEATHER WAS OBSERVED.


RELATIVE HUMIDITY (PERCENT)
 HIGHEST    64           800 PM
 LOWEST     39           100 PM
 AVERAGE    52

..........................................................


THE HOULTON ME CLIMATE NORMALS FOR TODAY
                         NORMAL    RECORD    YEAR
 MAXIMUM TEMPERATURE (F)   25        54      1964
 MINIMUM TEMPERATURE (F)    5       -18      1993


SUNRISE AND SUNSET
DECEMBER 27 2014......SUNRISE   713 AM EST   SUNSET   352 PM EST
DECEMBER 28 2014......SUNRISE   713 AM EST   SUNSET   353 PM EST


-  INDICATES NEGATIVE NUMBERS.
R  INDICATES RECORD WAS SET OR TIED.
MM INDICATES DATA IS MISSING.
T  INDICATES TRACE AMOUNT.




$$
