000
CDUS41 KCAR 310526
CLIHUL


CLIMATE REPORT
NATIONAL WEATHER SERVICE CARIBOU, ME
126 AM EDT MON AUG 31 2015


...................................

...THE HOULTON ME CLIMATE SUMMARY FOR AUGUST 30 2015...

CLIMATE NORMAL PERIOD 1981 TO 2010
CLIMATE RECORD PERIOD 1948 TO 2015


WEATHER ITEM   OBSERVED TIME   RECORD YEAR NORMAL DEPARTURE LAST
                VALUE   (LST)  VALUE       VALUE  FROM      YEAR
                                                  NORMAL
..................................................................
TEMPERATURE (F)
 YESTERDAY
  MAXIMUM         76    326 PM  91    2010  73      3       76
  MINIMUM         58    850 PM  32    1982  49      9       47
  AVERAGE         67                        61      6       62

PRECIPITATION (IN)
  YESTERDAY        T             0.98 2007   0.10  -0.10     0.00
  MONTH TO DATE    3.79                      3.59   0.20     2.25
  SINCE JUN 1      9.41                     10.90  -1.49    12.94
  SINCE JAN 1     18.76                     25.53  -6.77    27.64

SNOWFALL (IN)
  YESTERDAY       MM             0.0  2003   0.0   MM       MM
  MONTH TO DATE    0.0                       0.0    0.0     MM
  SINCE JUN 1      0.0                       0.0    0.0     MM
  SINCE JUL 1      0.0                       0.0    0.0     MM
  SNOW DEPTH      MM

DEGREE DAYS
 HEATING
  YESTERDAY        0                         5     -5        3
  MONTH TO DATE   24                        91    -67       48
  SINCE JUN 1    324                       332     -8      214
  SINCE JUL 1     87                       151    -64       85

 COOLING
  YESTERDAY        2                         1      1        0
  MONTH TO DATE  108                        54     54       45
  SINCE JUN 1    161                       170     -9      200
  SINCE JAN 1    186                       174     12      201
..................................................................


WIND (MPH)
  HIGHEST WIND SPEED    16   HIGHEST WIND DIRECTION    SW (240)
  HIGHEST GUST SPEED    25   HIGHEST GUST DIRECTION     W (280)
  AVERAGE WIND SPEED     7.1


SKY COVER
  POSSIBLE SUNSHINE  MM
  AVERAGE SKY COVER 0.5


WEATHER CONDITIONS
 THE FOLLOWING WEATHER WAS RECORDED YESTERDAY.
  NO SIGNIFICANT WEATHER WAS OBSERVED.


RELATIVE HUMIDITY (PERCENT)
 HIGHEST    90           100 AM
 LOWEST     60           300 PM
 AVERAGE    75

..........................................................


THE HOULTON ME CLIMATE NORMALS FOR TODAY
                         NORMAL    RECORD    YEAR
 MAXIMUM TEMPERATURE (F)   73        93      2010
 MINIMUM TEMPERATURE (F)   49        32      1965


SUNRISE AND SUNSET
AUGUST 31 2015........SUNRISE   550 AM EDT   SUNSET   712 PM EDT
SEPTEMBER  1 2015.....SUNRISE   551 AM EDT   SUNSET   710 PM EDT


-  INDICATES NEGATIVE NUMBERS.
R  INDICATES RECORD WAS SET OR TIED.
MM INDICATES DATA IS MISSING.
T  INDICATES TRACE AMOUNT.




$$
