000
CDUS41 KCAR 250528
CLIHUL


CLIMATE REPORT
NATIONAL WEATHER SERVICE CARIBOU, ME
127 AM EDT MON MAY 25 2015


...................................

...THE HOULTON ME CLIMATE SUMMARY FOR MAY 24 2015...

CLIMATE NORMAL PERIOD 1981 TO 2010
CLIMATE RECORD PERIOD 1948 TO 2015


WEATHER ITEM   OBSERVED TIME   RECORD YEAR NORMAL DEPARTURE LAST
                VALUE   (LST)  VALUE       VALUE  FROM      YEAR
                                                  NORMAL
..................................................................
TEMPERATURE (F)
 YESTERDAY
  MAXIMUM         73    340 PM  92    1977  67      6       58
  MINIMUM         41   1208 AM  26    1956  41      0       46
  AVERAGE         57                        54      3       52

PRECIPITATION (IN)
  YESTERDAY        0.05          1.91 2013   0.11  -0.06     0.01
  MONTH TO DATE    1.85                      2.54  -0.69     2.62
  SINCE MAR 1      5.19                      9.01  -3.82     8.71
  SINCE JAN 1      7.29                     13.87  -6.58    14.29

SNOWFALL (IN)
  YESTERDAY       MM             0.0  2003   0.0   MM       MM
  MONTH TO DATE   MM                         0.1   MM       MM
  SINCE MAR 1     MM                        23.9   MM       MM
  SINCE JUL 1     MM                        89.5   MM       MM
  SNOW DEPTH      MM

DEGREE DAYS
 HEATING
  YESTERDAY        8                        12     -4       13
  MONTH TO DATE  305                       361    -56      330
  SINCE MAR 1   2540                      2361    179     2632
  SINCE JUL 1   9108                      8934    174     9222

 COOLING
  YESTERDAY        0                         0      0        0
  MONTH TO DATE    0                         0      0        1
  SINCE MAR 1      0                         0      0        1
  SINCE JAN 1      0                         0      0        1
..................................................................


WIND (MPH)
  HIGHEST WIND SPEED    25   HIGHEST WIND DIRECTION     W (280)
  HIGHEST GUST SPEED    36   HIGHEST GUST DIRECTION     W (280)
  AVERAGE WIND SPEED    11.3


SKY COVER
  POSSIBLE SUNSHINE  MM
  AVERAGE SKY COVER 0.3


WEATHER CONDITIONS
 THE FOLLOWING WEATHER WAS RECORDED YESTERDAY.
  RAIN
  LIGHT RAIN


RELATIVE HUMIDITY (PERCENT)
 HIGHEST    76           500 AM
 LOWEST     25           200 PM
 AVERAGE    51

..........................................................


THE HOULTON ME CLIMATE NORMALS FOR TODAY
                         NORMAL    RECORD    YEAR
 MAXIMUM TEMPERATURE (F)   67        91      2007
 MINIMUM TEMPERATURE (F)   41        24      1956


SUNRISE AND SUNSET
MAY 25 2015...........SUNRISE   449 AM EDT   SUNSET   808 PM EDT
MAY 26 2015...........SUNRISE   448 AM EDT   SUNSET   809 PM EDT


-  INDICATES NEGATIVE NUMBERS.
R  INDICATES RECORD WAS SET OR TIED.
MM INDICATES DATA IS MISSING.
T  INDICATES TRACE AMOUNT.




$$
