000
CDUS41 KCAR 300529
CLIHUL


CLIMATE REPORT
NATIONAL WEATHER SERVICE CARIBOU, ME
128 AM EDT SUN APR 30 2017


...................................

...THE HOULTON ME CLIMATE SUMMARY FOR APRIL 29 2017...

CLIMATE NORMAL PERIOD 1981 TO 2010
CLIMATE RECORD PERIOD 1948 TO 2017


WEATHER ITEM   OBSERVED TIME   RECORD YEAR NORMAL DEPARTURE LAST
                VALUE   (LST)  VALUE       VALUE  FROM      YEAR
                                                  NORMAL
..................................................................
TEMPERATURE (F)
 YESTERDAY
  MAXIMUM         69    422 PM  73    1984  57     12       53
  MINIMUM         37   1159 PM  10    1947  33      4       15
  AVERAGE         53                        45      8       34

PRECIPITATION (IN)
  YESTERDAY        0.00          1.55 2008   0.14  -0.14     0.00
  MONTH TO DATE    3.86                      3.74   0.12     2.76
  SINCE MAR 1      5.39                      6.33  -0.94     6.76
  SINCE JAN 1      9.84                     11.19  -1.35    11.72

SNOWFALL (IN)
  YESTERDAY       MM             2.2  1997   0.0   MM       MM
  MONTH TO DATE   MM                         5.9   MM       MM
  SINCE MAR 1     MM                        23.7   MM       MM
  SINCE JUL 1     MM                        89.3   MM       MM
  SNOW DEPTH      MM

DEGREE DAYS
 HEATING
  YESTERDAY       12                        20     -8       31
  MONTH TO DATE  680                       758    -78      826
  SINCE MAR 1   2008                      1981     27     2003
  SINCE JUL 1   7969                      8554   -585     7621

 COOLING
  YESTERDAY        0                         0      0        0
  MONTH TO DATE    0                         0      0        0
  SINCE MAR 1      0                         0      0        0
  SINCE JAN 1      0                         0      0        0
..................................................................


WIND (MPH)
  HIGHEST WIND SPEED    32   HIGHEST WIND DIRECTION     N (360)
  HIGHEST GUST SPEED    45   HIGHEST GUST DIRECTION    NW (310)
  AVERAGE WIND SPEED     9.8


SKY COVER
  POSSIBLE SUNSHINE  MM
  AVERAGE SKY COVER 0.7


WEATHER CONDITIONS
 THE FOLLOWING WEATHER WAS RECORDED YESTERDAY.
  FOG


RELATIVE HUMIDITY (PERCENT)
 HIGHEST   100          1200 AM
 LOWEST     37           500 PM
 AVERAGE    69

..........................................................


THE HOULTON ME CLIMATE NORMALS FOR TODAY
                         NORMAL    RECORD    YEAR
 MAXIMUM TEMPERATURE (F)   58        85      2004
 MINIMUM TEMPERATURE (F)   34        19      1975


SUNRISE AND SUNSET
APRIL 30 2017.........SUNRISE   519 AM EDT   SUNSET   738 PM EDT
MAY  1 2017...........SUNRISE   517 AM EDT   SUNSET   740 PM EDT


-  INDICATES NEGATIVE NUMBERS.
R  INDICATES RECORD WAS SET OR TIED.
MM INDICATES DATA IS MISSING.
T  INDICATES TRACE AMOUNT.




$$
