000
CDUS41 KCAR 270532
CLIHUL


CLIMATE REPORT
NATIONAL WEATHER SERVICE CARIBOU, ME
132 AM EDT MON MAR 27 2017


...................................

...THE HOULTON ME CLIMATE SUMMARY FOR MARCH 26 2017...

CLIMATE NORMAL PERIOD 1981 TO 2010
CLIMATE RECORD PERIOD 1948 TO 2017


WEATHER ITEM   OBSERVED TIME   RECORD YEAR NORMAL DEPARTURE LAST
                VALUE   (LST)  VALUE       VALUE  FROM      YEAR
                                                  NORMAL
..................................................................
TEMPERATURE (F)
 YESTERDAY
  MAXIMUM         35    515 PM  63    1993  40     -5       38
  MINIMUM          7    550 AM  -5    1960  20    -13       23
  AVERAGE         21                        30     -9       31

PRECIPITATION (IN)
  YESTERDAY        0.00          0.92 1979   0.09  -0.09     0.00
  MONTH TO DATE    1.29                      2.17  -0.88     2.07
  SINCE MAR 1      1.29                      2.17  -0.88     2.07
  SINCE JAN 1      5.74                      7.03  -1.29     7.03

SNOWFALL (IN)
  YESTERDAY       MM             3.5  1955   0.5   MM       MM
  MONTH TO DATE   MM                        15.8   MM       MM
  SINCE MAR 1     MM                        15.8   MM       MM
  SINCE JUL 1     MM                        81.4   MM       MM
  SNOW DEPTH      MM

DEGREE DAYS
 HEATING
  YESTERDAY       44                        35      9       34
  MONTH TO DATE 1149                      1053     96     1029
  SINCE MAR 1   1149                      1053     96     1029
  SINCE JUL 1   7110                      7626   -516     6647

 COOLING
  YESTERDAY        0                         0      0        0
  MONTH TO DATE    0                         0      0        0
  SINCE MAR 1      0                         0      0        0
  SINCE JAN 1      0                         0      0        0
..................................................................


WIND (MPH)
  HIGHEST WIND SPEED    15   HIGHEST WIND DIRECTION     N (360)
  HIGHEST GUST SPEED    21   HIGHEST GUST DIRECTION     N (350)
  AVERAGE WIND SPEED     4.4


SKY COVER
  POSSIBLE SUNSHINE  MM
  AVERAGE SKY COVER 0.0


WEATHER CONDITIONS
 THE FOLLOWING WEATHER WAS RECORDED YESTERDAY.
  NO SIGNIFICANT WEATHER WAS OBSERVED.


RELATIVE HUMIDITY (PERCENT)
 HIGHEST    63           600 AM
 LOWEST     23           200 PM
 AVERAGE    43

..........................................................


THE HOULTON ME CLIMATE NORMALS FOR TODAY
                         NORMAL    RECORD    YEAR
 MAXIMUM TEMPERATURE (F)   40        68      1993
 MINIMUM TEMPERATURE (F)   20         0      1990


SUNRISE AND SUNSET
MARCH 27 2017.........SUNRISE   620 AM EDT   SUNSET   653 PM EDT
MARCH 28 2017.........SUNRISE   618 AM EDT   SUNSET   655 PM EDT


-  INDICATES NEGATIVE NUMBERS.
R  INDICATES RECORD WAS SET OR TIED.
MM INDICATES DATA IS MISSING.
T  INDICATES TRACE AMOUNT.




$$
