000
CDUS41 KCAR 170530
CLIHUL


CLIMATE REPORT
NATIONAL WEATHER SERVICE CARIBOU, ME
1230 AM EST SUN DEC 17 2017


...................................

...THE HOULTON ME CLIMATE SUMMARY FOR DECEMBER 16 2017...

CLIMATE NORMAL PERIOD 1981 TO 2010
CLIMATE RECORD PERIOD 1948 TO 2017


WEATHER ITEM   OBSERVED TIME   RECORD YEAR NORMAL DEPARTURE LAST
                VALUE   (LST)  VALUE       VALUE  FROM      YEAR
                                                  NORMAL
..................................................................
TEMPERATURE (F)
 YESTERDAY
  MAXIMUM         17    244 PM  50    1982  28    -11        1
  MINIMUM          2    757 AM -25    1970  10     -8      -11
  AVERAGE         10                        19     -9       -5

PRECIPITATION (IN)
  YESTERDAY        T             1.39 1960   0.11  -0.11      T
  MONTH TO DATE    2.36                      1.87   0.49     1.13
  SINCE DEC 1      2.36                      1.87   0.49     1.13
  SINCE JAN 1     36.88                     38.56  -1.68    33.95

SNOWFALL (IN)
  YESTERDAY       MM            14.1  1972   0.6   MM       MM
  MONTH TO DATE   MM                         7.9   MM       MM
  SINCE DEC 1     MM                         7.9   MM       MM
  SINCE JUL 1     MM                        16.0   MM       MM
  SNOW DEPTH      MM

DEGREE DAYS
 HEATING
  YESTERDAY       55                        46      9       70
  MONTH TO DATE  679                       681     -2      777
  SINCE DEC 1    679                       681     -2      777
  SINCE JUL 1   2385                      2789   -404     2520

 COOLING
  YESTERDAY        0                         0      0        0
  MONTH TO DATE    0                         0      0        0
  SINCE DEC 1      0                         0      0        0
  SINCE JAN 1    211                       191     20      229
..................................................................


WIND (MPH)
  HIGHEST WIND SPEED    13   HIGHEST WIND DIRECTION    NW (320)
  HIGHEST GUST SPEED    17   HIGHEST GUST DIRECTION    NW (320)
  AVERAGE WIND SPEED     5.4


SKY COVER
  POSSIBLE SUNSHINE  MM
  AVERAGE SKY COVER 0.3


WEATHER CONDITIONS
 THE FOLLOWING WEATHER WAS RECORDED YESTERDAY.
  LIGHT SNOW
  FOG


RELATIVE HUMIDITY (PERCENT)
 HIGHEST    95           800 AM
 LOWEST     53           100 PM
 AVERAGE    74

..........................................................


THE HOULTON ME CLIMATE NORMALS FOR TODAY
                         NORMAL    RECORD    YEAR
 MAXIMUM TEMPERATURE (F)   28        57      2000
 MINIMUM TEMPERATURE (F)   10       -30      1951


SUNRISE AND SUNSET
DECEMBER 17 2017......SUNRISE   708 AM EST   SUNSET   347 PM EST
DECEMBER 18 2017......SUNRISE   709 AM EST   SUNSET   347 PM EST


-  INDICATES NEGATIVE NUMBERS.
R  INDICATES RECORD WAS SET OR TIED.
MM INDICATES DATA IS MISSING.
T  INDICATES TRACE AMOUNT.




$$
