000
CDUS41 KCAR 020528
CLIHUL


CLIMATE REPORT
NATIONAL WEATHER SERVICE CARIBOU, ME
127 AM EDT SUN AUG 2 2015


...................................

...THE HOULTON ME CLIMATE SUMMARY FOR AUGUST 1 2015...

CLIMATE NORMAL PERIOD 1981 TO 2010
CLIMATE RECORD PERIOD 1948 TO 2015


WEATHER ITEM   OBSERVED TIME   RECORD YEAR NORMAL DEPARTURE LAST
                VALUE   (LST)  VALUE       VALUE  FROM      YEAR
                                                  NORMAL
..................................................................
TEMPERATURE (F)
 YESTERDAY
  MAXIMUM         82   1254 PM  97    1995  78      4       80
  MINIMUM         54   1159 PM  41    1961  54      0       56
  AVERAGE         68                        66      2       68

PRECIPITATION (IN)
  YESTERDAY        0.03          1.79 1992   0.13  -0.10     0.00
  MONTH TO DATE    0.03                      0.13  -0.10     0.00
  SINCE JUN 1      5.65                      7.44  -1.79    10.69
  SINCE JAN 1     15.00                     22.07  -7.07    25.39

SNOWFALL (IN)
  YESTERDAY       MM             0.0  2003   0.0   MM       MM
  MONTH TO DATE   MM                         0.0   MM       MM
  SINCE JUN 1     MM                         0.0   MM       MM
  SINCE JUL 1     MM                         0.0   MM       MM
  SNOW DEPTH      MM

DEGREE DAYS
 HEATING
  YESTERDAY        0                         2     -2        0
  MONTH TO DATE    0                         2     -2        0
  SINCE JUN 1    300                       243     57      166
  SINCE JUL 1     63                        62      1       37

 COOLING
  YESTERDAY        3                         3      0        3
  MONTH TO DATE    3                         3      0        3
  SINCE JUN 1     56                       119    -63      158
  SINCE JAN 1     81                       123    -42      159
..................................................................


WIND (MPH)
  HIGHEST WIND SPEED    24   HIGHEST WIND DIRECTION    NW (310)
  HIGHEST GUST SPEED    31   HIGHEST GUST DIRECTION    NW (320)
  AVERAGE WIND SPEED     5.3


SKY COVER
  POSSIBLE SUNSHINE  MM
  AVERAGE SKY COVER 0.2


WEATHER CONDITIONS
 THE FOLLOWING WEATHER WAS RECORDED YESTERDAY.
  THUNDERSTORM
  LIGHT RAIN
  FOG


RELATIVE HUMIDITY (PERCENT)
 HIGHEST    93          1100 PM
 LOWEST     43           100 PM
 AVERAGE    68

..........................................................


THE HOULTON ME CLIMATE NORMALS FOR TODAY
                         NORMAL    RECORD    YEAR
 MAXIMUM TEMPERATURE (F)   78        99      1975
 MINIMUM TEMPERATURE (F)   54        40      1953


SUNRISE AND SUNSET
AUGUST  2 2015........SUNRISE   514 AM EDT   SUNSET   800 PM EDT
AUGUST  3 2015........SUNRISE   515 AM EDT   SUNSET   759 PM EDT


-  INDICATES NEGATIVE NUMBERS.
R  INDICATES RECORD WAS SET OR TIED.
MM INDICATES DATA IS MISSING.
T  INDICATES TRACE AMOUNT.




$$
