000
CDUS41 KCAR 210528
CLIHUL


CLIMATE REPORT
NATIONAL WEATHER SERVICE CARIBOU, ME
127 AM EDT THU AUG 21 2014


...................................

...THE HOULTON ME CLIMATE SUMMARY FOR AUGUST 20 2014...

CLIMATE NORMAL PERIOD 1981 TO 2010
CLIMATE RECORD PERIOD 1948 TO 2014


WEATHER ITEM   OBSERVED TIME   RECORD YEAR NORMAL DEPARTURE LAST
                VALUE   (LST)  VALUE       VALUE  FROM      YEAR
                                                  NORMAL
..................................................................
TEMPERATURE (F)
 YESTERDAY
  MAXIMUM         81    228 PM  89    1955  76      5       82
  MINIMUM         47    503 AM  35    1990  51     -4       56
  AVERAGE         64                        63      1       69

PRECIPITATION (IN)
  YESTERDAY        0.00          1.21 1962   0.12  -0.12     0.03
  MONTH TO DATE    2.21                      2.52  -0.31     3.57
  SINCE JUN 1     12.61                      9.83   2.78    15.20
  SINCE JAN 1     27.31                     24.46   2.85    26.43

SNOWFALL (IN)
  YESTERDAY       MM             0.0  2003   0.0   MM       MM
  MONTH TO DATE   MM                         0.0   MM       MM
  SINCE JUN 1     MM                         0.0   MM       MM
  SINCE JUL 1     MM                         0.0   MM       MM
  SNOW DEPTH      MM

DEGREE DAYS
 HEATING
  YESTERDAY        1                         3     -2        0
  MONTH TO DATE   32                        48    -16       51
  SINCE JUN 1    198                       289    -91      285
  SINCE JUL 1     69                       108    -39       88

 COOLING
  YESTERDAY        0                         2     -2        4
  MONTH TO DATE   24                        42    -18       13
  SINCE JUN 1    179                       158     21      156
  SINCE JAN 1    180                       162     18      160
..................................................................


WIND (MPH)
  HIGHEST WIND SPEED    13   HIGHEST WIND DIRECTION     N (360)
  HIGHEST GUST SPEED    17   HIGHEST GUST DIRECTION     N (10)
  AVERAGE WIND SPEED     2.3


SKY COVER
  POSSIBLE SUNSHINE  MM
  AVERAGE SKY COVER 0.0


WEATHER CONDITIONS
 THE FOLLOWING WEATHER WAS RECORDED YESTERDAY.
  NO SIGNIFICANT WEATHER WAS OBSERVED.


RELATIVE HUMIDITY (PERCENT)
 HIGHEST   100           300 AM
 LOWEST     42           300 PM
 AVERAGE    71

..........................................................


THE HOULTON ME CLIMATE NORMALS FOR TODAY
                         NORMAL    RECORD    YEAR
 MAXIMUM TEMPERATURE (F)   75        92      1976
 MINIMUM TEMPERATURE (F)   51        36      2007


SUNRISE AND SUNSET
AUGUST 21 2014........SUNRISE   538 AM EDT   SUNSET   730 PM EDT
AUGUST 22 2014........SUNRISE   539 AM EDT   SUNSET   728 PM EDT


-  INDICATES NEGATIVE NUMBERS.
R  INDICATES RECORD WAS SET OR TIED.
MM INDICATES DATA IS MISSING.
T  INDICATES TRACE AMOUNT.




$$
