000
CDUS45 KTFX 270820
CLIHVR


CLIMATE REPORT
NATIONAL WEATHER SERVICE GREAT FALLS MT
119 AM MST FRI FEB 27 2015


...................................

...THE HAVRE MT CLIMATE SUMMARY FOR FEBRUARY 26 2015...

CLIMATE NORMAL PERIOD 1981 TO 2010
CLIMATE RECORD PERIOD 1880 TO 2015


WEATHER ITEM   OBSERVED TIME   RECORD YEAR NORMAL DEPARTURE LAST
                VALUE   (LST)  VALUE       VALUE  FROM      YEAR
                                                  NORMAL
..................................................................
TEMPERATURE (F)
 YESTERDAY
  MAXIMUM         21    258 PM  69    1932  37    -16       33
  MINIMUM         -1    718 AM -40    1890  14    -15       -1
  AVERAGE         10                        25    -15       16

PRECIPITATION (IN)
  YESTERDAY        0.00          0.24 1958   0.01  -0.01     0.00
  MONTH TO DATE    0.33                      0.26   0.07     0.24
  SINCE OCT 1      3.20                      2.00   1.20     2.67
  SINCE JAN 1      1.63                      0.59   1.04     0.66

SNOWFALL (IN)
  YESTERDAY        0.0           4.5  1995   0.2   -0.2      0.0
  MONTH TO DATE    5.2                       5.4   -0.2      4.2
  SINCE DEC 1     16.0                      19.9   -3.9     31.6
  SINCE JUL 1     20.6                      27.5   -6.9     37.4
  SNOW DEPTH       T

DEGREE DAYS
 HEATING
  YESTERDAY       55                        40     15       49
  MONTH TO DATE 1020                      1117    -97     1353
  SINCE DEC 1   3632                      3997   -365     4205
  SINCE JUL 1   5569                      6040   -471     6131

 COOLING
  YESTERDAY        0                         0      0        0
  MONTH TO DATE    0                         0      0        0
  SINCE DEC 1      0                         0      0        0
  SINCE JAN 1      0                         0      0        0
..................................................................


WIND (MPH)
  HIGHEST WIND SPEED    16   HIGHEST WIND DIRECTION     E (70)
  HIGHEST GUST SPEED    19   HIGHEST GUST DIRECTION     E (70)
  AVERAGE WIND SPEED     9.7


SKY COVER
  AVERAGE SKY COVER 0.2


WEATHER CONDITIONS
 THE FOLLOWING WEATHER WAS RECORDED YESTERDAY.
  NO SIGNIFICANT WEATHER WAS OBSERVED.


RELATIVE HUMIDITY (PERCENT)
 HIGHEST    87           400 AM
 LOWEST     45           300 PM
 AVERAGE    66

..........................................................


THE HAVRE MT CLIMATE NORMALS FOR TODAY
                         NORMAL    RECORD    YEAR
 MAXIMUM TEMPERATURE (F)   37        74      1992
 MINIMUM TEMPERATURE (F)   14       -34      1891


SUNRISE AND SUNSET
FEBRUARY 27 2015......SUNRISE   705 AM MST   SUNSET   600 PM MST
FEBRUARY 28 2015......SUNRISE   703 AM MST   SUNSET   601 PM MST


-  INDICATES NEGATIVE NUMBERS.
R  INDICATES RECORD WAS SET OR TIED.
MM INDICATES DATA IS MISSING.
T  INDICATES TRACE AMOUNT.




$$
