000
CDUS45 KTFX 292224
CLIHVR


CLIMATE REPORT
NATIONAL WEATHER SERVICE GREAT FALLS MT
423 PM MDT MON JUN 29 2015


...................................

...THE HAVRE MT CLIMATE SUMMARY FOR JUNE 29 2015...
VALID TODAY AS OF 0400 PM LOCAL TIME.

CLIMATE NORMAL PERIOD 1981 TO 2010
CLIMATE RECORD PERIOD 1880 TO 2015


WEATHER ITEM   OBSERVED TIME   RECORD YEAR NORMAL DEPARTURE LAST
                VALUE   (LST)  VALUE       VALUE  FROM      YEAR
                                                  NORMAL
..................................................................
TEMPERATURE (F)
 TODAY
  MAXIMUM         98    124 PM 105    1984  80     18       77
  MINIMUM         64    455 AM  36    1893  51     13       52
  AVERAGE         81                        65     16       65

PRECIPITATION (IN)
  TODAY            0.00          0.90 1941   0.07  -0.07     0.03
  MONTH TO DATE    0.43                      2.12  -1.69     2.42
  SINCE OCT 1      6.07                      7.26  -1.19     8.12
  SINCE JAN 1      4.50                      5.85  -1.35     6.11

SNOWFALL (IN)
  TODAY            0.0           0.0  1999   0.0    0.0      0.0
                                      1998
  MONTH TO DATE    0.0                       0.5   -0.5      0.0
  SINCE JUN 1      0.0                       0.5   -0.5      0.0
  SINCE JUL 1     20.8                      39.5  -18.7     44.4
  SNOW DEPTH       0

DEGREE DAYS
 HEATING
  TODAY            0                         2     -2        0
  MONTH TO DATE   57                       132    -75      173
  SINCE JUN 1     57                       132    -75      173
  SINCE JUL 1   7461                      8220   -759     8553

 COOLING
  TODAY           16                         3     13        0
  MONTH TO DATE   98                        46     52        6
  SINCE JUN 1     98                        46     52        6
  SINCE JAN 1     98                        57     41       13
..................................................................


WIND (MPH)
  HIGHEST WIND SPEED    20   HIGHEST WIND DIRECTION     E (90)
  HIGHEST GUST SPEED    24   HIGHEST GUST DIRECTION     E (70)
  AVERAGE WIND SPEED    10.9


SKY COVER
  AVERAGE SKY COVER 0.1


WEATHER CONDITIONS
 THE FOLLOWING WEATHER WAS RECORDED TODAY.
  NO SIGNIFICANT WEATHER WAS OBSERVED.


RELATIVE HUMIDITY (PERCENT)
 HIGHEST    67           500 AM
 LOWEST     22          1100 AM
 AVERAGE    45

..........................................................


THE HAVRE MT CLIMATE NORMALS FOR TOMORROW
                         NORMAL    RECORD    YEAR
 MAXIMUM TEMPERATURE (F)   80       102      1990
 MINIMUM TEMPERATURE (F)   51        41      1977
                                             1968


SUNRISE AND SUNSET
JUNE 29 2015..........SUNRISE   520 AM MDT   SUNSET   925 PM MDT
JUNE 30 2015..........SUNRISE   520 AM MDT   SUNSET   925 PM MDT


-  INDICATES NEGATIVE NUMBERS.
R  INDICATES RECORD WAS SET OR TIED.
MM INDICATES DATA IS MISSING.
T  INDICATES TRACE AMOUNT.




$$
