000
CDUS45 KTFX 302230
CLIHVR


CLIMATE REPORT
NATIONAL WEATHER SERVICE GREAT FALLS MT
430 PM MDT SAT APR 30 2016


...................................

...THE HAVRE MT CLIMATE SUMMARY FOR APRIL 30 2016...
VALID TODAY AS OF 0400 PM LOCAL TIME.

CLIMATE NORMAL PERIOD 1981 TO 2010
CLIMATE RECORD PERIOD 1880 TO 2016


WEATHER ITEM   OBSERVED TIME   RECORD YEAR NORMAL DEPARTURE LAST
                VALUE   (LST)  VALUE       VALUE  FROM      YEAR
                                                  NORMAL
..................................................................
TEMPERATURE (F)
 TODAY
  MAXIMUM         59    259 PM  87    1968  63     -4       69
  MINIMUM         39    519 AM  12    1909  35      4       33
  AVERAGE         49                        49      0       51

PRECIPITATION (IN)
  TODAY            0.00          0.66 1887   0.04  -0.04     0.00
  MONTH TO DATE    3.55                      0.84   2.71     0.33
  SINCE OCT 1      6.34                      3.40   2.94     4.06
  SINCE JAN 1      4.41                      1.99   2.42     2.49

SNOWFALL (IN)
  TODAY            0.0           3.7  1972   0.1   -0.1      0.0
  MONTH TO DATE    T                         3.0   -3.0      0.2
  SINCE MAR 1      T                         9.3   -9.3      0.2
  SINCE JUL 1     14.3                      37.2  -22.9     20.8

DEGREE DAYS
 HEATING
  TODAY           16                        16      0       14
  MONTH TO DATE  515                       619   -104      608
  SINCE MAR 1   1294                      1617   -323     1340
  SINCE JUL 1   6719                      7737  -1018     7008

 COOLING
  TODAY            0                         0      0        0
  MONTH TO DATE    0                         1     -1        0
  SINCE MAR 1      0                         1     -1        0
  SINCE JAN 1      0                         1     -1        0
..................................................................


WIND (MPH)
  HIGHEST WIND SPEED    15   HIGHEST WIND DIRECTION     E (70)
  HIGHEST GUST SPEED    19   HIGHEST GUST DIRECTION     E (70)
  AVERAGE WIND SPEED     9.1


SKY COVER
  AVERAGE SKY COVER 0.8


WEATHER CONDITIONS
 THE FOLLOWING WEATHER WAS RECORDED TODAY.
  NO SIGNIFICANT WEATHER WAS OBSERVED.


RELATIVE HUMIDITY (PERCENT)
 HIGHEST    89           200 AM
 LOWEST     40           300 PM
 AVERAGE    65

..........................................................


THE HAVRE MT CLIMATE NORMALS FOR TOMORROW
                         NORMAL    RECORD    YEAR
 MAXIMUM TEMPERATURE (F)   63        86      2000
 MINIMUM TEMPERATURE (F)   35        16      2013


SUNRISE AND SUNSET
APRIL 30 2016.........SUNRISE   600 AM MDT   SUNSET   833 PM MDT
MAY  1 2016...........SUNRISE   558 AM MDT   SUNSET   835 PM MDT


-  INDICATES NEGATIVE NUMBERS.
R  INDICATES RECORD WAS SET OR TIED.
MM INDICATES DATA IS MISSING.
T  INDICATES TRACE AMOUNT.




$$
