000
CDUS45 KTFX 242312
CLIHVR


CLIMATE REPORT
NATIONAL WEATHER SERVICE GREAT FALLS MT
411 PM MST MON NOV 24 2014


...................................

...THE HAVRE MT CLIMATE SUMMARY FOR NOVEMBER 24 2014...
VALID TODAY AS OF 0400 PM LOCAL TIME.

CLIMATE NORMAL PERIOD 1981 TO 2010
CLIMATE RECORD PERIOD 1880 TO 2014


WEATHER ITEM   OBSERVED TIME   RECORD YEAR NORMAL DEPARTURE LAST
                VALUE   (LST)  VALUE       VALUE  FROM      YEAR
                                                  NORMAL
..................................................................
TEMPERATURE (F)
 TODAY
  MAXIMUM         43    257 PM  64    1914  37      6       49
  MINIMUM         25    809 AM -25    1880  15     10       19
  AVERAGE         34                        26      8       34

PRECIPITATION (IN)
  TODAY            0.00          1.04 1883   0.01  -0.01     0.00
  MONTH TO DATE    0.39                      0.35   0.04     0.35
  SINCE OCT 1      1.15                      0.93   0.22     0.67
  SINCE JAN 1     12.31                     10.72   1.59    17.82

SNOWFALL (IN)
  TODAY            0.0           7.0  1958   0.2   -0.2      0.0
  MONTH TO DATE    4.3                       4.0    0.3      4.8
  SINCE SEP 1      4.3                       6.3   -2.0      5.8
  SINCE JUL 1      4.3                       6.3   -2.0      5.8
  SNOW DEPTH       0

DEGREE DAYS
 HEATING
  TODAY           31                        39     -8       31
  MONTH TO DATE  926                       802    124      888
  SINCE SEP 1   1623                      1718    -95     1702
  SINCE JUL 1   1667                      1801   -134     1720

 COOLING
  TODAY            0                         0      0        0
  MONTH TO DATE    0                         0      0        0
  SINCE SEP 1     12                        20     -8       70
  SINCE JAN 1    402                       387     15      445
..................................................................


WIND (MPH)
  HIGHEST WIND SPEED    20   HIGHEST WIND DIRECTION    NW (300)
  HIGHEST GUST SPEED    23   HIGHEST GUST DIRECTION    NW (300)
  AVERAGE WIND SPEED    11.0


SKY COVER
  AVERAGE SKY COVER 0.5


WEATHER CONDITIONS
 THE FOLLOWING WEATHER WAS RECORDED TODAY.
  NO SIGNIFICANT WEATHER WAS OBSERVED.


RELATIVE HUMIDITY (PERCENT)
 HIGHEST    81           700 AM
 LOWEST     49           300 PM
 AVERAGE    65

..........................................................


THE HAVRE MT CLIMATE NORMALS FOR TOMORROW
                         NORMAL    RECORD    YEAR
 MAXIMUM TEMPERATURE (F)   37        68      1914
 MINIMUM TEMPERATURE (F)   15       -23      1993
                                             1883


SUNRISE AND SUNSET
NOVEMBER 24 2014......SUNRISE   741 AM MST   SUNSET   431 PM MST
NOVEMBER 25 2014......SUNRISE   742 AM MST   SUNSET   430 PM MST


-  INDICATES NEGATIVE NUMBERS.
R  INDICATES RECORD WAS SET OR TIED.
MM INDICATES DATA IS MISSING.
T  INDICATES TRACE AMOUNT.




$$
