000
CDUS45 KTFX 251045
CLIHVR


CLIMATE REPORT
NATIONAL WEATHER SERVICE GREAT FALLS MT
344 AM MST SAT FEB 25 2017


...................................

...THE HAVRE MT CLIMATE SUMMARY FOR FEBRUARY 24 2017...

CLIMATE NORMAL PERIOD 1981 TO 2010
CLIMATE RECORD PERIOD 1880 TO 2017


WEATHER ITEM   OBSERVED TIME   RECORD YEAR NORMAL DEPARTURE LAST
                VALUE   (LST)  VALUE       VALUE  FROM      YEAR
                                                  NORMAL
..................................................................
TEMPERATURE (F)
 YESTERDAY
  MAXIMUM         31    336 PM  73    1995  36     -5       42
  MINIMUM         12    720 AM -31    2003  13     -1       12
  AVERAGE         22                        24     -2       27

PRECIPITATION (IN)
  YESTERDAY        0.02          0.32 1911   0.01   0.01     0.00
  MONTH TO DATE    0.57                      0.24   0.33     0.03
  SINCE OCT 1      5.25                      1.98   3.27     2.32
  SINCE JAN 1      1.26                      0.57   0.69     0.39

SNOWFALL (IN)
  YESTERDAY        1.0           5.1  1936   0.2    0.8      0.0
  MONTH TO DATE    8.1                       5.0    3.1       T
  SINCE DEC 1     24.3                      19.5    4.8     10.8
  SINCE JUL 1     29.8                      27.1    2.7     13.8
  SNOW DEPTH       2

DEGREE DAYS
 HEATING
  YESTERDAY       43                        40      3       38
  MONTH TO DATE  948                      1037    -89      730
  SINCE DEC 1   4078                      3917    161     3437
  SINCE JUL 1   5825                      5960   -135     5290

 COOLING
  YESTERDAY        0                         0      0        0
  MONTH TO DATE    0                         0      0        0
  SINCE DEC 1      0                         0      0        0
  SINCE JAN 1      0                         0      0        0
..................................................................


WIND (MPH)
  HIGHEST WIND SPEED    12   HIGHEST WIND DIRECTION    SW (220)
  HIGHEST GUST SPEED    12   HIGHEST GUST DIRECTION    SW (230)
  AVERAGE WIND SPEED     3.2


SKY COVER
  AVERAGE SKY COVER 1.0


WEATHER CONDITIONS
 THE FOLLOWING WEATHER WAS RECORDED YESTERDAY.
  SNOW
  LIGHT SNOW
  FOG
  FOG W/VISIBILITY <= 1/4 MILE


RELATIVE HUMIDITY (PERCENT)
 HIGHEST   100           600 AM
 LOWEST     78           300 PM
 AVERAGE    89

..........................................................


THE HAVRE MT CLIMATE NORMALS FOR TODAY
                         NORMAL    RECORD    YEAR
 MAXIMUM TEMPERATURE (F)   37        65      1988
 MINIMUM TEMPERATURE (F)   13       -35      1890


SUNRISE AND SUNSET
FEBRUARY 25 2017......SUNRISE   708 AM MST   SUNSET   557 PM MST
FEBRUARY 26 2017......SUNRISE   706 AM MST   SUNSET   559 PM MST


-  INDICATES NEGATIVE NUMBERS.
R  INDICATES RECORD WAS SET OR TIED.
MM INDICATES DATA IS MISSING.
T  INDICATES TRACE AMOUNT.




$$
