000
CDUS45 KTFX 280811
CLIHVR


CLIMATE REPORT
NATIONAL WEATHER SERVICE GREAT FALLS MT
208 AM MDT SAT MAR 28 2015


...................................

...THE HAVRE MT CLIMATE SUMMARY FOR MARCH 27 2015...

CLIMATE NORMAL PERIOD 1981 TO 2010
CLIMATE RECORD PERIOD 1880 TO 2015


WEATHER ITEM   OBSERVED TIME   RECORD YEAR NORMAL DEPARTURE LAST
                VALUE   (LST)  VALUE       VALUE  FROM      YEAR
                                                  NORMAL
..................................................................
TEMPERATURE (F)
 YESTERDAY
  MAXIMUM         75R   326 PM  75    1946  50     25       31
  MINIMUM         43    630 AM -14    1898  26     17       23
  AVERAGE         59                        38     21       27

PRECIPITATION (IN)
  YESTERDAY        0.00          0.71 2007   0.02  -0.02     0.11
  MONTH TO DATE    0.39                      0.45  -0.06     1.07
  SINCE OCT 1      3.59                      2.47   1.12     3.74
  SINCE JAN 1      2.02                      1.06   0.96     1.73

SNOWFALL (IN)
  YESTERDAY        0.0           7.0  1979   0.2   -0.2      1.0
  MONTH TO DATE    T                         5.5   -5.5      5.0
  SINCE MAR 1      T                         5.5   -5.5      5.0
  SINCE JUL 1     20.6                      33.4  -12.8     42.4
  SNOW DEPTH       0

DEGREE DAYS
 HEATING
  YESTERDAY        6                        27    -21       38
  MONTH TO DATE  685                       893   -208     1032
  SINCE MAR 1    685                       893   -208     1032
  SINCE JUL 1   6353                      7013   -660     7273

 COOLING
  YESTERDAY        0                         0      0        0
  MONTH TO DATE    0                         0      0        0
  SINCE MAR 1      0                         0      0        0
  SINCE JAN 1      0                         0      0        0
..................................................................


WIND (MPH)
  HIGHEST WIND SPEED    24   HIGHEST WIND DIRECTION     W (290)
  HIGHEST GUST SPEED    32   HIGHEST GUST DIRECTION     W (280)
  AVERAGE WIND SPEED    11.5


SKY COVER
  AVERAGE SKY COVER 0.0


WEATHER CONDITIONS
 THE FOLLOWING WEATHER WAS RECORDED YESTERDAY.
  NO SIGNIFICANT WEATHER WAS OBSERVED.


RELATIVE HUMIDITY (PERCENT)
 HIGHEST    76           100 AM
 LOWEST     17           400 PM
 AVERAGE    47

..........................................................


THE HAVRE MT CLIMATE NORMALS FOR TODAY
                         NORMAL    RECORD    YEAR
 MAXIMUM TEMPERATURE (F)   50        74      1986
 MINIMUM TEMPERATURE (F)   26       -17      1894


SUNRISE AND SUNSET
MARCH 28 2015.........SUNRISE   706 AM MDT   SUNSET   744 PM MDT
MARCH 29 2015.........SUNRISE   704 AM MDT   SUNSET   745 PM MDT


-  INDICATES NEGATIVE NUMBERS.
R  INDICATES RECORD WAS SET OR TIED.
MM INDICATES DATA IS MISSING.
T  INDICATES TRACE AMOUNT.




$$
