000
CDUS45 KTFX 040944
CLIHVR


CLIMATE REPORT
NATIONAL WEATHER SERVICE GREAT FALLS MT
343 AM MDT FRI SEP 4 2015


...................................

...THE HAVRE MT CLIMATE SUMMARY FOR SEPTEMBER 3 2015...

CLIMATE NORMAL PERIOD 1981 TO 2010
CLIMATE RECORD PERIOD 1880 TO 2015


WEATHER ITEM   OBSERVED TIME   RECORD YEAR NORMAL DEPARTURE LAST
                VALUE   (LST)  VALUE       VALUE  FROM      YEAR
                                                  NORMAL
..................................................................
TEMPERATURE (F)
 YESTERDAY
  MAXIMUM         71   1227 PM  99    2009  77     -6       64
  MINIMUM         45    438 AM  29    1962  46     -1       48
  AVERAGE         58                        62     -4       56

PRECIPITATION (IN)
  YESTERDAY        0.01          1.00 1965   0.04  -0.03     0.14
  MONTH TO DATE    0.01                      0.11  -0.10     0.14
  SINCE OCT 1     10.15                     10.19  -0.04    12.47
  SINCE JAN 1      8.58                      8.78  -0.20    10.46

SNOWFALL (IN)
  YESTERDAY        0.0           T    1953   0.0    0.0      0.0
                                      1998
  MONTH TO DATE    0.0                       0.0    0.0      0.0
  SINCE SEP 1      0.0                       0.0    0.0      0.0
  SINCE JUL 1      T                         0.0    0.0      0.0
  SNOW DEPTH       0

DEGREE DAYS
 HEATING
  YESTERDAY        7                         5      2        9
  MONTH TO DATE    7                        15     -8       13
  SINCE SEP 1      7                        15     -8       13
  SINCE JUL 1     82                        98    -16       57

 COOLING
  YESTERDAY        0                         2     -2        0
  MONTH TO DATE    2                         6     -4        0
  SINCE SEP 1      2                         6     -4        0
  SINCE JAN 1    412                       373     39      390
..................................................................


WIND (MPH)
  HIGHEST WIND SPEED    17   HIGHEST WIND DIRECTION     N (350)
  HIGHEST GUST SPEED    21   HIGHEST GUST DIRECTION     N (350)
  AVERAGE WIND SPEED     7.3


SKY COVER
  AVERAGE SKY COVER 0.5


WEATHER CONDITIONS
 THE FOLLOWING WEATHER WAS RECORDED YESTERDAY.
  LIGHT RAIN


RELATIVE HUMIDITY (PERCENT)
 HIGHEST    83           800 PM
 LOWEST     34          1200 AM
 AVERAGE    59

..........................................................


THE HAVRE MT CLIMATE NORMALS FOR TODAY
                         NORMAL    RECORD    YEAR
 MAXIMUM TEMPERATURE (F)   76        98      1978
 MINIMUM TEMPERATURE (F)   46        32      1909


SUNRISE AND SUNSET
SEPTEMBER  4 2015.....SUNRISE   640 AM MDT   SUNSET   755 PM MDT
SEPTEMBER  5 2015.....SUNRISE   642 AM MDT   SUNSET   753 PM MDT


-  INDICATES NEGATIVE NUMBERS.
R  INDICATES RECORD WAS SET OR TIED.
MM INDICATES DATA IS MISSING.
T  INDICATES TRACE AMOUNT.




$$
