000
CDUS45 KTFX 110804
CLIHVR


CLIMATE REPORT
NATIONAL WEATHER SERVICE GREAT FALLS MT
103 AM MST MON DEC 11 2017


...................................

...THE HAVRE MT CLIMATE SUMMARY FOR DECEMBER 10 2017...

CLIMATE NORMAL PERIOD 1981 TO 2010
CLIMATE RECORD PERIOD 1880 TO 2017


WEATHER ITEM   OBSERVED TIME   RECORD YEAR NORMAL DEPARTURE LAST
                VALUE   (LST)  VALUE       VALUE  FROM      YEAR
                                                  NORMAL
..................................................................
TEMPERATURE (F)
 YESTERDAY
  MAXIMUM         60    137 PM  66    1939  31     29        6
  MINIMUM         29   1159 PM -28    1919   9     20      -11
  AVERAGE         45                        20     25       -2

PRECIPITATION (IN)
  YESTERDAY        0.00          0.34 1953   0.01  -0.01     0.12
  MONTH TO DATE    0.01                      0.12  -0.11     0.19
  SINCE OCT 1      2.31                      1.13   1.18     3.71
  SINCE JAN 1      6.87                     10.92  -4.05    19.00

SNOWFALL (IN)
  YESTERDAY        0.0           5.8  1933   0.2   -0.2      2.0
  MONTH TO DATE    T                         2.1   -2.1      3.6
  SINCE DEC 1      T                         2.1   -2.1      3.6
  SINCE JUL 1     17.5                       9.7    7.8      9.1
  SNOW DEPTH       0

DEGREE DAYS
 HEATING
  YESTERDAY       20                        45    -25       67
  MONTH TO DATE  297                       435   -138      518
  SINCE DEC 1    297                       435   -138      518
  SINCE JUL 1   2355                      2478   -123     2265

 COOLING
  YESTERDAY        0                         0      0        0
  MONTH TO DATE    0                         0      0        0
  SINCE DEC 1      0                         0      0        0
  SINCE JAN 1    526                       387    139      344
..................................................................


WIND (MPH)
  HIGHEST WIND SPEED    26   HIGHEST WIND DIRECTION    SW (230)
  HIGHEST GUST SPEED    33   HIGHEST GUST DIRECTION    SW (220)
  AVERAGE WIND SPEED    16.9


SKY COVER
  AVERAGE SKY COVER 0.0


WEATHER CONDITIONS
 THE FOLLOWING WEATHER WAS RECORDED YESTERDAY.
  NO SIGNIFICANT WEATHER WAS OBSERVED.


RELATIVE HUMIDITY (PERCENT)
 HIGHEST    52          1100 PM
 LOWEST     15           200 PM
 AVERAGE    34

..........................................................


THE HAVRE MT CLIMATE NORMALS FOR TODAY
                         NORMAL    RECORD    YEAR
 MAXIMUM TEMPERATURE (F)   31        65      1939
 MINIMUM TEMPERATURE (F)    9       -35      1961


SUNRISE AND SUNSET
DECEMBER 11 2017......SUNRISE   801 AM MST   SUNSET   424 PM MST
DECEMBER 12 2017......SUNRISE   802 AM MST   SUNSET   424 PM MST


-  INDICATES NEGATIVE NUMBERS.
R  INDICATES RECORD WAS SET OR TIED.
MM INDICATES DATA IS MISSING.
T  INDICATES TRACE AMOUNT.




$$
