000
CDUS45 KTFX 082330
CLIHVR


CLIMATE REPORT
NATIONAL WEATHER SERVICE GREAT FALLS MT
430 PM MST MON FEB 8 2016


...................................

...THE HAVRE MT CLIMATE SUMMARY FOR FEBRUARY 8 2016...
VALID TODAY AS OF 0400 PM LOCAL TIME.

CLIMATE NORMAL PERIOD 1981 TO 2010
CLIMATE RECORD PERIOD 1880 TO 2016


WEATHER ITEM   OBSERVED TIME   RECORD YEAR NORMAL DEPARTURE LAST
                VALUE   (LST)  VALUE       VALUE  FROM      YEAR
                                                  NORMAL
..................................................................
TEMPERATURE (F)
 TODAY
  MAXIMUM         57    359 PM  62    1954  32     25       56
  MINIMUM         18    511 AM -44    1994  10      8       30
  AVERAGE         38                        21     17       43

PRECIPITATION (IN)
  TODAY            0.00          0.27 1888   0.01  -0.01     0.00
  MONTH TO DATE    T                         0.07  -0.07     0.22
  SINCE OCT 1      2.29                      1.81   0.48     3.09
  SINCE JAN 1      0.36                      0.40  -0.04     1.52

SNOWFALL (IN)
  TODAY            0.0           3.0  1985   0.2   -0.2      0.0
  MONTH TO DATE    T                         1.5   -1.5      5.0
  SINCE DEC 1     10.8                      16.0   -5.2     15.8
  SINCE JUL 1     13.8                      23.6   -9.8     20.4

DEGREE DAYS
 HEATING
  TODAY           27                        44    -17       22
  MONTH TO DATE  261                       358    -97      360
  SINCE DEC 1   2968                      3238   -270     2972
  SINCE JUL 1   4821                      5281   -460     4909

 COOLING
  TODAY            0                         0      0        0
  MONTH TO DATE    0                         0      0        0
  SINCE DEC 1      0                         0      0        0
  SINCE JAN 1      0                         0      0        0
..................................................................


WIND (MPH)
  HIGHEST WIND SPEED    22   HIGHEST WIND DIRECTION    SW (220)
  HIGHEST GUST SPEED    26   HIGHEST GUST DIRECTION    SW (220)
  AVERAGE WIND SPEED     9.1


SKY COVER
  AVERAGE SKY COVER 0.0


WEATHER CONDITIONS
 THE FOLLOWING WEATHER WAS RECORDED TODAY.
  NO SIGNIFICANT WEATHER WAS OBSERVED.


RELATIVE HUMIDITY (PERCENT)
 HIGHEST    91           300 AM
 LOWEST     38           300 PM
 AVERAGE    65

..........................................................


THE HAVRE MT CLIMATE NORMALS FOR TOMORROW
                         NORMAL    RECORD    YEAR
 MAXIMUM TEMPERATURE (F)   32        58      1926
 MINIMUM TEMPERATURE (F)   10       -37      1939


SUNRISE AND SUNSET
FEBRUARY  8 2016......SUNRISE   739 AM MST   SUNSET   528 PM MST
FEBRUARY  9 2016......SUNRISE   737 AM MST   SUNSET   530 PM MST


-  INDICATES NEGATIVE NUMBERS.
R  INDICATES RECORD WAS SET OR TIED.
MM INDICATES DATA IS MISSING.
T  INDICATES TRACE AMOUNT.




$$
