000
CDUS45 KTFX 212330
CLIHVR


CLIMATE REPORT
NATIONAL WEATHER SERVICE GREAT FALLS MT
430 PM MST WED FEB 21 2018


...................................

...THE HAVRE MT CLIMATE SUMMARY FOR FEBRUARY 21 2018...
VALID TODAY AS OF 0400 PM LOCAL TIME.

CLIMATE NORMAL PERIOD 1981 TO 2010
CLIMATE RECORD PERIOD 1880 TO 2018


WEATHER ITEM   OBSERVED TIME   RECORD YEAR NORMAL DEPARTURE LAST
                VALUE   (LST)  VALUE       VALUE  FROM      YEAR
                                                  NORMAL
..................................................................
TEMPERATURE (F)
 TODAY
  MAXIMUM         -2   1104 AM  66    1995  35    -37       40
  MINIMUM        -17    750 AM -32    1918  12    -29       33
  AVERAGE         -9                        24    -33       37

PRECIPITATION (IN)
  TODAY            0.00          0.26 1899   0.02  -0.02     0.08
  MONTH TO DATE    1.66                      0.21   1.45     0.42
  SINCE OCT 1      5.66                      1.95   3.71     5.10
  SINCE JAN 1      2.14                      0.54   1.60     1.11

DEGREE DAYS
 HEATING
  TODAY           74                        41     33       28
  MONTH TO DATE 1389                       915    474      832
  SINCE DEC 1   4353                      3795    558     3962
  SINCE JUL 1   6411                      5838    573     5709

 COOLING
  TODAY            0                         0      0        0
  MONTH TO DATE    0                         0      0        0
  SINCE DEC 1      0                         0      0        0
  SINCE JAN 1      0                         0      0        0
..................................................................


WIND (MPH)
  HIGHEST WIND SPEED    16   HIGHEST WIND DIRECTION    SW (220)
  HIGHEST GUST SPEED    17   HIGHEST GUST DIRECTION    SW (220)
  AVERAGE WIND SPEED     7.5


SKY COVER
  AVERAGE SKY COVER 0.1


WEATHER CONDITIONS
 THE FOLLOWING WEATHER WAS RECORDED TODAY.
  NO SIGNIFICANT WEATHER WAS OBSERVED.


RELATIVE HUMIDITY (PERCENT)
 HIGHEST    81           500 AM
 LOWEST     65           200 PM
 AVERAGE    73

..........................................................


THE HAVRE MT CLIMATE NORMALS FOR TOMORROW
                         NORMAL    RECORD    YEAR
 MAXIMUM TEMPERATURE (F)   36        64      2002
 MINIMUM TEMPERATURE (F)   12       -33      1910


SUNRISE AND SUNSET
FEBRUARY 21 2018......SUNRISE   716 AM MST   SUNSET   550 PM MST
FEBRUARY 22 2018......SUNRISE   714 AM MST   SUNSET   552 PM MST


-  INDICATES NEGATIVE NUMBERS.
R  INDICATES RECORD WAS SET OR TIED.
MM INDICATES DATA IS MISSING.
T  INDICATES TRACE AMOUNT.




$$
