000
CDUS45 KTFX 222321
CLIHVR


CLIMATE REPORT
NATIONAL WEATHER SERVICE GREAT FALLS MT
420 PM MST SAT NOV 22 2014


...................................

...THE HAVRE MT CLIMATE SUMMARY FOR NOVEMBER 22 2014...
VALID TODAY AS OF 0400 PM LOCAL TIME.

CLIMATE NORMAL PERIOD 1981 TO 2010
CLIMATE RECORD PERIOD 1880 TO 2014


WEATHER ITEM   OBSERVED TIME   RECORD YEAR NORMAL DEPARTURE LAST
                VALUE   (LST)  VALUE       VALUE  FROM      YEAR
                                                  NORMAL
..................................................................
TEMPERATURE (F)
 TODAY
  MAXIMUM         51   1230 PM  70    1954  38     13       32
  MINIMUM         34    156 AM -30    1985  16     18       10
  AVERAGE         43                        27     16       21

PRECIPITATION (IN)
  TODAY            T             0.45 1958   0.01  -0.01     0.00
  MONTH TO DATE    0.39                      0.33   0.06     0.35
  SINCE OCT 1      1.15                      0.91   0.24     0.67
  SINCE JAN 1     12.31                     10.70   1.61    17.82

SNOWFALL (IN)
  TODAY            0.0           6.0  1958   0.2   -0.2      0.0
  MONTH TO DATE    4.3                       3.6    0.7      4.8
  SINCE SEP 1      4.3                       5.9   -1.6      5.8
  SINCE JUL 1      4.3                       5.9   -1.6      5.8
  SNOW DEPTH       T

DEGREE DAYS
 HEATING
  TODAY           22                        38    -16       44
  MONTH TO DATE  841                       725    116      812
  SINCE SEP 1   1538                      1641   -103     1626
  SINCE JUL 1   1582                      1724   -142     1644

 COOLING
  TODAY            0                         0      0        0
  MONTH TO DATE    0                         0      0        0
  SINCE SEP 1     12                        20     -8       70
  SINCE JAN 1    402                       387     15      445
..................................................................


WIND (MPH)
  HIGHEST WIND SPEED    43   HIGHEST WIND DIRECTION     W (260)
  HIGHEST GUST SPEED    53   HIGHEST GUST DIRECTION     W (270)
  AVERAGE WIND SPEED    18.4


SKY COVER
  AVERAGE SKY COVER 0.5


WEATHER CONDITIONS
 THE FOLLOWING WEATHER WAS RECORDED TODAY.
  LIGHT RAIN


RELATIVE HUMIDITY (PERCENT)
 HIGHEST    82           200 AM
 LOWEST     39           100 PM
 AVERAGE    61

..........................................................


THE HAVRE MT CLIMATE NORMALS FOR TOMORROW
                         NORMAL    RECORD    YEAR
 MAXIMUM TEMPERATURE (F)   38        65      2011
 MINIMUM TEMPERATURE (F)   16       -30      1985


SUNRISE AND SUNSET
NOVEMBER 22 2014......SUNRISE   738 AM MST   SUNSET   432 PM MST
NOVEMBER 23 2014......SUNRISE   739 AM MST   SUNSET   431 PM MST


-  INDICATES NEGATIVE NUMBERS.
R  INDICATES RECORD WAS SET OR TIED.
MM INDICATES DATA IS MISSING.
T  INDICATES TRACE AMOUNT.




$$
