000
CDUS45 KTFX 020951
CLIHVR


CLIMATE REPORT
NATIONAL WEATHER SERVICE GREAT FALLS MT
350 AM MDT THU OCT 2 2014


...................................

...THE HAVRE MT CLIMATE SUMMARY FOR OCTOBER 1 2014...

CLIMATE NORMAL PERIOD 1981 TO 2010
CLIMATE RECORD PERIOD 1880 TO 2014


WEATHER ITEM   OBSERVED TIME   RECORD YEAR NORMAL DEPARTURE LAST
                VALUE   (LST)  VALUE       VALUE  FROM      YEAR
                                                  NORMAL
..................................................................
TEMPERATURE (F)
 YESTERDAY
  MAXIMUM         64    315 PM  88    1992  65     -1       63
  MINIMUM         43   1159 PM  18    2004  36      7       38
  AVERAGE         54                        50      4       51

PRECIPITATION (IN)
  YESTERDAY        0.01          0.74 1898   0.03  -0.02     0.00
  MONTH TO DATE    0.01                      0.03  -0.02     0.00
  SINCE OCT 1      0.01                      0.03  -0.02     0.00
  SINCE JAN 1     11.17                      9.82   1.35    17.15

SNOWFALL (IN)
  YESTERDAY        0.0           7.4  1898   0.0    0.0      0.0
  MONTH TO DATE    0.0                       0.0    0.0      0.0
  SINCE SEP 1      T                         0.3   -0.3      0.0
  SINCE JUL 1      T                         0.3   -0.3      0.0
  SNOW DEPTH       0

DEGREE DAYS
 HEATING
  YESTERDAY       11                        15     -4       14
  MONTH TO DATE   11                        15     -4       14
  SINCE SEP 1    252                       289    -37      164
  SINCE JUL 1    296                       372    -76      182

 COOLING
  YESTERDAY        0                         0      0        0
  MONTH TO DATE    0                         0      0        0
  SINCE SEP 1     12                        19     -7       70
  SINCE JAN 1    402                       386     16      445
..................................................................


WIND (MPH)
  HIGHEST WIND SPEED    22   HIGHEST WIND DIRECTION     W (270)
  HIGHEST GUST SPEED    30   HIGHEST GUST DIRECTION     W (270)
  AVERAGE WIND SPEED    12.6


SKY COVER
  AVERAGE SKY COVER 0.5


WEATHER CONDITIONS
 THE FOLLOWING WEATHER WAS RECORDED YESTERDAY.
  LIGHT RAIN


RELATIVE HUMIDITY (PERCENT)
 HIGHEST    93           100 AM
 LOWEST     34           400 PM
 AVERAGE    64

..........................................................


THE HAVRE MT CLIMATE NORMALS FOR TODAY
                         NORMAL    RECORD    YEAR
 MAXIMUM TEMPERATURE (F)   65        87      1943
 MINIMUM TEMPERATURE (F)   36        16      1999


SUNRISE AND SUNSET
OCTOBER  2 2014.......SUNRISE   720 AM MDT   SUNSET   656 PM MDT
OCTOBER  3 2014.......SUNRISE   721 AM MDT   SUNSET   654 PM MDT


-  INDICATES NEGATIVE NUMBERS.
R  INDICATES RECORD WAS SET OR TIED.
MM INDICATES DATA IS MISSING.
T  INDICATES TRACE AMOUNT.




$$
