000
CDUS45 KTFX 230954
CLIHVR


CLIMATE REPORT
NATIONAL WEATHER SERVICE GREAT FALLS MT
352 AM MDT SAT MAY 23 2015


...................................

...THE HAVRE MT CLIMATE SUMMARY FOR MAY 22 2015...

CLIMATE NORMAL PERIOD 1981 TO 2010
CLIMATE RECORD PERIOD 1880 TO 2015


WEATHER ITEM   OBSERVED TIME   RECORD YEAR NORMAL DEPARTURE LAST
                VALUE   (LST)  VALUE       VALUE  FROM      YEAR
                                                  NORMAL
..................................................................
TEMPERATURE (F)
 YESTERDAY
  MAXIMUM         74    515 PM  96    1928  69      5       83
  MINIMUM         41    426 AM  30    2002  43     -2       44
                                      1992
  AVERAGE         58                        56      2       64

PRECIPITATION (IN)
  YESTERDAY        T             0.93 1901   0.06  -0.06     0.00
  MONTH TO DATE    1.04                      1.12  -0.08     0.78
  SINCE OCT 1      5.10                      4.52   0.58     5.51
  SINCE JAN 1      3.53                      3.11   0.42     3.50

SNOWFALL (IN)
  YESTERDAY        0.0           4.0  1903   0.1   -0.1      0.0
  MONTH TO DATE    0.0                       1.3   -1.3      0.0
  SINCE MAR 1      0.2                      10.6  -10.4      7.0
  SINCE JUL 1     20.8                      38.5  -17.7     44.4
  SNOW DEPTH       0

DEGREE DAYS
 HEATING
  YESTERDAY        7                         9     -2        1
  MONTH TO DATE  341                       278     63      337
  SINCE MAR 1   1681                      1895   -214     2109
  SINCE JUL 1   7349                      8015   -666     8350

 COOLING
  YESTERDAY        0                         0      0        0
  MONTH TO DATE    0                         0      0        0
  SINCE MAR 1      0                         1     -1        0
  SINCE JAN 1      0                         1     -1        0
..................................................................


WIND (MPH)
  HIGHEST WIND SPEED    21   HIGHEST WIND DIRECTION     E (110)
  HIGHEST GUST SPEED    27   HIGHEST GUST DIRECTION     E (90)
  AVERAGE WIND SPEED    12.3


SKY COVER
  AVERAGE SKY COVER 0.1


WEATHER CONDITIONS
 THE FOLLOWING WEATHER WAS RECORDED YESTERDAY.
  LIGHT RAIN


RELATIVE HUMIDITY (PERCENT)
 HIGHEST    72           900 PM
 LOWEST     29           200 PM
 AVERAGE    51

..........................................................


THE HAVRE MT CLIMATE NORMALS FOR TODAY
                         NORMAL    RECORD    YEAR
 MAXIMUM TEMPERATURE (F)   69        95      1886
 MINIMUM TEMPERATURE (F)   43        30      1895


SUNRISE AND SUNSET
MAY 23 2015...........SUNRISE   529 AM MDT   SUNSET   903 PM MDT
MAY 24 2015...........SUNRISE   528 AM MDT   SUNSET   904 PM MDT


-  INDICATES NEGATIVE NUMBERS.
R  INDICATES RECORD WAS SET OR TIED.
MM INDICATES DATA IS MISSING.
T  INDICATES TRACE AMOUNT.




$$
