000
CDUS43 KUNR 020831
CLIICR


CLIMATE REPORT
NATIONAL WEATHER SERVICE RAPID CITY SD
130 AM MST FRI DEC 2 2016


...................................

...THE WINNER REGIONAL AIRPORT SD CLIMATE SUMMARY FOR DECEMBER 1 2016...

CLIMATE NORMAL PERIOD 1981 TO 2010
CLIMATE RECORD PERIOD 9999 TO 9999


WEATHER ITEM   OBSERVED TIME   NORMAL DEPARTURE LAST
                VALUE   (LST)  VALUE  FROM      YEAR
                                      NORMAL
......................................................
TEMPERATURE (F)
 YESTERDAY
  MAXIMUM         31    442 PM  38     -7       33
  MINIMUM         26   1137 PM  19      7       24
  AVERAGE         29            28      1       29

PRECIPITATION (IN)
  YESTERDAY        0.00          0.02  -0.02     0.53
  MONTH TO DATE    0.00          0.02  -0.02     0.53
  SINCE DEC 1      0.00          0.02  -0.02     0.53
  SINCE JAN 1     18.47         21.27  -2.80    17.93

DEGREE DAYS
 HEATING
  YESTERDAY       36            37     -1       36
  MONTH TO DATE   36            37     -1       36
  SINCE DEC 1     36            37     -1       36
  SINCE JUL 1    906          1508   -602     1131

 COOLING
  YESTERDAY        0             0      0        0
  MONTH TO DATE    0             0      0        0
  SINCE DEC 1      0             0      0        0
  SINCE JAN 1   1193           916    277     1145
......................................................


WIND (MPH)
  HIGHEST WIND SPEED    16   HIGHEST WIND DIRECTION    NW (300)
  HIGHEST GUST SPEED    20   HIGHEST GUST DIRECTION    NW (300)
  AVERAGE WIND SPEED     7.8


SKY COVER
  AVERAGE SKY COVER 0.9


WEATHER CONDITIONS
 THE FOLLOWING WEATHER WAS RECORDED YESTERDAY.
  HAZE


RELATIVE HUMIDITY (PERCENT)
 HIGHEST    92           600 PM
 LOWEST     78          1200 AM
 AVERAGE    85

..........................................................




SUNRISE AND SUNSET
DECEMBER  2 2016......SUNRISE   754 AM CST   SUNSET   504 PM CST
DECEMBER  3 2016......SUNRISE   755 AM CST   SUNSET   504 PM CST


-  INDICATES NEGATIVE NUMBERS.
R  INDICATES RECORD WAS SET OR TIED.
MM INDICATES DATA IS MISSING.
T  INDICATES TRACE AMOUNT.




$$
