000
CDUS43 KUNR 250833
CLIICR


CLIMATE REPORT
NATIONAL WEATHER SERVICE RAPID CITY SD
132 AM MST SUN JAN 25 2015


...................................

...THE WINNER REGIONAL AIRPORT SD CLIMATE SUMMARY FOR JANUARY 24 2015...

CLIMATE NORMAL PERIOD 1981 TO 2010
CLIMATE RECORD PERIOD 9999 TO 9999


WEATHER ITEM   OBSERVED TIME   NORMAL DEPARTURE LAST
                VALUE   (LST)  VALUE  FROM      YEAR
                                      NORMAL
......................................................
TEMPERATURE (F)
 YESTERDAY
  MAXIMUM         57    202 PM  36     21       53
  MINIMUM         36    230 AM  14     22       26
  AVERAGE         47            25     22       40

PRECIPITATION (IN)
  YESTERDAY        0.02          0.01   0.01      T
  MONTH TO DATE    0.04          0.18  -0.14     0.02
  SINCE DEC 1      0.24          0.52  -0.28     0.10
  SINCE JAN 1      0.04          0.18  -0.14     0.02

DEGREE DAYS
 HEATING
  YESTERDAY       18            40    -22       25
  MONTH TO DATE  983           965     18      937
  SINCE DEC 1   2016          2200   -184     2341
  SINCE JUL 1   3472          3671   -199     3778

 COOLING
  YESTERDAY        0             0      0        0
  MONTH TO DATE    0             0      0        0
  SINCE DEC 1      0             0      0        0
  SINCE JAN 1      0             0      0        0
......................................................


WIND (MPH)
  HIGHEST WIND SPEED    43   HIGHEST WIND DIRECTION    NW (320)
  HIGHEST GUST SPEED    51   HIGHEST GUST DIRECTION    NW (320)
  AVERAGE WIND SPEED    19.5


SKY COVER
  AVERAGE SKY COVER 0.6


WEATHER CONDITIONS
 THE FOLLOWING WEATHER WAS RECORDED YESTERDAY.
  LIGHT RAIN
  FOG


RELATIVE HUMIDITY (PERCENT)
 HIGHEST    89           900 PM
 LOWEST     41          1200 PM
 AVERAGE    65

..........................................................




SUNRISE AND SUNSET
JANUARY 25 2015.......SUNRISE   802 AM CST   SUNSET   541 PM CST
JANUARY 26 2015.......SUNRISE   801 AM CST   SUNSET   543 PM CST


-  INDICATES NEGATIVE NUMBERS.
R  INDICATES RECORD WAS SET OR TIED.
MM INDICATES DATA IS MISSING.
T  INDICATES TRACE AMOUNT.




$$
