000
CDUS43 KUNR 160938
CLIICR


CLIMATE REPORT
NATIONAL WEATHER SERVICE RAPID CITY SD
237 AM MST SAT DEC 16 2017


...................................

...THE WINNER REGIONAL AIRPORT SD CLIMATE SUMMARY FOR DECEMBER 15 2017...

CLIMATE NORMAL PERIOD 1981 TO 2010
CLIMATE RECORD PERIOD 9999 TO 9999


WEATHER ITEM   OBSERVED TIME   NORMAL DEPARTURE LAST
                VALUE   (LST)  VALUE  FROM      YEAR
                                      NORMAL
......................................................
TEMPERATURE (F)
 YESTERDAY
  MAXIMUM         50    229 PM  34     16       20
  MINIMUM         27    823 AM  15     12       -4
  AVERAGE         39            25     14        8

PRECIPITATION (IN)
  YESTERDAY        0.00          0.01  -0.01      T
  MONTH TO DATE    0.12          0.21  -0.09      T
  SINCE DEC 1      0.12          0.21  -0.09      T
  SINCE JAN 1     19.34         21.46  -2.12    18.47

DEGREE DAYS
 HEATING
  YESTERDAY       26            40    -14       57
  MONTH TO DATE  411           584   -173      706
  SINCE DEC 1    411           584   -173      706
  SINCE JUL 1   1635          2055   -420     1576

 COOLING
  YESTERDAY        0             0      0        0
  MONTH TO DATE    0             0      0        0
  SINCE DEC 1      0             0      0        0
  SINCE JAN 1   1113           916    197     1193
......................................................


WIND (MPH)
  HIGHEST WIND SPEED    16   HIGHEST WIND DIRECTION    SW (230)
  HIGHEST GUST SPEED    20   HIGHEST GUST DIRECTION    SW (220)
  AVERAGE WIND SPEED     9.9


SKY COVER
  AVERAGE SKY COVER 0.0


WEATHER CONDITIONS
 THE FOLLOWING WEATHER WAS RECORDED YESTERDAY.
  NO SIGNIFICANT WEATHER WAS OBSERVED.


RELATIVE HUMIDITY (PERCENT)
 HIGHEST    82          1200 AM
 LOWEST     45           900 PM
 AVERAGE    64

..........................................................




SUNRISE AND SUNSET
DECEMBER 16 2017......SUNRISE   806 AM CST   SUNSET   504 PM CST
DECEMBER 17 2017......SUNRISE   807 AM CST   SUNSET   505 PM CST


-  INDICATES NEGATIVE NUMBERS.
R  INDICATES RECORD WAS SET OR TIED.
MM INDICATES DATA IS MISSING.
T  INDICATES TRACE AMOUNT.




$$
