000
CDUS43 KUNR 060831
CLIICR


CLIMATE REPORT
NATIONAL WEATHER SERVICE RAPID CITY SD
231 AM MDT MON JUL 6 2015


...................................

...THE WINNER REGIONAL AIRPORT SD CLIMATE SUMMARY FOR JULY 5 2015...

CLIMATE NORMAL PERIOD 1981 TO 2010
CLIMATE RECORD PERIOD 9999 TO 9999


WEATHER ITEM   OBSERVED TIME   NORMAL DEPARTURE LAST
                VALUE   (LST)  VALUE  FROM      YEAR
                                      NORMAL
......................................................
TEMPERATURE (F)
 YESTERDAY
  MAXIMUM         97    406 PM  87     10       97
  MINIMUM         67    442 AM  61      6       69
  AVERAGE         82            74      8       83

PRECIPITATION (IN)
  YESTERDAY        0.47          0.12   0.35     0.00
  MONTH TO DATE    0.48          0.62  -0.14     0.03
  SINCE JUN 1      4.50          4.27   0.23     4.19
  SINCE JAN 1      8.17         12.34  -4.17     8.98

DEGREE DAYS
 HEATING
  YESTERDAY        0             0      0        0
  MONTH TO DATE    0             0      0        7
  SINCE JUN 1      3            54    -51       44
  SINCE JUL 1      0             0      0        7

 COOLING
  YESTERDAY       17             9      8       18
  MONTH TO DATE   59            44     15       37
  SINCE JUN 1    277           189     88      154
  SINCE JAN 1    312           219     93      235
......................................................


WIND (MPH)
  HIGHEST WIND SPEED    59   HIGHEST WIND DIRECTION     W (280)
  HIGHEST GUST SPEED    72   HIGHEST GUST DIRECTION     W (280)
  AVERAGE WIND SPEED    14.4


SKY COVER
  AVERAGE SKY COVER 0.1


WEATHER CONDITIONS
 THE FOLLOWING WEATHER WAS RECORDED YESTERDAY.
  THUNDERSTORM
  HEAVY RAIN
  RAIN
  LIGHT RAIN
  FOG


RELATIVE HUMIDITY (PERCENT)
 HIGHEST    84           600 AM
 LOWEST     35           300 PM
 AVERAGE    60

..........................................................




SUNRISE AND SUNSET
JULY  6 2015..........SUNRISE   605 AM CDT   SUNSET   922 PM CDT
JULY  7 2015..........SUNRISE   606 AM CDT   SUNSET   922 PM CDT


-  INDICATES NEGATIVE NUMBERS.
R  INDICATES RECORD WAS SET OR TIED.
MM INDICATES DATA IS MISSING.
T  INDICATES TRACE AMOUNT.




$$
