000
CDUS43 KUNR 250836
CLIICR


CLIMATE REPORT
NATIONAL WEATHER SERVICE RAPID CITY SD
232 AM MDT FRI JUL 25 2014


...................................

...THE WINNER REGIONAL AIRPORT SD CLIMATE SUMMARY FOR JULY 24 2014...

CLIMATE NORMAL PERIOD 1981 TO 2010
CLIMATE RECORD PERIOD 9999 TO 9999


WEATHER ITEM   OBSERVED TIME   NORMAL DEPARTURE LAST
                VALUE   (LST)  VALUE  FROM      YEAR
                                      NORMAL
......................................................
TEMPERATURE (F)
 YESTERDAY
  MAXIMUM        100    439 PM  89     11       87
  MINIMUM         68    533 AM  64      4       59
  AVERAGE         84            76      8       73

PRECIPITATION (IN)
  YESTERDAY        0.00          0.08  -0.08     0.00
  MONTH TO DATE    0.23          2.25  -2.02     2.53
  SINCE JUN 1      4.39          5.90  -1.51     6.04
  SINCE JAN 1      9.18         13.97  -4.79    13.43

DEGREE DAYS
 HEATING
  YESTERDAY        0             0      0        0
  MONTH TO DATE   12             0     12        0
  SINCE JUN 1     49            54     -5       53
  SINCE JUL 1     12             0     12        0

 COOLING
  YESTERDAY       19            12      7        8
  MONTH TO DATE  235           248    -13      262
  SINCE JUN 1    352           393    -41      394
  SINCE JAN 1    433           423     10      433
......................................................


WIND (MPH)
  HIGHEST WIND SPEED    35   HIGHEST WIND DIRECTION     S (170)
  HIGHEST GUST SPEED    43   HIGHEST GUST DIRECTION     S (180)
  AVERAGE WIND SPEED    19.8


SKY COVER
  AVERAGE SKY COVER 0.1


WEATHER CONDITIONS
 THE FOLLOWING WEATHER WAS RECORDED YESTERDAY.
  NO SIGNIFICANT WEATHER WAS OBSERVED.


RELATIVE HUMIDITY (PERCENT)
 HIGHEST    68           500 AM
 LOWEST     33           400 PM
 AVERAGE    51

..........................................................




SUNRISE AND SUNSET
JULY 25 2014..........SUNRISE   622 AM CDT   SUNSET   909 PM CDT
JULY 26 2014..........SUNRISE   623 AM CDT   SUNSET   908 PM CDT


-  INDICATES NEGATIVE NUMBERS.
R  INDICATES RECORD WAS SET OR TIED.
MM INDICATES DATA IS MISSING.
T  INDICATES TRACE AMOUNT.




$$
