000
CDUS43 KUNR 180832
CLIICR


CLIMATE REPORT
NATIONAL WEATHER SERVICE RAPID CITY SD
231 AM MDT WED OCT 18 2017


...................................

...THE WINNER REGIONAL AIRPORT SD CLIMATE SUMMARY FOR OCTOBER 17 2017...

CLIMATE NORMAL PERIOD 1981 TO 2010
CLIMATE RECORD PERIOD 9999 TO 9999


WEATHER ITEM   OBSERVED TIME   NORMAL DEPARTURE LAST
                VALUE   (LST)  VALUE  FROM      YEAR
                                      NORMAL
......................................................
TEMPERATURE (F)
 YESTERDAY
  MAXIMUM         81    245 PM  62     19       74
  MINIMUM         42    518 AM  39      3       44
  AVERAGE         62            50     12       59

PRECIPITATION (IN)
  YESTERDAY        0.00          0.05  -0.05     0.00
  MONTH TO DATE    0.56          0.98  -0.42     1.25
  SINCE SEP 1      3.35          2.97   0.38     3.28
  SINCE JAN 1     18.87         19.97  -1.10    18.14

DEGREE DAYS
 HEATING
  YESTERDAY        3            15    -12        6
  MONTH TO DATE  197           204     -7      138
  SINCE SEP 1    305           332    -27      203
  SINCE JUL 1    307           346    -39      211

 COOLING
  YESTERDAY        0             0      0        0
  MONTH TO DATE    0             9     -9       23
  SINCE SEP 1    131           109     22      139
  SINCE JAN 1   1107           915    192     1183
......................................................


WIND (MPH)
  HIGHEST WIND SPEED    18   HIGHEST WIND DIRECTION     S (200)
  HIGHEST GUST SPEED    24   HIGHEST GUST DIRECTION    SW (210)
  AVERAGE WIND SPEED    10.2


SKY COVER
  AVERAGE SKY COVER 0.0


WEATHER CONDITIONS
 THE FOLLOWING WEATHER WAS RECORDED YESTERDAY.
  NO SIGNIFICANT WEATHER WAS OBSERVED.


RELATIVE HUMIDITY (PERCENT)
 HIGHEST    76           500 AM
 LOWEST     20           200 PM
 AVERAGE    48

..........................................................




SUNRISE AND SUNSET
OCTOBER 18 2017.......SUNRISE   757 AM CDT   SUNSET   651 PM CDT
OCTOBER 19 2017.......SUNRISE   759 AM CDT   SUNSET   649 PM CDT


-  INDICATES NEGATIVE NUMBERS.
R  INDICATES RECORD WAS SET OR TIED.
MM INDICATES DATA IS MISSING.
T  INDICATES TRACE AMOUNT.




$$
