000
CDUS43 KUNR 250830
CLIICR


CLIMATE REPORT
NATIONAL WEATHER SERVICE RAPID CITY SD
230 AM MDT THU AUG 25 2016


...................................

...THE WINNER REGIONAL AIRPORT SD CLIMATE SUMMARY FOR AUGUST 24 2016...

CLIMATE NORMAL PERIOD 1981 TO 2010
CLIMATE RECORD PERIOD 9999 TO 9999


WEATHER ITEM   OBSERVED TIME   NORMAL DEPARTURE LAST
                VALUE   (LST)  VALUE  FROM      YEAR
                                      NORMAL
......................................................
TEMPERATURE (F)
 YESTERDAY
  MAXIMUM         74    442 PM  86    -12       79
  MINIMUM         52    549 AM  60     -8       47
  AVERAGE         63            73    -10       63

PRECIPITATION (IN)
  YESTERDAY        T             0.05  -0.05     0.00
  MONTH TO DATE    1.97          1.93   0.04     2.49
  SINCE JUN 1      5.49          8.54  -3.05     8.53
  SINCE JAN 1     14.84         16.61  -1.77    12.20

DEGREE DAYS
 HEATING
  YESTERDAY        2             0      2        2
  MONTH TO DATE    3             0      3       14
  SINCE JUN 1      7            59    -52       17
  SINCE JUL 1      4             5     -1       14

 COOLING
  YESTERDAY        0             8     -8        0
  MONTH TO DATE  260           247     13      235
  SINCE JUN 1    932           723    209      828
  SINCE JAN 1    979           753    226      863
......................................................


WIND (MPH)
  HIGHEST WIND SPEED    20   HIGHEST WIND DIRECTION    NW (330)
  HIGHEST GUST SPEED    23   HIGHEST GUST DIRECTION    NW (330)
  AVERAGE WIND SPEED     8.2


SKY COVER
  AVERAGE SKY COVER 0.1


WEATHER CONDITIONS
 THE FOLLOWING WEATHER WAS RECORDED YESTERDAY.
  LIGHT RAIN


RELATIVE HUMIDITY (PERCENT)
 HIGHEST    77           200 AM
 LOWEST     46           300 PM
 AVERAGE    62

..........................................................




SUNRISE AND SUNSET
AUGUST 25 2016........SUNRISE   656 AM CDT   SUNSET   826 PM CDT
AUGUST 26 2016........SUNRISE   657 AM CDT   SUNSET   824 PM CDT


-  INDICATES NEGATIVE NUMBERS.
R  INDICATES RECORD WAS SET OR TIED.
MM INDICATES DATA IS MISSING.
T  INDICATES TRACE AMOUNT.




$$
