000
CDUS43 KUNR 240846
CLIICR


CLIMATE REPORT
NATIONAL WEATHER SERVICE RAPID CITY SD
145 AM MST TUE JAN 24 2017


...................................

...THE WINNER REGIONAL AIRPORT SD CLIMATE SUMMARY FOR JANUARY 23 2017...

CLIMATE NORMAL PERIOD 1981 TO 2010
CLIMATE RECORD PERIOD 9999 TO 9999


WEATHER ITEM   OBSERVED TIME   NORMAL DEPARTURE LAST
                VALUE   (LST)  VALUE  FROM      YEAR
                                      NORMAL
......................................................
TEMPERATURE (F)
 YESTERDAY
  MAXIMUM         38    327 PM  36      2       42
  MINIMUM         24    740 AM  14     10       28
  AVERAGE         31            25      6       35

PRECIPITATION (IN)
  YESTERDAY        T             0.01  -0.01     0.00
  MONTH TO DATE    0.01          0.17  -0.16     0.03
  SINCE DEC 1      0.56          0.51   0.05     1.48
  SINCE JAN 1      0.01          0.17  -0.16     0.03

DEGREE DAYS
 HEATING
  YESTERDAY       34            40     -6       30
  MONTH TO DATE  990           925     65      998
  SINCE DEC 1   2174          2160     14     2122
  SINCE JUL 1   3044          3631   -587     3217

 COOLING
  YESTERDAY        0             0      0        0
  MONTH TO DATE    0             0      0        0
  SINCE DEC 1      0             0      0        0
  SINCE JAN 1      0             0      0        0
......................................................


WIND (MPH)
  HIGHEST WIND SPEED    21   HIGHEST WIND DIRECTION    SE (120)
  HIGHEST GUST SPEED    25   HIGHEST GUST DIRECTION     E (110)
  AVERAGE WIND SPEED     9.4


SKY COVER
  AVERAGE SKY COVER 1.0


WEATHER CONDITIONS
 THE FOLLOWING WEATHER WAS RECORDED YESTERDAY.
  FOG
  FOG W/VISIBILITY <= 1/4 MILE


RELATIVE HUMIDITY (PERCENT)
 HIGHEST   100           300 AM
 LOWEST     70           300 PM
 AVERAGE    85

..........................................................




SUNRISE AND SUNSET
JANUARY 24 2017.......SUNRISE   803 AM CST   SUNSET   541 PM CST
JANUARY 25 2017.......SUNRISE   802 AM CST   SUNSET   542 PM CST


-  INDICATES NEGATIVE NUMBERS.
R  INDICATES RECORD WAS SET OR TIED.
MM INDICATES DATA IS MISSING.
T  INDICATES TRACE AMOUNT.




$$
