073
CDUS43 KUNR 280830
CLIICR


CLIMATE REPORT
NATIONAL WEATHER SERVICE RAPID CITY SD
230 AM MDT WED SEP 28 2016


...................................

...THE WINNER REGIONAL AIRPORT SD CLIMATE SUMMARY FOR SEPTEMBER 27 2016...

CLIMATE NORMAL PERIOD 1981 TO 2010
CLIMATE RECORD PERIOD 9999 TO 9999


WEATHER ITEM   OBSERVED TIME   NORMAL DEPARTURE LAST
                VALUE   (LST)  VALUE  FROM      YEAR
                                      NORMAL
......................................................
TEMPERATURE (F)
 YESTERDAY
  MAXIMUM         83    438 PM  72     11       83
  MINIMUM         44    659 AM  46     -2       60
  AVERAGE         64            59      5       72

PRECIPITATION (IN)
  YESTERDAY        0.00          0.06  -0.06     0.00
  MONTH TO DATE    2.03          1.81   0.22     1.11
  SINCE SEP 1      2.03          1.81   0.22     1.11
  SINCE JAN 1     16.89         18.81  -1.92    13.91

DEGREE DAYS
 HEATING
  YESTERDAY        1             7     -6        0
  MONTH TO DATE   48           104    -56       24
  SINCE SEP 1     48           104    -56       24
  SINCE JUL 1     56           118    -62       38

 COOLING
  YESTERDAY        0             1     -1        7
  MONTH TO DATE  116            98     18      188
  SINCE SEP 1    116            98     18      188
  SINCE JAN 1   1160           904    256     1128
......................................................


WIND (MPH)
  HIGHEST WIND SPEED    21   HIGHEST WIND DIRECTION     N (340)
  HIGHEST GUST SPEED    26   HIGHEST GUST DIRECTION     N (340)
  AVERAGE WIND SPEED     8.2


SKY COVER
  AVERAGE SKY COVER 0.0


WEATHER CONDITIONS
 THE FOLLOWING WEATHER WAS RECORDED YESTERDAY.
  HAZE


RELATIVE HUMIDITY (PERCENT)
 HIGHEST    76           300 AM
 LOWEST     23           200 PM
 AVERAGE    50

..........................................................




SUNRISE AND SUNSET
SEPTEMBER 28 2016.....SUNRISE   734 AM CDT   SUNSET   725 PM CDT
SEPTEMBER 29 2016.....SUNRISE   735 AM CDT   SUNSET   723 PM CDT


-  INDICATES NEGATIVE NUMBERS.
R  INDICATES RECORD WAS SET OR TIED.
MM INDICATES DATA IS MISSING.
T  INDICATES TRACE AMOUNT.




$$
