000
CDUS43 KUNR 020832
CLIICR


CLIMATE REPORT
NATIONAL WEATHER SERVICE RAPID CITY SD
232 AM MDT THU OCT 2 2014


...................................

...THE WINNER REGIONAL AIRPORT SD CLIMATE SUMMARY FOR OCTOBER 1 2014...

CLIMATE NORMAL PERIOD 1981 TO 2010
CLIMATE RECORD PERIOD 9999 TO 9999


WEATHER ITEM   OBSERVED TIME   NORMAL DEPARTURE LAST
                VALUE   (LST)  VALUE  FROM      YEAR
                                      NORMAL
......................................................
TEMPERATURE (F)
 YESTERDAY
  MAXIMUM         73    251 PM  70      3       75
  MINIMUM         51    702 AM  44      7       47
  AVERAGE         62            57      5       61

PRECIPITATION (IN)
  YESTERDAY        0.02          0.06  -0.04     0.00
  MONTH TO DATE    0.02          0.06  -0.04     0.00
  SINCE SEP 1      1.06          2.05  -0.99     0.74
  SINCE JAN 1     14.13         19.05  -4.92    16.73

DEGREE DAYS
 HEATING
  YESTERDAY        3             9     -6        4
  MONTH TO DATE    3             9     -6        4
  SINCE SEP 1    110           137    -27       52
  SINCE JUL 1    123           151    -28       59

 COOLING
  YESTERDAY        0             1     -1        0
  MONTH TO DATE    0             1     -1        0
  SINCE SEP 1    124           101     23      221
  SINCE JAN 1    854           907    -53     1012
......................................................


WIND (MPH)
  HIGHEST WIND SPEED    20   HIGHEST WIND DIRECTION    NW (330)
  HIGHEST GUST SPEED    24   HIGHEST GUST DIRECTION    NW (330)
  AVERAGE WIND SPEED     9.5


SKY COVER
  AVERAGE SKY COVER 0.4


WEATHER CONDITIONS
 THE FOLLOWING WEATHER WAS RECORDED YESTERDAY.
  LIGHT RAIN


RELATIVE HUMIDITY (PERCENT)
 HIGHEST    83           700 AM
 LOWEST     41           300 PM
 AVERAGE    62

..........................................................




SUNRISE AND SUNSET
OCTOBER  2 2014.......SUNRISE   738 AM CDT   SUNSET   719 PM CDT
OCTOBER  3 2014.......SUNRISE   739 AM CDT   SUNSET   717 PM CDT


-  INDICATES NEGATIVE NUMBERS.
R  INDICATES RECORD WAS SET OR TIED.
MM INDICATES DATA IS MISSING.
T  INDICATES TRACE AMOUNT.




$$
