056
CDUS43 KUNR 110833
CLIICR


CLIMATE REPORT
NATIONAL WEATHER SERVICE RAPID CITY SD
133 AM MST THU FEB 11 2016


...................................

...THE WINNER REGIONAL AIRPORT SD CLIMATE SUMMARY FOR FEBRUARY 10 2016...

CLIMATE NORMAL PERIOD 1981 TO 2010
CLIMATE RECORD PERIOD 9999 TO 9999


WEATHER ITEM   OBSERVED TIME   NORMAL DEPARTURE LAST
                VALUE   (LST)  VALUE  FROM      YEAR
                                      NORMAL
......................................................
TEMPERATURE (F)
 YESTERDAY
  MAXIMUM         52    157 PM  36     16       59
  MINIMUM         27   1159 PM  16     11       27
  AVERAGE         40            26     14       43

PRECIPITATION (IN)
  YESTERDAY        0.00          0.02  -0.02      T
  MONTH TO DATE    0.01          0.18  -0.17     0.01
  SINCE DEC 1      1.53          0.77   0.76     0.29
  SINCE JAN 1      0.08          0.43  -0.35     0.09

DEGREE DAYS
 HEATING
  YESTERDAY       25            39    -14       22
  MONTH TO DATE  337           395    -58      350
  SINCE DEC 1   2712          2879   -167     2539
  SINCE JUL 1   3807          4350   -543     3995

 COOLING
  YESTERDAY        0             0      0        0
  MONTH TO DATE    0             0      0        0
  SINCE DEC 1      0             0      0        0
  SINCE JAN 1      0             0      0        0
......................................................


WIND (MPH)
  HIGHEST WIND SPEED    24   HIGHEST WIND DIRECTION     N (350)
  HIGHEST GUST SPEED    29   HIGHEST GUST DIRECTION    NW (320)
  AVERAGE WIND SPEED     9.7


SKY COVER
  AVERAGE SKY COVER 0.3


WEATHER CONDITIONS
 THE FOLLOWING WEATHER WAS RECORDED YESTERDAY.
  NO SIGNIFICANT WEATHER WAS OBSERVED.


RELATIVE HUMIDITY (PERCENT)
 HIGHEST    82           900 AM
 LOWEST     41          1200 PM
 AVERAGE    62

..........................................................




SUNRISE AND SUNSET
FEBRUARY 11 2016......SUNRISE   744 AM CST   SUNSET   604 PM CST
FEBRUARY 12 2016......SUNRISE   742 AM CST   SUNSET   605 PM CST


-  INDICATES NEGATIVE NUMBERS.
R  INDICATES RECORD WAS SET OR TIED.
MM INDICATES DATA IS MISSING.
T  INDICATES TRACE AMOUNT.




$$
