000
CDUS43 KUNR 260833
CLIICR


CLIMATE REPORT
NATIONAL WEATHER SERVICE RAPID CITY SD
132 AM MST SUN FEB 26 2017


...................................

...THE WINNER REGIONAL AIRPORT SD CLIMATE SUMMARY FOR FEBRUARY 25 2017...

CLIMATE NORMAL PERIOD 1981 TO 2010
CLIMATE RECORD PERIOD 9999 TO 9999


WEATHER ITEM   OBSERVED TIME   NORMAL DEPARTURE LAST
                VALUE   (LST)  VALUE  FROM      YEAR
                                      NORMAL
......................................................
TEMPERATURE (F)
 YESTERDAY
  MAXIMUM         37    352 PM  40     -3       39
  MINIMUM         13    116 AM  20     -7       24
  AVERAGE         25            30     -5       32

PRECIPITATION (IN)
  YESTERDAY        0.00          0.01  -0.01      T
  MONTH TO DATE    0.09          0.46  -0.37     0.26
  SINCE DEC 1      1.72          1.05   0.67     1.78
  SINCE JAN 1      1.17          0.71   0.46     0.33

DEGREE DAYS
 HEATING
  YESTERDAY       40            35      5       33
  MONTH TO DATE  732           951   -219      742
  SINCE DEC 1   3184          3435   -251     3117
  SINCE JUL 1   4054          4906   -852     4212

 COOLING
  YESTERDAY        0             0      0        0
  MONTH TO DATE    0             0      0        0
  SINCE DEC 1      0             0      0        0
  SINCE JAN 1      0             0      0        0
......................................................


WIND (MPH)
  HIGHEST WIND SPEED    15   HIGHEST WIND DIRECTION    SW (240)
  HIGHEST GUST SPEED    19   HIGHEST GUST DIRECTION    SW (210)
  AVERAGE WIND SPEED     9.6


SKY COVER
  AVERAGE SKY COVER 0.6


WEATHER CONDITIONS
 THE FOLLOWING WEATHER WAS RECORDED YESTERDAY.
  NO SIGNIFICANT WEATHER WAS OBSERVED.


RELATIVE HUMIDITY (PERCENT)
 HIGHEST    84           100 AM
 LOWEST     61           300 PM
 AVERAGE    73

..........................................................




SUNRISE AND SUNSET
FEBRUARY 26 2017......SUNRISE   720 AM CST   SUNSET   625 PM CST
FEBRUARY 27 2017......SUNRISE   718 AM CST   SUNSET   626 PM CST


-  INDICATES NEGATIVE NUMBERS.
R  INDICATES RECORD WAS SET OR TIED.
MM INDICATES DATA IS MISSING.
T  INDICATES TRACE AMOUNT.




$$
