000
CDUS43 KUNR 280848
CLIICR


CLIMATE REPORT
NATIONAL WEATHER SERVICE RAPID CITY SD
246 AM MDT THU MAY 28 2015


...................................

...THE WINNER REGIONAL AIRPORT SD CLIMATE SUMMARY FOR MAY 27 2015...

CLIMATE NORMAL PERIOD 1981 TO 2010
CLIMATE RECORD PERIOD 9999 TO 9999


WEATHER ITEM   OBSERVED TIME   NORMAL DEPARTURE LAST
                VALUE   (LST)  VALUE  FROM      YEAR
                                      NORMAL
......................................................
TEMPERATURE (F)
 YESTERDAY
  MAXIMUM         82    431 PM  73      9       88
  MINIMUM         55    303 AM  50      5       58
  AVERAGE         69            62      7       73

PRECIPITATION (IN)
  YESTERDAY        T             0.12  -0.12      T
  MONTH TO DATE    2.69          2.90  -0.21     1.89
  SINCE MAR 1      3.54          6.77  -3.23     4.24
  SINCE JAN 1      3.63          7.53  -3.90     4.32

DEGREE DAYS
 HEATING
  YESTERDAY        0             5     -5        0
  MONTH TO DATE  228           224      4      246
  SINCE MAR 1   1241          1619   -378     1675
  SINCE JUL 1   6001          6628   -627     7008

 COOLING
  YESTERDAY        4             1      3        8
  MONTH TO DATE   16            22     -6       41
  SINCE MAR 1     28            24      4       44
  SINCE JAN 1     28            24      4       44
......................................................


WIND (MPH)
  HIGHEST WIND SPEED    22   HIGHEST WIND DIRECTION     S (170)
  HIGHEST GUST SPEED    30   HIGHEST GUST DIRECTION     S (170)
  AVERAGE WIND SPEED    11.9


SKY COVER
  AVERAGE SKY COVER 0.2


WEATHER CONDITIONS
 THE FOLLOWING WEATHER WAS RECORDED YESTERDAY.
  NO SIGNIFICANT WEATHER WAS OBSERVED.


RELATIVE HUMIDITY (PERCENT)
 HIGHEST    67           100 AM
 LOWEST     30           200 PM
 AVERAGE    49

..........................................................




SUNRISE AND SUNSET
MAY 28 2015...........SUNRISE   604 AM CDT   SUNSET   910 PM CDT
MAY 29 2015...........SUNRISE   603 AM CDT   SUNSET   910 PM CDT


-  INDICATES NEGATIVE NUMBERS.
R  INDICATES RECORD WAS SET OR TIED.
MM INDICATES DATA IS MISSING.
T  INDICATES TRACE AMOUNT.




$$
