000
CDUS43 KUNR 130833
CLIICR


CLIMATE REPORT
NATIONAL WEATHER SERVICE RAPID CITY SD
232 AM MDT SUN JUL 13 2014


...................................

...THE WINNER REGIONAL AIRPORT SD CLIMATE SUMMARY FOR JULY 12 2014...

CLIMATE NORMAL PERIOD 1981 TO 2010
CLIMATE RECORD PERIOD 9999 TO 9999


WEATHER ITEM   OBSERVED TIME   NORMAL DEPARTURE LAST
                VALUE   (LST)  VALUE  FROM      YEAR
                                      NORMAL
......................................................
TEMPERATURE (F)
 YESTERDAY
  MAXIMUM         88    404 PM  88      0       97
  MINIMUM         67   1126 PM  63      4       74
  AVERAGE         78            75      3       86

PRECIPITATION (IN)
  YESTERDAY        0.01          0.09  -0.08     0.01
  MONTH TO DATE    0.18          1.31  -1.13     0.50
  SINCE JUN 1      4.34          4.96  -0.62     4.01
  SINCE JAN 1      9.13         13.03  -3.90    11.40

DEGREE DAYS
 HEATING
  YESTERDAY        0             0      0        0
  MONTH TO DATE    7             0      7        0
  SINCE JUN 1     44            54    -10       53
  SINCE JUL 1      7             0      7        0

 COOLING
  YESTERDAY       13            10      3       21
  MONTH TO DATE  107           113     -6      123
  SINCE JUN 1    224           258    -34      255
  SINCE JAN 1    305           288     17      294
......................................................


WIND (MPH)
  HIGHEST WIND SPEED    17   HIGHEST WIND DIRECTION     N (20)
  HIGHEST GUST SPEED    21   HIGHEST GUST DIRECTION     N (20)
  AVERAGE WIND SPEED     6.9


SKY COVER
  AVERAGE SKY COVER 0.6


WEATHER CONDITIONS
 THE FOLLOWING WEATHER WAS RECORDED YESTERDAY.
  NO SIGNIFICANT WEATHER WAS OBSERVED.


RELATIVE HUMIDITY (PERCENT)
 HIGHEST    90           400 AM
 LOWEST     48           300 PM
 AVERAGE    69

..........................................................




SUNRISE AND SUNSET
JULY 13 2014..........SUNRISE   611 AM CDT   SUNSET   919 PM CDT
JULY 14 2014..........SUNRISE   612 AM CDT   SUNSET   918 PM CDT


-  INDICATES NEGATIVE NUMBERS.
R  INDICATES RECORD WAS SET OR TIED.
MM INDICATES DATA IS MISSING.
T  INDICATES TRACE AMOUNT.




$$
