000
CDUS43 KUNR 310836
CLIICR


CLIMATE REPORT
NATIONAL WEATHER SERVICE RAPID CITY SD
235 AM MDT SUN AUG 31 2014


...................................

...THE WINNER REGIONAL AIRPORT SD CLIMATE SUMMARY FOR AUGUST 30 2014...

CLIMATE NORMAL PERIOD 1981 TO 2010
CLIMATE RECORD PERIOD 9999 TO 9999


WEATHER ITEM   OBSERVED TIME   NORMAL DEPARTURE LAST
                VALUE   (LST)  VALUE  FROM      YEAR
                                      NORMAL
......................................................
TEMPERATURE (F)
 YESTERDAY
  MAXIMUM         82    540 PM  84     -2       92
  MINIMUM         52    619 AM  58     -6       66
  AVERAGE         67            71     -4       79

PRECIPITATION (IN)
  YESTERDAY        T             0.06  -0.06     0.00
  MONTH TO DATE    3.44          2.26   1.18     2.49
  SINCE JUN 1      7.85          8.87  -1.02     8.60
  SINCE JAN 1     12.64         16.94  -4.30    15.99

DEGREE DAYS
 HEATING
  YESTERDAY        0             1     -1        0
  MONTH TO DATE    1             4     -3        0
  SINCE JUN 1     50            63    -13       60
  SINCE JUL 1     13             9      4        7

 COOLING
  YESTERDAY        2             7     -5       14
  MONTH TO DATE  242           293    -51      317
  SINCE JUN 1    645           769   -124      737
  SINCE JAN 1    726           799    -73      776
......................................................


WIND (MPH)
  HIGHEST WIND SPEED    23   HIGHEST WIND DIRECTION     W (260)
  HIGHEST GUST SPEED    28   HIGHEST GUST DIRECTION     W (270)
  AVERAGE WIND SPEED    10.4


SKY COVER
  AVERAGE SKY COVER 0.3


WEATHER CONDITIONS
 THE FOLLOWING WEATHER WAS RECORDED YESTERDAY.
  LIGHT RAIN
  FOG
  FOG W/VISIBILITY <= 1/4 MILE


RELATIVE HUMIDITY (PERCENT)
 HIGHEST   100           200 AM
 LOWEST     47           500 PM
 AVERAGE    74

..........................................................




SUNRISE AND SUNSET
AUGUST 31 2014........SUNRISE   702 AM CDT   SUNSET   816 PM CDT
SEPTEMBER  1 2014.....SUNRISE   703 AM CDT   SUNSET   814 PM CDT


-  INDICATES NEGATIVE NUMBERS.
R  INDICATES RECORD WAS SET OR TIED.
MM INDICATES DATA IS MISSING.
T  INDICATES TRACE AMOUNT.




$$
