266
CDUS43 KUNR 280832
CLIICR


CLIMATE REPORT
NATIONAL WEATHER SERVICE RAPID CITY SD
231 AM MDT THU JUL 28 2016


...................................

...THE WINNER REGIONAL AIRPORT SD CLIMATE SUMMARY FOR JULY 27 2016...

CLIMATE NORMAL PERIOD 1981 TO 2010
CLIMATE RECORD PERIOD 9999 TO 9999


WEATHER ITEM   OBSERVED TIME   NORMAL DEPARTURE LAST
                VALUE   (LST)  VALUE  FROM      YEAR
                                      NORMAL
......................................................
TEMPERATURE (F)
 YESTERDAY
  MAXIMUM         88    146 PM  89     -1       94
  MINIMUM         62    543 AM  64     -2       66
  AVERAGE         75            77     -2       80

PRECIPITATION (IN)
  YESTERDAY        0.22          0.10   0.12     0.52
  MONTH TO DATE    1.74          2.53  -0.79     2.00
  SINCE JUN 1      2.79          6.18  -3.39     6.02
  SINCE JAN 1     12.14         14.25  -2.11     9.69

DEGREE DAYS
 HEATING
  YESTERDAY        0             0      0        0
  MONTH TO DATE    1             0      1        0
  SINCE JUN 1      4            54    -50        3
  SINCE JUL 1      1             0      1        0

 COOLING
  YESTERDAY       10            12     -2       15
  MONTH TO DATE  347           284     63      330
  SINCE JUN 1    633           429    204      548
  SINCE JAN 1    680           459    221      583
......................................................


WIND (MPH)
  HIGHEST WIND SPEED    38   HIGHEST WIND DIRECTION    NW (310)
  HIGHEST GUST SPEED    47   HIGHEST GUST DIRECTION    NW (310)
  AVERAGE WIND SPEED     8.3


SKY COVER
  AVERAGE SKY COVER 0.0


WEATHER CONDITIONS
 THE FOLLOWING WEATHER WAS RECORDED YESTERDAY.
  THUNDERSTORM
  RAIN
  LIGHT RAIN
  FOG


RELATIVE HUMIDITY (PERCENT)
 HIGHEST    87          1000 PM
 LOWEST     48           200 PM
 AVERAGE    68

..........................................................




SUNRISE AND SUNSET
JULY 28 2016..........SUNRISE   626 AM CDT   SUNSET   905 PM CDT
JULY 29 2016..........SUNRISE   627 AM CDT   SUNSET   904 PM CDT


-  INDICATES NEGATIVE NUMBERS.
R  INDICATES RECORD WAS SET OR TIED.
MM INDICATES DATA IS MISSING.
T  INDICATES TRACE AMOUNT.




$$
