000
CDUS43 KUNR 300833
CLIICR


CLIMATE REPORT
NATIONAL WEATHER SERVICE RAPID CITY SD
233 AM MDT WED JUL 30 2014


...................................

...THE WINNER REGIONAL AIRPORT SD CLIMATE SUMMARY FOR JULY 29 2014...

CLIMATE NORMAL PERIOD 1981 TO 2010
CLIMATE RECORD PERIOD 9999 TO 9999


WEATHER ITEM   OBSERVED TIME   NORMAL DEPARTURE LAST
                VALUE   (LST)  VALUE  FROM      YEAR
                                      NORMAL
......................................................
TEMPERATURE (F)
 YESTERDAY
  MAXIMUM         83    326 PM  89     -6       77
  MINIMUM         52    434 AM  64    -12       62
  AVERAGE         68            77     -9       70

PRECIPITATION (IN)
  YESTERDAY        0.00          0.11  -0.11      T
  MONTH TO DATE    0.25          2.73  -2.48     2.53
  SINCE JUN 1      4.41          6.38  -1.97     6.04
  SINCE JAN 1      9.20         14.45  -5.25    13.43

DEGREE DAYS
 HEATING
  YESTERDAY        0             0      0        0
  MONTH TO DATE   12             0     12        7
  SINCE JUN 1     49            54     -5       60
  SINCE JUL 1     12             0     12        7

 COOLING
  YESTERDAY        3            12     -9        5
  MONTH TO DATE  272           308    -36      274
  SINCE JUN 1    389           453    -64      406
  SINCE JAN 1    470           483    -13      445
......................................................


WIND (MPH)
  HIGHEST WIND SPEED    12   HIGHEST WIND DIRECTION     N (350)
  HIGHEST GUST SPEED    15   HIGHEST GUST DIRECTION     N (350)
  AVERAGE WIND SPEED     3.9


SKY COVER
  AVERAGE SKY COVER 0.0


WEATHER CONDITIONS
 THE FOLLOWING WEATHER WAS RECORDED YESTERDAY.
  NO SIGNIFICANT WEATHER WAS OBSERVED.


RELATIVE HUMIDITY (PERCENT)
 HIGHEST    83           500 AM
 LOWEST     28           500 PM
 AVERAGE    56

..........................................................




SUNRISE AND SUNSET
JULY 30 2014..........SUNRISE   627 AM CDT   SUNSET   904 PM CDT
JULY 31 2014..........SUNRISE   628 AM CDT   SUNSET   903 PM CDT


-  INDICATES NEGATIVE NUMBERS.
R  INDICATES RECORD WAS SET OR TIED.
MM INDICATES DATA IS MISSING.
T  INDICATES TRACE AMOUNT.




$$
