000
CDUS43 KICT 150626
CLIICT


CLIMATE REPORT
NATIONAL WEATHER SERVICE WICHITA KS
125 AM CDT MON SEP 15 2014


...................................

...THE WICHITA MID CONTINENT KS CLIMATE SUMMARY FOR SEPTEMBER 14 2014...

CLIMATE NORMAL PERIOD 1981 TO 2010
CLIMATE RECORD PERIOD 1888 TO 2014


WEATHER ITEM   OBSERVED TIME   RECORD YEAR NORMAL DEPARTURE LAST
                VALUE   (LST)  VALUE       VALUE  FROM      YEAR
                                                  NORMAL
..................................................................
TEMPERATURE (F)
 YESTERDAY
  MAXIMUM         84    436 PM 100    1893  83      1       87
  MINIMUM         51    626 AM  44    1974  60     -9       62
                                      1961
  AVERAGE         68                        72     -4       75

PRECIPITATION (IN)
  YESTERDAY        0.00          1.76 1962   0.10  -0.10     0.00
  MONTH TO DATE    0.16                      1.50  -1.34     0.02
  SINCE SEP 1      0.16                      1.50  -1.34     0.02
  SINCE JAN 1     22.14                     25.59  -3.45    34.19

SNOWFALL (IN)
  YESTERDAY        0.0           0.0  2007   0.0    0.0      0.0
  MONTH TO DATE    0.0                       0.0    0.0      0.0
  SINCE SEP 1      0.0                       0.0    0.0      0.0
  SINCE JUL 1      0.0                       0.0    0.0      0.0
  SNOW DEPTH       0

DEGREE DAYS
 HEATING
  YESTERDAY        0                         1     -1        0
  MONTH TO DATE   20                         4     16        0
  SINCE SEP 1     20                         4     16        0
  SINCE JUL 1     21                         5     16        1

 COOLING
  YESTERDAY        3                         8     -5       10
  MONTH TO DATE  129                       138     -9      205
  SINCE SEP 1    129                       138     -9      205
  SINCE JAN 1   1625                      1565     60     1618
..................................................................


WIND (MPH)
  HIGHEST WIND SPEED    26   HIGHEST WIND DIRECTION     S (180)
  HIGHEST GUST SPEED    33   HIGHEST GUST DIRECTION    SE (150)
  AVERAGE WIND SPEED    13.4


SKY COVER
  POSSIBLE SUNSHINE  MM
  AVERAGE SKY COVER 0.4


WEATHER CONDITIONS
 THE FOLLOWING WEATHER WAS RECORDED YESTERDAY.
  NO SIGNIFICANT WEATHER WAS OBSERVED.


RELATIVE HUMIDITY (PERCENT)
 HIGHEST    83           400 AM
 LOWEST     40           400 PM
 AVERAGE    62

..........................................................


THE WICHITA MID CONTINENT KS CLIMATE NORMALS FOR TODAY
                         NORMAL    RECORD    YEAR
 MAXIMUM TEMPERATURE (F)   83       103      1978
 MINIMUM TEMPERATURE (F)   60        37      1993


SUNRISE AND SUNSET
SEPTEMBER 15 2014.....SUNRISE   712 AM CDT   SUNSET   737 PM CDT
SEPTEMBER 16 2014.....SUNRISE   712 AM CDT   SUNSET   736 PM CDT


-  INDICATES NEGATIVE NUMBERS.
R  INDICATES RECORD WAS SET OR TIED.
MM INDICATES DATA IS MISSING.
T  INDICATES TRACE AMOUNT.




$$
