000
CDUS43 KICT 212308
CLIICT


CLIMATE REPORT
NATIONAL WEATHER SERVICE WICHITA KS
508 PM CST SUN DEC 21 2014


...................................

...THE WICHITA MID CONTINENT CLIMATE SUMMARY FOR DECEMBER 21 2014...
VALID TODAY AS OF 0500 PM LOCAL TIME.

CLIMATE NORMAL PERIOD 1981 TO 2010
CLIMATE RECORD PERIOD 1888 TO 2014


WEATHER ITEM   OBSERVED TIME   RECORD YEAR NORMAL DEPARTURE LAST
                VALUE   (LST)  VALUE       VALUE  FROM      YEAR
                                                  NORMAL
..................................................................
TEMPERATURE (F)
 TODAY
  MAXIMUM         46    459 PM  66    1893  42      4       28
  MINIMUM         41    854 AM  -8    1983  23     18       23
  AVERAGE         44                        32     12       26

PRECIPITATION (IN)
  TODAY            0.04          0.70 1907   0.03   0.01     0.56
  MONTH TO DATE    1.16                      0.87   0.29     0.56
  SINCE DEC 1      1.16                      0.87   0.29     0.56
  SINCE JAN 1     25.47                     32.31  -6.84    40.41

SNOWFALL (IN)
  TODAY           MM             5.3  1983   0.1   MM        3.1
  MONTH TO DATE    2.7                       2.8   -0.1      3.1
  SINCE DEC 1      2.7                       2.8   -0.1      3.1
  SINCE JUL 1      4.5                       4.2    0.3      3.1
  SNOW DEPTH       0

DEGREE DAYS
 HEATING
  TODAY           21                        33    -12       39
  MONTH TO DATE  503                       637   -134      693
  SINCE DEC 1    503                       637   -134      693
  SINCE JUL 1   1383                      1513   -130     1578

 COOLING
  TODAY            0                         0      0        0
  MONTH TO DATE    0                         0      0        0
  SINCE DEC 1      0                         0      0        0
  SINCE JAN 1   1849                      1686    163     1778
..................................................................


WIND (MPH)
  HIGHEST WIND SPEED    21   HIGHEST WIND DIRECTION     S (170)
  HIGHEST GUST SPEED    26   HIGHEST GUST DIRECTION     S (170)
  AVERAGE WIND SPEED    13.6


SKY COVER
  POSSIBLE SUNSHINE  MM
  AVERAGE SKY COVER 1.0


WEATHER CONDITIONS
 THE FOLLOWING WEATHER WAS RECORDED TODAY.
  LIGHT RAIN
  FOG
  HAZE


RELATIVE HUMIDITY (PERCENT)
 HIGHEST    92           200 PM
 LOWEST     76           400 AM
 AVERAGE    84

..........................................................


THE WICHITA MID CONTINENT CLIMATE NORMALS FOR TOMORROW
                         NORMAL    RECORD    YEAR
 MAXIMUM TEMPERATURE (F)   42        72      1896
 MINIMUM TEMPERATURE (F)   23       -16      1989


SUNRISE AND SUNSET
DECEMBER 21 2014......SUNRISE   741 AM CST   SUNSET   515 PM CST
DECEMBER 22 2014......SUNRISE   741 AM CST   SUNSET   515 PM CST


-  INDICATES NEGATIVE NUMBERS.
R  INDICATES RECORD WAS SET OR TIED.
MM INDICATES DATA IS MISSING.
T  INDICATES TRACE AMOUNT.




$$
