385
CDUS43 KICT 242309
CLIICT


CLIMATE REPORT
NATIONAL WEATHER SERVICE WICHITA KS
509 PM CST TUE JAN 24 2017


...................................

...THE WICHITA EISENHOWER NATIONAL CLIMATE SUMMARY FOR JANUARY 24 2017...
VALID TODAY AS OF 0500 PM LOCAL TIME.

CLIMATE NORMAL PERIOD 1981 TO 2010
CLIMATE RECORD PERIOD 1888 TO 2017


WEATHER ITEM   OBSERVED TIME   RECORD YEAR NORMAL DEPARTURE LAST
                VALUE   (LST)  VALUE       VALUE  FROM      YEAR
                                                  NORMAL
..................................................................
TEMPERATURE (F)
 TODAY
  MAXIMUM         68    242 PM  74    1981  43     25       57
  MINIMUM         38    738 AM -12    1894  22     16       30
  AVERAGE         53                        33     20       44

PRECIPITATION (IN)
  TODAY            0.00          0.70 1921   0.03  -0.03     0.00
  MONTH TO DATE    2.79                      0.60   2.19     0.19
  SINCE DEC 1      3.45                      1.80   1.65     2.41
  SINCE JAN 1      2.79                      0.60   2.19     0.19

SNOWFALL (IN)
  TODAY            0.0           1.8  1966   0.2   -0.2      0.0
  MONTH TO DATE    T                         2.7   -2.7      0.1
  SINCE DEC 1      2.0                       6.9   -4.9      0.5
  SINCE JUL 1      2.0                       8.3   -6.3      0.8
  SNOW DEPTH       0

DEGREE DAYS
 HEATING
  TODAY           12                        32    -20       21
  MONTH TO DATE  705                       790    -85      792
  SINCE DEC 1   1692                      1757    -65     1522
  SINCE JUL 1   2145                      2633   -488     2091

 COOLING
  TODAY            0                         0      0        0
  MONTH TO DATE    0                         0      0        0
  SINCE DEC 1      0                         0      0        0
  SINCE JAN 1      0                         0      0        0
..................................................................


WIND (MPH)
  HIGHEST WIND SPEED    25   HIGHEST WIND DIRECTION    NW (310)
  HIGHEST GUST SPEED    32   HIGHEST GUST DIRECTION    NW (310)
  AVERAGE WIND SPEED    14.8


SKY COVER
  POSSIBLE SUNSHINE  MM
  AVERAGE SKY COVER 0.2


WEATHER CONDITIONS
 THE FOLLOWING WEATHER WAS RECORDED TODAY.
  NO SIGNIFICANT WEATHER WAS OBSERVED.


RELATIVE HUMIDITY (PERCENT)
 HIGHEST    82           700 AM
 LOWEST     37           300 PM
 AVERAGE    60

..........................................................


THE WICHITA EISENHOWER NATIONAL CLIMATE NORMALS FOR TOMORROW
                         NORMAL    RECORD    YEAR
 MAXIMUM TEMPERATURE (F)   43        67      2005
                                             1911
 MINIMUM TEMPERATURE (F)   22        -6      1905


SUNRISE AND SUNSET
JANUARY 24 2017.......SUNRISE   739 AM CST   SUNSET   545 PM CST
JANUARY 25 2017.......SUNRISE   738 AM CST   SUNSET   546 PM CST


-  INDICATES NEGATIVE NUMBERS.
R  INDICATES RECORD WAS SET OR TIED.
MM INDICATES DATA IS MISSING.
T  INDICATES TRACE AMOUNT.




$$
