000
CDUS43 KICT 180626
CLIICT


CLIMATE REPORT
NATIONAL WEATHER SERVICE WICHITA KS
124 AM CDT WED OCT 18 2017


...................................

...THE WICHITA EISENHOWER NATIONAL CLIMATE SUMMARY FOR OCTOBER 17 2017...

CLIMATE NORMAL PERIOD 1981 TO 2010
CLIMATE RECORD PERIOD 1888 TO 2017


WEATHER ITEM   OBSERVED TIME   RECORD YEAR NORMAL DEPARTURE LAST
                VALUE   (LST)  VALUE       VALUE  FROM      YEAR
                                                  NORMAL
..................................................................
TEMPERATURE (F)
 YESTERDAY
  MAXIMUM         74    322 PM  91    2016  69      5       91
  MINIMUM         46    508 AM  29    1976  47     -1       70
  AVERAGE         60                        58      2       81

PRECIPITATION (IN)
  YESTERDAY        0.00          1.43 1934   0.09  -0.09     0.00
  MONTH TO DATE    3.01                      1.65   1.36     1.12
  SINCE SEP 1      5.35                      4.79   0.56    12.42
  SINCE JAN 1     32.70                     28.88   3.82    48.76

SNOWFALL (IN)
  YESTERDAY       MM             0.0  2007   0.0   MM        0.0
  MONTH TO DATE    0.0                       0.0    0.0      0.0
  SINCE SEP 1      0.0                       0.0    0.0      0.0
  SINCE JUL 1      0.0                       0.0    0.0      0.0
  SNOW DEPTH       0

DEGREE DAYS
 HEATING
  YESTERDAY        5                         8     -3        0
  MONTH TO DATE   63                       100    -37       43
  SINCE SEP 1     69                       142    -73       57
  SINCE JUL 1     69                       143    -74       57

 COOLING
  YESTERDAY        0                         1     -1       16
  MONTH TO DATE   64                        30     34       63
  SINCE SEP 1    340                       252     88      343
  SINCE JAN 1   1779                      1679    100     2015
..................................................................


WIND (MPH)
  HIGHEST WIND SPEED    22   HIGHEST WIND DIRECTION     S (170)
  HIGHEST GUST SPEED    28   HIGHEST GUST DIRECTION     S (190)
  AVERAGE WIND SPEED    13.2


SKY COVER
  POSSIBLE SUNSHINE  MM
  AVERAGE SKY COVER 0.0


WEATHER CONDITIONS
 THE FOLLOWING WEATHER WAS RECORDED YESTERDAY.
  NO SIGNIFICANT WEATHER WAS OBSERVED.


RELATIVE HUMIDITY (PERCENT)
 HIGHEST    86          1200 AM
 LOWEST     38           100 PM
 AVERAGE    62

..........................................................


THE WICHITA EISENHOWER NATIONAL CLIMATE NORMALS FOR TODAY
                         NORMAL    RECORD    YEAR
 MAXIMUM TEMPERATURE (F)   69        89      2005
 MINIMUM TEMPERATURE (F)   46        30      2013


SUNRISE AND SUNSET
OCTOBER 18 2017.......SUNRISE   741 AM CDT   SUNSET   648 PM CDT
OCTOBER 19 2017.......SUNRISE   742 AM CDT   SUNSET   647 PM CDT


-  INDICATES NEGATIVE NUMBERS.
R  INDICATES RECORD WAS SET OR TIED.
MM INDICATES DATA IS MISSING.
T  INDICATES TRACE AMOUNT.




$$
