000
CDUS43 KICT 090628
CLIICT


CLIMATE REPORT
NATIONAL WEATHER SERVICE WICHITA KS
1227 AM CST FRI DEC 9 2016


...................................

...THE WICHITA EISENHOWER NATIONAL CLIMATE SUMMARY FOR DECEMBER 8 2016...

CLIMATE NORMAL PERIOD 1981 TO 2010
CLIMATE RECORD PERIOD 1888 TO 2016


WEATHER ITEM   OBSERVED TIME   RECORD YEAR NORMAL DEPARTURE LAST
                VALUE   (LST)  VALUE       VALUE  FROM      YEAR
                                                  NORMAL
..................................................................
TEMPERATURE (F)
 YESTERDAY
  MAXIMUM         30    351 PM  69    1918  45    -15       63
  MINIMUM         15    758 AM  -5    1917  25    -10       32
  AVERAGE         23                        35    -12       48

PRECIPITATION (IN)
  YESTERDAY        0.00          0.51 1961   0.04  -0.04     0.00
  MONTH TO DATE    0.37                      0.35   0.02     0.00
  SINCE DEC 1      0.37                      0.35   0.02     0.00
  SINCE JAN 1     50.31                     31.79  18.52    39.80

SNOWFALL (IN)
  YESTERDAY        0.0           2.5  1961   0.2   -0.2      0.0
  MONTH TO DATE    T                         1.0   -1.0      0.0
  SINCE DEC 1      T                         1.0   -1.0      0.0
  SINCE JUL 1      T                         2.4   -2.4      0.3
  SNOW DEPTH       0

DEGREE DAYS
 HEATING
  YESTERDAY       42                        30     12       17
  MONTH TO DATE  229                       228      1      174
  SINCE DEC 1    229                       228      1      174
  SINCE JUL 1    682                      1104   -422      743

 COOLING
  YESTERDAY        0                         0      0        0
  MONTH TO DATE    0                         0      0        0
  SINCE DEC 1      0                         0      0        0
  SINCE JAN 1   2054                      1686    368     1907
..................................................................


WIND (MPH)
  HIGHEST WIND SPEED    21   HIGHEST WIND DIRECTION    NW (330)
  HIGHEST GUST SPEED    24   HIGHEST GUST DIRECTION    NW (330)
  AVERAGE WIND SPEED    10.8


SKY COVER
  POSSIBLE SUNSHINE  MM
  AVERAGE SKY COVER 0.1


WEATHER CONDITIONS
 THE FOLLOWING WEATHER WAS RECORDED YESTERDAY.
  NO SIGNIFICANT WEATHER WAS OBSERVED.


RELATIVE HUMIDITY (PERCENT)
 HIGHEST    77          1200 AM
 LOWEST     36           300 PM
 AVERAGE    57

..........................................................


THE WICHITA EISENHOWER NATIONAL CLIMATE NORMALS FOR TODAY
                         NORMAL    RECORD    YEAR
 MAXIMUM TEMPERATURE (F)   45        67      1946
                                             1896
 MINIMUM TEMPERATURE (F)   25        -4      1919


SUNRISE AND SUNSET
DECEMBER  9 2016......SUNRISE   733 AM CST   SUNSET   511 PM CST
DECEMBER 10 2016......SUNRISE   734 AM CST   SUNSET   511 PM CST


-  INDICATES NEGATIVE NUMBERS.
R  INDICATES RECORD WAS SET OR TIED.
MM INDICATES DATA IS MISSING.
T  INDICATES TRACE AMOUNT.




$$
