000
CDUS43 KICT 300630
CLIICT


CLIMATE REPORT
NATIONAL WEATHER SERVICE WICHITA KS
130 AM CDT TUE SEP 30 2014


...................................

...THE WICHITA MID CONTINENT KS CLIMATE SUMMARY FOR SEPTEMBER 29 2014...

CLIMATE NORMAL PERIOD 1981 TO 2010
CLIMATE RECORD PERIOD 1888 TO 2014


WEATHER ITEM   OBSERVED TIME   RECORD YEAR NORMAL DEPARTURE LAST
                VALUE   (LST)  VALUE       VALUE  FROM      YEAR
                                                  NORMAL
..................................................................
TEMPERATURE (F)
 YESTERDAY
  MAXIMUM         88    228 PM  97    1998  76     12       75
                                      1994
  MINIMUM         61    658 AM  37    1984  53      8       46
                                      1972
                                      1908
  AVERAGE         75                        65     10       61

PRECIPITATION (IN)
  YESTERDAY        0.00          2.45 1941   0.10  -0.10     0.00
  MONTH TO DATE    0.47                      3.05  -2.58     2.03
  SINCE SEP 1      0.47                      3.05  -2.58     2.03
  SINCE JAN 1     22.45                     27.14  -4.69    36.20

SNOWFALL (IN)
  YESTERDAY        0.0           0.0  2007   0.0    0.0      0.0
  MONTH TO DATE    0.0                       0.0    0.0      0.0
  SINCE SEP 1      0.0                       0.0    0.0      0.0
  SINCE JUL 1      0.0                       0.0    0.0      0.0
  SNOW DEPTH       0

DEGREE DAYS
 HEATING
  YESTERDAY        0                         4     -4        4
  MONTH TO DATE   20                        37    -17        4
  SINCE SEP 1     20                        37    -17        4
  SINCE JUL 1     21                        38    -17        5

 COOLING
  YESTERDAY       10                         3      7        0
  MONTH TO DATE  265                       216     49      313
  SINCE SEP 1    265                       216     49      313
  SINCE JAN 1   1761                      1643    118     1726
..................................................................


WIND (MPH)
  HIGHEST WIND SPEED    15   HIGHEST WIND DIRECTION    SE (140)
  HIGHEST GUST SPEED    20   HIGHEST GUST DIRECTION     S (170)
  AVERAGE WIND SPEED     7.7


SKY COVER
  POSSIBLE SUNSHINE  MM
  AVERAGE SKY COVER 0.2


WEATHER CONDITIONS
 THE FOLLOWING WEATHER WAS RECORDED YESTERDAY.
  FOG
  HAZE


RELATIVE HUMIDITY (PERCENT)
 HIGHEST    90           700 AM
 LOWEST     32           300 PM
 AVERAGE    61

..........................................................


THE WICHITA MID CONTINENT KS CLIMATE NORMALS FOR TODAY
                         NORMAL    RECORD    YEAR
 MAXIMUM TEMPERATURE (F)   76        96      1938
 MINIMUM TEMPERATURE (F)   53        31      1984


SUNRISE AND SUNSET
SEPTEMBER 30 2014.....SUNRISE   724 AM CDT   SUNSET   714 PM CDT
OCTOBER  1 2014.......SUNRISE   725 AM CDT   SUNSET   713 PM CDT


-  INDICATES NEGATIVE NUMBERS.
R  INDICATES RECORD WAS SET OR TIED.
MM INDICATES DATA IS MISSING.
T  INDICATES TRACE AMOUNT.




$$
