000
CDUS45 KPIH 070736
CLIIDA


CLIMATE REPORT
NATIONAL WEATHER SERVICE POCATELLO ID
1235 AM MST SUN FEB 7 2016


...................................

...THE IDAHO FALLS ID CLIMATE SUMMARY FOR FEBRUARY 6 2016...

CLIMATE NORMAL PERIOD 1981 TO 2010
CLIMATE RECORD PERIOD 1948 TO 2016


WEATHER ITEM   OBSERVED TIME   RECORD YEAR NORMAL DEPARTURE LAST
                VALUE   (LST)  VALUE       VALUE  FROM      YEAR
                                                  NORMAL
..................................................................
TEMPERATURE (F)
 YESTERDAY
  MAXIMUM         31    357 PM  62    2015  31      0       62
  MINIMUM          8    821 AM -25    1989  13     -5       34
  AVERAGE         20                        22     -2       48

PRECIPITATION (IN)
  YESTERDAY        0.00          0.20 1950   0.02  -0.02     0.00
  MONTH TO DATE    0.07                      0.12  -0.05     0.14
  SINCE OCT 1      3.34                      3.38  -0.04     1.88
  SINCE JAN 1      1.02                      0.81   0.21     0.42

SNOWFALL (IN)
  YESTERDAY       MM
  MONTH TO DATE   MM
  SINCE DEC 1     MM
  SINCE JUL 1     MM
  SNOW DEPTH      MM

DEGREE DAYS
 HEATING
  YESTERDAY       45                        43      2       17
  MONTH TO DATE  309                       262     47      156
  SINCE DEC 1   3045                      3022     23     2503
  SINCE JUL 1   4745                      4925   -180     4192

 COOLING
  YESTERDAY        0                         0      0        0
  MONTH TO DATE    0                         0      0        0
  SINCE DEC 1      0                         0      0        0
  SINCE JAN 1      0                         0      0        0
..................................................................


WIND (MPH)
  HIGHEST WIND SPEED    21   HIGHEST WIND DIRECTION    SW (220)
  HIGHEST GUST SPEED    25   HIGHEST GUST DIRECTION    SW (230)
  AVERAGE WIND SPEED     4.9


SKY COVER
  POSSIBLE SUNSHINE  MM
  AVERAGE SKY COVER 0.5


WEATHER CONDITIONS
 THE FOLLOWING WEATHER WAS RECORDED YESTERDAY.
  FOG
  HAZE


RELATIVE HUMIDITY (PERCENT)
 HIGHEST    96           800 AM
 LOWEST     69           500 PM
 AVERAGE    83

..........................................................


THE IDAHO FALLS ID CLIMATE NORMALS FOR TODAY
                         NORMAL    RECORD    YEAR
 MAXIMUM TEMPERATURE (F)   31        57      2015
 MINIMUM TEMPERATURE (F)   13       -22      1989


SUNRISE AND SUNSET
FEBRUARY  7 2016......SUNRISE   738 AM MST   SUNSET   547 PM MST
FEBRUARY  8 2016......SUNRISE   737 AM MST   SUNSET   549 PM MST


-  INDICATES NEGATIVE NUMBERS.
R  INDICATES RECORD WAS SET OR TIED.
MM INDICATES DATA IS MISSING.
T  INDICATES TRACE AMOUNT.




$$
