951
CDUS45 KPIH 260734
CLIIDA


CLIMATE REPORT
NATIONAL WEATHER SERVICE POCATELLO ID
132 AM MDT FRI AUG 26 2016


...................................

...THE IDAHO FALLS ID CLIMATE SUMMARY FOR AUGUST 25 2016...

CLIMATE NORMAL PERIOD 1981 TO 2010
CLIMATE RECORD PERIOD 1948 TO 2016


WEATHER ITEM   OBSERVED TIME   RECORD YEAR NORMAL DEPARTURE LAST
                VALUE   (LST)  VALUE       VALUE  FROM      YEAR
                                                  NORMAL
..................................................................
TEMPERATURE (F)
 YESTERDAY
  MAXIMUM         77    538 PM  97    2015  84     -7       97
  MINIMUM         41    313 AM  30    1992  47     -6       49
  AVERAGE         59                        65     -6       73

PRECIPITATION (IN)
  YESTERDAY        0.00          0.22 1984   0.02  -0.02     0.00
  MONTH TO DATE    0.09                      0.41  -0.32     1.03
  SINCE OCT 1      7.76                      9.42  -1.66     8.84
  SINCE JAN 1      5.44                      6.85  -1.41     7.38

SNOWFALL (IN)
  YESTERDAY       MM
  MONTH TO DATE   MM
  SINCE JUN 1     MM
  SINCE JUL 1     MM
  SNOW DEPTH      MM

DEGREE DAYS
 HEATING
  YESTERDAY        6                         2      4        0
  MONTH TO DATE   36                        21     15       26
  SINCE JUN 1    143                       201    -58      114
  SINCE JUL 1     69                        48     21       68

 COOLING
  YESTERDAY        0                         2     -2        8
  MONTH TO DATE   56                        84    -28       85
  SINCE JUN 1    232                       237     -5      280
  SINCE JAN 1    232                       239     -7      281
..................................................................


WIND (MPH)
  HIGHEST WIND SPEED    16   HIGHEST WIND DIRECTION     N (10)
  HIGHEST GUST SPEED    18   HIGHEST GUST DIRECTION     N (20)
  AVERAGE WIND SPEED     6.7


SKY COVER
  POSSIBLE SUNSHINE  MM
  AVERAGE SKY COVER 0.2


WEATHER CONDITIONS
 THE FOLLOWING WEATHER WAS RECORDED YESTERDAY.
  HAZE


RELATIVE HUMIDITY (PERCENT)
 HIGHEST    76           300 AM
 LOWEST     15           500 PM
 AVERAGE    46

..........................................................


THE IDAHO FALLS ID CLIMATE NORMALS FOR TODAY
                         NORMAL    RECORD    YEAR
 MAXIMUM TEMPERATURE (F)   83        97      2011
                                             2010
 MINIMUM TEMPERATURE (F)   47        28      1992


SUNRISE AND SUNSET
AUGUST 26 2016........SUNRISE   646 AM MDT   SUNSET   813 PM MDT
AUGUST 27 2016........SUNRISE   647 AM MDT   SUNSET   811 PM MDT


-  INDICATES NEGATIVE NUMBERS.
R  INDICATES RECORD WAS SET OR TIED.
MM INDICATES DATA IS MISSING.
T  INDICATES TRACE AMOUNT.




$$
