000
CDUS45 KPIH 252327
CLIIDA


CLIMATE REPORT
NATIONAL WEATHER SERVICE POCATELLO ID
425 PM MST TUE NOV 25 2014


...................................

...THE IDAHO FALLS ID CLIMATE SUMMARY FOR NOVEMBER 25 2014...
VALID TODAY AS OF 0400 PM LOCAL TIME.

CLIMATE NORMAL PERIOD 1981 TO 2010
CLIMATE RECORD PERIOD 1948 TO 2014


WEATHER ITEM   OBSERVED TIME   RECORD YEAR NORMAL DEPARTURE LAST
                VALUE   (LST)  VALUE       VALUE  FROM      YEAR
                                                  NORMAL
..................................................................
TEMPERATURE (F)
 TODAY
  MAXIMUM         45    359 PM  60    1949  37      8       41
  MINIMUM         33    324 AM  -8    1992  18     15       15
  AVERAGE         39                        27     12       28

PRECIPITATION (IN)
  TODAY            0.00          0.36 2012   0.03  -0.03     0.00
  MONTH TO DATE    0.49                      0.72  -0.23     0.29
  SINCE OCT 1      0.54                      1.55  -1.01     1.15
  SINCE JAN 1      9.37                      9.37   0.00     6.17

SNOWFALL (IN)
  TODAY           MM
  MONTH TO DATE   MM
  SINCE SEP 1     MM
  SINCE JUL 1     MM
  SNOW DEPTH      MM

DEGREE DAYS
 HEATING
  TODAY           26                        38    -12       37
  MONTH TO DATE  895                       786    109      737
  SINCE SEP 1   1516                      1643   -127     1564
  SINCE JUL 1   1571                      1708   -137     1564

 COOLING
  TODAY            0                         0      0        0
  MONTH TO DATE    0                         0      0        0
  SINCE SEP 1     21                        12      9       50
  SINCE JAN 1    303                       264     39      510
..................................................................


WIND (MPH)
  HIGHEST WIND SPEED    32   HIGHEST WIND DIRECTION    SW (220)
  HIGHEST GUST SPEED    40   HIGHEST GUST DIRECTION    SW (220)
  AVERAGE WIND SPEED    22.6


SKY COVER
  POSSIBLE SUNSHINE  MM
  AVERAGE SKY COVER 0.9


WEATHER CONDITIONS
 THE FOLLOWING WEATHER WAS RECORDED TODAY.
  NO SIGNIFICANT WEATHER WAS OBSERVED.


RELATIVE HUMIDITY (PERCENT)
 HIGHEST    89           700 AM
 LOWEST     59           500 AM
 AVERAGE    74

..........................................................


THE IDAHO FALLS ID CLIMATE NORMALS FOR TOMORROW
                         NORMAL    RECORD    YEAR
 MAXIMUM TEMPERATURE (F)   36        58      1950
 MINIMUM TEMPERATURE (F)   18       -12      1993


SUNRISE AND SUNSET
NOVEMBER 25 2014......SUNRISE   735 AM MST   SUNSET   456 PM MST
NOVEMBER 26 2014......SUNRISE   736 AM MST   SUNSET   455 PM MST


-  INDICATES NEGATIVE NUMBERS.
R  INDICATES RECORD WAS SET OR TIED.
MM INDICATES DATA IS MISSING.
T  INDICATES TRACE AMOUNT.




$$
