000
CDUS45 KPIH 280733
CLIIDA


CLIMATE REPORT
NATIONAL WEATHER SERVICE POCATELLO ID
132 AM MDT FRI AUG 28 2015


...................................

...THE IDAHO FALLS ID CLIMATE SUMMARY FOR AUGUST 27 2015...

CLIMATE NORMAL PERIOD 1981 TO 2010
CLIMATE RECORD PERIOD 1948 TO 2015


WEATHER ITEM   OBSERVED TIME   RECORD YEAR NORMAL DEPARTURE LAST
                VALUE   (LST)  VALUE       VALUE  FROM      YEAR
                                                  NORMAL
..................................................................
TEMPERATURE (F)
 YESTERDAY
  MAXIMUM         86    323 PM  93    1981  83      3       81
  MINIMUM         49    557 AM  33    1993  46      3       43
  AVERAGE         68                        65      3       62

PRECIPITATION (IN)
  YESTERDAY        0.10          0.63 1991   0.02   0.08     0.00
  MONTH TO DATE    1.13                      0.45   0.68     2.29
  SINCE OCT 1      8.94                      9.46  -0.52     7.54
  SINCE JAN 1      7.48                      6.89   0.59     6.24

SNOWFALL (IN)
  YESTERDAY       MM
  MONTH TO DATE   MM
  SINCE JUN 1     MM
  SINCE JUL 1     MM
  SNOW DEPTH      MM

DEGREE DAYS
 HEATING
  YESTERDAY        0                         2     -2        3
  MONTH TO DATE   26                        25      1       46
  SINCE JUN 1    114                       205    -91      176
  SINCE JUL 1     68                        52     16       48

 COOLING
  YESTERDAY        3                         2      1        0
  MONTH TO DATE   90                        88      2       76
  SINCE JUN 1    285                       241     44      278
  SINCE JAN 1    286                       243     43      279
..................................................................


WIND (MPH)
  HIGHEST WIND SPEED    38   HIGHEST WIND DIRECTION     N (20)
  HIGHEST GUST SPEED    46   HIGHEST GUST DIRECTION     N (10)
  AVERAGE WIND SPEED     5.2


SKY COVER
  POSSIBLE SUNSHINE  MM
  AVERAGE SKY COVER 0.4


WEATHER CONDITIONS
 THE FOLLOWING WEATHER WAS RECORDED YESTERDAY.
  THUNDERSTORM
  LIGHT RAIN
  HAZE


RELATIVE HUMIDITY (PERCENT)
 HIGHEST    96           100 AM
 LOWEST     29           300 PM
 AVERAGE    63

..........................................................


THE IDAHO FALLS ID CLIMATE NORMALS FOR TODAY
                         NORMAL    RECORD    YEAR
 MAXIMUM TEMPERATURE (F)   82        94      2012
 MINIMUM TEMPERATURE (F)   46        33      1960


SUNRISE AND SUNSET
AUGUST 28 2015........SUNRISE   647 AM MDT   SUNSET   811 PM MDT
AUGUST 29 2015........SUNRISE   649 AM MDT   SUNSET   809 PM MDT


-  INDICATES NEGATIVE NUMBERS.
R  INDICATES RECORD WAS SET OR TIED.
MM INDICATES DATA IS MISSING.
T  INDICATES TRACE AMOUNT.




$$
