000
CDUS45 KPIH 110754
CLIIDA


CLIMATE REPORT
NATIONAL WEATHER SERVICE POCATELLO ID
145 AM MDT FRI JUL 11 2014


...................................

...THE IDAHO FALLS ID CLIMATE SUMMARY FOR JULY 10 2014...

CLIMATE NORMAL PERIOD 1981 TO 2010
CLIMATE RECORD PERIOD 1948 TO 2014


WEATHER ITEM   OBSERVED TIME   RECORD YEAR NORMAL DEPARTURE LAST
                VALUE   (LST)  VALUE       VALUE  FROM      YEAR
                                                  NORMAL
..................................................................
TEMPERATURE (F)
 YESTERDAY
  MAXIMUM         90    435 PM  98    2013  85      5       98
                                      1973
  MINIMUM         59   1245 AM  39    1999  50      9       49
  AVERAGE         75                        68      7       74

PRECIPITATION (IN)
  YESTERDAY        0.00          0.17 1950   0.01  -0.01     0.00
  MONTH TO DATE    T                         0.15  -0.15     0.04
  SINCE OCT 1      5.14                      8.66  -3.52     4.67
  SINCE JAN 1      3.84                      6.09  -2.25     1.98

SNOWFALL (IN)
  YESTERDAY       MM
  MONTH TO DATE   MM
  SINCE JUN 1     MM
  SINCE JUL 1     MM
  SNOW DEPTH      MM

DEGREE DAYS
 HEATING
  YESTERDAY        0                         1     -1        0
  MONTH TO DATE    2                        14    -12        0
  SINCE JUN 1    130                       167    -37      100
  SINCE JUL 1      2                        14    -12        0

 COOLING
  YESTERDAY       10                         4      6        9
  MONTH TO DATE   62                        31     31       85
  SINCE JUN 1     71                        61     10      154
  SINCE JAN 1     72                        63      9      158
..................................................................


WIND (MPH)
  HIGHEST WIND SPEED    17   HIGHEST WIND DIRECTION     S (200)
  HIGHEST GUST SPEED    24   HIGHEST GUST DIRECTION     S (180)
  AVERAGE WIND SPEED     8.3


SKY COVER
  POSSIBLE SUNSHINE  MM
  AVERAGE SKY COVER 0.4


WEATHER CONDITIONS
 THE FOLLOWING WEATHER WAS RECORDED YESTERDAY.
  HAZE


RELATIVE HUMIDITY (PERCENT)
 HIGHEST    84           100 AM
 LOWEST     19           500 PM
 AVERAGE    52

..........................................................


THE IDAHO FALLS ID CLIMATE NORMALS FOR TODAY
                         NORMAL    RECORD    YEAR
 MAXIMUM TEMPERATURE (F)   86        95      1976
 MINIMUM TEMPERATURE (F)   50        40      1993


SUNRISE AND SUNSET
JULY 11 2014..........SUNRISE   558 AM MDT   SUNSET   909 PM MDT
JULY 12 2014..........SUNRISE   559 AM MDT   SUNSET   909 PM MDT


-  INDICATES NEGATIVE NUMBERS.
R  INDICATES RECORD WAS SET OR TIED.
MM INDICATES DATA IS MISSING.
T  INDICATES TRACE AMOUNT.




$$
