000
CDUS45 KPIH 030744
CLIIDA


CLIMATE REPORT
NATIONAL WEATHER SERVICE POCATELLO ID
135 AM MDT MON AUG 3 2015


...................................

...THE IDAHO FALLS ID CLIMATE SUMMARY FOR AUGUST 2 2015...

CLIMATE NORMAL PERIOD 1981 TO 2010
CLIMATE RECORD PERIOD 1948 TO 2015


WEATHER ITEM   OBSERVED TIME   RECORD YEAR NORMAL DEPARTURE LAST
                VALUE   (LST)  VALUE       VALUE  FROM      YEAR
                                                  NORMAL
..................................................................
TEMPERATURE (F)
 YESTERDAY
  MAXIMUM         97    422 PM  98    1992  88      9       91
  MINIMUM         47    519 AM  42    2006  50     -3       51
                                      1975
  AVERAGE         72                        69      3       71

PRECIPITATION (IN)
  YESTERDAY        0.00          0.25 1952   0.02  -0.02     0.00
  MONTH TO DATE    0.00                      0.03  -0.03      T
  SINCE OCT 1      7.81                      9.04  -1.23     5.25
  SINCE JAN 1      6.35                      6.47  -0.12     3.95

SNOWFALL (IN)
  YESTERDAY       MM
  MONTH TO DATE   MM
  SINCE JUN 1     MM
  SINCE JUL 1     MM
  SNOW DEPTH      MM

DEGREE DAYS
 HEATING
  YESTERDAY        0                         0      0        0
  MONTH TO DATE    0                         0      0        0
  SINCE JUN 1     88                       180    -92      130
  SINCE JUL 1     42                        27     15        2

 COOLING
  YESTERDAY        7                         4      3        6
  MONTH TO DATE   12                         8      4       11
  SINCE JUN 1    207                       161     46      213
  SINCE JAN 1    208                       163     45      214
..................................................................


WIND (MPH)
  HIGHEST WIND SPEED    12   HIGHEST WIND DIRECTION    NE (30)
  HIGHEST GUST SPEED    14   HIGHEST GUST DIRECTION     N (360)
  AVERAGE WIND SPEED     5.4


SKY COVER
  POSSIBLE SUNSHINE  MM
  AVERAGE SKY COVER 0.0


WEATHER CONDITIONS
 THE FOLLOWING WEATHER WAS RECORDED YESTERDAY.
  NO SIGNIFICANT WEATHER WAS OBSERVED.


RELATIVE HUMIDITY (PERCENT)
 HIGHEST    80           300 AM
 LOWEST      8           300 PM
 AVERAGE    44

..........................................................


THE IDAHO FALLS ID CLIMATE NORMALS FOR TODAY
                         NORMAL    RECORD    YEAR
 MAXIMUM TEMPERATURE (F)   88        99      1961
 MINIMUM TEMPERATURE (F)   50        42      2006
                                             1987


SUNRISE AND SUNSET
AUGUST  3 2015........SUNRISE   620 AM MDT   SUNSET   848 PM MDT
AUGUST  4 2015........SUNRISE   621 AM MDT   SUNSET   847 PM MDT


-  INDICATES NEGATIVE NUMBERS.
R  INDICATES RECORD WAS SET OR TIED.
MM INDICATES DATA IS MISSING.
T  INDICATES TRACE AMOUNT.




$$
