000
CDUS45 KPIH 030734
CLIIDA


CLIMATE REPORT
NATIONAL WEATHER SERVICE POCATELLO ID
131 AM MDT WED SEP 3 2014


...................................

...THE IDAHO FALLS ID CLIMATE SUMMARY FOR SEPTEMBER 2 2014...

CLIMATE NORMAL PERIOD 1981 TO 2010
CLIMATE RECORD PERIOD 1948 TO 2014


WEATHER ITEM   OBSERVED TIME   RECORD YEAR NORMAL DEPARTURE LAST
                VALUE   (LST)  VALUE       VALUE  FROM      YEAR
                                                  NORMAL
..................................................................
TEMPERATURE (F)
 YESTERDAY
  MAXIMUM         81    426 PM  96    1950  81      0       73
  MINIMUM         40    533 AM  33    1975  45     -5       56
  AVERAGE         61                        63     -2       65

PRECIPITATION (IN)
  YESTERDAY        0.00          0.33 1985   0.03  -0.03     0.13
  MONTH TO DATE    0.00                      0.06  -0.06     0.13
  SINCE OCT 1      7.64                      9.61  -1.97     5.52
  SINCE JAN 1      6.34                      7.04  -0.70     2.83

SNOWFALL (IN)
  YESTERDAY       MM
  MONTH TO DATE   MM
  SINCE SEP 1     MM
  SINCE JUL 1     MM
  SNOW DEPTH      MM

DEGREE DAYS
 HEATING
  YESTERDAY        4                         4      0        0
  MONTH TO DATE   10                         7      3        0
  SINCE SEP 1     10                         7      3        0
  SINCE JUL 1     65                        72     -7        0

 COOLING
  YESTERDAY        0                         1     -1        0
  MONTH TO DATE    0                         2     -2        5
  SINCE SEP 1      0                         2     -2        5
  SINCE JAN 1    282                       254     28      465
..................................................................


WIND (MPH)
  HIGHEST WIND SPEED    23   HIGHEST WIND DIRECTION    SW (210)
  HIGHEST GUST SPEED    30   HIGHEST GUST DIRECTION    SW (220)
  AVERAGE WIND SPEED     9.7


SKY COVER
  POSSIBLE SUNSHINE  MM
  AVERAGE SKY COVER 0.0


WEATHER CONDITIONS
 THE FOLLOWING WEATHER WAS RECORDED YESTERDAY.
  NO SIGNIFICANT WEATHER WAS OBSERVED.


RELATIVE HUMIDITY (PERCENT)
 HIGHEST    71           500 AM
 LOWEST     17           500 PM
 AVERAGE    44

..........................................................


THE IDAHO FALLS ID CLIMATE NORMALS FOR TODAY
                         NORMAL    RECORD    YEAR
 MAXIMUM TEMPERATURE (F)   80        97      1950
 MINIMUM TEMPERATURE (F)   45        30      1964


SUNRISE AND SUNSET
SEPTEMBER  3 2014.....SUNRISE   654 AM MDT   SUNSET   800 PM MDT
SEPTEMBER  4 2014.....SUNRISE   655 AM MDT   SUNSET   758 PM MDT


-  INDICATES NEGATIVE NUMBERS.
R  INDICATES RECORD WAS SET OR TIED.
MM INDICATES DATA IS MISSING.
T  INDICATES TRACE AMOUNT.




$$
