000
CDUS45 KPIH 260730
CLIIDA


CLIMATE REPORT
NATIONAL WEATHER SERVICE POCATELLO ID
130 AM MDT SAT JUL 26 2014


...................................

...THE IDAHO FALLS ID CLIMATE SUMMARY FOR JULY 25 2014...

CLIMATE NORMAL PERIOD 1981 TO 2010
CLIMATE RECORD PERIOD 1948 TO 2014


WEATHER ITEM   OBSERVED TIME   RECORD YEAR NORMAL DEPARTURE LAST
                VALUE   (LST)  VALUE       VALUE  FROM      YEAR
                                                  NORMAL
..................................................................
TEMPERATURE (F)
 YESTERDAY
  MAXIMUM         84    525 PM  98    1954  88     -4       91
  MINIMUM         45    535 AM  41    2000  51     -6       48
  AVERAGE         65                        69     -4       70

PRECIPITATION (IN)
  YESTERDAY        0.00          0.17 1986   0.02  -0.02     0.00
  MONTH TO DATE    T                         0.41  -0.41     0.30
  SINCE OCT 1      5.14                      8.92  -3.78     4.93
  SINCE JAN 1      3.84                      6.35  -2.51     2.24

SNOWFALL (IN)
  YESTERDAY       MM
  MONTH TO DATE   MM
  SINCE JUN 1     MM
  SINCE JUL 1     MM
  SNOW DEPTH      MM

DEGREE DAYS
 HEATING
  YESTERDAY        0                         0      0        0
  MONTH TO DATE    2                        25    -23        0
  SINCE JUN 1    130                       178    -48      100
  SINCE JUL 1      2                        25    -23        0

 COOLING
  YESTERDAY        0                         5     -5        5
  MONTH TO DATE  171                        98     73      185
  SINCE JUN 1    180                       128     52      254
  SINCE JAN 1    181                       130     51      258
..................................................................


WIND (MPH)
  HIGHEST WIND SPEED    24   HIGHEST WIND DIRECTION     S (190)
  HIGHEST GUST SPEED    31   HIGHEST GUST DIRECTION     S (180)
  AVERAGE WIND SPEED    13.1


SKY COVER
  POSSIBLE SUNSHINE  MM
  AVERAGE SKY COVER 0.0


WEATHER CONDITIONS
 THE FOLLOWING WEATHER WAS RECORDED YESTERDAY.
  HAZE


RELATIVE HUMIDITY (PERCENT)
 HIGHEST    58           600 AM
 LOWEST     13           300 PM
 AVERAGE    36

..........................................................


THE IDAHO FALLS ID CLIMATE NORMALS FOR TODAY
                         NORMAL    RECORD    YEAR
 MAXIMUM TEMPERATURE (F)   88        96      2013
                                             2012
                                             1989
 MINIMUM TEMPERATURE (F)   51        40      1999


SUNRISE AND SUNSET
JULY 26 2014..........SUNRISE   612 AM MDT   SUNSET   857 PM MDT
JULY 27 2014..........SUNRISE   613 AM MDT   SUNSET   856 PM MDT


-  INDICATES NEGATIVE NUMBERS.
R  INDICATES RECORD WAS SET OR TIED.
MM INDICATES DATA IS MISSING.
T  INDICATES TRACE AMOUNT.




$$
