000
CDUS45 KPIH 220731
CLIIDA


CLIMATE REPORT
NATIONAL WEATHER SERVICE POCATELLO ID
130 AM MDT SAT JUL 22 2017


...................................

...THE IDAHO FALLS ID CLIMATE SUMMARY FOR JULY 21 2017...

CLIMATE NORMAL PERIOD 1981 TO 2010
CLIMATE RECORD PERIOD 1948 TO 2017


WEATHER ITEM   OBSERVED TIME   RECORD YEAR NORMAL DEPARTURE LAST
                VALUE   (LST)  VALUE       VALUE  FROM      YEAR
                                                  NORMAL
..................................................................
TEMPERATURE (F)
 YESTERDAY
  MAXIMUM         88    532 PM  99    1960  88      0       96
  MINIMUM         46    510 AM  37    1949  51     -5       44
  AVERAGE         67                        69     -2       70

PRECIPITATION (IN)
  YESTERDAY        0.00          0.72 1987   0.02  -0.02     0.00
  MONTH TO DATE    0.18                      0.34  -0.16     0.19
  SINCE OCT 1      9.28                      8.85   0.43     7.67
  SINCE JAN 1      5.00                      6.28  -1.28     5.35

SNOWFALL (IN)
  YESTERDAY       MM
  MONTH TO DATE   MM
  SINCE JUN 1     MM
  SINCE JUL 1     MM
  SNOW DEPTH      MM

DEGREE DAYS
 HEATING
  YESTERDAY        0                         1     -1        0
  MONTH TO DATE    0                        25    -25       32
  SINCE JUN 1    108                       178    -70      106
  SINCE JUL 1      0                        25    -25       32

 COOLING
  YESTERDAY        2                         5     -3        5
  MONTH TO DATE  147                        78     69       57
  SINCE JUN 1    185                       108     77      117
  SINCE JAN 1    187                       110     77      117
..................................................................


WIND (MPH)
  HIGHEST WIND SPEED    16   HIGHEST WIND DIRECTION     S (180)
  HIGHEST GUST SPEED    21   HIGHEST GUST DIRECTION     S (170)
  AVERAGE WIND SPEED     7.0


SKY COVER
  POSSIBLE SUNSHINE  MM
  AVERAGE SKY COVER 0.0


WEATHER CONDITIONS
 THE FOLLOWING WEATHER WAS RECORDED YESTERDAY.
  HAZE


RELATIVE HUMIDITY (PERCENT)
 HIGHEST    93           500 AM
 LOWEST     13           300 PM
 AVERAGE    53

..........................................................


THE IDAHO FALLS ID CLIMATE NORMALS FOR TODAY
                         NORMAL    RECORD    YEAR
 MAXIMUM TEMPERATURE (F)   88        99      2006
                                             2000
 MINIMUM TEMPERATURE (F)   51        38      1954


SUNRISE AND SUNSET
JULY 22 2017..........SUNRISE   608 AM MDT   SUNSET   901 PM MDT
JULY 23 2017..........SUNRISE   609 AM MDT   SUNSET   900 PM MDT


-  INDICATES NEGATIVE NUMBERS.
R  INDICATES RECORD WAS SET OR TIED.
MM INDICATES DATA IS MISSING.
T  INDICATES TRACE AMOUNT.




$$
