000
CDUS45 KPIH 050732
CLIIDA


CLIMATE REPORT
NATIONAL WEATHER SERVICE POCATELLO ID
131 AM MDT THU MAY 5 2016


...................................

...THE IDAHO FALLS ID CLIMATE SUMMARY FOR MAY 4 2016...

CLIMATE NORMAL PERIOD 1981 TO 2010
CLIMATE RECORD PERIOD 1948 TO 2016


WEATHER ITEM   OBSERVED TIME   RECORD YEAR NORMAL DEPARTURE LAST
                VALUE   (LST)  VALUE       VALUE  FROM      YEAR
                                                  NORMAL
..................................................................
TEMPERATURE (F)
 YESTERDAY
  MAXIMUM         79    220 PM  86    1966  64     15       77
  MINIMUM         34    524 AM  22    2001  36     -2       40
  AVERAGE         57                        50      7       59

PRECIPITATION (IN)
  YESTERDAY        0.00          0.41 1976   0.05  -0.05      T
  MONTH TO DATE    0.00                      0.19  -0.19     0.02
  SINCE OCT 1      5.59                      6.11  -0.52     2.41
  SINCE JAN 1      3.27                      3.54  -0.27     0.95

SNOWFALL (IN)
  YESTERDAY       MM
  MONTH TO DATE   MM
  SINCE MAR 1     MM
  SINCE JUL 1     MM
  SNOW DEPTH      MM

DEGREE DAYS
 HEATING
  YESTERDAY        8                        15     -7        6
  MONTH TO DATE   53                        63    -10       28
  SINCE MAR 1   1345                      1574   -229     1295
  SINCE JUL 1   6927                      7376   -449     6113

 COOLING
  YESTERDAY        0                         0      0        0
  MONTH TO DATE    0                         0      0        0
  SINCE MAR 1      0                         0      0        0
  SINCE JAN 1      0                         0      0        0
..................................................................


WIND (MPH)
  HIGHEST WIND SPEED    20   HIGHEST WIND DIRECTION    SW (230)
  HIGHEST GUST SPEED    24   HIGHEST GUST DIRECTION    SW (220)
  AVERAGE WIND SPEED     6.4


SKY COVER
  POSSIBLE SUNSHINE  MM
  AVERAGE SKY COVER 0.2


WEATHER CONDITIONS
 THE FOLLOWING WEATHER WAS RECORDED YESTERDAY.
  NO SIGNIFICANT WEATHER WAS OBSERVED.


RELATIVE HUMIDITY (PERCENT)
 HIGHEST    76           400 AM
 LOWEST     19           200 PM
 AVERAGE    48

..........................................................


THE IDAHO FALLS ID CLIMATE NORMALS FOR TODAY
                         NORMAL    RECORD    YEAR
 MAXIMUM TEMPERATURE (F)   64        85      1966
 MINIMUM TEMPERATURE (F)   36        17      1982


SUNRISE AND SUNSET
MAY  5 2016...........SUNRISE   615 AM MDT   SUNSET   836 PM MDT
MAY  6 2016...........SUNRISE   613 AM MDT   SUNSET   837 PM MDT


-  INDICATES NEGATIVE NUMBERS.
R  INDICATES RECORD WAS SET OR TIED.
MM INDICATES DATA IS MISSING.
T  INDICATES TRACE AMOUNT.




$$
