000
CDUS45 KPIH 302324
CLIIDA


CLIMATE REPORT
NATIONAL WEATHER SERVICE POCATELLO ID
522 PM MDT THU MAR 30 2017


...................................

...THE IDAHO FALLS ID CLIMATE SUMMARY FOR MARCH 30 2017...
VALID TODAY AS OF 0500 PM LOCAL TIME.

CLIMATE NORMAL PERIOD 1981 TO 2010
CLIMATE RECORD PERIOD 1948 TO 2017


WEATHER ITEM   OBSERVED TIME   RECORD YEAR NORMAL DEPARTURE LAST
                VALUE   (LST)  VALUE       VALUE  FROM      YEAR
                                                  NORMAL
..................................................................
TEMPERATURE (F)
 TODAY
  MAXIMUM         52    125 PM  72    2004  52      0       57
  MINIMUM         42    438 AM  15    1987  29     13       33
  AVERAGE         47                        41      6       45

PRECIPITATION (IN)
  TODAY            0.05          0.67 2014   0.03   0.02      T
  MONTH TO DATE    0.20                      0.83  -0.63     1.61
  SINCE OCT 1      6.62                      4.75   1.87     4.99
  SINCE JAN 1      2.34                      2.18   0.16     2.67

SNOWFALL (IN)
  TODAY           MM
  MONTH TO DATE   MM
  SINCE MAR 1     MM
  SINCE JUL 1     MM
  SNOW DEPTH      MM

DEGREE DAYS
 HEATING
  TODAY           18                        24     -6       20
  MONTH TO DATE  713                       878   -165      775
  SINCE MAR 1    713                       878   -165      775
  SINCE JUL 1   6510                      6680   -170     6357

 COOLING
  TODAY            0                         0      0        0
  MONTH TO DATE    0                         0      0        0
  SINCE MAR 1      0                         0      0        0
  SINCE JAN 1      0                         0      0        0
..................................................................


WIND (MPH)
  HIGHEST WIND SPEED    22   HIGHEST WIND DIRECTION     S (200)
  HIGHEST GUST SPEED    28   HIGHEST GUST DIRECTION     S (200)
  AVERAGE WIND SPEED     8.9


SKY COVER
  POSSIBLE SUNSHINE  MM
  AVERAGE SKY COVER 1.0


WEATHER CONDITIONS
 THE FOLLOWING WEATHER WAS RECORDED TODAY.
  LIGHT RAIN
  FOG


RELATIVE HUMIDITY (PERCENT)
 HIGHEST    96           300 AM
 LOWEST     63           100 PM
 AVERAGE    80

..........................................................


THE IDAHO FALLS ID CLIMATE NORMALS FOR TOMORROW
                         NORMAL    RECORD    YEAR
 MAXIMUM TEMPERATURE (F)   53        73      2012
 MINIMUM TEMPERATURE (F)   29        17      1988


SUNRISE AND SUNSET
MARCH 30 2017.........SUNRISE   713 AM MDT   SUNSET   753 PM MDT
MARCH 31 2017.........SUNRISE   711 AM MDT   SUNSET   754 PM MDT


-  INDICATES NEGATIVE NUMBERS.
R  INDICATES RECORD WAS SET OR TIED.
MM INDICATES DATA IS MISSING.
T  INDICATES TRACE AMOUNT.




$$
