000
CDUS45 KPIH 180731
CLIIDA


CLIMATE REPORT
NATIONAL WEATHER SERVICE POCATELLO ID
1229 AM MST WED JAN 18 2017


...................................

...THE IDAHO FALLS ID CLIMATE SUMMARY FOR JANUARY 17 2017...

CLIMATE NORMAL PERIOD 1981 TO 2010
CLIMATE RECORD PERIOD 1948 TO 2017


WEATHER ITEM   OBSERVED TIME   RECORD YEAR NORMAL DEPARTURE LAST
                VALUE   (LST)  VALUE       VALUE  FROM      YEAR
                                                  NORMAL
..................................................................
TEMPERATURE (F)
 YESTERDAY
  MAXIMUM         11    404 PM  44    1981  29    -18       25
  MINIMUM         -7    611 AM -24    1984  12    -19       19
  AVERAGE          2                        20    -18       22

PRECIPITATION (IN)
  YESTERDAY        0.00          0.19 1980   0.02  -0.02      T
  MONTH TO DATE    0.53                      0.42   0.11     0.37
  SINCE OCT 1      4.81                      2.99   1.82     2.69
  SINCE JAN 1      0.53                      0.42   0.11     0.37

SNOWFALL (IN)
  YESTERDAY       MM
  MONTH TO DATE   MM
  SINCE DEC 1     MM
  SINCE JUL 1     MM
  SNOW DEPTH      MM

DEGREE DAYS
 HEATING
  YESTERDAY       63                        45     18       43
  MONTH TO DATE  956                       765    191      769
  SINCE DEC 1   2485                      2135    350     2140
  SINCE JUL 1   4103                      4038     65     3840

 COOLING
  YESTERDAY        0                         0      0        0
  MONTH TO DATE    0                         0      0        0
  SINCE DEC 1      0                         0      0        0
  SINCE JAN 1      0                         0      0        0
..................................................................


WIND (MPH)
  HIGHEST WIND SPEED    14   HIGHEST WIND DIRECTION    NW (330)
  HIGHEST GUST SPEED    18   HIGHEST GUST DIRECTION     N (340)
  AVERAGE WIND SPEED     7.1


SKY COVER
  POSSIBLE SUNSHINE  MM
  AVERAGE SKY COVER 0.0


WEATHER CONDITIONS
 THE FOLLOWING WEATHER WAS RECORDED YESTERDAY.
  NO SIGNIFICANT WEATHER WAS OBSERVED.


RELATIVE HUMIDITY (PERCENT)
 HIGHEST    91           100 AM
 LOWEST     76           300 PM
 AVERAGE    84

..........................................................


THE IDAHO FALLS ID CLIMATE NORMALS FOR TODAY
                         NORMAL    RECORD    YEAR
 MAXIMUM TEMPERATURE (F)   29        44      2015
 MINIMUM TEMPERATURE (F)   12       -27      1984


SUNRISE AND SUNSET
JANUARY 18 2017.......SUNRISE   756 AM MST   SUNSET   522 PM MST
JANUARY 19 2017.......SUNRISE   756 AM MST   SUNSET   523 PM MST


-  INDICATES NEGATIVE NUMBERS.
R  INDICATES RECORD WAS SET OR TIED.
MM INDICATES DATA IS MISSING.
T  INDICATES TRACE AMOUNT.




$$
