000
CDUS43 KUNR 250835
CLIIEN


CLIMATE REPORT
NATIONAL WEATHER SERVICE RAPID CITY SD
132 AM MST SAT NOV 25 2017


...................................

...THE PINE RIDGE SD CLIMATE SUMMARY FOR NOVEMBER 24 2017...

CLIMATE NORMAL PERIOD 1981 TO 2010
CLIMATE RECORD PERIOD 9999 TO 9999


WEATHER ITEM   OBSERVED TIME   NORMAL DEPARTURE LAST
                VALUE   (LST)  VALUE  FROM      YEAR
                                      NORMAL
......................................................
TEMPERATURE (F)
 YESTERDAY
  MAXIMUM         58    738 AM  43     15       44
  MINIMUM         19   1114 PM  16      3       15
  AVERAGE         39            29     10       30

PRECIPITATION (IN)
  YESTERDAY        T             0.01  -0.01     0.00
  MONTH TO DATE    0.28          0.51  -0.23     0.13
  SINCE SEP 1      2.02          3.32  -1.30     1.35
  SINCE JAN 1     15.19         17.11  -1.92    14.27

DEGREE DAYS
 HEATING
  YESTERDAY       26            36    -10       35
  MONTH TO DATE  620           712    -92      507
  SINCE SEP 1   1338          1430    -92      953
  SINCE JUL 1   1350          1467   -117      986

 COOLING
  YESTERDAY        0             0      0        0
  MONTH TO DATE    0             0      0        0
  SINCE SEP 1    107            69     38       62
  SINCE JAN 1    780           717     63      774
......................................................


WIND (MPH)
  HIGHEST WIND SPEED    24   HIGHEST WIND DIRECTION     N (10)
  HIGHEST GUST SPEED    33   HIGHEST GUST DIRECTION     N (360)
  AVERAGE WIND SPEED     6.6


SKY COVER
  AVERAGE SKY COVER 0.2


WEATHER CONDITIONS
 THE FOLLOWING WEATHER WAS RECORDED YESTERDAY.
  LIGHT RAIN


RELATIVE HUMIDITY (PERCENT)
 HIGHEST    92          1000 PM
 LOWEST     35           100 PM
 AVERAGE    64

..........................................................




SUNRISE AND SUNSET
NOVEMBER 25 2017......SUNRISE   655 AM MST   SUNSET   419 PM MST
NOVEMBER 26 2017......SUNRISE   656 AM MST   SUNSET   418 PM MST


-  INDICATES NEGATIVE NUMBERS.
R  INDICATES RECORD WAS SET OR TIED.
MM INDICATES DATA IS MISSING.
T  INDICATES TRACE AMOUNT.




$$
