000
CDUS43 KUNR 080831
CLIIEN


CLIMATE REPORT
NATIONAL WEATHER SERVICE RAPID CITY SD
131 AM MST THU DEC 8 2016


...................................

...THE PINE RIDGE SD CLIMATE SUMMARY FOR DECEMBER 7 2016...

CLIMATE NORMAL PERIOD 1981 TO 2010
CLIMATE RECORD PERIOD 9999 TO 9999


WEATHER ITEM   OBSERVED TIME   NORMAL DEPARTURE LAST
                VALUE   (LST)  VALUE  FROM      YEAR
                                      NORMAL
......................................................
TEMPERATURE (F)
 YESTERDAY
  MAXIMUM         11    249 PM  37    -26       47
  MINIMUM        -11   1158 PM  11    -22       30
  AVERAGE          0            24    -24       39

PRECIPITATION (IN)
  YESTERDAY        0.00          0.01  -0.01     0.00
  MONTH TO DATE    0.04          0.07  -0.03     0.17
  SINCE DEC 1      0.04          0.07  -0.03     0.17
  SINCE JAN 1     14.60         17.24  -2.64    18.86

DEGREE DAYS
 HEATING
  YESTERDAY       65            41     24       26
  MONTH TO DATE  311           280     31      239
  SINCE DEC 1    311           280     31      239
  SINCE JUL 1   1484          1970   -486     1727

 COOLING
  YESTERDAY        0             0      0        0
  MONTH TO DATE    0             0      0        0
  SINCE DEC 1      0             0      0        0
  SINCE JAN 1    774           717     57      615
......................................................


WIND (MPH)
  HIGHEST WIND SPEED    10   HIGHEST WIND DIRECTION     W (250)
  HIGHEST GUST SPEED    13   HIGHEST GUST DIRECTION     W (250)
  AVERAGE WIND SPEED     3.0


SKY COVER
  AVERAGE SKY COVER 0.2


WEATHER CONDITIONS
 THE FOLLOWING WEATHER WAS RECORDED YESTERDAY.
  FOG


RELATIVE HUMIDITY (PERCENT)
 HIGHEST    87           100 AM
 LOWEST     66           200 PM
 AVERAGE    77

..........................................................




SUNRISE AND SUNSET
DECEMBER  8 2016......SUNRISE   709 AM MST   SUNSET   415 PM MST
DECEMBER  9 2016......SUNRISE   710 AM MST   SUNSET   415 PM MST


-  INDICATES NEGATIVE NUMBERS.
R  INDICATES RECORD WAS SET OR TIED.
MM INDICATES DATA IS MISSING.
T  INDICATES TRACE AMOUNT.




$$
