000
CDUS43 KUNR 260849
CLIIEN


CLIMATE REPORT
NATIONAL WEATHER SERVICE RAPID CITY SD
243 AM MDT THU MAY 26 2016


...................................

...THE PINE RIDGE SD CLIMATE SUMMARY FOR MAY 25 2016...

CLIMATE NORMAL PERIOD 1981 TO 2010
CLIMATE RECORD PERIOD 9999 TO 9999


WEATHER ITEM   OBSERVED TIME   NORMAL DEPARTURE LAST
                VALUE   (LST)  VALUE  FROM      YEAR
                                      NORMAL
......................................................
TEMPERATURE (F)
 YESTERDAY
  MAXIMUM         73    146 PM  73      0       62
  MINIMUM         42   1159 PM  45     -3       53
  AVERAGE         58            59     -1       58

PRECIPITATION (IN)
  YESTERDAY        0.00          0.07  -0.07     0.39
  MONTH TO DATE    0.53          2.03  -1.50     6.75
  SINCE MAR 1      5.38          4.81   0.57     8.81
  SINCE JAN 1      5.88          5.60   0.28     9.27

DEGREE DAYS
 HEATING
  YESTERDAY        7             7      0        7
  MONTH TO DATE  303           268     35      351
  SINCE MAR 1   1566          1738   -172     1611
  SINCE JUL 1   6435          7088   -653     6821

 COOLING
  YESTERDAY        0             1     -1        0
  MONTH TO DATE    6             8     -2        0
  SINCE MAR 1      7             8     -1        0
  SINCE JAN 1      7             8     -1        0
......................................................


WIND (MPH)
  HIGHEST WIND SPEED    22   HIGHEST WIND DIRECTION     W (280)
  HIGHEST GUST SPEED    29   HIGHEST GUST DIRECTION     W (250)
  AVERAGE WIND SPEED     8.6


SKY COVER
  AVERAGE SKY COVER 0.3


WEATHER CONDITIONS
 THE FOLLOWING WEATHER WAS RECORDED YESTERDAY.
  NO SIGNIFICANT WEATHER WAS OBSERVED.


RELATIVE HUMIDITY (PERCENT)
 HIGHEST    93           300 AM
 LOWEST     36          1200 PM
 AVERAGE    65

..........................................................




SUNRISE AND SUNSET
MAY 26 2016...........SUNRISE   517 AM MDT   SUNSET   818 PM MDT
MAY 27 2016...........SUNRISE   516 AM MDT   SUNSET   819 PM MDT


-  INDICATES NEGATIVE NUMBERS.
R  INDICATES RECORD WAS SET OR TIED.
MM INDICATES DATA IS MISSING.
T  INDICATES TRACE AMOUNT.




$$
