000
CDUS43 KUNR 270838
CLIIEN


CLIMATE REPORT
NATIONAL WEATHER SERVICE RAPID CITY SD
236 AM MDT FRI MAR 27 2015


...................................

...THE PINE RIDGE SD CLIMATE SUMMARY FOR MARCH 26 2015...

CLIMATE NORMAL PERIOD 1981 TO 2010
CLIMATE RECORD PERIOD 9999 TO 9999


WEATHER ITEM   OBSERVED TIME   NORMAL DEPARTURE LAST
                VALUE   (LST)  VALUE  FROM      YEAR
                                      NORMAL
......................................................
TEMPERATURE (F)
 YESTERDAY
  MAXIMUM         54   1240 PM  54      0       75
  MINIMUM         17   1251 AM  26     -9       34
  AVERAGE         36            40     -4       55

PRECIPITATION (IN)
  YESTERDAY        0.01          0.04  -0.03      T
  MONTH TO DATE    0.18          0.68  -0.50     0.25
  SINCE MAR 1      0.18          0.68  -0.50     0.25
  SINCE JAN 1      0.64          1.47  -0.83     0.52

DEGREE DAYS
 HEATING
  YESTERDAY       29            25      4       10
  MONTH TO DATE  641           765   -124      795
  SINCE MAR 1    641           765   -124      795
  SINCE JUL 1   5851          6115   -264     6277

 COOLING
  YESTERDAY        0             0      0        0
  MONTH TO DATE    0             0      0        0
  SINCE MAR 1      0             0      0        0
  SINCE JAN 1      0             0      0        0
......................................................


WIND (MPH)
  HIGHEST WIND SPEED    23   HIGHEST WIND DIRECTION     N (10)
  HIGHEST GUST SPEED    30   HIGHEST GUST DIRECTION     W (280)
  AVERAGE WIND SPEED     8.6


SKY COVER
  AVERAGE SKY COVER 0.8


WEATHER CONDITIONS
 THE FOLLOWING WEATHER WAS RECORDED YESTERDAY.
  LIGHT RAIN


RELATIVE HUMIDITY (PERCENT)
 HIGHEST    85          1100 PM
 LOWEST     35           100 PM
 AVERAGE    60

..........................................................




SUNRISE AND SUNSET
MARCH 27 2015.........SUNRISE   641 AM MDT   SUNSET   710 PM MDT
MARCH 28 2015.........SUNRISE   640 AM MDT   SUNSET   712 PM MDT


-  INDICATES NEGATIVE NUMBERS.
R  INDICATES RECORD WAS SET OR TIED.
MM INDICATES DATA IS MISSING.
T  INDICATES TRACE AMOUNT.




$$
