000
CDUS43 KUNR 270837
CLIIEN


CLIMATE REPORT
NATIONAL WEATHER SERVICE RAPID CITY SD
236 AM MDT THU AUG 27 2015


...................................

...THE PINE RIDGE SD CLIMATE SUMMARY FOR AUGUST 26 2015...

CLIMATE NORMAL PERIOD 1981 TO 2010
CLIMATE RECORD PERIOD 9999 TO 9999


WEATHER ITEM   OBSERVED TIME   NORMAL DEPARTURE LAST
                VALUE   (LST)  VALUE  FROM      YEAR
                                      NORMAL
......................................................
TEMPERATURE (F)
 YESTERDAY
  MAXIMUM        100    140 PM  86     14       83
  MINIMUM         59    504 AM  53      6       52
  AVERAGE         80            70     10       68

PRECIPITATION (IN)
  YESTERDAY        0.00          0.05  -0.05     1.34
  MONTH TO DATE    0.22          1.61  -1.39     3.03
  SINCE JUN 1      6.63          7.31  -0.68    10.13
  SINCE JAN 1     16.31         13.55   2.76    17.73

DEGREE DAYS
 HEATING
  YESTERDAY        0             1     -1        0
  MONTH TO DATE   41            14     27        6
  SINCE JUN 1     59           113    -54      142
  SINCE JUL 1     49            26     23       34

 COOLING
  YESTERDAY       15             6      9        3
  MONTH TO DATE  155           215    -60      157
  SINCE JUN 1    472           606   -134      390
  SINCE JAN 1    472           623   -151      415
......................................................


WIND (MPH)
  HIGHEST WIND SPEED    28   HIGHEST WIND DIRECTION    NE (50)
  HIGHEST GUST SPEED    37   HIGHEST GUST DIRECTION    NE (40)
  AVERAGE WIND SPEED     8.3


SKY COVER
  AVERAGE SKY COVER 0.0


WEATHER CONDITIONS
 THE FOLLOWING WEATHER WAS RECORDED YESTERDAY.
  NO SIGNIFICANT WEATHER WAS OBSERVED.


RELATIVE HUMIDITY (PERCENT)
 HIGHEST    90           500 AM
 LOWEST     18           200 PM
 AVERAGE    54

..........................................................




SUNRISE AND SUNSET
AUGUST 27 2015........SUNRISE   609 AM MDT   SUNSET   734 PM MDT
AUGUST 28 2015........SUNRISE   610 AM MDT   SUNSET   732 PM MDT


-  INDICATES NEGATIVE NUMBERS.
R  INDICATES RECORD WAS SET OR TIED.
MM INDICATES DATA IS MISSING.
T  INDICATES TRACE AMOUNT.




$$
