000
CDUS43 KUNR 250858
CLIIEN


CLIMATE REPORT
NATIONAL WEATHER SERVICE RAPID CITY SD
251 AM MDT MON MAY 25 2015


...................................

...THE PINE RIDGE SD CLIMATE SUMMARY FOR MAY 24 2015...

CLIMATE NORMAL PERIOD 1981 TO 2010
CLIMATE RECORD PERIOD 9999 TO 9999


WEATHER ITEM   OBSERVED TIME   NORMAL DEPARTURE LAST
                VALUE   (LST)  VALUE  FROM      YEAR
                                      NORMAL
......................................................
TEMPERATURE (F)
 YESTERDAY
  MAXIMUM         66    235 PM  72     -6       76
  MINIMUM         52    420 AM  45      7       53
  AVERAGE         59            58      1       65

PRECIPITATION (IN)
  YESTERDAY        0.37          0.08   0.29     0.00
  MONTH TO DATE    6.36          1.96   4.40     2.89
  SINCE MAR 1      8.42          4.74   3.68     6.39
  SINCE JAN 1      8.88          5.53   3.35     6.66

DEGREE DAYS
 HEATING
  YESTERDAY        6             7     -1        0
  MONTH TO DATE  344           261     83      323
  SINCE MAR 1   1604          1731   -127     1878
  SINCE JUL 1   6814          7081   -267     7360

 COOLING
  YESTERDAY        0             1     -1        0
  MONTH TO DATE    0             7     -7        0
  SINCE MAR 1      0             7     -7        1
  SINCE JAN 1      0             7     -7        1
......................................................


WIND (MPH)
  HIGHEST WIND SPEED    21   HIGHEST WIND DIRECTION    NE (30)
  HIGHEST GUST SPEED    26   HIGHEST GUST DIRECTION    NE (30)
  AVERAGE WIND SPEED     9.2


SKY COVER
  AVERAGE SKY COVER 1.0


WEATHER CONDITIONS
 THE FOLLOWING WEATHER WAS RECORDED YESTERDAY.
  THUNDERSTORM
  HEAVY RAIN
  RAIN
  LIGHT RAIN
  FOG


RELATIVE HUMIDITY (PERCENT)
 HIGHEST   100           400 AM
 LOWEST     67           400 PM
 AVERAGE    84

..........................................................




SUNRISE AND SUNSET
MAY 25 2015...........SUNRISE   518 AM MDT   SUNSET   816 PM MDT
MAY 26 2015...........SUNRISE   517 AM MDT   SUNSET   817 PM MDT


-  INDICATES NEGATIVE NUMBERS.
R  INDICATES RECORD WAS SET OR TIED.
MM INDICATES DATA IS MISSING.
T  INDICATES TRACE AMOUNT.




$$
