000
CDUS43 KUNR 010832
CLIIEN


CLIMATE REPORT
NATIONAL WEATHER SERVICE RAPID CITY SD
231 AM MDT SAT OCT 1 2016


...................................

...THE PINE RIDGE SD CLIMATE SUMMARY FOR SEPTEMBER 30 2016...

CLIMATE NORMAL PERIOD 1981 TO 2010
CLIMATE RECORD PERIOD 9999 TO 9999


WEATHER ITEM   OBSERVED TIME   NORMAL DEPARTURE LAST
                VALUE   (LST)  VALUE  FROM      YEAR
                                      NORMAL
......................................................
TEMPERATURE (F)
 YESTERDAY
  MAXIMUM         80    101 PM  71      9       74
  MINIMUM         53    646 AM  38     15       55
  AVERAGE         67            54     13       65

PRECIPITATION (IN)
  YESTERDAY        0.00          0.05  -0.05     0.00
  MONTH TO DATE    0.68          1.61  -0.93     0.62
  SINCE SEP 1      0.68          1.61  -0.93     0.62
  SINCE JAN 1     13.60         15.40  -1.80    16.93

DEGREE DAYS
 HEATING
  YESTERDAY        0            11    -11        0
  MONTH TO DATE  131           185    -54       87
  SINCE SEP 1    131           185    -54       87
  SINCE JUL 1    164           222    -58      137

 COOLING
  YESTERDAY        2             0      2        0
  MONTH TO DATE   54            66    -12      109
  SINCE SEP 1     54            66    -12      109
  SINCE JAN 1    766           714     52      614
......................................................


WIND (MPH)
  HIGHEST WIND SPEED    28   HIGHEST WIND DIRECTION     S (180)
  HIGHEST GUST SPEED    37   HIGHEST GUST DIRECTION     S (170)
  AVERAGE WIND SPEED    14.3


SKY COVER
  AVERAGE SKY COVER 0.1


WEATHER CONDITIONS
 THE FOLLOWING WEATHER WAS RECORDED YESTERDAY.
  NO SIGNIFICANT WEATHER WAS OBSERVED.


RELATIVE HUMIDITY (PERCENT)
 HIGHEST    66           500 AM
 LOWEST     32           100 PM
 AVERAGE    49

..........................................................




SUNRISE AND SUNSET
OCTOBER  1 2016.......SUNRISE   648 AM MDT   SUNSET   630 PM MDT
OCTOBER  2 2016.......SUNRISE   649 AM MDT   SUNSET   629 PM MDT


-  INDICATES NEGATIVE NUMBERS.
R  INDICATES RECORD WAS SET OR TIED.
MM INDICATES DATA IS MISSING.
T  INDICATES TRACE AMOUNT.




$$
