655
CDUS43 KUNR 180833
CLIIEN


CLIMATE REPORT
NATIONAL WEATHER SERVICE RAPID CITY SD
133 AM MST WED JAN 18 2017


...................................

...THE PINE RIDGE SD CLIMATE SUMMARY FOR JANUARY 17 2017...

CLIMATE NORMAL PERIOD 1981 TO 2010
CLIMATE RECORD PERIOD 9999 TO 9999


WEATHER ITEM   OBSERVED TIME   NORMAL DEPARTURE LAST
                VALUE   (LST)  VALUE  FROM      YEAR
                                      NORMAL
......................................................
TEMPERATURE (F)
 YESTERDAY
  MAXIMUM         37    233 PM  37      0       13
  MINIMUM         -2    615 AM  10    -12        3
  AVERAGE         18            24     -6        8

PRECIPITATION (IN)
  YESTERDAY        0.00          0.01  -0.01     0.00
  MONTH TO DATE    0.05          0.14  -0.09     0.07
  SINCE DEC 1      0.88          0.49   0.39     1.09
  SINCE JAN 1      0.05          0.14  -0.09     0.07

DEGREE DAYS
 HEATING
  YESTERDAY       47            41      6       57
  MONTH TO DATE  912           712    200      778
  SINCE DEC 1   2485          2012    473     2070
  SINCE JUL 1   3658          3702    -44     3558

 COOLING
  YESTERDAY        0             0      0        0
  MONTH TO DATE    0             0      0        0
  SINCE DEC 1      0             0      0        0
  SINCE JAN 1      0             0      0        0
......................................................


WIND (MPH)
  HIGHEST WIND SPEED    13   HIGHEST WIND DIRECTION     W (260)
  HIGHEST GUST SPEED    16   HIGHEST GUST DIRECTION     W (270)
  AVERAGE WIND SPEED     3.0


SKY COVER
  AVERAGE SKY COVER 0.0


WEATHER CONDITIONS
 THE FOLLOWING WEATHER WAS RECORDED YESTERDAY.
  FOG


RELATIVE HUMIDITY (PERCENT)
 HIGHEST    96          1200 AM
 LOWEST     44           200 PM
 AVERAGE    70

..........................................................




SUNRISE AND SUNSET
JANUARY 18 2017.......SUNRISE   717 AM MST   SUNSET   445 PM MST
JANUARY 19 2017.......SUNRISE   716 AM MST   SUNSET   446 PM MST


-  INDICATES NEGATIVE NUMBERS.
R  INDICATES RECORD WAS SET OR TIED.
MM INDICATES DATA IS MISSING.
T  INDICATES TRACE AMOUNT.




$$
