856
CDUS43 KUNR 070839
CLIIEN


CLIMATE REPORT
NATIONAL WEATHER SERVICE RAPID CITY SD
138 AM MST SUN FEB 7 2016


...................................

...THE PINE RIDGE SD CLIMATE SUMMARY FOR FEBRUARY 6 2016...

CLIMATE NORMAL PERIOD 1981 TO 2010
CLIMATE RECORD PERIOD 9999 TO 9999


WEATHER ITEM   OBSERVED TIME   NORMAL DEPARTURE LAST
                VALUE   (LST)  VALUE  FROM      YEAR
                                      NORMAL
......................................................
TEMPERATURE (F)
 YESTERDAY
  MAXIMUM         47    317 PM  38      9       66
  MINIMUM         24    549 AM  12     12       30
  AVERAGE         36            25     11       48

PRECIPITATION (IN)
  YESTERDAY        0.00          0.02  -0.02     0.00
  MONTH TO DATE    0.06          0.11  -0.05     0.04
  SINCE DEC 1      1.29          0.78   0.51     0.78
  SINCE JAN 1      0.27          0.43  -0.16     0.23

DEGREE DAYS
 HEATING
  YESTERDAY       29            40    -11       17
  MONTH TO DATE  230           243    -13      218
  SINCE DEC 1   2773          2830    -57     2615
  SINCE JUL 1   4261          4520   -259     4414

 COOLING
  YESTERDAY        0             0      0        0
  MONTH TO DATE    0             0      0        0
  SINCE DEC 1      0             0      0        0
  SINCE JAN 1      0             0      0        0
......................................................


WIND (MPH)
  HIGHEST WIND SPEED    21   HIGHEST WIND DIRECTION     W (280)
  HIGHEST GUST SPEED    28   HIGHEST GUST DIRECTION     W (270)
  AVERAGE WIND SPEED    10.6


SKY COVER
  AVERAGE SKY COVER 0.1


WEATHER CONDITIONS
 THE FOLLOWING WEATHER WAS RECORDED YESTERDAY.
  NO SIGNIFICANT WEATHER WAS OBSERVED.


RELATIVE HUMIDITY (PERCENT)
 HIGHEST    78          1000 PM
 LOWEST     45           300 PM
 AVERAGE    62

..........................................................




SUNRISE AND SUNSET
FEBRUARY  7 2016......SUNRISE   659 AM MST   SUNSET   510 PM MST
FEBRUARY  8 2016......SUNRISE   658 AM MST   SUNSET   511 PM MST


-  INDICATES NEGATIVE NUMBERS.
R  INDICATES RECORD WAS SET OR TIED.
MM INDICATES DATA IS MISSING.
T  INDICATES TRACE AMOUNT.




$$
