000
CDUS43 KUNR 310831
CLIIEN


CLIMATE REPORT
NATIONAL WEATHER SERVICE RAPID CITY SD
131 AM MST SAT JAN 31 2015


...................................

...THE PINE RIDGE SD CLIMATE SUMMARY FOR JANUARY 30 2015...

CLIMATE NORMAL PERIOD 1981 TO 2010
CLIMATE RECORD PERIOD 9999 TO 9999


WEATHER ITEM   OBSERVED TIME   NORMAL DEPARTURE LAST
                VALUE   (LST)  VALUE  FROM      YEAR
                                      NORMAL
......................................................
TEMPERATURE (F)
 YESTERDAY
  MAXIMUM         52    244 PM  38     14       39
  MINIMUM         25   1127 PM  11     14       14
  AVERAGE         39            24     15       27

PRECIPITATION (IN)
  YESTERDAY        0.00          0.02  -0.02     0.01
  MONTH TO DATE    0.17          0.31  -0.14     0.09
  SINCE DEC 1      0.72          0.66   0.06     0.32
  SINCE JAN 1      0.17          0.31  -0.14     0.09

DEGREE DAYS
 HEATING
  YESTERDAY       26            41    -15       38
  MONTH TO DATE 1168          1245    -77     1150
  SINCE DEC 1   2354          2545   -191     2426
  SINCE JUL 1   4153          4235    -82     4141

 COOLING
  YESTERDAY        0             0      0        0
  MONTH TO DATE    0             0      0        0
  SINCE DEC 1      0             0      0        0
  SINCE JAN 1      0             0      0        0
......................................................


WIND (MPH)
  HIGHEST WIND SPEED    18   HIGHEST WIND DIRECTION     S (190)
  HIGHEST GUST SPEED    24   HIGHEST GUST DIRECTION     S (200)
  AVERAGE WIND SPEED     6.8


SKY COVER
  AVERAGE SKY COVER 0.0


WEATHER CONDITIONS
 THE FOLLOWING WEATHER WAS RECORDED YESTERDAY.
  NO SIGNIFICANT WEATHER WAS OBSERVED.


RELATIVE HUMIDITY (PERCENT)
 HIGHEST    81           900 PM
 LOWEST     36           200 PM
 AVERAGE    59

..........................................................




SUNRISE AND SUNSET
JANUARY 31 2015.......SUNRISE   706 AM MST   SUNSET   501 PM MST
FEBRUARY  1 2015......SUNRISE   705 AM MST   SUNSET   502 PM MST


-  INDICATES NEGATIVE NUMBERS.
R  INDICATES RECORD WAS SET OR TIED.
MM INDICATES DATA IS MISSING.
T  INDICATES TRACE AMOUNT.




$$
