000
CDUS43 KUNR 040831
CLIIEN


CLIMATE REPORT
NATIONAL WEATHER SERVICE RAPID CITY SD
231 AM MDT WED MAY 4 2016


...................................

...THE PINE RIDGE SD CLIMATE SUMMARY FOR MAY 3 2016...

CLIMATE NORMAL PERIOD 1981 TO 2010
CLIMATE RECORD PERIOD 9999 TO 9999


WEATHER ITEM   OBSERVED TIME   NORMAL DEPARTURE LAST
                VALUE   (LST)  VALUE  FROM      YEAR
                                      NORMAL
......................................................
TEMPERATURE (F)
 YESTERDAY
  MAXIMUM         72    406 PM  66      6       71
  MINIMUM         28    519 AM  37     -9       39
  AVERAGE         50            51     -1       55

PRECIPITATION (IN)
  YESTERDAY        0.00          0.10  -0.10     0.00
  MONTH TO DATE    0.01          0.31  -0.30     0.00
  SINCE MAR 1      4.86          3.09   1.77     2.06
  SINCE JAN 1      5.36          3.88   1.48     2.52

DEGREE DAYS
 HEATING
  YESTERDAY       15            14      1       10
  MONTH TO DATE   58            43     15       23
  SINCE MAR 1   1321          1513   -192     1283
  SINCE JUL 1   6190          6863   -673     6493

 COOLING
  YESTERDAY        0             0      0        0
  MONTH TO DATE    0             0      0        0
  SINCE MAR 1      1             0      1        0
  SINCE JAN 1      1             0      1        0
......................................................


WIND (MPH)
  HIGHEST WIND SPEED    18   HIGHEST WIND DIRECTION     N (350)
  HIGHEST GUST SPEED    24   HIGHEST GUST DIRECTION     N (350)
  AVERAGE WIND SPEED     6.2


SKY COVER
  AVERAGE SKY COVER 0.1


WEATHER CONDITIONS
 THE FOLLOWING WEATHER WAS RECORDED YESTERDAY.
  FOG


RELATIVE HUMIDITY (PERCENT)
 HIGHEST   100           600 AM
 LOWEST     25           200 PM
 AVERAGE    63

..........................................................




SUNRISE AND SUNSET
MAY  4 2016...........SUNRISE   539 AM MDT   SUNSET   755 PM MDT
MAY  5 2016...........SUNRISE   538 AM MDT   SUNSET   756 PM MDT


-  INDICATES NEGATIVE NUMBERS.
R  INDICATES RECORD WAS SET OR TIED.
MM INDICATES DATA IS MISSING.
T  INDICATES TRACE AMOUNT.




$$
