000
CDUS43 KUNR 140837
CLIIEN


CLIMATE REPORT
NATIONAL WEATHER SERVICE RAPID CITY SD
235 AM MDT SUN SEP 14 2014


...................................

...THE PINE RIDGE SD CLIMATE SUMMARY FOR SEPTEMBER 13 2014...

CLIMATE NORMAL PERIOD 1981 TO 2010
CLIMATE RECORD PERIOD 9999 TO 9999


WEATHER ITEM   OBSERVED TIME   NORMAL DEPARTURE LAST
                VALUE   (LST)  VALUE  FROM      YEAR
                                      NORMAL
......................................................
TEMPERATURE (F)
 YESTERDAY
  MAXIMUM         67    339 PM  79    -12       69
  MINIMUM         37   1159 PM  46     -9       60
  AVERAGE         52            62    -10       65

PRECIPITATION (IN)
  YESTERDAY        0.00          0.05  -0.05     0.00
  MONTH TO DATE    0.41          0.73  -0.32     0.05
  SINCE SEP 1      0.41          0.73  -0.32     0.05
  SINCE JAN 1     18.64         14.52   4.12    14.32

DEGREE DAYS
 HEATING
  YESTERDAY       13             5      8        0
  MONTH TO DATE  107            48     59        2
  SINCE SEP 1    107            48     59        2
  SINCE JUL 1    151            85     66        4

 COOLING
  YESTERDAY        0             2     -2        0
  MONTH TO DATE   19            47    -28      103
  SINCE SEP 1     19            47    -28      103
  SINCE JAN 1    437           695   -258      755
......................................................


WIND (MPH)
  HIGHEST WIND SPEED    24   HIGHEST WIND DIRECTION     S (190)
  HIGHEST GUST SPEED    33   HIGHEST GUST DIRECTION     S (190)
  AVERAGE WIND SPEED    10.2


SKY COVER
  AVERAGE SKY COVER 0.0


WEATHER CONDITIONS
 THE FOLLOWING WEATHER WAS RECORDED YESTERDAY.
  NO SIGNIFICANT WEATHER WAS OBSERVED.


RELATIVE HUMIDITY (PERCENT)
 HIGHEST    92          1100 PM
 LOWEST     29           400 PM
 AVERAGE    61

..........................................................




SUNRISE AND SUNSET
SEPTEMBER 14 2014.....SUNRISE   629 AM MDT   SUNSET   702 PM MDT
SEPTEMBER 15 2014.....SUNRISE   630 AM MDT   SUNSET   700 PM MDT


-  INDICATES NEGATIVE NUMBERS.
R  INDICATES RECORD WAS SET OR TIED.
MM INDICATES DATA IS MISSING.
T  INDICATES TRACE AMOUNT.




$$
