000
CDUS45 KVEF 150829
CLIIGM


CLIMATE REPORT
NATIONAL WEATHER SERVICE LAS VEGAS, NV
1228 AM PST FRI DEC 15 2017


...................................

...THE KINGMAN AZ CLIMATE SUMMARY FOR DECEMBER 14 2017...

CLIMATE NORMAL PERIOD 1981 TO 2010
CLIMATE RECORD PERIOD 1901 TO 2017


WEATHER ITEM   OBSERVED TIME   RECORD YEAR NORMAL DEPARTURE LAST
                VALUE   (LST)  VALUE       VALUE  FROM      YEAR
                                                  NORMAL
..................................................................
TEMPERATURE (F)
 YESTERDAY
  MAXIMUM         61    254 PM  70    2010  54      7       69
  MINIMUM         29    323 AM  19    1967  31     -2       41
  AVERAGE         45                        43      2       55

PRECIPITATION (IN)
  YESTERDAY        0.00          0.51 1908   0.03  -0.03     0.00
  MONTH TO DATE    0.00                      0.34  -0.34     0.00
  SINCE OCT 1      T                         1.70  -1.70     0.93
  SINCE JAN 1      7.97                      7.99  -0.02     8.36

DEGREE DAYS
 HEATING
  YESTERDAY       20                        22     -2       10
  MONTH TO DATE  246                       296    -50      251
  SINCE DEC 1    246                       296    -50      251
  SINCE JUL 1    537                       862   -325      573

 COOLING
  YESTERDAY        0                         0      0        0
  MONTH TO DATE    0                         0      0        0
  SINCE DEC 1      0                         0      0        0
  SINCE JAN 1   2183                      2093     90     2244
..................................................................


WIND (MPH)
  RESULTANT WIND SPEED   9   RESULTANT WIND DIRECTION  NE (30)
  HIGHEST WIND SPEED    30   HIGHEST WIND DIRECTION     N (350)
  HIGHEST GUST SPEED    37   HIGHEST GUST DIRECTION     N (360)
  AVERAGE WIND SPEED    12.6


SKY COVER
  POSSIBLE SUNSHINE  MM
  AVERAGE SKY COVER 0.0


WEATHER CONDITIONS
 THE FOLLOWING WEATHER WAS RECORDED YESTERDAY.
  HAZE


RELATIVE HUMIDITY (PERCENT)
 HIGHEST    36          1000 PM
 LOWEST     20           200 PM
 AVERAGE    28

..........................................................


THE KINGMAN AZ CLIMATE NORMALS FOR TODAY
                         NORMAL    RECORD    YEAR
 MAXIMUM TEMPERATURE (F)   54        71      1969
 MINIMUM TEMPERATURE (F)   31        19      2005


SUNRISE AND SUNSET
DECEMBER 15 2017......SUNRISE   737 AM MST   SUNSET   525 PM MST
DECEMBER 16 2017......SUNRISE   738 AM MST   SUNSET   525 PM MST


-  INDICATES NEGATIVE NUMBERS.
R  INDICATES RECORD WAS SET OR TIED.
MM INDICATES DATA IS MISSING.
T  INDICATES TRACE AMOUNT.




$$
