000
CDUS45 KVEF 190828
CLIIGM


CLIMATE REPORT
NATIONAL WEATHER SERVICE LAS VEGAS, NV
1226 AM PST THU JAN 19 2017


...................................

...THE KINGMAN AZ CLIMATE SUMMARY FOR JANUARY 18 2017...

CLIMATE NORMAL PERIOD 1981 TO 2010
CLIMATE RECORD PERIOD 1901 TO 2017


WEATHER ITEM   OBSERVED TIME   RECORD YEAR NORMAL DEPARTURE LAST
                VALUE   (LST)  VALUE       VALUE  FROM      YEAR
                                                  NORMAL
..................................................................
TEMPERATURE (F)
 YESTERDAY
  MAXIMUM         58    223 PM  76    2000  57      1       64
  MINIMUM         27    736 AM  19    2007  31     -4       37
  AVERAGE         43                        44     -1       51

PRECIPITATION (IN)
  YESTERDAY        0.00          1.15 1921   0.03  -0.03     0.00
  MONTH TO DATE    0.42                      0.56  -0.14     0.61
  SINCE OCT 1      3.98                      2.66   1.32     2.13
  SINCE JAN 1      0.42                      0.56  -0.14     0.61

DEGREE DAYS
 HEATING
  YESTERDAY       22                        21      1       14
  MONTH TO DATE  341                       391    -50      414
  SINCE DEC 1    982                      1074    -92     1144
  SINCE JUL 1   1304                      1640   -336     1720

 COOLING
  YESTERDAY        0                         0      0        0
  MONTH TO DATE    0                         0      0        0
  SINCE DEC 1      0                         0      0        0
  SINCE JAN 1      0                         0      0        0
..................................................................


WIND (MPH)
  RESULTANT WIND SPEED   6   RESULTANT WIND DIRECTION  SW (210)
  HIGHEST WIND SPEED    22   HIGHEST WIND DIRECTION    SW (230)
  HIGHEST GUST SPEED    26   HIGHEST GUST DIRECTION    SW (220)
  AVERAGE WIND SPEED     7.6


SKY COVER
  POSSIBLE SUNSHINE  MM
  AVERAGE SKY COVER 0.0


WEATHER CONDITIONS
 THE FOLLOWING WEATHER WAS RECORDED YESTERDAY.
  NO SIGNIFICANT WEATHER WAS OBSERVED.


RELATIVE HUMIDITY (PERCENT)
 HIGHEST    85           300 AM
 LOWEST     24           300 PM
 AVERAGE    55

..........................................................


THE KINGMAN AZ CLIMATE NORMALS FOR TODAY
                         NORMAL    RECORD    YEAR
 MAXIMUM TEMPERATURE (F)   57        77      1971
 MINIMUM TEMPERATURE (F)   31        12      1937


SUNRISE AND SUNSET
JANUARY 19 2017.......SUNRISE   742 AM MST   SUNSET   551 PM MST
JANUARY 20 2017.......SUNRISE   742 AM MST   SUNSET   552 PM MST


-  INDICATES NEGATIVE NUMBERS.
R  INDICATES RECORD WAS SET OR TIED.
MM INDICATES DATA IS MISSING.
T  INDICATES TRACE AMOUNT.




$$
