000
CDUS45 KVEF 310836
CLIIGM


CLIMATE REPORT
NATIONAL WEATHER SERVICE LAS VEGAS, NV
136 AM PDT MON AUG 31 2015


...................................

...THE KINGMAN AZ CLIMATE SUMMARY FOR AUGUST 30 2015...

CLIMATE NORMAL PERIOD 1981 TO 2010
CLIMATE RECORD PERIOD 1901 TO 2015


WEATHER ITEM   OBSERVED TIME   RECORD YEAR NORMAL DEPARTURE LAST
                VALUE   (LST)  VALUE       VALUE  FROM      YEAR
                                                  NORMAL
..................................................................
TEMPERATURE (F)
 YESTERDAY
  MAXIMUM         99    319 PM 108    1915  94      5       99
  MINIMUM         72    603 AM  43    1907  67      5       66
  AVERAGE         86                        81      5       83

PRECIPITATION (IN)
  YESTERDAY        0.00          1.62 1988   0.06  -0.06     0.00
  MONTH TO DATE    1.08                      0.92   0.16     2.05
  SINCE OCT 1      8.61                      7.32   1.29     4.97
  SINCE JAN 1      6.48                      5.22   1.26     4.09

DEGREE DAYS
 HEATING
  YESTERDAY        0                         0      0        0
  MONTH TO DATE    0                         0      0        0
  SINCE JUN 1      0                         3     -3        0
  SINCE JUL 1      0                         0      0        0

 COOLING
  YESTERDAY       21                        16      5       18
  MONTH TO DATE  571                       528     43      412
  SINCE JUN 1   1561                      1489     72     1437
  SINCE JAN 1   1667                      1687    -20     1662
..................................................................


WIND (MPH)
  RESULTANT WIND SPEED  12   RESULTANT WIND DIRECTION   S (190)
  HIGHEST WIND SPEED    31   HIGHEST WIND DIRECTION    SW (220)
  HIGHEST GUST SPEED    38   HIGHEST GUST DIRECTION     S (190)
  AVERAGE WIND SPEED    13.2


SKY COVER
  POSSIBLE SUNSHINE  MM
  AVERAGE SKY COVER 0.1


WEATHER CONDITIONS
 THE FOLLOWING WEATHER WAS RECORDED YESTERDAY.
  NO SIGNIFICANT WEATHER WAS OBSERVED.


RELATIVE HUMIDITY (PERCENT)
 HIGHEST    57           600 AM
 LOWEST     17           500 PM
 AVERAGE    37

..........................................................


THE KINGMAN AZ CLIMATE NORMALS FOR TODAY
                         NORMAL    RECORD    YEAR
 MAXIMUM TEMPERATURE (F)   94       107      1915
 MINIMUM TEMPERATURE (F)   67        46      1957


SUNRISE AND SUNSET
AUGUST 31 2015........SUNRISE   607 AM MST   SUNSET   704 PM MST
SEPTEMBER  1 2015.....SUNRISE   608 AM MST   SUNSET   703 PM MST


-  INDICATES NEGATIVE NUMBERS.
R  INDICATES RECORD WAS SET OR TIED.
MM INDICATES DATA IS MISSING.
T  INDICATES TRACE AMOUNT.




$$
