000
CDUS45 KIGM 300838
CLIIGM


CLIMATE REPORT
NATIONAL WEATHER SERVICE LAS VEGAS, NV
138 AM PDT TUE SEP 30 2014


...................................

...THE KINGMAN AZ CLIMATE SUMMARY FOR SEPTEMBER 29 2014...

CLIMATE NORMAL PERIOD 1981 TO 2010
CLIMATE RECORD PERIOD 1901 TO 2014


WEATHER ITEM   OBSERVED TIME   RECORD YEAR NORMAL DEPARTURE LAST
                VALUE   (LST)  VALUE       VALUE  FROM      YEAR
                                                  NORMAL
..................................................................
TEMPERATURE (F)
 YESTERDAY
  MAXIMUM         MM        MM  98    2010  85     MM       83
  MINIMUM         MM        MM  40    2013  56     MM       40
                                      1909
  AVERAGE         MM                        70     MM       62

PRECIPITATION (IN)
  YESTERDAY       MM             0.25 1935   0.01  MM        0.00
  MONTH TO DATE    1.53                      1.01   0.52     1.80
  SINCE OCT 1      6.50                      8.38  -1.88     7.01
  SINCE JAN 1      5.62                      6.28  -0.66     5.84

DEGREE DAYS
 HEATING
  YESTERDAY       MM                         1     MM        3
  MONTH TO DATE    0                         4     -4       26
  SINCE SEP 1      0                         4     -4       26
  SINCE JUL 1      0                         4     -4       26

 COOLING
  YESTERDAY       MM                         6     MM        0
  MONTH TO DATE  332                       320     12      223
  SINCE SEP 1    332                       320     12      223
  SINCE JAN 1   2014                      2021     -7     2097
..................................................................


WIND (MPH)
  RESULTANT WIND SPEED  MM   RESULTANT WIND DIRECTION  MM
  HIGHEST WIND SPEED    MM   HIGHEST WIND DIRECTION    MM
  HIGHEST GUST SPEED    MM   HIGHEST GUST DIRECTION    MM
  AVERAGE WIND SPEED    MM


SKY COVER
  POSSIBLE SUNSHINE  MM
  AVERAGE SKY COVER  MM


WEATHER CONDITIONS
 THE FOLLOWING WEATHER WAS RECORDED YESTERDAY.
  NO SIGNIFICANT WEATHER WAS OBSERVED.


RELATIVE HUMIDITY (PERCENT)
 HIGHEST    MM
 LOWEST     MM
 AVERAGE    MM

..........................................................


THE KINGMAN AZ CLIMATE NORMALS FOR TODAY
                         NORMAL    RECORD    YEAR
 MAXIMUM TEMPERATURE (F)   84        99      1980
 MINIMUM TEMPERATURE (F)   56        34      1907


SUNRISE AND SUNSET
SEPTEMBER 30 2014.....SUNRISE   630 AM MST   SUNSET   621 PM MST
OCTOBER  1 2014.......SUNRISE   631 AM MST   SUNSET   620 PM MST


-  INDICATES NEGATIVE NUMBERS.
R  INDICATES RECORD WAS SET OR TIED.
MM INDICATES DATA IS MISSING.
T  INDICATES TRACE AMOUNT.




$$
