000
CDUS45 KIGM 230827
CLIIGM


CLIMATE REPORT
NATIONAL WEATHER SERVICE LAS VEGAS, NV
126 AM PDT WED APR 23 2014


...................................

...THE KINGMAN AZ CLIMATE SUMMARY FOR APRIL 22 2014...

CLIMATE NORMAL PERIOD 1981 TO 2010
CLIMATE RECORD PERIOD 1901 TO 2014


WEATHER ITEM   OBSERVED TIME   RECORD YEAR NORMAL DEPARTURE LAST
                VALUE   (LST)  VALUE       VALUE  FROM      YEAR
                                                  NORMAL
..................................................................
TEMPERATURE (F)
 YESTERDAY
  MAXIMUM         84   1245 PM  93    2012  76      8       85
  MINIMUM         50   1135 PM  27    1921  46      4       53
  AVERAGE         67                        61      6       69

PRECIPITATION (IN)
  YESTERDAY        0.00          0.81 1905   0.01  -0.01     0.00
  MONTH TO DATE    0.02                      0.34  -0.32     0.05
  SINCE OCT 1      1.45                      5.36  -3.91     2.35
  SINCE JAN 1      0.57                      3.26  -2.69     1.18

DEGREE DAYS
 HEATING
  YESTERDAY        0                         6     -6        0
  MONTH TO DATE  108                       179    -71      141
  SINCE MAR 1    414                       597   -183      399
  SINCE JUL 1   2736                      3010   -274     2866

 COOLING
  YESTERDAY        2                         1      1        4
  MONTH TO DATE   33                        15     18        6
  SINCE MAR 1     33                        18     15       12
  SINCE JAN 1     33                        18     15       12
..................................................................


WIND (MPH)
  RESULTANT WIND SPEED  18   RESULTANT WIND DIRECTION   S (200)
  HIGHEST WIND SPEED    38   HIGHEST WIND DIRECTION    SW (210)
  HIGHEST GUST SPEED    47   HIGHEST GUST DIRECTION     S (200)
  AVERAGE WIND SPEED    18.9


SKY COVER
  POSSIBLE SUNSHINE  MM
  AVERAGE SKY COVER 0.0


WEATHER CONDITIONS
 THE FOLLOWING WEATHER WAS RECORDED YESTERDAY.
  NO SIGNIFICANT WEATHER WAS OBSERVED.


RELATIVE HUMIDITY (PERCENT)
 HIGHEST    27           700 AM
 LOWEST      5           500 PM
 AVERAGE    16

..........................................................


THE KINGMAN AZ CLIMATE NORMALS FOR TODAY
                         NORMAL    RECORD    YEAR
 MAXIMUM TEMPERATURE (F)   76        93      2012
                                             1949
 MINIMUM TEMPERATURE (F)   46        28      1904


SUNRISE AND SUNSET
APRIL 23 2014.........SUNRISE   553 AM MST   SUNSET   715 PM MST
APRIL 24 2014.........SUNRISE   552 AM MST   SUNSET   716 PM MST


-  INDICATES NEGATIVE NUMBERS.
R  INDICATES RECORD WAS SET OR TIED.
MM INDICATES DATA IS MISSING.
T  INDICATES TRACE AMOUNT.




$$
