570
CDUS45 KVEF 180830
CLIIGM


CLIMATE REPORT
NATIONAL WEATHER SERVICE LAS VEGAS, NV
130 AM PDT WED OCT 18 2017


...................................

...THE KINGMAN AZ CLIMATE SUMMARY FOR OCTOBER 17 2017...

CLIMATE NORMAL PERIOD 1981 TO 2010
CLIMATE RECORD PERIOD 1901 TO 2017


WEATHER ITEM   OBSERVED TIME   RECORD YEAR NORMAL DEPARTURE LAST
                VALUE   (LST)  VALUE       VALUE  FROM      YEAR
                                                  NORMAL
..................................................................
TEMPERATURE (F)
 YESTERDAY
  MAXIMUM         89    307 PM  95    1921  77     12       79
  MINIMUM         46    648 AM  33    2013  48     -2       56
  AVERAGE         68                        62      6       68

PRECIPITATION (IN)
  YESTERDAY        0.00          1.01 2005   0.02  -0.02     0.00
  MONTH TO DATE    0.00                      0.33  -0.33      T
  SINCE OCT 1      0.00                      0.33  -0.33      T
  SINCE JAN 1      7.97                      6.62   1.35     7.43

DEGREE DAYS
 HEATING
  YESTERDAY        0                         4     -4        0
  MONTH TO DATE   31                        41    -10       16
  SINCE SEP 1     58                        47     11       26
  SINCE JUL 1     58                        47     11       26

 COOLING
  YESTERDAY        3                         1      2        3
  MONTH TO DATE   17                        55    -38       66
  SINCE SEP 1    293                       380    -87      324
  SINCE JAN 1   2163                      2081     82     2200
..................................................................


WIND (MPH)
  RESULTANT WIND SPEED   4   RESULTANT WIND DIRECTION  SW (230)
  HIGHEST WIND SPEED    21   HIGHEST WIND DIRECTION    SW (240)
  HIGHEST GUST SPEED    24   HIGHEST GUST DIRECTION    SW (230)
  AVERAGE WIND SPEED     5.2


SKY COVER
  POSSIBLE SUNSHINE  MM
  AVERAGE SKY COVER 0.0


WEATHER CONDITIONS
 THE FOLLOWING WEATHER WAS RECORDED YESTERDAY.
  NO SIGNIFICANT WEATHER WAS OBSERVED.


RELATIVE HUMIDITY (PERCENT)
 HIGHEST    37           700 AM
 LOWEST     10          1100 AM
 AVERAGE    24

..........................................................


THE KINGMAN AZ CLIMATE NORMALS FOR TODAY
                         NORMAL    RECORD    YEAR
 MAXIMUM TEMPERATURE (F)   76        97      1921
 MINIMUM TEMPERATURE (F)   48        35      1971


SUNRISE AND SUNSET
OCTOBER 18 2017.......SUNRISE   645 AM MST   SUNSET   556 PM MST
OCTOBER 19 2017.......SUNRISE   646 AM MST   SUNSET   555 PM MST


-  INDICATES NEGATIVE NUMBERS.
R  INDICATES RECORD WAS SET OR TIED.
MM INDICATES DATA IS MISSING.
T  INDICATES TRACE AMOUNT.




$$
