000
CDUS45 KVEF 040826
CLIIGM


CLIMATE REPORT
NATIONAL WEATHER SERVICE LAS VEGAS, NV
125 AM PDT WED MAY 4 2016


...................................

...THE KINGMAN AZ CLIMATE SUMMARY FOR MAY 3 2016...

CLIMATE NORMAL PERIOD 1981 TO 2010
CLIMATE RECORD PERIOD 1901 TO 2016


WEATHER ITEM   OBSERVED TIME   RECORD YEAR NORMAL DEPARTURE LAST
                VALUE   (LST)  VALUE       VALUE  FROM      YEAR
                                                  NORMAL
..................................................................
TEMPERATURE (F)
 YESTERDAY
  MAXIMUM         84    448 PM 103    1947  80      4       84
  MINIMUM         49    540 AM  34    1942  49      0       55
  AVERAGE         67                        64      3       70

PRECIPITATION (IN)
  YESTERDAY        0.00          0.05 1908   0.01  -0.01     0.00
  MONTH TO DATE    0.00                      0.03  -0.03     0.00
  SINCE OCT 1      4.23                      5.46  -1.23     4.94
  SINCE JAN 1      2.71                      3.36  -0.65     2.81

DEGREE DAYS
 HEATING
  YESTERDAY        0                         3     -3        0
  MONTH TO DATE    9                        10     -1        0
  SINCE MAR 1    438                       643   -205      462
  SINCE JUL 1   2790                      3056   -266     2442

 COOLING
  YESTERDAY        2                         3     -1        5
  MONTH TO DATE    2                         8     -6       20
  SINCE MAR 1     22                        39    -17       38
  SINCE JAN 1     22                        39    -17       38
..................................................................


WIND (MPH)
  RESULTANT WIND SPEED   4   RESULTANT WIND DIRECTION  SE (120)
  HIGHEST WIND SPEED    17   HIGHEST WIND DIRECTION    SW (220)
  HIGHEST GUST SPEED    23   HIGHEST GUST DIRECTION    NE (40)
  AVERAGE WIND SPEED     7.7


SKY COVER
  POSSIBLE SUNSHINE  MM
  AVERAGE SKY COVER 0.0


WEATHER CONDITIONS
 THE FOLLOWING WEATHER WAS RECORDED YESTERDAY.
  NO SIGNIFICANT WEATHER WAS OBSERVED.


RELATIVE HUMIDITY (PERCENT)
 HIGHEST    66           600 AM
 LOWEST     13           400 PM
 AVERAGE    40

..........................................................


THE KINGMAN AZ CLIMATE NORMALS FOR TODAY
                         NORMAL    RECORD    YEAR
 MAXIMUM TEMPERATURE (F)   80       102      1947
 MINIMUM TEMPERATURE (F)   49        30      1908


SUNRISE AND SUNSET
MAY  4 2016...........SUNRISE   541 AM MST   SUNSET   725 PM MST
MAY  5 2016...........SUNRISE   540 AM MST   SUNSET   725 PM MST


-  INDICATES NEGATIVE NUMBERS.
R  INDICATES RECORD WAS SET OR TIED.
MM INDICATES DATA IS MISSING.
T  INDICATES TRACE AMOUNT.




$$
