000
CDUS45 KVEF 310025
CLIIGM


CLIMATE REPORT
NATIONAL WEATHER SERVICE LAS VEGAS, NV
525 PM PDT TUE AUG 30 2016


...................................

...THE KINGMAN AZ CLIMATE SUMMARY FOR AUGUST 30 2016...
VALID TODAY AS OF 0500 PM LOCAL TIME.

CLIMATE NORMAL PERIOD 1981 TO 2010
CLIMATE RECORD PERIOD 1901 TO 2016


WEATHER ITEM   OBSERVED TIME   RECORD YEAR NORMAL DEPARTURE LAST
                VALUE   (LST)  VALUE       VALUE  FROM      YEAR
                                                  NORMAL
..................................................................
TEMPERATURE (F)
 TODAY
  MAXIMUM         97    401 PM 108    1915  94      3       99
  MINIMUM         66    329 AM  43    1907  67     -1       72
  AVERAGE         82                        81      1       86

PRECIPITATION (IN)
  TODAY            0.00          1.62 1988   0.06  -0.06     0.00
  MONTH TO DATE    3.06                      0.92   2.14     1.08
  SINCE OCT 1      8.66                      7.32   1.34     8.61
  SINCE JAN 1      7.14                      5.22   1.92     6.48

DEGREE DAYS
 HEATING
  TODAY            0                         0      0        0
  MONTH TO DATE    0                         0      0        0
  SINCE JUN 1      0                         3     -3        0
  SINCE JUL 1      0                         0      0        0

 COOLING
  TODAY           17                        16      1       21
  MONTH TO DATE  493                       528    -35      571
  SINCE JUN 1   1720                      1489    231     1561
  SINCE JAN 1   1860                      1687    173     1667
..................................................................


WIND (MPH)
  RESULTANT WIND SPEED  10   RESULTANT WIND DIRECTION  SE (120)
  HIGHEST WIND SPEED    21   HIGHEST WIND DIRECTION     E (110)
  HIGHEST GUST SPEED    24   HIGHEST GUST DIRECTION     E (110)
  AVERAGE WIND SPEED    10.1


SKY COVER
  POSSIBLE SUNSHINE  MM
  AVERAGE SKY COVER 0.0


WEATHER CONDITIONS
 THE FOLLOWING WEATHER WAS RECORDED TODAY.
  NO SIGNIFICANT WEATHER WAS OBSERVED.


RELATIVE HUMIDITY (PERCENT)
 HIGHEST    49           300 AM
 LOWEST     13           200 PM
 AVERAGE    31

..........................................................


THE KINGMAN AZ CLIMATE NORMALS FOR TOMORROW
                         NORMAL    RECORD    YEAR
 MAXIMUM TEMPERATURE (F)   94       107      1915
 MINIMUM TEMPERATURE (F)   67        46      1957


SUNRISE AND SUNSET
AUGUST 30 2016........SUNRISE   607 AM MST   SUNSET   705 PM MST
AUGUST 31 2016........SUNRISE   608 AM MST   SUNSET   703 PM MST


-  INDICATES NEGATIVE NUMBERS.
R  INDICATES RECORD WAS SET OR TIED.
MM INDICATES DATA IS MISSING.
T  INDICATES TRACE AMOUNT.




$$
