000
CDUS45 KVEF 210826
CLIIGM


CLIMATE REPORT
NATIONAL WEATHER SERVICE LAS VEGAS, NV
1226 AM PST SUN DEC 21 2014


...................................

...THE KINGMAN AZ CLIMATE SUMMARY FOR DECEMBER 20 2014...

CLIMATE NORMAL PERIOD 1981 TO 2010
CLIMATE RECORD PERIOD 1901 TO 2014


WEATHER ITEM   OBSERVED TIME   RECORD YEAR NORMAL DEPARTURE LAST
                VALUE   (LST)  VALUE       VALUE  FROM      YEAR
                                                  NORMAL
..................................................................
TEMPERATURE (F)
 YESTERDAY
  MAXIMUM         55    310 PM  74    1917  53      2       53
  MINIMUM         28    631 AM  17    2006  31     -3       29
  AVERAGE         42                        42      0       41

PRECIPITATION (IN)
  YESTERDAY        0.00          0.97 1909   0.02  -0.02     0.00
  MONTH TO DATE    0.89                      0.46   0.43     0.04
  SINCE OCT 1      1.65                      1.82  -0.17     0.88
  SINCE JAN 1      8.14                      8.11   0.03     6.72

DEGREE DAYS
 HEATING
  YESTERDAY       23                        23      0       24
  MONTH TO DATE  338                       433    -95      505
  SINCE DEC 1    338                       433    -95      505
  SINCE JUL 1    752                       999   -247     1138

 COOLING
  YESTERDAY        0                         0      0        0
  MONTH TO DATE    0                         0      0        0
  SINCE DEC 1      0                         0      0        0
  SINCE JAN 1   2070                      2093    -23     2106
..................................................................


WIND (MPH)
  RESULTANT WIND SPEED   2   RESULTANT WIND DIRECTION   S (180)
  HIGHEST WIND SPEED    13   HIGHEST WIND DIRECTION    SW (230)
  HIGHEST GUST SPEED    15   HIGHEST GUST DIRECTION    SW (220)
  AVERAGE WIND SPEED     3.9


SKY COVER
  POSSIBLE SUNSHINE  MM
  AVERAGE SKY COVER 0.0


WEATHER CONDITIONS
 THE FOLLOWING WEATHER WAS RECORDED YESTERDAY.
  NO SIGNIFICANT WEATHER WAS OBSERVED.


RELATIVE HUMIDITY (PERCENT)
 HIGHEST    92           600 AM
 LOWEST     35           300 PM
 AVERAGE    64

..........................................................


THE KINGMAN AZ CLIMATE NORMALS FOR TODAY
                         NORMAL    RECORD    YEAR
 MAXIMUM TEMPERATURE (F)   53        73      1917
 MINIMUM TEMPERATURE (F)   31         9      1968


SUNRISE AND SUNSET
DECEMBER 21 2014......SUNRISE   741 AM MST   SUNSET   527 PM MST
DECEMBER 22 2014......SUNRISE   741 AM MST   SUNSET   528 PM MST


-  INDICATES NEGATIVE NUMBERS.
R  INDICATES RECORD WAS SET OR TIED.
MM INDICATES DATA IS MISSING.
T  INDICATES TRACE AMOUNT.




$$
