000
CDUS45 KVEF 270832
CLIIGM


CLIMATE REPORT
NATIONAL WEATHER SERVICE LAS VEGAS, NV
1229 AM PST THU NOV 27 2014


...................................

...THE KINGMAN AZ CLIMATE SUMMARY FOR NOVEMBER 26 2014...

CLIMATE NORMAL PERIOD 1981 TO 2010
CLIMATE RECORD PERIOD 1901 TO 2014


WEATHER ITEM   OBSERVED TIME   RECORD YEAR NORMAL DEPARTURE LAST
                VALUE   (LST)  VALUE       VALUE  FROM      YEAR
                                                  NORMAL
..................................................................
TEMPERATURE (F)
 YESTERDAY
  MAXIMUM         68    319 PM  84    1924  60      8       62
  MINIMUM         35    252 AM  17    2010  34      1       33
                                      1906
  AVERAGE         52                        47      5       48

PRECIPITATION (IN)
  YESTERDAY        0.00          0.61 1909   0.02  -0.02     0.00
  MONTH TO DATE    0.00                      0.57  -0.57     0.71
  SINCE OCT 1      0.76                      1.28  -0.52     0.84
  SINCE JAN 1      7.25                      7.57  -0.32     6.68

DEGREE DAYS
 HEATING
  YESTERDAY       13                        18     -5       17
  MONTH TO DATE  347                       351     -4      328
  SINCE SEP 1    374                       490   -116      565
  SINCE JUL 1    374                       490   -116      565

 COOLING
  YESTERDAY        0                         0      0        0
  MONTH TO DATE    0                         0      0        0
  SINCE SEP 1    388                       391     -3      232
  SINCE JAN 1   2070                      2092    -22     2106
..................................................................


WIND (MPH)
  RESULTANT WIND SPEED   4   RESULTANT WIND DIRECTION   E (70)
  HIGHEST WIND SPEED    12   HIGHEST WIND DIRECTION     N (20)
  HIGHEST GUST SPEED    14   HIGHEST GUST DIRECTION     N (20)
  AVERAGE WIND SPEED     5.4


SKY COVER
  POSSIBLE SUNSHINE  MM
  AVERAGE SKY COVER 0.0


WEATHER CONDITIONS
 THE FOLLOWING WEATHER WAS RECORDED YESTERDAY.
  NO SIGNIFICANT WEATHER WAS OBSERVED.


RELATIVE HUMIDITY (PERCENT)
 HIGHEST    37          1100 PM
 LOWEST     13           100 PM
 AVERAGE    25

..........................................................


THE KINGMAN AZ CLIMATE NORMALS FOR TODAY
                         NORMAL    RECORD    YEAR
 MAXIMUM TEMPERATURE (F)   59        80      1950
 MINIMUM TEMPERATURE (F)   34        19      2010


SUNRISE AND SUNSET
NOVEMBER 27 2014......SUNRISE   722 AM MST   SUNSET   524 PM MST
NOVEMBER 28 2014......SUNRISE   723 AM MST   SUNSET   524 PM MST


-  INDICATES NEGATIVE NUMBERS.
R  INDICATES RECORD WAS SET OR TIED.
MM INDICATES DATA IS MISSING.
T  INDICATES TRACE AMOUNT.




$$
