000
CDUS45 KVEF 020034
CLIIGM


CLIMATE REPORT
NATIONAL WEATHER SERVICE LAS VEGAS, NV
434 PM PST SUN FEB 1 2015


...................................

...THE KINGMAN AZ CLIMATE SUMMARY FOR FEBRUARY 1 2015...
VALID TODAY AS OF 0400 PM LOCAL TIME.

CLIMATE NORMAL PERIOD 1981 TO 2010
CLIMATE RECORD PERIOD 1901 TO 2015


WEATHER ITEM   OBSERVED TIME   RECORD YEAR NORMAL DEPARTURE LAST
                VALUE   (LST)  VALUE       VALUE  FROM      YEAR
                                                  NORMAL
..................................................................
TEMPERATURE (F)
 TODAY
  MAXIMUM         63    231 PM  77    2003  58      5       49
  MINIMUM         36    559 AM  14    1985  32      4       29
  AVERAGE         50                        45      5       39

PRECIPITATION (IN)
  TODAY            0.00          0.97 1940   0.04  -0.04     0.00
  MONTH TO DATE    0.00                      0.04  -0.04     0.00
  SINCE OCT 1      2.95                      3.16  -0.21     0.89
  SINCE JAN 1      0.82                      1.06  -0.24     0.01

DEGREE DAYS
 HEATING
  TODAY           15                        20     -5       26
  MONTH TO DATE   15                        20     -5       26
  SINCE DEC 1   1252                      1359   -107     1323
  SINCE JUL 1   1666                      1925   -259     1956

 COOLING
  TODAY            0                         0      0        0
  MONTH TO DATE    0                         0      0        0
  SINCE DEC 1      0                         0      0        0
  SINCE JAN 1      0                         0      0        0
..................................................................


WIND (MPH)
  RESULTANT WIND SPEED   5   RESULTANT WIND DIRECTION  NE (60)
  HIGHEST WIND SPEED    12   HIGHEST WIND DIRECTION     N (20)
  HIGHEST GUST SPEED    14   HIGHEST GUST DIRECTION     N (350)
  AVERAGE WIND SPEED     6.2


SKY COVER
  POSSIBLE SUNSHINE  MM
  AVERAGE SKY COVER 0.0


WEATHER CONDITIONS
 THE FOLLOWING WEATHER WAS RECORDED TODAY.
  NO SIGNIFICANT WEATHER WAS OBSERVED.


RELATIVE HUMIDITY (PERCENT)
 HIGHEST    92           600 AM
 LOWEST     34           400 PM
 AVERAGE    63

..........................................................


THE KINGMAN AZ CLIMATE NORMALS FOR TOMORROW
                         NORMAL    RECORD    YEAR
 MAXIMUM TEMPERATURE (F)   58        75      1963
 MINIMUM TEMPERATURE (F)   33        13      2011
                                             1985


SUNRISE AND SUNSET
FEBRUARY  1 2015......SUNRISE   735 AM MST   SUNSET   604 PM MST
FEBRUARY  2 2015......SUNRISE   734 AM MST   SUNSET   605 PM MST


-  INDICATES NEGATIVE NUMBERS.
R  INDICATES RECORD WAS SET OR TIED.
MM INDICATES DATA IS MISSING.
T  INDICATES TRACE AMOUNT.




$$
