000
CDUS45 KVEF 290028
CLIIGM


CLIMATE REPORT
NATIONAL WEATHER SERVICE LAS VEGAS, NV
527 PM PDT SAT MAR 28 2015


...................................

...THE KINGMAN AZ CLIMATE SUMMARY FOR MARCH 28 2015...
VALID TODAY AS OF 0500 PM LOCAL TIME.

CLIMATE NORMAL PERIOD 1981 TO 2010
CLIMATE RECORD PERIOD 1901 TO 2015


WEATHER ITEM   OBSERVED TIME   RECORD YEAR NORMAL DEPARTURE LAST
                VALUE   (LST)  VALUE       VALUE  FROM      YEAR
                                                  NORMAL
..................................................................
TEMPERATURE (F)
 TODAY
  MAXIMUM         85R   317 PM  82    1921  68     17       71
  MINIMUM         46    219 AM  20    1975  39      7       35
  AVERAGE         66                        54     12       53

PRECIPITATION (IN)
  TODAY            0.00          0.71 1988   0.02  -0.02     0.00
  MONTH TO DATE    1.27                      0.70   0.57     0.11
  SINCE OCT 1      4.83                      4.96  -0.13     1.43
  SINCE JAN 1      2.70                      2.86  -0.16     0.55

DEGREE DAYS
 HEATING
  TODAY            0                        11    -11       12
  MONTH TO DATE  248                       386   -138      281
  SINCE MAR 1    248                       386   -138      281
  SINCE JUL 1   2228                      2799   -571     2603

 COOLING
  TODAY            1                         0      1        0
  MONTH TO DATE    1                         0      1        0
  SINCE MAR 1      1                         0      1        0
  SINCE JAN 1      1                         0      1        0
..................................................................


WIND (MPH)
  RESULTANT WIND SPEED   5   RESULTANT WIND DIRECTION  SW (220)
  HIGHEST WIND SPEED    18   HIGHEST WIND DIRECTION    SW (220)
  HIGHEST GUST SPEED    23   HIGHEST GUST DIRECTION    SW (220)
  AVERAGE WIND SPEED     5.8


SKY COVER
  POSSIBLE SUNSHINE  MM
  AVERAGE SKY COVER 0.0


WEATHER CONDITIONS
 THE FOLLOWING WEATHER WAS RECORDED TODAY.
  NO SIGNIFICANT WEATHER WAS OBSERVED.


RELATIVE HUMIDITY (PERCENT)
 HIGHEST    42           300 AM
 LOWEST     10           100 PM
 AVERAGE    26

..........................................................


THE KINGMAN AZ CLIMATE NORMALS FOR TOMORROW
                         NORMAL    RECORD    YEAR
 MAXIMUM TEMPERATURE (F)   69        86      1934
 MINIMUM TEMPERATURE (F)   40        23      1975


SUNRISE AND SUNSET
MARCH 28 2015.........SUNRISE   628 AM MST   SUNSET   654 PM MST
MARCH 29 2015.........SUNRISE   627 AM MST   SUNSET   655 PM MST


-  INDICATES NEGATIVE NUMBERS.
R  INDICATES RECORD WAS SET OR TIED.
MM INDICATES DATA IS MISSING.
T  INDICATES TRACE AMOUNT.




$$
