000
CDUS45 KVEF 160826
CLIIGM


CLIMATE REPORT
NATIONAL WEATHER SERVICE LAS VEGAS, NV
126 AM PDT WED AUG 16 2017


...................................

...THE KINGMAN AZ CLIMATE SUMMARY FOR AUGUST 15 2017...

CLIMATE NORMAL PERIOD 1981 TO 2010
CLIMATE RECORD PERIOD 1901 TO 2017


WEATHER ITEM   OBSERVED TIME   RECORD YEAR NORMAL DEPARTURE LAST
                VALUE   (LST)  VALUE       VALUE  FROM      YEAR
                                                  NORMAL
..................................................................
TEMPERATURE (F)
 YESTERDAY
  MAXIMUM         90    409 PM 106    1933  96     -6      102
  MINIMUM         66   1042 PM  48    1910  70     -4       71
  AVERAGE         78                        83     -5       87

PRECIPITATION (IN)
  YESTERDAY        0.00          1.00 1961   0.02  -0.02     0.00
  MONTH TO DATE    0.42                      0.38   0.04     1.47
  SINCE OCT 1      9.76                      6.78   2.98     7.07
  SINCE JAN 1      6.20                      4.68   1.52     5.55

DEGREE DAYS
 HEATING
  YESTERDAY        0                         0      0        0
  MONTH TO DATE    0                         0      0        0
  SINCE JUN 1      0                         3     -3        0
  SINCE JUL 1      0                         0      0        0

 COOLING
  YESTERDAY       13                        18     -5       22
  MONTH TO DATE  268                       276     -8      277
  SINCE JUN 1   1427                      1237    190     1504
  SINCE JAN 1   1587                      1435    152     1644
..................................................................


WIND (MPH)
  RESULTANT WIND SPEED   6   RESULTANT WIND DIRECTION   S (190)
  HIGHEST WIND SPEED    23   HIGHEST WIND DIRECTION    SW (230)
  HIGHEST GUST SPEED    30   HIGHEST GUST DIRECTION    SW (220)
  AVERAGE WIND SPEED     9.7


SKY COVER
  POSSIBLE SUNSHINE  MM
  AVERAGE SKY COVER 0.0


WEATHER CONDITIONS
 THE FOLLOWING WEATHER WAS RECORDED YESTERDAY.
  NO SIGNIFICANT WEATHER WAS OBSERVED.


RELATIVE HUMIDITY (PERCENT)
 HIGHEST    34           900 PM
 LOWEST     11           200 PM
 AVERAGE    23

..........................................................


THE KINGMAN AZ CLIMATE NORMALS FOR TODAY
                         NORMAL    RECORD    YEAR
 MAXIMUM TEMPERATURE (F)   96       110      1933
 MINIMUM TEMPERATURE (F)   70        52      1954


SUNRISE AND SUNSET
AUGUST 16 2017........SUNRISE   556 AM MST   SUNSET   723 PM MST
AUGUST 17 2017........SUNRISE   557 AM MST   SUNSET   722 PM MST


-  INDICATES NEGATIVE NUMBERS.
R  INDICATES RECORD WAS SET OR TIED.
MM INDICATES DATA IS MISSING.
T  INDICATES TRACE AMOUNT.




$$
