000
CDUS41 KPHI 210631
CLIILG


CLIMATE REPORT
NATIONAL WEATHER SERVICE MOUNT HOLLY NJ
130 AM EST SAT JAN 21 2017


...................................

...THE WILMINGTON DE CLIMATE SUMMARY FOR JANUARY 20 2017...

CLIMATE NORMAL PERIOD 1981 TO 2010
CLIMATE RECORD PERIOD 1894 TO 2017


WEATHER ITEM   OBSERVED TIME   RECORD YEAR NORMAL DEPARTURE LAST
                VALUE   (LST)  VALUE       VALUE  FROM      YEAR
                                                  NORMAL
..................................................................
TEMPERATURE (F)
 YESTERDAY
  MAXIMUM         42   1159 PM  66    1951  40      2       34
  MINIMUM         30    318 AM  -8    1985  24      6       19
  AVERAGE         36                        32      4       27

PRECIPITATION (IN)
  YESTERDAY        0.15          1.39 1995   0.10   0.05     0.00
  MONTH TO DATE    2.06                      1.94   0.12     1.13
  SINCE DEC 1      4.65                      5.42  -0.77     6.34
  SINCE JAN 1      2.06                      1.94   0.12     1.13

SNOWFALL (IN)
  YESTERDAY        0.0           4.3  1978   0.2   -0.2      0.0
  MONTH TO DATE    4.0                       3.2    0.8      0.8
  SINCE DEC 1      4.0                       6.6   -2.6      0.8
  SINCE JUL 1      4.0                       7.0   -3.0      0.8
  SNOW DEPTH       0

DEGREE DAYS
 HEATING
  YESTERDAY       29                        33     -4       38
  MONTH TO DATE  578                       654    -76      626
  SINCE DEC 1   1409                      1533   -124     1103
  SINCE JUL 1   2133                      2431   -298     1807

 COOLING
  YESTERDAY        0                         0      0        0
  MONTH TO DATE    0                         0      0        0
  SINCE DEC 1      0                         0      0        1
  SINCE JAN 1      0                         0      0        0
..................................................................


WIND (MPH)
  HIGHEST WIND SPEED     8   HIGHEST WIND DIRECTION     E (100)
  HIGHEST GUST SPEED     9   HIGHEST GUST DIRECTION     E (100)
  AVERAGE WIND SPEED     2.8


SKY COVER
  POSSIBLE SUNSHINE  MM
  AVERAGE SKY COVER 0.5


WEATHER CONDITIONS
 THE FOLLOWING WEATHER WAS RECORDED YESTERDAY.
  LIGHT RAIN
  FOG


RELATIVE HUMIDITY (PERCENT)
 HIGHEST   100           200 AM
 LOWEST     89           700 AM
 AVERAGE    95

..........................................................


THE WILMINGTON DE CLIMATE NORMALS FOR TODAY
                         NORMAL    RECORD    YEAR
 MAXIMUM TEMPERATURE (F)   40        62      1959
                                             1913
 MINIMUM TEMPERATURE (F)   24       -14      1985


SUNRISE AND SUNSET
JANUARY 21 2017.......SUNRISE   718 AM EST   SUNSET   510 PM EST
JANUARY 22 2017.......SUNRISE   718 AM EST   SUNSET   511 PM EST


-  INDICATES NEGATIVE NUMBERS.
R  INDICATES RECORD WAS SET OR TIED.
MM INDICATES DATA IS MISSING.
T  INDICATES TRACE AMOUNT.




$$
