000
CDUS41 KPHI 232127
CLIILG


CLIMATE REPORT
NATIONAL WEATHER SERVICE MOUNT HOLLY NJ
526 PM EDT SAT MAY 23 2015


...................................

...THE WILMINGTON DE CLIMATE SUMMARY FOR MAY 23 2015...
VALID TODAY AS OF 0500 PM LOCAL TIME.

CLIMATE NORMAL PERIOD 1981 TO 2010
CLIMATE RECORD PERIOD 1894 TO 2015


WEATHER ITEM   OBSERVED TIME   RECORD YEAR NORMAL DEPARTURE LAST
                VALUE   (LST)  VALUE       VALUE  FROM      YEAR
                                                  NORMAL
..................................................................
TEMPERATURE (F)
 TODAY
  MAXIMUM         71    323 PM  94    1925  75     -4       77
  MINIMUM         48    527 AM  36    1935  55     -7       56
  AVERAGE         60                        65     -5       67

PRECIPITATION (IN)
  TODAY            0.00          1.28 1951   0.13  -0.13     0.00
  MONTH TO DATE    1.84                      2.89  -1.05     2.63
  SINCE MAR 1     11.52                     10.31   1.21    13.29
  SINCE JAN 1     18.13                     16.00   2.13    21.87

SNOWFALL (IN)
  TODAY            0.0           0.0  1894   0.0    0.0      0.0
  MONTH TO DATE    0.0                       0.0    0.0      0.0
  SINCE MAR 1      8.6                       2.2    6.4      7.7
  SINCE JUL 1     23.4                      20.2    3.2     56.1
  SNOW DEPTH       0

DEGREE DAYS
 HEATING
  TODAY            5                         3      2        0
  MONTH TO DATE   54                       115    -61       66
  SINCE MAR 1   1216                      1161     55     1260
  SINCE JUL 1   5055                      4784    271     5115

 COOLING
  TODAY            0                         3     -3        2
  MONTH TO DATE   84                        38     46       36
  SINCE MAR 1     88                        50     38       43
  SINCE JAN 1     88                        50     38       43
..................................................................


WIND (MPH)
  HIGHEST WIND SPEED    15   HIGHEST WIND DIRECTION    NW (330)
  HIGHEST GUST SPEED    18   HIGHEST GUST DIRECTION    NW (330)
  AVERAGE WIND SPEED     7.1


SKY COVER
  POSSIBLE SUNSHINE  MM
  AVERAGE SKY COVER 0.0


WEATHER CONDITIONS
 THE FOLLOWING WEATHER WAS RECORDED TODAY.
  NO SIGNIFICANT WEATHER WAS OBSERVED.


RELATIVE HUMIDITY (PERCENT)
 HIGHEST    54           400 AM
 LOWEST     23           300 PM
 AVERAGE    39

..........................................................


THE WILMINGTON DE CLIMATE NORMALS FOR TOMORROW
                         NORMAL    RECORD    YEAR
 MAXIMUM TEMPERATURE (F)   75        94      1925
 MINIMUM TEMPERATURE (F)   55        36      1963


SUNRISE AND SUNSET
MAY 23 2015...........SUNRISE   542 AM EDT   SUNSET   817 PM EDT
MAY 24 2015...........SUNRISE   541 AM EDT   SUNSET   818 PM EDT


-  INDICATES NEGATIVE NUMBERS.
R  INDICATES RECORD WAS SET OR TIED.
MM INDICATES DATA IS MISSING.
T  INDICATES TRACE AMOUNT.




$$
