000
CDUS41 KPHI 270632
CLIILG


CLIMATE REPORT
NATIONAL WEATHER SERVICE MOUNT HOLLY NJ
131 AM EST THU NOV 27 2014


...................................

...THE WILMINGTON DE CLIMATE SUMMARY FOR NOVEMBER 26 2014...

CLIMATE NORMAL PERIOD 1981 TO 2010
CLIMATE RECORD PERIOD 1894 TO 2014


WEATHER ITEM   OBSERVED TIME   RECORD YEAR NORMAL DEPARTURE LAST
                VALUE   (LST)  VALUE       VALUE  FROM      YEAR
                                                  NORMAL
..................................................................
TEMPERATURE (F)
 YESTERDAY
  MAXIMUM         48    355 AM  71    1896  52     -4       58
  MINIMUM         34    104 PM  12    1938  35     -1       32
  AVERAGE         41                        43     -2       45

PRECIPITATION (IN)
  YESTERDAY        1.12          1.58 1979   0.10   1.02     0.88
  MONTH TO DATE    4.20                      2.63   1.57     1.28
  SINCE SEP 1      9.83                     10.37  -0.54     5.17
  SINCE JAN 1     47.90                     39.13   8.77    41.50

SNOWFALL (IN)
  YESTERDAY        0.3 R         0.1  1950   0.0    0.3      0.0
  MONTH TO DATE    0.3                       0.2    0.1       T
  SINCE SEP 1      0.3                       0.2    0.1       T
  SINCE JUL 1      0.3                       0.2    0.1       T
  SNOW DEPTH       0

DEGREE DAYS
 HEATING
  YESTERDAY       24                        22      2       20
  MONTH TO DATE  528                       464     64      511
  SINCE SEP 1    783                       806    -23      807
  SINCE JUL 1    783                       808    -25      807

 COOLING
  YESTERDAY        0                         0      0        0
  MONTH TO DATE    0                         0      0        0
  SINCE SEP 1    167                       152     15      156
  SINCE JAN 1   1073                      1145    -72     1241
..................................................................


WIND (MPH)
  HIGHEST WIND SPEED    20   HIGHEST WIND DIRECTION     N (10)
  HIGHEST GUST SPEED    24   HIGHEST GUST DIRECTION     N (10)
  AVERAGE WIND SPEED    11.5


SKY COVER
  POSSIBLE SUNSHINE  MM
  AVERAGE SKY COVER 0.9


WEATHER CONDITIONS
 THE FOLLOWING WEATHER WAS RECORDED YESTERDAY.
  HEAVY RAIN
  RAIN
  LIGHT RAIN
  LIGHT SNOW
  FOG


RELATIVE HUMIDITY (PERCENT)
 HIGHEST    92          1000 AM
 LOWEST     60           400 AM
 AVERAGE    76

..........................................................


THE WILMINGTON DE CLIMATE NORMALS FOR TODAY
                         NORMAL    RECORD    YEAR
 MAXIMUM TEMPERATURE (F)   51        73      1896
 MINIMUM TEMPERATURE (F)   34        13      1932


SUNRISE AND SUNSET
NOVEMBER 27 2014......SUNRISE   700 AM EST   SUNSET   440 PM EST
NOVEMBER 28 2014......SUNRISE   701 AM EST   SUNSET   440 PM EST


-  INDICATES NEGATIVE NUMBERS.
R  INDICATES RECORD WAS SET OR TIED.
MM INDICATES DATA IS MISSING.
T  INDICATES TRACE AMOUNT.




$$
