316
CDUS41 KPHI 300628
CLIILG


CLIMATE REPORT
NATIONAL WEATHER SERVICE MOUNT HOLLY NJ
228 AM EDT SAT APR 30 2016


...................................

...THE WILMINGTON DE CLIMATE SUMMARY FOR APRIL 29 2016...

CLIMATE NORMAL PERIOD 1981 TO 2010
CLIMATE RECORD PERIOD 1894 TO 2016


WEATHER ITEM   OBSERVED TIME   RECORD YEAR NORMAL DEPARTURE LAST
                VALUE   (LST)  VALUE       VALUE  FROM      YEAR
                                                  NORMAL
..................................................................
TEMPERATURE (F)
 YESTERDAY
  MAXIMUM         52    418 PM  91    1974  68    -16       75
  MINIMUM         45    517 AM  31    1922  47     -2       48
  AVERAGE         49                        58     -9       62

PRECIPITATION (IN)
  YESTERDAY        0.03          2.25 1923   0.11  -0.08     0.00
  MONTH TO DATE    1.84                      3.39  -1.55     4.29
  SINCE MAR 1      3.64                      7.31  -3.67     9.68
  SINCE JAN 1     10.37                     13.00  -2.63    16.29

SNOWFALL (IN)
  YESTERDAY        0.0           T    1909   0.0    0.0      0.0
  MONTH TO DATE    T                         0.3   -0.3      0.0
  SINCE MAR 1      2.7                       2.2    0.5      8.6
  SINCE JUL 1     25.4                      20.2    5.2     23.4
  SNOW DEPTH       0

DEGREE DAYS
 HEATING
  YESTERDAY       16                         8      8        3
  MONTH TO DATE  368                       355     13      324
  SINCE MAR 1    870                      1038   -168     1158
  SINCE JUL 1   3878                      4661   -783     4997

 COOLING
  YESTERDAY        0                         1     -1        0
  MONTH TO DATE   12                         9      3        4
  SINCE MAR 1     14                        10      4        4
  SINCE JAN 1     14                        10      4        4
..................................................................


WIND (MPH)
  HIGHEST WIND SPEED    14   HIGHEST WIND DIRECTION     E (80)
  HIGHEST GUST SPEED    17   HIGHEST GUST DIRECTION     E (70)
  AVERAGE WIND SPEED     8.3


SKY COVER
  POSSIBLE SUNSHINE  MM
  AVERAGE SKY COVER 1.0


WEATHER CONDITIONS
 THE FOLLOWING WEATHER WAS RECORDED YESTERDAY.
  LIGHT RAIN
  FOG
  HAZE


RELATIVE HUMIDITY (PERCENT)
 HIGHEST    92          1200 AM
 LOWEST     71           300 PM
 AVERAGE    82

..........................................................


THE WILMINGTON DE CLIMATE NORMALS FOR TODAY
                         NORMAL    RECORD    YEAR
 MAXIMUM TEMPERATURE (F)   68        86      1942
 MINIMUM TEMPERATURE (F)   47        33      1931


SUNRISE AND SUNSET
APRIL 30 2016.........SUNRISE   604 AM EDT   SUNSET   756 PM EDT
MAY  1 2016...........SUNRISE   602 AM EDT   SUNSET   757 PM EDT


-  INDICATES NEGATIVE NUMBERS.
R  INDICATES RECORD WAS SET OR TIED.
MM INDICATES DATA IS MISSING.
T  INDICATES TRACE AMOUNT.




$$
