224
CDUS41 KPHI 290632
CLIILG


CLIMATE REPORT
NATIONAL WEATHER SERVICE MOUNT HOLLY NJ
232 AM EDT WED MAR 29 2017


...................................

...THE WILMINGTON DE CLIMATE SUMMARY FOR MARCH 28 2017...

CLIMATE NORMAL PERIOD 1981 TO 2010
CLIMATE RECORD PERIOD 1894 TO 2017


WEATHER ITEM   OBSERVED TIME   RECORD YEAR NORMAL DEPARTURE LAST
                VALUE   (LST)  VALUE       VALUE  FROM      YEAR
                                                  NORMAL
..................................................................
TEMPERATURE (F)
 YESTERDAY
  MAXIMUM         57    511 PM  83    1989  57      0       69
  MINIMUM         49   1112 PM  20    1982  37     12       45
  AVERAGE         53                        47      6       57

PRECIPITATION (IN)
  YESTERDAY        0.44          2.20 1932   0.14   0.30     0.42
  MONTH TO DATE    3.20                      3.51  -0.31     1.80
  SINCE MAR 1      3.20                      3.51  -0.31     1.80
  SINCE JAN 1      7.22                      9.20  -1.98     8.53

SNOWFALL (IN)
  YESTERDAY        0.0           0.9  1956   0.1   -0.1      0.0
  MONTH TO DATE    3.4                       1.9    1.5      2.7
  SINCE MAR 1      3.4                       1.9    1.5      2.7
  SINCE JUL 1      9.0                      19.9  -10.9     25.4
  SNOW DEPTH       0

DEGREE DAYS
 HEATING
  YESTERDAY       12                        18     -6        8
  MONTH TO DATE  664                       629     35      456
  SINCE MAR 1    664                       629     35      456
  SINCE JUL 1   3666                      4252   -586     3464

 COOLING
  YESTERDAY        0                         0      0        0
  MONTH TO DATE    0                         0      0        2
  SINCE MAR 1      0                         0      0        2
  SINCE JAN 1      0                         0      0        2
..................................................................


WIND (MPH)
  HIGHEST WIND SPEED    17   HIGHEST WIND DIRECTION    NE (40)
  HIGHEST GUST SPEED    20   HIGHEST GUST DIRECTION    NE (60)
  AVERAGE WIND SPEED     7.9


SKY COVER
  POSSIBLE SUNSHINE  MM
  AVERAGE SKY COVER 0.9


WEATHER CONDITIONS
 THE FOLLOWING WEATHER WAS RECORDED YESTERDAY.
  THUNDERSTORM
  HEAVY RAIN
  RAIN
  LIGHT RAIN
  FOG
  FOG W/VISIBILITY <= 1/4 MILE


RELATIVE HUMIDITY (PERCENT)
 HIGHEST   100           200 AM
 LOWEST     86           200 PM
 AVERAGE    93

..........................................................


THE WILMINGTON DE CLIMATE NORMALS FOR TODAY
                         NORMAL    RECORD    YEAR
 MAXIMUM TEMPERATURE (F)   57        85      1945
 MINIMUM TEMPERATURE (F)   38        13      1923


SUNRISE AND SUNSET
MARCH 29 2017.........SUNRISE   651 AM EDT   SUNSET   724 PM EDT
MARCH 30 2017.........SUNRISE   649 AM EDT   SUNSET   725 PM EDT


-  INDICATES NEGATIVE NUMBERS.
R  INDICATES RECORD WAS SET OR TIED.
MM INDICATES DATA IS MISSING.
T  INDICATES TRACE AMOUNT.




$$
