000
CDUS41 KPHI 242129
CLIILG


CLIMATE REPORT
NATIONAL WEATHER SERVICE MOUNT HOLLY NJ
529 PM EDT TUE MAY 24 2016


...................................

...THE WILMINGTON DE CLIMATE SUMMARY FOR MAY 24 2016...
VALID TODAY AS OF 0500 PM LOCAL TIME.

CLIMATE NORMAL PERIOD 1981 TO 2010
CLIMATE RECORD PERIOD 1894 TO 2016


WEATHER ITEM   OBSERVED TIME   RECORD YEAR NORMAL DEPARTURE LAST
                VALUE   (LST)  VALUE       VALUE  FROM      YEAR
                                                  NORMAL
..................................................................
TEMPERATURE (F)
 TODAY
  MAXIMUM         83    359 PM  94    1925  75      8       79
  MINIMUM         56    516 AM  36    1963  55      1       46
  AVERAGE         70                        65      5       63

PRECIPITATION (IN)
  TODAY            0.00          2.23 1999   0.13  -0.13     0.00
  MONTH TO DATE    5.55                      3.02   2.53     1.84
  SINCE MAR 1      9.19                     10.44  -1.25    11.52
  SINCE JAN 1     15.92                     16.13  -0.21    18.13

SNOWFALL (IN)
  TODAY            0.0           0.0  1894   0.0    0.0      0.0
  MONTH TO DATE    0.0                       0.0    0.0      0.0
  SINCE MAR 1      2.7                       2.2    0.5      8.6
  SINCE JUL 1     25.4                      20.2    5.2     23.4
  SNOW DEPTH       0

DEGREE DAYS
 HEATING
  TODAY            0                         3     -3        2
  MONTH TO DATE  171                       118     53       56
  SINCE MAR 1   1052                      1164   -112     1218
  SINCE JUL 1   4060                      4787   -727     5057

 COOLING
  TODAY            5                         3      2        0
  MONTH TO DATE    5                        41    -36       84
  SINCE MAR 1     19                        53    -34       88
  SINCE JAN 1     19                        53    -34       88
..................................................................


WIND (MPH)
  HIGHEST WIND SPEED    23   HIGHEST WIND DIRECTION     W (290)
  HIGHEST GUST SPEED    30   HIGHEST GUST DIRECTION     W (280)
  AVERAGE WIND SPEED     6.8


SKY COVER
  POSSIBLE SUNSHINE  MM
  AVERAGE SKY COVER 0.2


WEATHER CONDITIONS
 THE FOLLOWING WEATHER WAS RECORDED TODAY.
  FOG


RELATIVE HUMIDITY (PERCENT)
 HIGHEST    93           100 AM
 LOWEST     28           400 PM
 AVERAGE    61

..........................................................


THE WILMINGTON DE CLIMATE NORMALS FOR TOMORROW
                         NORMAL    RECORD    YEAR
 MAXIMUM TEMPERATURE (F)   76        92      1991
 MINIMUM TEMPERATURE (F)   56        39      1956


SUNRISE AND SUNSET
MAY 24 2016...........SUNRISE   541 AM EDT   SUNSET   818 PM EDT
MAY 25 2016...........SUNRISE   540 AM EDT   SUNSET   819 PM EDT


-  INDICATES NEGATIVE NUMBERS.
R  INDICATES RECORD WAS SET OR TIED.
MM INDICATES DATA IS MISSING.
T  INDICATES TRACE AMOUNT.




$$
