810
CDUS41 KPHI 092133
CLIILG


CLIMATE REPORT
NATIONAL WEATHER SERVICE MOUNT HOLLY NJ
428 PM EST TUE FEB 9 2016


...................................

...THE WILMINGTON DE CLIMATE SUMMARY FOR FEBRUARY 9 2016...
VALID TODAY AS OF 0400 PM LOCAL TIME.

CLIMATE NORMAL PERIOD 1981 TO 2010
CLIMATE RECORD PERIOD 1894 TO 2016


WEATHER ITEM   OBSERVED TIME   RECORD YEAR NORMAL DEPARTURE LAST
                VALUE   (LST)  VALUE       VALUE  FROM      YEAR
                                                  NORMAL
..................................................................
TEMPERATURE (F)
 TODAY
  MAXIMUM         35    325 PM  64    2001  42     -7       38
                                      1990
                                      1949
  MINIMUM         32    929 AM -15    1934  26      6       29
  AVERAGE         34                        34      0       34

PRECIPITATION (IN)
  TODAY            0.12          1.19 1957   0.10   0.02     0.01
  MONTH TO DATE    1.50                      0.87   0.63     0.86
  SINCE DEC 1      9.01                      7.36   1.65     8.32
  SINCE JAN 1      3.80                      3.88  -0.08     5.31

SNOWFALL (IN)
  TODAY            0.3(THRU 1 PM)5.6  2010   0.3    0.0      0.0
  MONTH TO DATE    2.1                       2.9   -0.8      0.2
  SINCE DEC 1     19.0                      12.2    6.8      4.1
  SINCE JUL 1     19.0                      12.6    6.4      4.4
  SNOW DEPTH       1

DEGREE DAYS
 HEATING
  TODAY           31                        31      0       31
  MONTH TO DATE  231                       284    -53      305
  SINCE DEC 1   1717                      2173   -456     2136
  SINCE JUL 1   2421                      3071   -650     3025

 COOLING
  TODAY            0                         0      0        0
  MONTH TO DATE    0                         0      0        0
  SINCE DEC 1      1                         0      1        0
  SINCE JAN 1      0                         0      0        0
..................................................................


WIND (MPH)
  HIGHEST WIND SPEED    15   HIGHEST WIND DIRECTION    NE (50)
  HIGHEST GUST SPEED    19   HIGHEST GUST DIRECTION    NE (40)
  AVERAGE WIND SPEED     9.8


SKY COVER
  POSSIBLE SUNSHINE  MM
  AVERAGE SKY COVER 1.0


WEATHER CONDITIONS
 THE FOLLOWING WEATHER WAS RECORDED TODAY.
  SNOW
  LIGHT SNOW
  FOG


RELATIVE HUMIDITY (PERCENT)
 HIGHEST    96           400 PM
 LOWEST     85           300 AM
 AVERAGE    91

..........................................................


THE WILMINGTON DE CLIMATE NORMALS FOR TOMORROW
                         NORMAL    RECORD    YEAR
 MAXIMUM TEMPERATURE (F)   42        63      1990
 MINIMUM TEMPERATURE (F)   26        -2      1979


SUNRISE AND SUNSET
FEBRUARY  9 2016......SUNRISE   702 AM EST   SUNSET   531 PM EST
FEBRUARY 10 2016......SUNRISE   701 AM EST   SUNSET   532 PM EST


-  INDICATES NEGATIVE NUMBERS.
R  INDICATES RECORD WAS SET OR TIED.
MM INDICATES DATA IS MISSING.
T  INDICATES TRACE AMOUNT.




$$
