000
CDUS41 KPHI 012130
CLIILG


CLIMATE REPORT
NATIONAL WEATHER SERVICE MOUNT HOLLY NJ
428 PM EST SUN FEB 1 2015


...................................

...THE WILMINGTON DE CLIMATE SUMMARY FOR FEBRUARY 1 2015...
VALID TODAY AS OF 0400 PM LOCAL TIME.

CLIMATE NORMAL PERIOD 1981 TO 2010
CLIMATE RECORD PERIOD 1894 TO 2015


WEATHER ITEM   OBSERVED TIME   RECORD YEAR NORMAL DEPARTURE LAST
                VALUE   (LST)  VALUE       VALUE  FROM      YEAR
                                                  NORMAL
..................................................................
TEMPERATURE (F)
 TODAY
  MAXIMUM         41    338 PM  71    2002  41      0       46
  MINIMUM         19    431 AM  -1    1935  25     -6       27
  AVERAGE         30                        33     -3       37

PRECIPITATION (IN)
  TODAY            0.00          1.71 1915   0.10  -0.10     0.00
  MONTH TO DATE    0.00                      0.10  -0.10     0.00
  SINCE DEC 1      7.46                      6.59   0.87     8.45
  SINCE JAN 1      4.45                      3.11   1.34     3.23

SNOWFALL (IN)
  TODAY            0.0           4.2  1958   0.3   -0.3      0.0
  MONTH TO DATE    0.0                       0.3   -0.3      0.0
  SINCE DEC 1      3.9                       9.6   -5.7     29.4
  SINCE JUL 1      4.2                      10.0   -5.8     29.4
  SNOW DEPTH       0

DEGREE DAYS
 HEATING
  TODAY           35                        32      3       28
  MONTH TO DATE   35                        32      3       28
  SINCE DEC 1   1866                      1921    -55     2028
  SINCE JUL 1   2755                      2819    -64     2949

 COOLING
  TODAY            0                         0      0        0
  MONTH TO DATE    0                         0      0        0
  SINCE DEC 1      0                         0      0        0
  SINCE JAN 1      0                         0      0        0
..................................................................


WIND (MPH)
  HIGHEST WIND SPEED    13   HIGHEST WIND DIRECTION    SW (240)
  HIGHEST GUST SPEED    15   HIGHEST GUST DIRECTION    SW (220)
  AVERAGE WIND SPEED     4.5


SKY COVER
  POSSIBLE SUNSHINE  MM
  AVERAGE SKY COVER 0.6


WEATHER CONDITIONS
 THE FOLLOWING WEATHER WAS RECORDED TODAY.
  NO SIGNIFICANT WEATHER WAS OBSERVED.


RELATIVE HUMIDITY (PERCENT)
 HIGHEST    65           600 AM
 LOWEST     44           200 PM
 AVERAGE    55

..........................................................


THE WILMINGTON DE CLIMATE NORMALS FOR TOMORROW
                         NORMAL    RECORD    YEAR
 MAXIMUM TEMPERATURE (F)   41        64      1967
 MINIMUM TEMPERATURE (F)   25        -4      1961


SUNRISE AND SUNSET
FEBRUARY  1 2015......SUNRISE   710 AM EST   SUNSET   522 PM EST
FEBRUARY  2 2015......SUNRISE   709 AM EST   SUNSET   523 PM EST


-  INDICATES NEGATIVE NUMBERS.
R  INDICATES RECORD WAS SET OR TIED.
MM INDICATES DATA IS MISSING.
T  INDICATES TRACE AMOUNT.




$$
