000
CDUS42 KILM 290840
CLIILM


CLIMATE REPORT
NATIONAL WEATHER SERVICE WILMINGTON NC
440 AM EDT SAT AUG 29 2015


...................................

...THE WILMINGTON NC CLIMATE SUMMARY FOR AUGUST 28 2015...

CLIMATE NORMAL PERIOD 1981 TO 2010
CLIMATE RECORD PERIOD 1871 TO 2015


WEATHER ITEM   OBSERVED TIME   RECORD YEAR NORMAL DEPARTURE LAST
                VALUE   (LST)  VALUE       VALUE  FROM      YEAR
                                                  NORMAL
..................................................................
TEMPERATURE (F)
 YESTERDAY
  MAXIMUM         86    236 PM  97    1903  87     -1       92
  MINIMUM         68    553 AM  56    1874  70     -2       63
  AVERAGE         77                        79     -2       78

PRECIPITATION (IN)
  YESTERDAY        0.00          3.83 2002   0.24  -0.24     0.00
  MONTH TO DATE    7.53                      6.68   0.85     8.79
  SINCE JUN 1     17.95                     19.34  -1.39    23.27
  SINCE JAN 1     38.52                     38.24   0.28    42.51

DEGREE DAYS
 HEATING
  YESTERDAY        0                         0      0        0
  MONTH TO DATE    0                         0      0        0
  SINCE JUN 1      0                         2     -2        0
  SINCE JUL 1      0                         0      0        0

 COOLING
  YESTERDAY       12                        14     -2       13
  MONTH TO DATE  411                       417     -6      398
  SINCE JUN 1   1456                      1303    153     1306
  SINCE JAN 1   1749                      1584    165     1713
..................................................................


WIND (MPH)
  HIGHEST WIND SPEED    16   HIGHEST WIND DIRECTION    NE (50)
  HIGHEST GUST SPEED    21   HIGHEST GUST DIRECTION    NE (40)
  AVERAGE WIND SPEED     8.6


SKY COVER
  POSSIBLE SUNSHINE  MM
  AVERAGE SKY COVER 0.3


WEATHER CONDITIONS
 THE FOLLOWING WEATHER WAS RECORDED YESTERDAY.
  NO SIGNIFICANT WEATHER WAS OBSERVED.


RELATIVE HUMIDITY (PERCENT)
 HIGHEST    90          1200 AM
 LOWEST     45           200 PM
 AVERAGE    68

..........................................................


THE WILMINGTON NC CLIMATE NORMALS FOR TODAY
                         NORMAL    RECORD    YEAR
 MAXIMUM TEMPERATURE (F)   87        96      1993
                                             1932
                                             1903
 MINIMUM TEMPERATURE (F)   70        57      1968


SUNRISE AND SUNSET
AUGUST 29 2015........SUNRISE   643 AM EDT   SUNSET   742 PM EDT
AUGUST 30 2015........SUNRISE   643 AM EDT   SUNSET   741 PM EDT


-  INDICATES NEGATIVE NUMBERS.
R  INDICATES RECORD WAS SET OR TIED.
MM INDICATES DATA IS MISSING.
T  INDICATES TRACE AMOUNT.




$$
