000
CDUS42 KILM 210944
CLIILM


CLIMATE REPORT
NATIONAL WEATHER SERVICE WILMINGTON NC
444 AM EST FRI NOV 21 2014


...................................

...THE WILMINGTON NC CLIMATE SUMMARY FOR NOVEMBER 20 2014...

CLIMATE NORMAL PERIOD 1981 TO 2010
CLIMATE RECORD PERIOD 1871 TO 2014


WEATHER ITEM   OBSERVED TIME   RECORD YEAR NORMAL DEPARTURE LAST
                VALUE   (LST)  VALUE       VALUE  FROM      YEAR
                                                  NORMAL
..................................................................
TEMPERATURE (F)
 YESTERDAY
  MAXIMUM         62    310 PM  83    1985  67     -5       61
  MINIMUM         29    112 AM  22    1951  44    -15       41
  AVERAGE         46                        56    -10       51

PRECIPITATION (IN)
  YESTERDAY        0.00          2.19 1952   0.11  -0.11     0.00
  MONTH TO DATE    1.08                      2.13  -1.05     1.60
  SINCE SEP 1      8.67                     13.86  -5.19     4.85
  SINCE JAN 1     51.18                     52.83  -1.65    47.34

SNOWFALL (IN)
  YESTERDAY        0.0           1.5  1879   0.0    0.0      0.0
  MONTH TO DATE    0.0                       0.0    0.0       T
  SINCE SEP 1      0.0                       0.0    0.0       T
  SINCE JUL 1      0.0                       0.0    0.0       T
  SNOW DEPTH       0

DEGREE DAYS
 HEATING
  YESTERDAY       19                        10      9       14
  MONTH TO DATE  258                       157    101      176
  SINCE SEP 1    317                       254     63      248
  SINCE JUL 1    317                       254     63      248

 COOLING
  YESTERDAY        0                         1     -1        0
  MONTH TO DATE    5                        20    -15       23
  SINCE SEP 1    428                       411     17      402
  SINCE JAN 1   2185                      2034    151     1892
..................................................................


WIND (MPH)
  HIGHEST WIND SPEED    21   HIGHEST WIND DIRECTION    SW (240)
  HIGHEST GUST SPEED    27   HIGHEST GUST DIRECTION    SW (240)
  AVERAGE WIND SPEED     9.8


SKY COVER
  POSSIBLE SUNSHINE  MM
  AVERAGE SKY COVER 0.0


WEATHER CONDITIONS
 THE FOLLOWING WEATHER WAS RECORDED YESTERDAY.
  HAZE


RELATIVE HUMIDITY (PERCENT)
 HIGHEST    92           100 AM
 LOWEST     29           100 PM
 AVERAGE    61

..........................................................


THE WILMINGTON NC CLIMATE NORMALS FOR TODAY
                         NORMAL    RECORD    YEAR
 MAXIMUM TEMPERATURE (F)   67        80      1985
                                             1975
                                             1942
 MINIMUM TEMPERATURE (F)   44        23      1951


SUNRISE AND SUNSET
NOVEMBER 21 2014......SUNRISE   650 AM EST   SUNSET   504 PM EST
NOVEMBER 22 2014......SUNRISE   651 AM EST   SUNSET   504 PM EST


-  INDICATES NEGATIVE NUMBERS.
R  INDICATES RECORD WAS SET OR TIED.
MM INDICATES DATA IS MISSING.
T  INDICATES TRACE AMOUNT.




$$
