000
CDUS42 KILM 110841
CLIILM


CLIMATE REPORT
NATIONAL WEATHER SERVICE WILMINGTON NC
441 AM EDT FRI JUL 11 2014


...................................

...THE WILMINGTON NC CLIMATE SUMMARY FOR JULY 10 2014...

CLIMATE NORMAL PERIOD 1981 TO 2010
CLIMATE RECORD PERIOD 1871 TO 2014


WEATHER ITEM   OBSERVED TIME   RECORD YEAR NORMAL DEPARTURE LAST
                VALUE   (LST)  VALUE       VALUE  FROM      YEAR
                                                  NORMAL
..................................................................
TEMPERATURE (F)
 YESTERDAY
  MAXIMUM         89    217 PM 100    1993  90     -1       89
  MINIMUM         72   1013 PM  63    2009  73     -1       73
                                      1984
                                      1972
  AVERAGE         81                        81      0       81

PRECIPITATION (IN)
  YESTERDAY        0.90          2.92 1947   0.23   0.67      T
  MONTH TO DATE    4.66                      2.12   2.54     0.87
  SINCE JUN 1      7.14                      7.30  -0.16    12.33
  SINCE JAN 1     26.38                     26.20   0.18    29.04

DEGREE DAYS
 HEATING
  YESTERDAY        0                         0      0        0
  MONTH TO DATE    0                         0      0        0
  SINCE JUN 1      0                         2     -2        0
  SINCE JUL 1      0                         0      0        0

 COOLING
  YESTERDAY       16                        16      0       16
  MONTH TO DATE  158                       160     -2      149
  SINCE JUN 1    598                       545     53      529
  SINCE JAN 1   1005                       826    179      755
..................................................................


WIND (MPH)
  HIGHEST WIND SPEED    24   HIGHEST WIND DIRECTION     W (270)
  HIGHEST GUST SPEED    31   HIGHEST GUST DIRECTION     W (270)
  AVERAGE WIND SPEED     8.1


SKY COVER
  POSSIBLE SUNSHINE  MM
  AVERAGE SKY COVER 0.3


WEATHER CONDITIONS
 THE FOLLOWING WEATHER WAS RECORDED YESTERDAY.
  THUNDERSTORM
  HEAVY RAIN
  RAIN
  LIGHT RAIN
  FOG


RELATIVE HUMIDITY (PERCENT)
 HIGHEST    93          1100 PM
 LOWEST     64           100 PM
 AVERAGE    79

..........................................................


THE WILMINGTON NC CLIMATE NORMALS FOR TODAY
                         NORMAL    RECORD    YEAR
 MAXIMUM TEMPERATURE (F)   90        99      1993
                                             1992
 MINIMUM TEMPERATURE (F)   73        58      1890


SUNRISE AND SUNSET
JULY 11 2014..........SUNRISE   608 AM EDT   SUNSET   826 PM EDT
JULY 12 2014..........SUNRISE   609 AM EDT   SUNSET   825 PM EDT


-  INDICATES NEGATIVE NUMBERS.
R  INDICATES RECORD WAS SET OR TIED.
MM INDICATES DATA IS MISSING.
T  INDICATES TRACE AMOUNT.




$$
