000
CDUS42 KILM 100947
CLIILM


CLIMATE REPORT
NATIONAL WEATHER SERVICE WILMINGTON NC
446 AM EST WED FEB 10 2016


...................................

...THE WILMINGTON NC CLIMATE SUMMARY FOR FEBRUARY 9 2016...

CLIMATE NORMAL PERIOD 1981 TO 2010
CLIMATE RECORD PERIOD 1871 TO 2016


WEATHER ITEM   OBSERVED TIME   RECORD YEAR NORMAL DEPARTURE LAST
                VALUE   (LST)  VALUE       VALUE  FROM      YEAR
                                                  NORMAL
..................................................................
TEMPERATURE (F)
 YESTERDAY
  MAXIMUM         49    259 PM  77    1994  59    -10       72
                                      1921
  MINIMUM         38    650 AM  13    1934  37      1       51
  AVERAGE         44                        48     -4       62

PRECIPITATION (IN)
  YESTERDAY        0.00          1.95 1948   0.13  -0.13     0.00
  MONTH TO DATE    6.15                      1.14   5.01     1.10
  SINCE DEC 1     16.10                      8.52   7.58    11.07
  SINCE JAN 1     10.60                      4.90   5.70     6.08

SNOWFALL (IN)
  YESTERDAY        0.0           6.8  1973   0.0    0.0      0.0
  MONTH TO DATE    0.0                       0.1   -0.1      0.0
  SINCE DEC 1      T                         1.3   -1.3      0.0
  SINCE JUL 1      T                         1.3   -1.3      0.0
  SNOW DEPTH       0

DEGREE DAYS
 HEATING
  YESTERDAY       21                        17      4        3
  MONTH TO DATE  122                       158    -36      170
  SINCE DEC 1    925                      1264   -339     1228
  SINCE JUL 1   1155                      1633   -478     1681

 COOLING
  YESTERDAY        0                         0      0        0
  MONTH TO DATE    0                         0      0        0
  SINCE DEC 1     76                         7     69        6
  SINCE JAN 1      0                         2     -2        6
..................................................................


WIND (MPH)
  HIGHEST WIND SPEED    25   HIGHEST WIND DIRECTION     W (260)
  HIGHEST GUST SPEED    33   HIGHEST GUST DIRECTION     W (270)
  AVERAGE WIND SPEED    14.8


SKY COVER
  POSSIBLE SUNSHINE  MM
  AVERAGE SKY COVER 0.5


WEATHER CONDITIONS
 THE FOLLOWING WEATHER WAS RECORDED YESTERDAY.
  NO SIGNIFICANT WEATHER WAS OBSERVED.


RELATIVE HUMIDITY (PERCENT)
 HIGHEST    86           500 AM
 LOWEST     39           300 PM
 AVERAGE    63

..........................................................


THE WILMINGTON NC CLIMATE NORMALS FOR TODAY
                         NORMAL    RECORD    YEAR
 MAXIMUM TEMPERATURE (F)   59        77      1965
                                             1932
 MINIMUM TEMPERATURE (F)   37        10      1934


SUNRISE AND SUNSET
FEBRUARY 10 2016......SUNRISE   702 AM EST   SUNSET   550 PM EST
FEBRUARY 11 2016......SUNRISE   701 AM EST   SUNSET   551 PM EST


-  INDICATES NEGATIVE NUMBERS.
R  INDICATES RECORD WAS SET OR TIED.
MM INDICATES DATA IS MISSING.
T  INDICATES TRACE AMOUNT.




$$
