000
CDUS42 KILM 230840
CLIILM


CLIMATE REPORT
NATIONAL WEATHER SERVICE WILMINGTON NC
440 AM EDT SAT SEP 23 2017


...................................

...THE WILMINGTON NC CLIMATE SUMMARY FOR SEPTEMBER 22 2017...

CLIMATE NORMAL PERIOD 1981 TO 2010
CLIMATE RECORD PERIOD 1871 TO 2017


WEATHER ITEM   OBSERVED TIME   RECORD YEAR NORMAL DEPARTURE LAST
                VALUE   (LST)  VALUE       VALUE  FROM      YEAR
                                                  NORMAL
..................................................................
TEMPERATURE (F)
 YESTERDAY
  MAXIMUM         86    158 PM  96    1895  82      4       79
  MINIMUM         67    619 AM  48    1918  64      3       71
                                      1889
  AVERAGE         77                        73      4       75

PRECIPITATION (IN)
  YESTERDAY        0.00          3.97 1952   0.24  -0.24     1.16
  MONTH TO DATE    3.82                      5.89  -2.07    12.51
  SINCE SEP 1      3.82                      5.89  -2.07    12.51
  SINCE JAN 1     51.20                     44.86   6.34    54.05

DEGREE DAYS
 HEATING
  YESTERDAY        0                         0      0        0
  MONTH TO DATE    0                         0      0        0
  SINCE SEP 1      0                         0      0        0
  SINCE JUL 1      0                         0      0        0

 COOLING
  YESTERDAY       12                         8      4       10
  MONTH TO DATE  245                       239      6      290
  SINCE SEP 1    245                       239      6      290
  SINCE JAN 1   2059                      1862    197     2160
..................................................................


WIND (MPH)
  HIGHEST WIND SPEED    10   HIGHEST WIND DIRECTION    SE (120)
  HIGHEST GUST SPEED    14   HIGHEST GUST DIRECTION    SE (130)
  AVERAGE WIND SPEED     2.5


SKY COVER
  POSSIBLE SUNSHINE  MM
  AVERAGE SKY COVER 0.2


WEATHER CONDITIONS
 THE FOLLOWING WEATHER WAS RECORDED YESTERDAY.
  NO SIGNIFICANT WEATHER WAS OBSERVED.


RELATIVE HUMIDITY (PERCENT)
 HIGHEST   100           400 AM
 LOWEST     59           300 PM
 AVERAGE    80

..........................................................


THE WILMINGTON NC CLIMATE NORMALS FOR TODAY
                         NORMAL    RECORD    YEAR
 MAXIMUM TEMPERATURE (F)   82        94      1980
                                             1895
 MINIMUM TEMPERATURE (F)   63        46      1999


SUNRISE AND SUNSET
SEPTEMBER 23 2017.....SUNRISE   701 AM EDT   SUNSET   707 PM EDT
SEPTEMBER 24 2017.....SUNRISE   701 AM EDT   SUNSET   705 PM EDT


-  INDICATES NEGATIVE NUMBERS.
R  INDICATES RECORD WAS SET OR TIED.
MM INDICATES DATA IS MISSING.
T  INDICATES TRACE AMOUNT.




$$
