000
CDUS42 KILM 282046
CLIILM


CLIMATE REPORT
NATIONAL WEATHER SERVICE WILMINGTON NC
445 PM EDT THU JUL 28 2016


...................................

...THE WILMINGTON NC CLIMATE SUMMARY FOR JULY 28 2016...
VALID TODAY AS OF 0400 PM LOCAL TIME.

CLIMATE NORMAL PERIOD 1981 TO 2010
CLIMATE RECORD PERIOD 1871 TO 2016


WEATHER ITEM   OBSERVED TIME   RECORD YEAR NORMAL DEPARTURE LAST
                VALUE   (LST)  VALUE       VALUE  FROM      YEAR
                                                  NORMAL
..................................................................
TEMPERATURE (F)
 TODAY
  MAXIMUM         97    239 PM 102    1936  90      7       88
  MINIMUM         80    545 AM  58    1920  73      7       71
  AVERAGE         89                        81      8       80

PRECIPITATION (IN)
  TODAY            0.00          3.50 1988   0.26  -0.26     0.00
  MONTH TO DATE    4.60                      6.73  -2.13     3.00
  SINCE JUN 1     11.23                     11.91  -0.68    10.11
  SINCE JAN 1     33.92                     30.81   3.11    30.68

DEGREE DAYS
 HEATING
  TODAY            0                         0      0        0
  MONTH TO DATE    0                         0      0        0
  SINCE JUN 1      0                         2     -2        0
  SINCE JUL 1      0                         0      0        0

 COOLING
  TODAY           24                        16      8       15
  MONTH TO DATE  520                       448     72      500
  SINCE JUN 1    938                       833    105      994
  SINCE JAN 1   1273                      1114    159     1287
..................................................................


WIND (MPH)
  HIGHEST WIND SPEED    20   HIGHEST WIND DIRECTION    SW (240)
  HIGHEST GUST SPEED    23   HIGHEST GUST DIRECTION     W (250)
  AVERAGE WIND SPEED     9.5


SKY COVER
  POSSIBLE SUNSHINE  MM
  AVERAGE SKY COVER 0.0


WEATHER CONDITIONS
 THE FOLLOWING WEATHER WAS RECORDED TODAY.
  NO SIGNIFICANT WEATHER WAS OBSERVED.


RELATIVE HUMIDITY (PERCENT)
 HIGHEST    94           200 AM
 LOWEST     42           200 PM
 AVERAGE    68

..........................................................


THE WILMINGTON NC CLIMATE NORMALS FOR TOMORROW
                         NORMAL    RECORD    YEAR
 MAXIMUM TEMPERATURE (F)   89       101      1993
 MINIMUM TEMPERATURE (F)   73        62      1924
                                             1920


SUNRISE AND SUNSET
JULY 28 2016..........SUNRISE   620 AM EDT   SUNSET   816 PM EDT
JULY 29 2016..........SUNRISE   621 AM EDT   SUNSET   815 PM EDT


-  INDICATES NEGATIVE NUMBERS.
R  INDICATES RECORD WAS SET OR TIED.
MM INDICATES DATA IS MISSING.
T  INDICATES TRACE AMOUNT.




$$
