000
CDUS42 KILM 240855
CLIILM


CLIMATE REPORT
NATIONAL WEATHER SERVICE WILMINGTON NC
455 AM EDT MON JUL 24 2017


...................................

...THE WILMINGTON NC CLIMATE SUMMARY FOR JULY 23 2017...

CLIMATE NORMAL PERIOD 1981 TO 2010
CLIMATE RECORD PERIOD 1871 TO 2017


WEATHER ITEM   OBSERVED TIME   RECORD YEAR NORMAL DEPARTURE LAST
                VALUE   (LST)  VALUE       VALUE  FROM      YEAR
                                                  NORMAL
..................................................................
TEMPERATURE (F)
 YESTERDAY
  MAXIMUM         93    147 PM  99    1999  90      3       92
  MINIMUM         78    447 AM  63    1890  73      5       75
  AVERAGE         86                        81      5       84

PRECIPITATION (IN)
  YESTERDAY        0.00          4.07 1916   0.25  -0.25     0.03
  MONTH TO DATE    5.20                      5.40  -0.20     4.60
  SINCE JUN 1     15.31                     10.58   4.73    11.23
  SINCE JAN 1     35.81                     29.48   6.33    33.92

DEGREE DAYS
 HEATING
  YESTERDAY        0                         0      0        0
  MONTH TO DATE    0                         0      0        0
  SINCE JUN 1      2                         2      0        0
  SINCE JUL 1      0                         0      0        0

 COOLING
  YESTERDAY       21                        16      5       19
  MONTH TO DATE  421                       368     53      412
  SINCE JUN 1    809                       753     56      830
  SINCE JAN 1   1246                      1034    212     1165
..................................................................


WIND (MPH)
  HIGHEST WIND SPEED    23   HIGHEST WIND DIRECTION     S (200)
  HIGHEST GUST SPEED    28   HIGHEST GUST DIRECTION     S (180)
  AVERAGE WIND SPEED    11.8


SKY COVER
  POSSIBLE SUNSHINE  MM
  AVERAGE SKY COVER 0.1


WEATHER CONDITIONS
 THE FOLLOWING WEATHER WAS RECORDED YESTERDAY.
  NO SIGNIFICANT WEATHER WAS OBSERVED.


RELATIVE HUMIDITY (PERCENT)
 HIGHEST    97           500 AM
 LOWEST     60           100 PM
 AVERAGE    79

..........................................................


THE WILMINGTON NC CLIMATE NORMALS FOR TODAY
                         NORMAL    RECORD    YEAR
 MAXIMUM TEMPERATURE (F)   90       100      2012
                                             2011
 MINIMUM TEMPERATURE (F)   73        61      2007


SUNRISE AND SUNSET
JULY 24 2017..........SUNRISE   617 AM EDT   SUNSET   819 PM EDT
JULY 25 2017..........SUNRISE   618 AM EDT   SUNSET   818 PM EDT


-  INDICATES NEGATIVE NUMBERS.
R  INDICATES RECORD WAS SET OR TIED.
MM INDICATES DATA IS MISSING.
T  INDICATES TRACE AMOUNT.




$$
