000
CDUS42 KILM 310848
CLIILM


CLIMATE REPORT
NATIONAL WEATHER SERVICE WILMINGTON NC
448 AM EDT FRI JUL 31 2015


...................................

...THE WILMINGTON NC CLIMATE SUMMARY FOR JULY 30 2015...

CLIMATE NORMAL PERIOD 1981 TO 2010
CLIMATE RECORD PERIOD 1871 TO 2015


WEATHER ITEM   OBSERVED TIME   RECORD YEAR NORMAL DEPARTURE LAST
                VALUE   (LST)  VALUE       VALUE  FROM      YEAR
                                                  NORMAL
..................................................................
TEMPERATURE (F)
 YESTERDAY
  MAXIMUM         92    303 PM 101    2011  89      3       84
  MINIMUM         71    447 AM  61    1914  73     -2       68
  AVERAGE         82                        81      1       76

PRECIPITATION (IN)
  YESTERDAY        0.00          3.82 1966   0.25  -0.25     0.00
  MONTH TO DATE    3.00                      7.23  -4.23    11.98
  SINCE JUN 1     10.11                     12.41  -2.30    14.46
  SINCE JAN 1     30.68                     31.31  -0.63    33.70

DEGREE DAYS
 HEATING
  YESTERDAY        0                         0      0        0
  MONTH TO DATE    0                         0      0        0
  SINCE JUN 1      0                         2     -2        0
  SINCE JUL 1      0                         0      0        0

 COOLING
  YESTERDAY       17                        16      1       11
  MONTH TO DATE  532                       480     52      455
  SINCE JUN 1   1026                       865    161      895
  SINCE JAN 1   1319                      1146    173     1302
..................................................................


WIND (MPH)
  HIGHEST WIND SPEED    13   HIGHEST WIND DIRECTION    SE (130)
  HIGHEST GUST SPEED    15   HIGHEST GUST DIRECTION     E (110)
  AVERAGE WIND SPEED     4.5


SKY COVER
  POSSIBLE SUNSHINE  MM
  AVERAGE SKY COVER 0.1


WEATHER CONDITIONS
 THE FOLLOWING WEATHER WAS RECORDED YESTERDAY.
  NO SIGNIFICANT WEATHER WAS OBSERVED.


RELATIVE HUMIDITY (PERCENT)
 HIGHEST   100           600 AM
 LOWEST     56           100 PM
 AVERAGE    78

..........................................................


THE WILMINGTON NC CLIMATE NORMALS FOR TODAY
                         NORMAL    RECORD    YEAR
 MAXIMUM TEMPERATURE (F)   89        99      1999
 MINIMUM TEMPERATURE (F)   73        60      1914


SUNRISE AND SUNSET
JULY 31 2015..........SUNRISE   622 AM EDT   SUNSET   814 PM EDT
AUGUST  1 2015........SUNRISE   622 AM EDT   SUNSET   813 PM EDT


-  INDICATES NEGATIVE NUMBERS.
R  INDICATES RECORD WAS SET OR TIED.
MM INDICATES DATA IS MISSING.
T  INDICATES TRACE AMOUNT.




$$
