000
CDUS42 KILM 290843
CLIILM


CLIMATE REPORT
NATIONAL WEATHER SERVICE WILMINGTON NC
443 AM EDT SUN MAR 29 2015


...................................

...THE WILMINGTON NC CLIMATE SUMMARY FOR MARCH 28 2015...

CLIMATE NORMAL PERIOD 1981 TO 2010
CLIMATE RECORD PERIOD 1871 TO 2015


WEATHER ITEM   OBSERVED TIME   RECORD YEAR NORMAL DEPARTURE LAST
                VALUE   (LST)  VALUE       VALUE  FROM      YEAR
                                                  NORMAL
..................................................................
TEMPERATURE (F)
 YESTERDAY
  MAXIMUM         53    452 PM  90    1907  70    -17       75
  MINIMUM         36   1102 PM  29    1955  47    -11       48
  AVERAGE         45                        58    -13       62

PRECIPITATION (IN)
  YESTERDAY        0.04          1.20 2014   0.13  -0.09     1.20
  MONTH TO DATE    3.43                      3.83  -0.40     4.66
  SINCE MAR 1      3.43                      3.83  -0.40     4.66
  SINCE JAN 1     12.75                     11.21   1.54    10.12

SNOWFALL (IN)
  YESTERDAY        0.0          MM      MM   0.0    0.0      0.0
  MONTH TO DATE    0.0                       0.2   -0.2      0.0
  SINCE MAR 1      0.0                       0.2   -0.2      0.0
  SINCE JUL 1      0.3                       1.7   -1.4      1.0
  SNOW DEPTH       0

DEGREE DAYS
 HEATING
  YESTERDAY       20                         8     12        3
  MONTH TO DATE  267                       301    -34      399
  SINCE MAR 1    267                       301    -34      399
  SINCE JUL 1   2450                      2230    220     2333

 COOLING
  YESTERDAY        0                         1     -1        0
  MONTH TO DATE   20                        13      7        0
  SINCE MAR 1     20                        13      7        0
  SINCE JAN 1     26                        18      8        5
..................................................................


WIND (MPH)
  HIGHEST WIND SPEED    21   HIGHEST WIND DIRECTION     W (290)
  HIGHEST GUST SPEED    30   HIGHEST GUST DIRECTION    NW (310)
  AVERAGE WIND SPEED    10.6


SKY COVER
  POSSIBLE SUNSHINE  MM
  AVERAGE SKY COVER 0.5


WEATHER CONDITIONS
 THE FOLLOWING WEATHER WAS RECORDED YESTERDAY.
  RAIN
  LIGHT RAIN
  FOG


RELATIVE HUMIDITY (PERCENT)
 HIGHEST    92           700 AM
 LOWEST     35           400 PM
 AVERAGE    64

..........................................................


THE WILMINGTON NC CLIMATE NORMALS FOR TODAY
                         NORMAL    RECORD    YEAR
 MAXIMUM TEMPERATURE (F)   70        92      1907
 MINIMUM TEMPERATURE (F)   47        31      2011


SUNRISE AND SUNSET
MARCH 29 2015.........SUNRISE   703 AM EDT   SUNSET   730 PM EDT
MARCH 30 2015.........SUNRISE   702 AM EDT   SUNSET   731 PM EDT


-  INDICATES NEGATIVE NUMBERS.
R  INDICATES RECORD WAS SET OR TIED.
MM INDICATES DATA IS MISSING.
T  INDICATES TRACE AMOUNT.




$$
