000
CDUS42 KILM 010844
CLIILM


CLIMATE REPORT
NATIONAL WEATHER SERVICE WILMINGTON NC
444 AM EDT WED JUL 1 2015


...................................

...THE WILMINGTON NC CLIMATE SUMMARY FOR JUNE 30 2015...

CLIMATE NORMAL PERIOD 1981 TO 2010
CLIMATE RECORD PERIOD 1871 TO 2015


WEATHER ITEM   OBSERVED TIME   RECORD YEAR NORMAL DEPARTURE LAST
                VALUE   (LST)  VALUE       VALUE  FROM      YEAR
                                                  NORMAL
..................................................................
TEMPERATURE (F)
 YESTERDAY
  MAXIMUM         91    206 PM 103    2012  89      2       88
  MINIMUM         73    535 AM  57    1962  72      1       66
                                      1919
  AVERAGE         82                        80      2       77

PRECIPITATION (IN)
  YESTERDAY        0.00          7.03 1876   0.20  -0.20     0.00
  MONTH TO DATE    7.11                      5.18   1.93     2.48
  SINCE JUN 1      7.11                      5.18   1.93     2.48
  SINCE JAN 1     27.68                     24.08   3.60    21.72

DEGREE DAYS
 HEATING
  YESTERDAY        0                         0      0        0
  MONTH TO DATE    0                         0      0        0
  SINCE JUN 1      0                         2     -2        0
  SINCE JUL 1   2597                      2411    186     2432

 COOLING
  YESTERDAY       17                        15      2       12
  MONTH TO DATE  494                       385    109      440
  SINCE JUN 1    494                       385    109      440
  SINCE JAN 1    787                       666    121      847
..................................................................


WIND (MPH)
  HIGHEST WIND SPEED    21   HIGHEST WIND DIRECTION     S (200)
  HIGHEST GUST SPEED    29   HIGHEST GUST DIRECTION     S (200)
  AVERAGE WIND SPEED    10.4


SKY COVER
  POSSIBLE SUNSHINE  MM
  AVERAGE SKY COVER 0.1


WEATHER CONDITIONS
 THE FOLLOWING WEATHER WAS RECORDED YESTERDAY.
  NO SIGNIFICANT WEATHER WAS OBSERVED.


RELATIVE HUMIDITY (PERCENT)
 HIGHEST    87           100 AM
 LOWEST     44           200 PM
 AVERAGE    66

..........................................................


THE WILMINGTON NC CLIMATE NORMALS FOR TODAY
                         NORMAL    RECORD    YEAR
 MAXIMUM TEMPERATURE (F)   89       100      2012
 MINIMUM TEMPERATURE (F)   72        54      1919


SUNRISE AND SUNSET
JULY  1 2015..........SUNRISE   603 AM EDT   SUNSET   828 PM EDT
JULY  2 2015..........SUNRISE   604 AM EDT   SUNSET   828 PM EDT


-  INDICATES NEGATIVE NUMBERS.
R  INDICATES RECORD WAS SET OR TIED.
MM INDICATES DATA IS MISSING.
T  INDICATES TRACE AMOUNT.




$$
