000
CDUS42 KILM 060940
CLIILM


CLIMATE REPORT
NATIONAL WEATHER SERVICE WILMINGTON NC
440 AM EST TUE DEC 6 2016


...................................

...THE WILMINGTON NC CLIMATE SUMMARY FOR DECEMBER 5 2016...

CLIMATE NORMAL PERIOD 1981 TO 2010
CLIMATE RECORD PERIOD 1871 TO 2016


WEATHER ITEM   OBSERVED TIME   RECORD YEAR NORMAL DEPARTURE LAST
                VALUE   (LST)  VALUE       VALUE  FROM      YEAR
                                                  NORMAL
..................................................................
TEMPERATURE (F)
 YESTERDAY
  MAXIMUM         65    459 AM  80    1998  62      3       64
  MINIMUM         48   1159 PM  23    1969  40      8       39
  AVERAGE         57                        51      6       52

PRECIPITATION (IN)
  YESTERDAY        1.02          1.90 1923   0.12   0.90     0.00
  MONTH TO DATE    1.35                      0.59   0.76     0.18
  SINCE DEC 1      1.35                      0.59   0.76     0.18
  SINCE JAN 1     67.63                     54.58  13.05    68.15

SNOWFALL (IN)
  YESTERDAY        0.0           0.1  1907   0.0    0.0      0.0
  MONTH TO DATE    0.0                       0.0    0.0      0.0
  SINCE DEC 1      0.0                       0.0    0.0      0.0
  SINCE JUL 1      0.0                       0.0    0.0      0.0
  SNOW DEPTH       0

DEGREE DAYS
 HEATING
  YESTERDAY        8                        14     -6       13
  MONTH TO DATE   59                        68     -9       44
  SINCE DEC 1     59                        68     -9       44
  SINCE JUL 1    418                       437    -19      274

 COOLING
  YESTERDAY        0                         0      0        0
  MONTH TO DATE    0                         0      0        5
  SINCE DEC 1      0                         0      0        5
  SINCE JAN 1   2394                      2037    357     2278
..................................................................


WIND (MPH)
  HIGHEST WIND SPEED    26   HIGHEST WIND DIRECTION     W (290)
  HIGHEST GUST SPEED    33   HIGHEST GUST DIRECTION    NW (300)
  AVERAGE WIND SPEED     8.3


SKY COVER
  POSSIBLE SUNSHINE  MM
  AVERAGE SKY COVER 0.7


WEATHER CONDITIONS
 THE FOLLOWING WEATHER WAS RECORDED YESTERDAY.
  HEAVY RAIN
  RAIN
  LIGHT RAIN
  FOG


RELATIVE HUMIDITY (PERCENT)
 HIGHEST   100          1200 AM
 LOWEST     67           400 PM
 AVERAGE    84

..........................................................


THE WILMINGTON NC CLIMATE NORMALS FOR TODAY
                         NORMAL    RECORD    YEAR
 MAXIMUM TEMPERATURE (F)   62        81      1998
 MINIMUM TEMPERATURE (F)   40        23      1876


SUNRISE AND SUNSET
DECEMBER  6 2016......SUNRISE   704 AM EST   SUNSET   502 PM EST
DECEMBER  7 2016......SUNRISE   705 AM EST   SUNSET   502 PM EST


-  INDICATES NEGATIVE NUMBERS.
R  INDICATES RECORD WAS SET OR TIED.
MM INDICATES DATA IS MISSING.
T  INDICATES TRACE AMOUNT.




$$
