000
CDUS42 KILM 300841
CLIILM


CLIMATE REPORT
NATIONAL WEATHER SERVICE WILMINGTON NC
441 AM EDT THU OCT 30 2014


...................................

...THE WILMINGTON NC CLIMATE SUMMARY FOR OCTOBER 29 2014...

CLIMATE NORMAL PERIOD 1981 TO 2010
CLIMATE RECORD PERIOD 1871 TO 2014


WEATHER ITEM   OBSERVED TIME   RECORD YEAR NORMAL DEPARTURE LAST
                VALUE   (LST)  VALUE       VALUE  FROM      YEAR
                                                  NORMAL
..................................................................
TEMPERATURE (F)
 YESTERDAY
  MAXIMUM         82R   206 PM  82    1984  73      9       76
                                      1922
  MINIMUM         63    445 AM  30    1976  50     13       50
  AVERAGE         73                        61     12       63

PRECIPITATION (IN)
  YESTERDAY        T             2.76 1880   0.09  -0.09     0.00
  MONTH TO DATE    1.36                      3.70  -2.34     2.27
  SINCE SEP 1      7.36                     11.54  -4.18     3.25
  SINCE JAN 1     49.87                     50.51  -0.64    45.74

DEGREE DAYS
 HEATING
  YESTERDAY        0                         5     -5        2
  MONTH TO DATE   47                        81    -34       72
  SINCE SEP 1     49                        86    -37       72
  SINCE JUL 1     49                        86    -37       72

 COOLING
  YESTERDAY        8                         2      6        0
  MONTH TO DATE  113                        95     18       99
  SINCE SEP 1    423                       389     34      377
  SINCE JAN 1   2180                      2012    168     1867
..................................................................


WIND (MPH)
  HIGHEST WIND SPEED    20   HIGHEST WIND DIRECTION     W (250)
  HIGHEST GUST SPEED    28   HIGHEST GUST DIRECTION     W (260)
  AVERAGE WIND SPEED     8.9


SKY COVER
  POSSIBLE SUNSHINE  MM
  AVERAGE SKY COVER 0.2


WEATHER CONDITIONS
 THE FOLLOWING WEATHER WAS RECORDED YESTERDAY.
  LIGHT RAIN
  FOG


RELATIVE HUMIDITY (PERCENT)
 HIGHEST   100           400 AM
 LOWEST     45           100 PM
 AVERAGE    73

..........................................................


THE WILMINGTON NC CLIMATE NORMALS FOR TODAY
                         NORMAL    RECORD    YEAR
 MAXIMUM TEMPERATURE (F)   72        87      1996
 MINIMUM TEMPERATURE (F)   50        30      1952


SUNRISE AND SUNSET
OCTOBER 30 2014.......SUNRISE   730 AM EDT   SUNSET   620 PM EDT
OCTOBER 31 2014.......SUNRISE   731 AM EDT   SUNSET   619 PM EDT


-  INDICATES NEGATIVE NUMBERS.
R  INDICATES RECORD WAS SET OR TIED.
MM INDICATES DATA IS MISSING.
T  INDICATES TRACE AMOUNT.




$$
