000
CDUS42 KILM 252144
CLIILM


CLIMATE REPORT
NATIONAL WEATHER SERVICE WILMINGTON NC
441 PM EST SUN FEB 25 2018


...................................

...THE WILMINGTON NORTH CAROLINA CLIMATE SUMMARY FOR FEBRUARY 25 2018...
VALID TODAY AS OF 0400 PM LOCAL TIME.

CLIMATE NORMAL PERIOD 1981 TO 2010
CLIMATE RECORD PERIOD 1871 TO 2018


WEATHER ITEM   OBSERVED TIME   RECORD YEAR NORMAL DEPARTURE LAST
                VALUE   (LST)  VALUE       VALUE  FROM      YEAR
                                                  NORMAL
..................................................................
TEMPERATURE (F)
 TODAY
  MAXIMUM         82R   225 PM  81    1930  62     20       79
  MINIMUM         65    447 AM  18    1967  39     26       49
  AVERAGE         74                        51     23       64

PRECIPITATION (IN)
  TODAY            0.00          1.87 1960   0.13  -0.13     0.00
  MONTH TO DATE    1.70                      3.23  -1.53     1.32
  SINCE DEC 1     12.38                     10.61   1.77    10.90
  SINCE JAN 1      8.52                      6.99   1.53     5.54

SNOWFALL (IN)
  TODAY            0.0           7.2  1942   0.0    0.0      0.0
  MONTH TO DATE    0.0                       0.3   -0.3      0.0
  SINCE DEC 1      3.8                       1.5    2.3       T
  SINCE JUL 1      3.8                       1.5    2.3       T
  SNOW DEPTH       0

DEGREE DAYS
 HEATING
  TODAY            0                        15    -15        1
  MONTH TO DATE  212                       412   -200      240
  SINCE DEC 1   1436                      1518    -82     1127
  SINCE JUL 1   1774                      1887   -113     1486

 COOLING
  TODAY            9                         0      9        0
  MONTH TO DATE   39                         0     39        5
  SINCE DEC 1     40                         7     33        8
  SINCE JAN 1     40                         2     38        5
..................................................................


WIND (MPH)
  RESULTANT WIND SPEED  11   RESULTANT WIND DIRECTION  SW (210)
  HIGHEST WIND SPEED    22   HIGHEST WIND DIRECTION    SW (210)
  HIGHEST GUST SPEED    30   HIGHEST GUST DIRECTION    SW (210)
  AVERAGE WIND SPEED    11.5


SKY COVER
  POSSIBLE SUNSHINE  MM
  AVERAGE SKY COVER 0.1


WEATHER CONDITIONS
 THE FOLLOWING WEATHER WAS RECORDED TODAY.
  NO SIGNIFICANT WEATHER WAS OBSERVED.


RELATIVE HUMIDITY (PERCENT)
 HIGHEST   100           100 AM
 LOWEST     54          1200 PM
 AVERAGE    77

..........................................................


THE WILMINGTON NORTH CAROLINA CLIMATE NORMALS FOR TOMORROW
                         NORMAL    RECORD    YEAR
 MAXIMUM TEMPERATURE (F)   62        83      1977
 MINIMUM TEMPERATURE (F)   40        19      1967


SUNRISE AND SUNSET
FEBRUARY 25 2018......SUNRISE   645 AM EST   SUNSET   604 PM EST
FEBRUARY 26 2018......SUNRISE   644 AM EST   SUNSET   605 PM EST


-  INDICATES NEGATIVE NUMBERS.
R  INDICATES RECORD WAS SET OR TIED.
MM INDICATES DATA IS MISSING.
T  INDICATES TRACE AMOUNT.




$$
