000
CDUS42 KILM 250951
CLIILM


CLIMATE REPORT
NATIONAL WEATHER SERVICE WILMINGTON NC
451 AM EST SUN JAN 25 2015


...................................

...THE WILMINGTON NC CLIMATE SUMMARY FOR JANUARY 24 2015...

CLIMATE NORMAL PERIOD 1981 TO 2010
CLIMATE RECORD PERIOD 1871 TO 2015


WEATHER ITEM   OBSERVED TIME   RECORD YEAR NORMAL DEPARTURE LAST
                VALUE   (LST)  VALUE       VALUE  FROM      YEAR
                                                  NORMAL
..................................................................
TEMPERATURE (F)
 YESTERDAY
  MAXIMUM         67    633 AM  80    1974  57     10       33
  MINIMUM         41   1126 PM  16    2014  36      5       16
                                      2005
                                      2003
  AVERAGE         54                        46      8       25

PRECIPITATION (IN)
  YESTERDAY        1.57          2.38 1915   0.12   1.45     0.00
  MONTH TO DATE    4.88                      2.89   1.99     2.09
  SINCE DEC 1      9.87                      6.51   3.36     3.82
  SINCE JAN 1      4.88                      2.89   1.99     2.09

SNOWFALL (IN)
  YESTERDAY        0.0           1.0  1881   0.0    0.0      0.0
  MONTH TO DATE    0.0                       0.3   -0.3       T
  SINCE DEC 1      0.0                       1.1   -1.1       T
  SINCE JUL 1      0.0                       1.1   -1.1       T
  SNOW DEPTH       0

DEGREE DAYS
 HEATING
  YESTERDAY       11                        19     -8       40
  MONTH TO DATE  428                       456    -28      484
  SINCE DEC 1    891                       971    -80      882
  SINCE JUL 1   1344                      1340      4     1284

 COOLING
  YESTERDAY        0                         0      0        0
  MONTH TO DATE    6                         0      6        3
  SINCE DEC 1      6                         5      1       25
  SINCE JAN 1      6                         0      6        3
..................................................................


WIND (MPH)
  HIGHEST WIND SPEED    35   HIGHEST WIND DIRECTION    NW (310)
  HIGHEST GUST SPEED    44   HIGHEST GUST DIRECTION    SW (220)
  AVERAGE WIND SPEED    14.6


SKY COVER
  POSSIBLE SUNSHINE  MM
  AVERAGE SKY COVER 0.8


WEATHER CONDITIONS
 THE FOLLOWING WEATHER WAS RECORDED YESTERDAY.
  THUNDERSTORM
  HEAVY RAIN
  RAIN
  LIGHT RAIN
  FOG


RELATIVE HUMIDITY (PERCENT)
 HIGHEST   100          1200 AM
 LOWEST     71           300 PM
 AVERAGE    86

..........................................................


THE WILMINGTON NC CLIMATE NORMALS FOR TODAY
                         NORMAL    RECORD    YEAR
 MAXIMUM TEMPERATURE (F)   57        79      1937
                                             1909
 MINIMUM TEMPERATURE (F)   36        14      2014


SUNRISE AND SUNSET
JANUARY 25 2015.......SUNRISE   714 AM EST   SUNSET   535 PM EST
JANUARY 26 2015.......SUNRISE   713 AM EST   SUNSET   536 PM EST


-  INDICATES NEGATIVE NUMBERS.
R  INDICATES RECORD WAS SET OR TIED.
MM INDICATES DATA IS MISSING.
T  INDICATES TRACE AMOUNT.




$$
