000
CDUS42 KILM 310842
CLIILM


CLIMATE REPORT
NATIONAL WEATHER SERVICE WILMINGTON NC
442 AM EDT THU JUL 31 2014


...................................

...THE WILMINGTON NC CLIMATE SUMMARY FOR JULY 30 2014...

CLIMATE NORMAL PERIOD 1981 TO 2010
CLIMATE RECORD PERIOD 1871 TO 2014


WEATHER ITEM   OBSERVED TIME   RECORD YEAR NORMAL DEPARTURE LAST
                VALUE   (LST)  VALUE       VALUE  FROM      YEAR
                                                  NORMAL
..................................................................
TEMPERATURE (F)
 YESTERDAY
  MAXIMUM         84    351 PM 101    2011  89     -5       86
  MINIMUM         68    542 AM  61    1914  73     -5       71
  AVERAGE         76                        81     -5       79

PRECIPITATION (IN)
  YESTERDAY        0.00          3.82 1966   0.25  -0.25     0.09
  MONTH TO DATE   11.98                      7.23   4.75     5.64
  SINCE JUN 1     14.46                     12.41   2.05    17.10
  SINCE JAN 1     33.70                     31.31   2.39    33.81

DEGREE DAYS
 HEATING
  YESTERDAY        0                         0      0        0
  MONTH TO DATE    0                         0      0        0
  SINCE JUN 1      0                         2     -2        0
  SINCE JUL 1      0                         0      0        0

 COOLING
  YESTERDAY       11                        16     -5       14
  MONTH TO DATE  455                       480    -25      454
  SINCE JUN 1    895                       865     30      834
  SINCE JAN 1   1302                      1146    156     1060
..................................................................


WIND (MPH)
  HIGHEST WIND SPEED    14   HIGHEST WIND DIRECTION     E (70)
  HIGHEST GUST SPEED    19   HIGHEST GUST DIRECTION     E (100)
  AVERAGE WIND SPEED     6.2


SKY COVER
  POSSIBLE SUNSHINE  MM
  AVERAGE SKY COVER 0.1


WEATHER CONDITIONS
 THE FOLLOWING WEATHER WAS RECORDED YESTERDAY.
  FOG


RELATIVE HUMIDITY (PERCENT)
 HIGHEST   100          1200 AM
 LOWEST     48           300 PM
 AVERAGE    74

..........................................................


THE WILMINGTON NC CLIMATE NORMALS FOR TODAY
                         NORMAL    RECORD    YEAR
 MAXIMUM TEMPERATURE (F)   89        99      1999
 MINIMUM TEMPERATURE (F)   73        60      1914


SUNRISE AND SUNSET
JULY 31 2014..........SUNRISE   622 AM EDT   SUNSET   814 PM EDT
AUGUST  1 2014........SUNRISE   623 AM EDT   SUNSET   813 PM EDT


-  INDICATES NEGATIVE NUMBERS.
R  INDICATES RECORD WAS SET OR TIED.
MM INDICATES DATA IS MISSING.
T  INDICATES TRACE AMOUNT.




$$
