000
CDUS42 KILM 290849
CLIILM


CLIMATE REPORT
NATIONAL WEATHER SERVICE WILMINGTON NC
448 AM EDT WED MAR 29 2017


...................................

...THE WILMINGTON NC CLIMATE SUMMARY FOR MARCH 28 2017...

CLIMATE NORMAL PERIOD 1981 TO 2010
CLIMATE RECORD PERIOD 1871 TO 2017


WEATHER ITEM   OBSERVED TIME   RECORD YEAR NORMAL DEPARTURE LAST
                VALUE   (LST)  VALUE       VALUE  FROM      YEAR
                                                  NORMAL
..................................................................
TEMPERATURE (F)
 YESTERDAY
  MAXIMUM         83    134 PM  90    1907  70     13       82
  MINIMUM         60    537 AM  29    1955  47     13       59
  AVERAGE         72                        58     14       71

PRECIPITATION (IN)
  YESTERDAY        0.01          1.20 2014   0.13  -0.12     0.04
  MONTH TO DATE    1.99                      3.83  -1.84     2.77
  SINCE MAR 1      1.99                      3.83  -1.84     2.77
  SINCE JAN 1      7.54                     11.21  -3.67    14.84

SNOWFALL (IN)
  YESTERDAY        0.0          MM      MM   0.0    0.0      0.0
  MONTH TO DATE    1.1                       0.2    0.9      0.0
  SINCE MAR 1      1.1                       0.2    0.9      0.0
  SINCE JUL 1      1.1                       1.7   -0.6       T
  SNOW DEPTH       0

DEGREE DAYS
 HEATING
  YESTERDAY        0                         8     -8        0
  MONTH TO DATE  366                       301     65      159
  SINCE MAR 1    366                       301     65      159
  SINCE JUL 1   1881                      2230   -349     1646

 COOLING
  YESTERDAY        7                         1      6        6
  MONTH TO DATE   18                        13      5       72
  SINCE MAR 1     18                        13      5       72
  SINCE JAN 1     24                        18      6       75
..................................................................


WIND (MPH)
  HIGHEST WIND SPEED    20   HIGHEST WIND DIRECTION    SW (210)
  HIGHEST GUST SPEED    27   HIGHEST GUST DIRECTION    SW (210)
  AVERAGE WIND SPEED     8.1


SKY COVER
  POSSIBLE SUNSHINE  MM
  AVERAGE SKY COVER 0.4


WEATHER CONDITIONS
 THE FOLLOWING WEATHER WAS RECORDED YESTERDAY.
  THUNDERSTORM
  LIGHT RAIN
  FOG


RELATIVE HUMIDITY (PERCENT)
 HIGHEST    97           500 AM
 LOWEST     49           200 PM
 AVERAGE    73

..........................................................


THE WILMINGTON NC CLIMATE NORMALS FOR TODAY
                         NORMAL    RECORD    YEAR
 MAXIMUM TEMPERATURE (F)   70        92      1907
 MINIMUM TEMPERATURE (F)   47        29      2015


SUNRISE AND SUNSET
MARCH 29 2017.........SUNRISE   703 AM EDT   SUNSET   730 PM EDT
MARCH 30 2017.........SUNRISE   701 AM EDT   SUNSET   731 PM EDT


-  INDICATES NEGATIVE NUMBERS.
R  INDICATES RECORD WAS SET OR TIED.
MM INDICATES DATA IS MISSING.
T  INDICATES TRACE AMOUNT.




$$
