000
CDUS42 KILM 300843
CLIILM


CLIMATE REPORT
NATIONAL WEATHER SERVICE WILMINGTON NC
443 AM EDT TUE AUG 30 2016


...................................

...THE WILMINGTON NC CLIMATE SUMMARY FOR AUGUST 29 2016...

CLIMATE NORMAL PERIOD 1981 TO 2010
CLIMATE RECORD PERIOD 1871 TO 2016


WEATHER ITEM   OBSERVED TIME   RECORD YEAR NORMAL DEPARTURE LAST
                VALUE   (LST)  VALUE       VALUE  FROM      YEAR
                                                  NORMAL
..................................................................
TEMPERATURE (F)
 YESTERDAY
  MAXIMUM         90    316 PM  96    1993  87      3       87
                                      1932
                                      1903
  MINIMUM         73   1159 PM  57    1968  70      3       66
  AVERAGE         82                        78      4       77

PRECIPITATION (IN)
  YESTERDAY        0.70          2.15 1935   0.24   0.46     0.00
  MONTH TO DATE    7.62                      6.92   0.70     7.53
  SINCE JUN 1     18.96                     19.58  -0.62    17.95
  SINCE JAN 1     41.65                     38.48   3.17    38.52

DEGREE DAYS
 HEATING
  YESTERDAY        0                         0      0        0
  MONTH TO DATE    0                         0      0        0
  SINCE JUN 1      0                         2     -2        0
  SINCE JUL 1      0                         0      0        0

 COOLING
  YESTERDAY       17                        13      4       12
  MONTH TO DATE  502                       430     72      423
  SINCE JUN 1   1507                      1316    191     1468
  SINCE JAN 1   1842                      1597    245     1761
..................................................................


WIND (MPH)
  HIGHEST WIND SPEED    30   HIGHEST WIND DIRECTION    SE (120)
  HIGHEST GUST SPEED    34   HIGHEST GUST DIRECTION    SE (130)
  AVERAGE WIND SPEED     6.3


SKY COVER
  POSSIBLE SUNSHINE  MM
  AVERAGE SKY COVER 0.5


WEATHER CONDITIONS
 THE FOLLOWING WEATHER WAS RECORDED YESTERDAY.
  THUNDERSTORM
  HEAVY RAIN
  LIGHT RAIN
  FOG


RELATIVE HUMIDITY (PERCENT)
 HIGHEST   100           300 AM
 LOWEST     59           300 PM
 AVERAGE    80

..........................................................


THE WILMINGTON NC CLIMATE NORMALS FOR TODAY
                         NORMAL    RECORD    YEAR
 MAXIMUM TEMPERATURE (F)   87        98      1932
 MINIMUM TEMPERATURE (F)   70        55      1982


SUNRISE AND SUNSET
AUGUST 30 2016........SUNRISE   644 AM EDT   SUNSET   740 PM EDT
AUGUST 31 2016........SUNRISE   645 AM EDT   SUNSET   738 PM EDT


-  INDICATES NEGATIVE NUMBERS.
R  INDICATES RECORD WAS SET OR TIED.
MM INDICATES DATA IS MISSING.
T  INDICATES TRACE AMOUNT.




$$
