000
CDUS42 KILM 030842
CLIILM


CLIMATE REPORT
NATIONAL WEATHER SERVICE WILMINGTON NC
441 AM EDT THU SEP 3 2015


...................................

...THE WILMINGTON NC CLIMATE SUMMARY FOR SEPTEMBER 2 2015...

CLIMATE NORMAL PERIOD 1981 TO 2010
CLIMATE RECORD PERIOD 1871 TO 2015


WEATHER ITEM   OBSERVED TIME   RECORD YEAR NORMAL DEPARTURE LAST
                VALUE   (LST)  VALUE       VALUE  FROM      YEAR
                                                  NORMAL
..................................................................
TEMPERATURE (F)
 YESTERDAY
  MAXIMUM         94    201 PM  96    1912  86      8       92
  MINIMUM         73    545 AM  56    1887  69      4       76
  AVERAGE         84                        78      6       84

PRECIPITATION (IN)
  YESTERDAY        0.00          1.83 1877   0.28  -0.28     0.00
  MONTH TO DATE    0.00                      0.56  -0.56      T
  SINCE SEP 1      0.00                      0.56  -0.56      T
  SINCE JAN 1     39.94                     39.53   0.41    42.51

DEGREE DAYS
 HEATING
  YESTERDAY        0                         0      0        0
  MONTH TO DATE    0                         0      0        0
  SINCE SEP 1      0                         0      0        0
  SINCE JUL 1      0                         0      0        0

 COOLING
  YESTERDAY       19                        13      6       19
  MONTH TO DATE   35                        26      9       36
  SINCE SEP 1     35                        26      9       36
  SINCE JAN 1   1820                      1649    171     1793
..................................................................


WIND (MPH)
  HIGHEST WIND SPEED    10   HIGHEST WIND DIRECTION     S (170)
  HIGHEST GUST SPEED    13   HIGHEST GUST DIRECTION    NW (310)
  AVERAGE WIND SPEED     4.6


SKY COVER
  POSSIBLE SUNSHINE  MM
  AVERAGE SKY COVER 0.0


WEATHER CONDITIONS
 THE FOLLOWING WEATHER WAS RECORDED YESTERDAY.
  NO SIGNIFICANT WEATHER WAS OBSERVED.


RELATIVE HUMIDITY (PERCENT)
 HIGHEST    94          1200 AM
 LOWEST     41           200 PM
 AVERAGE    68

..........................................................


THE WILMINGTON NC CLIMATE NORMALS FOR TODAY
                         NORMAL    RECORD    YEAR
 MAXIMUM TEMPERATURE (F)   86        97      2010
                                             1926
 MINIMUM TEMPERATURE (F)   69        55      1909


SUNRISE AND SUNSET
SEPTEMBER  3 2015.....SUNRISE   646 AM EDT   SUNSET   735 PM EDT
SEPTEMBER  4 2015.....SUNRISE   647 AM EDT   SUNSET   734 PM EDT


-  INDICATES NEGATIVE NUMBERS.
R  INDICATES RECORD WAS SET OR TIED.
MM INDICATES DATA IS MISSING.
T  INDICATES TRACE AMOUNT.




$$
