000
CDUS43 KILX 030645
CLIILX


CLIMATE REPORT
NATIONAL WEATHER SERVICE LINCOLN IL
145 AM CDT THU SEP 3 2015


...................................

...THE LINCOLN IL CLIMATE SUMMARY FOR SEPTEMBER 2 2015...

CLIMATE NORMAL PERIOD 1981 TO 2010
CLIMATE RECORD PERIOD 1905 TO 2015


WEATHER ITEM   OBSERVED TIME   RECORD YEAR NORMAL DEPARTURE LAST
                VALUE   (LST)  VALUE       VALUE  FROM      YEAR
                                                  NORMAL
..................................................................
TEMPERATURE (F)
 YESTERDAY
  MAXIMUM         92        MM 101    1953  83      9       82
  MINIMUM         66        MM  44    1919  59      7       65
  AVERAGE         79                        71      8       74

PRECIPITATION (IN)
  YESTERDAY        0.00          1.66 1935   0.11  -0.11     0.03
  MONTH TO DATE    0.00                      0.23  -0.23     0.05
  SINCE SEP 1      0.00                      0.23  -0.23     0.05
  SINCE JAN 1     31.07                     27.65   3.42    28.70

SNOWFALL (IN)
  YESTERDAY        0.0           0.0    MM   0.0    0.0      0.0
  MONTH TO DATE    0.0                       0.0    0.0      0.0
  SINCE SEP 1      0.0                       0.0    0.0      0.0
  SINCE JUL 1      0.0                       0.0    0.0      0.0
  SNOW DEPTH       0

DEGREE DAYS
 HEATING
  YESTERDAY        0                         1     -1        0
  MONTH TO DATE    0                         2     -2        0
  SINCE SEP 1      0                         2     -2        0
  SINCE JUL 1      9                        11     -2       10

 COOLING
  YESTERDAY       14                         7      7        9
  MONTH TO DATE   30                        14     16       20
  SINCE SEP 1     30                        14     16       20
  SINCE JAN 1    834                       903    -69      774
..................................................................


WIND (MPH)
  HIGHEST WIND SPEED    MM   HIGHEST WIND DIRECTION    MM
  HIGHEST GUST SPEED    MM   HIGHEST GUST DIRECTION    MM
  AVERAGE WIND SPEED    MM


SKY COVER
  POSSIBLE SUNSHINE  MM


WEATHER CONDITIONS
 THE FOLLOWING WEATHER WAS RECORDED YESTERDAY.
  FOG


..........................................................


THE LINCOLN IL CLIMATE NORMALS FOR TODAY
                         NORMAL    RECORD    YEAR
 MAXIMUM TEMPERATURE (F)   83       100      1913
 MINIMUM TEMPERATURE (F)   59        41      1952


SUNRISE AND SUNSET
SEPTEMBER  3 2015.....SUNRISE   627 AM CDT   SUNSET   726 PM CDT
SEPTEMBER  4 2015.....SUNRISE   628 AM CDT   SUNSET   725 PM CDT


-  INDICATES NEGATIVE NUMBERS.
R  INDICATES RECORD WAS SET OR TIED.
MM INDICATES DATA IS MISSING.
T  INDICATES TRACE AMOUNT.




$$
