815
CDUS43 KILX 040636
CLIILX


CLIMATE REPORT
NATIONAL WEATHER SERVICE LINCOLN IL
136 AM CDT WED MAY 4 2016


...................................

...THE LINCOLN IL CLIMATE SUMMARY FOR MAY 3 2016...

CLIMATE NORMAL PERIOD 1981 TO 2010
CLIMATE RECORD PERIOD 1905 TO 2016


WEATHER ITEM   OBSERVED TIME   RECORD YEAR NORMAL DEPARTURE LAST
                VALUE   (LST)  VALUE       VALUE  FROM      YEAR
                                                  NORMAL
..................................................................
TEMPERATURE (F)
 YESTERDAY
  MAXIMUM         67        MM  90    1949  70     -3       82
  MINIMUM         39        MM  25    2005  47     -8       55
  AVERAGE         53                        59     -6       69

PRECIPITATION (IN)
  YESTERDAY        0.00          1.59 1942   0.13  -0.13      T
  MONTH TO DATE    0.10                      0.39  -0.29      T
  SINCE MAR 1      6.56                      6.60  -0.04     3.79
  SINCE JAN 1      8.80                     10.35  -1.55     6.55

SNOWFALL (IN)
  YESTERDAY        0.0           T    1917   0.0    0.0      0.0
  MONTH TO DATE    0.0                       0.0    0.0      0.0
  SINCE MAR 1      T                         2.0   -2.0      3.7
  SINCE JUL 1     12.3                      20.5   -8.2     21.9
  SNOW DEPTH       0

DEGREE DAYS
 HEATING
  YESTERDAY       12                         7      5        0
  MONTH TO DATE   35                        22     13       18
  SINCE MAR 1    958                      1154   -196     1170
  SINCE JUL 1   4753                      5577   -824     6107

 COOLING
  YESTERDAY        0                         1     -1        4
  MONTH TO DATE    0                         3     -3        4
  SINCE MAR 1      8                        18    -10        5
  SINCE JAN 1      8                        18    -10        5
..................................................................


WIND (MPH)
  HIGHEST WIND SPEED    MM   HIGHEST WIND DIRECTION    MM
  HIGHEST GUST SPEED    MM   HIGHEST GUST DIRECTION    MM
  AVERAGE WIND SPEED    MM


SKY COVER
  POSSIBLE SUNSHINE  MM


WEATHER CONDITIONS
 THE FOLLOWING WEATHER WAS RECORDED YESTERDAY.
  NO SIGNIFICANT WEATHER WAS OBSERVED.


..........................................................


THE LINCOLN IL CLIMATE NORMALS FOR TODAY
                         NORMAL    RECORD    YEAR
 MAXIMUM TEMPERATURE (F)   71        92      1952
 MINIMUM TEMPERATURE (F)   48        26      2005


SUNRISE AND SUNSET
MAY  4 2016...........SUNRISE   553 AM CDT   SUNSET   756 PM CDT
MAY  5 2016...........SUNRISE   552 AM CDT   SUNSET   757 PM CDT


-  INDICATES NEGATIVE NUMBERS.
R  INDICATES RECORD WAS SET OR TIED.
MM INDICATES DATA IS MISSING.
T  INDICATES TRACE AMOUNT.




$$
