000
CDUS43 KILX 310650
CLIILX


CLIMATE REPORT
NATIONAL WEATHER SERVICE LINCOLN IL
136 AM CDT TUE MAY 31 2016


...................................

...THE LINCOLN IL CLIMATE SUMMARY FOR MAY 30 2016...

CLIMATE NORMAL PERIOD 1981 TO 2010
CLIMATE RECORD PERIOD 1905 TO 2016


WEATHER ITEM   OBSERVED TIME   RECORD YEAR NORMAL DEPARTURE LAST
                VALUE   (LST)  VALUE       VALUE  FROM      YEAR
                                                  NORMAL
..................................................................
TEMPERATURE (F)
 YESTERDAY
  MAXIMUM         87        MM  98    1934  79      8       71
  MINIMUM         59        MM  36    1924  56      3       50
  AVERAGE         73                        68      5       61

PRECIPITATION (IN)
  YESTERDAY        0.00          1.40 2004   0.13  -0.13     1.33
  MONTH TO DATE    3.17                      4.03  -0.86     7.84
  SINCE MAR 1      9.63                     10.24  -0.61    11.63
  SINCE JAN 1     11.87                     13.99  -2.12    14.39

SNOWFALL (IN)
  YESTERDAY        0.0           T    2004   0.0    0.0      0.0
  MONTH TO DATE    0.0                       0.0    0.0      0.0
  SINCE MAR 1      T                         2.0   -2.0      3.7
  SINCE JUL 1     12.3                      20.5   -8.2     21.9
  SNOW DEPTH       0

DEGREE DAYS
 HEATING
  YESTERDAY        0                         2     -2        4
  MONTH TO DATE  155                       135     20       95
  SINCE MAR 1   1078                      1267   -189     1247
  SINCE JUL 1   4873                      5690   -817     6184

 COOLING
  YESTERDAY        8                         4      4        0
  MONTH TO DATE   70                        70      0      110
  SINCE MAR 1     78                        85     -7      111
  SINCE JAN 1     78                        85     -7      111
..................................................................


WIND (MPH)
  HIGHEST WIND SPEED    MM   HIGHEST WIND DIRECTION    MM
  HIGHEST GUST SPEED    MM   HIGHEST GUST DIRECTION    MM
  AVERAGE WIND SPEED    MM


SKY COVER
  POSSIBLE SUNSHINE  MM


WEATHER CONDITIONS
 THE FOLLOWING WEATHER WAS RECORDED YESTERDAY.
  NO SIGNIFICANT WEATHER WAS OBSERVED.


..........................................................


THE LINCOLN IL CLIMATE NORMALS FOR TODAY
                         NORMAL    RECORD    YEAR
 MAXIMUM TEMPERATURE (F)   79       102      1934
 MINIMUM TEMPERATURE (F)   57        33      1930


SUNRISE AND SUNSET
MAY 31 2016...........SUNRISE   530 AM CDT   SUNSET   820 PM CDT
JUNE  1 2016..........SUNRISE   530 AM CDT   SUNSET   821 PM CDT


-  INDICATES NEGATIVE NUMBERS.
R  INDICATES RECORD WAS SET OR TIED.
MM INDICATES DATA IS MISSING.
T  INDICATES TRACE AMOUNT.




$$
