000
CDUS43 KILX 262132
CLIILX


CLIMATE REPORT
NATIONAL WEATHER SERVICE LINCOLN IL
432 PM CDT THU MAR 26 2015


...................................

...THE LINCOLN IL CLIMATE SUMMARY FOR MARCH 26 2015...
VALID TODAY AS OF 0400 PM LOCAL TIME.

CLIMATE NORMAL PERIOD 1981 TO 2010
CLIMATE RECORD PERIOD 1905 TO 2015


WEATHER ITEM   OBSERVED TIME   RECORD YEAR NORMAL DEPARTURE LAST
                VALUE   (LST)  VALUE       VALUE  FROM      YEAR
                                                  NORMAL
..................................................................
TEMPERATURE (F)
 TODAY
  MAXIMUM         48        MM  79    2007  56     -8       45
  MINIMUM         33        MM   3    1955  34     -1       13
  AVERAGE         41                        45     -4       29

PRECIPITATION (IN)
  TODAY            0.11          1.17 2004   0.09   0.02      T
  MONTH TO DATE    1.49                      2.14  -0.65     1.17
  SINCE MAR 1      1.49                      2.14  -0.65     1.17
  SINCE JAN 1      4.25                      5.89  -1.64     5.83

SNOWFALL (IN)
  TODAY            0.0           4.0  1913   0.0    0.0      0.0
  MONTH TO DATE    3.7                       1.6    2.1      4.7
  SINCE MAR 1      3.7                       1.6    2.1      4.7
  SINCE JUL 1     21.9                      20.1    1.8     46.3
  SNOW DEPTH       0

DEGREE DAYS
 HEATING
  TODAY           24                        20      4       36
  MONTH TO DATE  709                       645     64      831
  SINCE MAR 1    709                       645     64      831
  SINCE JUL 1   5646                      5068    578     6075

 COOLING
  TODAY            0                         0      0        0
  MONTH TO DATE    0                         0      0        0
  SINCE MAR 1      0                         0      0        0
  SINCE JAN 1      0                         0      0        0
..................................................................







THE LINCOLN IL CLIMATE NORMALS FOR TOMORROW
                         NORMAL    RECORD    YEAR
 MAXIMUM TEMPERATURE (F)   56        83      1991
 MINIMUM TEMPERATURE (F)   34        13      1955


SUNRISE AND SUNSET
MARCH 26 2015.........SUNRISE   651 AM CDT   SUNSET   715 PM CDT
MARCH 27 2015.........SUNRISE   650 AM CDT   SUNSET   716 PM CDT


-  INDICATES NEGATIVE NUMBERS.
R  INDICATES RECORD WAS SET OR TIED.
MM INDICATES DATA IS MISSING.
T  INDICATES TRACE AMOUNT.




$$
