000
CDUS43 KILX 180643
CLIILX


CLIMATE REPORT
NATIONAL WEATHER SERVICE LINCOLN IL
1243 AM CST MON DEC 18 2017


...................................

...THE LINCOLN IL CLIMATE SUMMARY FOR DECEMBER 17 2017...

CLIMATE NORMAL PERIOD 1981 TO 2010
CLIMATE RECORD PERIOD 1905 TO 2017


WEATHER ITEM   OBSERVED TIME   RECORD YEAR NORMAL DEPARTURE LAST
                VALUE   (LST)  VALUE       VALUE  FROM      YEAR
                                                  NORMAL
..................................................................
TEMPERATURE (F)
 YESTERDAY
  MAXIMUM         48        MM  64    1984  36     12       30
  MINIMUM         37        MM -10    1914  21     16       13
  AVERAGE         43                        29     14       22

PRECIPITATION (IN)
  YESTERDAY        0.07          0.85 1924   0.08  -0.01     0.07
  MONTH TO DATE    0.13                      1.56  -1.43     0.69
  SINCE DEC 1      0.13                      1.56  -1.43     0.69
  SINCE JAN 1     33.13                     38.52  -5.39    39.11

SNOWFALL (IN)
  YESTERDAY        0.0           7.0  1981   0.2   -0.2      0.3
  MONTH TO DATE    T                         2.8   -2.8      3.1
  SINCE DEC 1      T                         2.8   -2.8      3.1
  SINCE JUL 1      T                         3.4   -3.4      3.1
  SNOW DEPTH       0

DEGREE DAYS
 HEATING
  YESTERDAY       22                        36    -14       43
  MONTH TO DATE  515                       570    -55      637
  SINCE DEC 1    515                       570    -55      637
  SINCE JUL 1   1568                      1713   -145     1414

 COOLING
  YESTERDAY        0                         0      0        0
  MONTH TO DATE    0                         0      0        0
  SINCE DEC 1      0                         0      0        0
  SINCE JAN 1    984                      1017    -33     1241
..................................................................


WIND (MPH)
  HIGHEST WIND SPEED    MM   HIGHEST WIND DIRECTION    MM
  HIGHEST GUST SPEED    MM   HIGHEST GUST DIRECTION    MM
  AVERAGE WIND SPEED    MM


SKY COVER
  POSSIBLE SUNSHINE  MM


WEATHER CONDITIONS
 THE FOLLOWING WEATHER WAS RECORDED YESTERDAY.
  LIGHT RAIN
  FOG


..........................................................


THE LINCOLN IL CLIMATE NORMALS FOR TODAY
                         NORMAL    RECORD    YEAR
 MAXIMUM TEMPERATURE (F)   36        63      1939
 MINIMUM TEMPERATURE (F)   21        -8      1922


SUNRISE AND SUNSET
DECEMBER 18 2017......SUNRISE   715 AM CST   SUNSET   434 PM CST
DECEMBER 19 2017......SUNRISE   715 AM CST   SUNSET   434 PM CST


-  INDICATES NEGATIVE NUMBERS.
R  INDICATES RECORD WAS SET OR TIED.
MM INDICATES DATA IS MISSING.
T  INDICATES TRACE AMOUNT.




$$
