000
CDUS43 KILX 280630
CLIILX


CLIMATE REPORT
NATIONAL WEATHER SERVICE LINCOLN IL
129 AM CDT WED SEP 28 2016


...................................

...THE LINCOLN IL CLIMATE SUMMARY FOR SEPTEMBER 27 2016...

CLIMATE NORMAL PERIOD 1981 TO 2010
CLIMATE RECORD PERIOD 1905 TO 2016


WEATHER ITEM   OBSERVED TIME   RECORD YEAR NORMAL DEPARTURE LAST
                VALUE   (LST)  VALUE       VALUE  FROM      YEAR
                                                  NORMAL
..................................................................
TEMPERATURE (F)
 YESTERDAY
  MAXIMUM         77        MM  92    1954  74      3       78
  MINIMUM         53        MM  29    1918  48      5       59
  AVERAGE         65                        61      4       69

PRECIPITATION (IN)
  YESTERDAY        0.00          1.98 1936   0.10  -0.10      T
  MONTH TO DATE    4.11                      2.91   1.20     4.65
  SINCE SEP 1      4.11                      2.91   1.20     4.65
  SINCE JAN 1     33.55                     30.33   3.22    35.72

SNOWFALL (IN)
  YESTERDAY        0.0           0.0    MM   0.0    0.0      0.0
  MONTH TO DATE    0.0                       0.0    0.0      0.0
  SINCE SEP 1      0.0                       0.0    0.0      0.0
  SINCE JUL 1      0.0                       0.0    0.0      0.0
  SNOW DEPTH       0

DEGREE DAYS
 HEATING
  YESTERDAY        0                         6     -6        0
  MONTH TO DATE    1                        66    -65       30
  SINCE SEP 1      1                        66    -65       30
  SINCE JUL 1     10                        75    -65       42

 COOLING
  YESTERDAY        0                         2     -2        4
  MONTH TO DATE  194                       110     84      180
  SINCE SEP 1    194                       110     84      180
  SINCE JAN 1   1185                       999    186      984
..................................................................


WIND (MPH)
  HIGHEST WIND SPEED    MM   HIGHEST WIND DIRECTION    MM
  HIGHEST GUST SPEED    MM   HIGHEST GUST DIRECTION    MM
  AVERAGE WIND SPEED    MM


SKY COVER
  POSSIBLE SUNSHINE  MM


WEATHER CONDITIONS
 THE FOLLOWING WEATHER WAS RECORDED YESTERDAY.
  NO SIGNIFICANT WEATHER WAS OBSERVED.


..........................................................


THE LINCOLN IL CLIMATE NORMALS FOR TODAY
                         NORMAL    RECORD    YEAR
 MAXIMUM TEMPERATURE (F)   73        96      1953
 MINIMUM TEMPERATURE (F)   48        26      1942


SUNRISE AND SUNSET
SEPTEMBER 28 2016.....SUNRISE   651 AM CDT   SUNSET   644 PM CDT
SEPTEMBER 29 2016.....SUNRISE   652 AM CDT   SUNSET   642 PM CDT


-  INDICATES NEGATIVE NUMBERS.
R  INDICATES RECORD WAS SET OR TIED.
MM INDICATES DATA IS MISSING.
T  INDICATES TRACE AMOUNT.




$$
