000
CDUS43 KILX 240642
CLIILX


CLIMATE REPORT
NATIONAL WEATHER SERVICE LINCOLN IL
142 AM CDT SAT JUN 24 2017


...................................

...THE LINCOLN IL CLIMATE SUMMARY FOR JUNE 23 2017...

CLIMATE NORMAL PERIOD 1981 TO 2010
CLIMATE RECORD PERIOD 1905 TO 2017


WEATHER ITEM   OBSERVED TIME   RECORD YEAR NORMAL DEPARTURE LAST
                VALUE   (LST)  VALUE       VALUE  FROM      YEAR
                                                  NORMAL
..................................................................
TEMPERATURE (F)
 YESTERDAY
  MAXIMUM         83        MM 102    1930  85     -2       86
  MINIMUM         64        MM  45    1972  63      1       66
  AVERAGE         74                        74      0       76

PRECIPITATION (IN)
  YESTERDAY        0.30          1.50 1960   0.15   0.15     0.00
  MONTH TO DATE    0.89                      3.23  -2.34     2.35
  SINCE JUN 1      0.89                      3.23  -2.34     2.35
  SINCE JAN 1     17.02                     17.35  -0.33    14.30

SNOWFALL (IN)
  YESTERDAY        0.0           0.0    MM   0.0    0.0      0.0
  MONTH TO DATE    0.0                       0.0    0.0      0.0
  SINCE JUN 1      0.0                       0.0    0.0      0.0
  SINCE JUL 1     10.9                      20.5   -9.6     12.3
  SNOW DEPTH       0

DEGREE DAYS
 HEATING
  YESTERDAY        0                         0      0        0
  MONTH TO DATE    0                        15    -15        1
  SINCE JUN 1      0                        15    -15        1
  SINCE JUL 1   4713                      5706   -993     4874

 COOLING
  YESTERDAY        9                         9      0       11
  MONTH TO DATE  239                       163     76      230
  SINCE JUN 1    239                       163     76      230
  SINCE JAN 1    329                       254     75      317
..................................................................


WIND (MPH)
  HIGHEST WIND SPEED    MM   HIGHEST WIND DIRECTION    MM
  HIGHEST GUST SPEED    MM   HIGHEST GUST DIRECTION    MM
  AVERAGE WIND SPEED    MM


SKY COVER
  POSSIBLE SUNSHINE  MM


WEATHER CONDITIONS
 THE FOLLOWING WEATHER WAS RECORDED YESTERDAY.
  THUNDERSTORM
  HEAVY RAIN
  RAIN
  LIGHT RAIN


..........................................................


THE LINCOLN IL CLIMATE NORMALS FOR TODAY
                         NORMAL    RECORD    YEAR
 MAXIMUM TEMPERATURE (F)   85        99      1953
 MINIMUM TEMPERATURE (F)   64        46      1926


SUNRISE AND SUNSET
JUNE 24 2017..........SUNRISE   529 AM CDT   SUNSET   831 PM CDT
JUNE 25 2017..........SUNRISE   529 AM CDT   SUNSET   831 PM CDT


-  INDICATES NEGATIVE NUMBERS.
R  INDICATES RECORD WAS SET OR TIED.
MM INDICATES DATA IS MISSING.
T  INDICATES TRACE AMOUNT.




$$
