000
CDUS43 KILX 250645
CLIILX


CLIMATE REPORT
NATIONAL WEATHER SERVICE LINCOLN IL
144 AM CDT FRI APR 25 2014


...................................

...THE LINCOLN IL CLIMATE SUMMARY FOR APRIL 24 2014...

CLIMATE NORMAL PERIOD 1981 TO 2010
CLIMATE RECORD PERIOD 1905 TO 2014


WEATHER ITEM   OBSERVED TIME   RECORD YEAR NORMAL DEPARTURE LAST
                VALUE   (LST)  VALUE       VALUE  FROM      YEAR
                                                  NORMAL
..................................................................
TEMPERATURE (F)
 YESTERDAY
  MAXIMUM         77        MM  89    1925  67     10       50
  MINIMUM         48        MM  18    1910  44      4       36
  AVERAGE         63                        56      7       43

PRECIPITATION (IN)
  YESTERDAY        0.09          1.76 1908   0.13  -0.04     0.10
  MONTH TO DATE    2.19                      2.83  -0.64     5.14
  SINCE MAR 1      4.08                      5.43  -1.35     7.87
  SINCE JAN 1      8.74                      9.18  -0.44    12.73

SNOWFALL (IN)
  YESTERDAY        0.0           4.0  1910   0.0    0.0       T
  MONTH TO DATE    T                         0.3   -0.3       T
  SINCE MAR 1      4.7                       2.0    2.7     12.7
  SINCE JUL 1     46.3                      20.5   25.8     23.0
  SNOW DEPTH       0

DEGREE DAYS
 HEATING
  YESTERDAY        2                        10     -8       22
  MONTH TO DATE  324                       338    -14      388
  SINCE MAR 1   1256                      1079    177     1330
  SINCE JUL 1   6500                      5502    998     5592

 COOLING
  YESTERDAY        0                         1     -1        0
  MONTH TO DATE    1                         7     -6        3
  SINCE MAR 1      1                         9     -8        3
  SINCE JAN 1      1                         9     -8        3
..................................................................


WIND (MPH)
  HIGHEST WIND SPEED    MM   HIGHEST WIND DIRECTION    MM
  HIGHEST GUST SPEED    MM   HIGHEST GUST DIRECTION    MM
  AVERAGE WIND SPEED    MM


SKY COVER
  POSSIBLE SUNSHINE  MM


WEATHER CONDITIONS
 THE FOLLOWING WEATHER WAS RECORDED YESTERDAY.
  LIGHT RAIN


..........................................................


THE LINCOLN IL CLIMATE NORMALS FOR TODAY
                         NORMAL    RECORD    YEAR
 MAXIMUM TEMPERATURE (F)   68        89      1954
 MINIMUM TEMPERATURE (F)   44        21      1934


SUNRISE AND SUNSET
APRIL 25 2014.........SUNRISE   605 AM CDT   SUNSET   746 PM CDT
APRIL 26 2014.........SUNRISE   604 AM CDT   SUNSET   747 PM CDT


-  INDICATES NEGATIVE NUMBERS.
R  INDICATES RECORD WAS SET OR TIED.
MM INDICATES DATA IS MISSING.
T  INDICATES TRACE AMOUNT.




$$
