000
CDUS43 KILX 270725
CLIILX


CLIMATE REPORT
NATIONAL WEATHER SERVICE LINCOLN IL
125 AM CST THU NOV 27 2014


...................................

...THE LINCOLN IL CLIMATE SUMMARY FOR NOVEMBER 26 2014...

CLIMATE NORMAL PERIOD 1981 TO 2010
CLIMATE RECORD PERIOD 1905 TO 2014


WEATHER ITEM   OBSERVED TIME   RECORD YEAR NORMAL DEPARTURE LAST
                VALUE   (LST)  VALUE       VALUE  FROM      YEAR
                                                  NORMAL
..................................................................
TEMPERATURE (F)
 YESTERDAY
  MAXIMUM         31        MM  72    1927  45    -14       36
  MINIMUM         20        MM   2    1977  29     -9       18
  AVERAGE         26                        37    -11       27

PRECIPITATION (IN)
  YESTERDAY        0.09          1.28 1940   0.11  -0.02     0.00
  MONTH TO DATE    2.23                      2.81  -0.58     1.21
  SINCE SEP 1     14.28                      9.10   5.18     5.65
  SINCE JAN 1     42.93                     36.52   6.41    34.79

SNOWFALL (IN)
  YESTERDAY        0.8           2.0  1972   0.0    0.8      0.0
  MONTH TO DATE    1.0                       0.4    0.6      0.5
  SINCE SEP 1      1.0                       0.4    0.6      0.5
  SINCE JUL 1      1.0                       0.4    0.6      0.5
  SNOW DEPTH      MM

DEGREE DAYS
 HEATING
  YESTERDAY       39                        28     11       38
  MONTH TO DATE  785                       569    216      665
  SINCE SEP 1   1261                      1016    245     1106
  SINCE JUL 1   1271                      1025    246     1128

 COOLING
  YESTERDAY        0                         0      0        0
  MONTH TO DATE    0                         0      0        0
  SINCE SEP 1     84                       128    -44      176
  SINCE JAN 1    838                      1017   -179      947
..................................................................


WIND (MPH)
  HIGHEST WIND SPEED    MM   HIGHEST WIND DIRECTION    MM
  HIGHEST GUST SPEED    MM   HIGHEST GUST DIRECTION    MM
  AVERAGE WIND SPEED    MM


SKY COVER
  POSSIBLE SUNSHINE  MM


WEATHER CONDITIONS
 THE FOLLOWING WEATHER WAS RECORDED YESTERDAY.
  SNOW
  LIGHT SNOW
  FOG


..........................................................


THE LINCOLN IL CLIMATE NORMALS FOR TODAY
                         NORMAL    RECORD    YEAR
 MAXIMUM TEMPERATURE (F)   45        72      1990
 MINIMUM TEMPERATURE (F)   28         0      1930


SUNRISE AND SUNSET
NOVEMBER 27 2014......SUNRISE   656 AM CST   SUNSET   434 PM CST
NOVEMBER 28 2014......SUNRISE   657 AM CST   SUNSET   433 PM CST


-  INDICATES NEGATIVE NUMBERS.
R  INDICATES RECORD WAS SET OR TIED.
MM INDICATES DATA IS MISSING.
T  INDICATES TRACE AMOUNT.




$$
