000
CDUS43 KILX 250637
CLIILX


CLIMATE REPORT
NATIONAL WEATHER SERVICE LINCOLN IL
135 AM CDT FRI JUL 25 2014


...................................

...THE LINCOLN IL CLIMATE SUMMARY FOR JULY 24 2014...

CLIMATE NORMAL PERIOD 1981 TO 2010
CLIMATE RECORD PERIOD 1905 TO 2014


WEATHER ITEM   OBSERVED TIME   RECORD YEAR NORMAL DEPARTURE LAST
                VALUE   (LST)  VALUE       VALUE  FROM      YEAR
                                                  NORMAL
..................................................................
TEMPERATURE (F)
 YESTERDAY
  MAXIMUM         76        MM 104    1934  85     -9       75
  MINIMUM         53        MM  52    1925  64    -11       55
  AVERAGE         65                        74     -9       65

PRECIPITATION (IN)
  YESTERDAY        0.00          1.85 1971   0.16  -0.16     0.00
  MONTH TO DATE    3.59                      4.04  -0.45     1.99
  SINCE JUN 1     10.01                      8.36   1.65     5.24
  SINCE JAN 1     21.33                     22.48  -1.15    26.40

SNOWFALL (IN)
  YESTERDAY        0.0           0.0    MM   0.0    0.0      0.0
  MONTH TO DATE    0.0                       0.0    0.0       T
  SINCE JUN 1      0.0                       0.0    0.0       T
  SINCE JUL 1      0.0                       0.0    0.0       T
  SNOW DEPTH       0

DEGREE DAYS
 HEATING
  YESTERDAY        0                         0      0        0
  MONTH TO DATE    7                         0      7        0
  SINCE JUN 1     14                        17     -3       17
  SINCE JUL 1      7                         0      7        0

 COOLING
  YESTERDAY        0                        10    -10        0
  MONTH TO DATE  103                       247   -144      231
  SINCE JUN 1    340                       479   -139      455
  SINCE JAN 1    469                       570   -101      557
..................................................................


WIND (MPH)
  HIGHEST WIND SPEED    MM   HIGHEST WIND DIRECTION    MM
  HIGHEST GUST SPEED     0   HIGHEST GUST DIRECTION     N (0)
  AVERAGE WIND SPEED    MM


SKY COVER
  POSSIBLE SUNSHINE   0 PERCENT


WEATHER CONDITIONS
 THE FOLLOWING WEATHER WAS RECORDED YESTERDAY.
  NO SIGNIFICANT WEATHER WAS OBSERVED.


..........................................................


THE LINCOLN IL CLIMATE NORMALS FOR TODAY
                         NORMAL    RECORD    YEAR
 MAXIMUM TEMPERATURE (F)   85       105      1934
 MINIMUM TEMPERATURE (F)   64        48      1913


SUNRISE AND SUNSET
JULY 25 2014..........SUNRISE   549 AM CDT   SUNSET   818 PM CDT
JULY 26 2014..........SUNRISE   550 AM CDT   SUNSET   817 PM CDT


-  INDICATES NEGATIVE NUMBERS.
R  INDICATES RECORD WAS SET OR TIED.
MM INDICATES DATA IS MISSING.
T  INDICATES TRACE AMOUNT.




$$
