000
CDUS43 KILX 022140
CLIILX


CLIMATE REPORT
NATIONAL WEATHER SERVICE LINCOLN IL
440 PM CDT TUE SEP 2 2014


...................................

...THE LINCOLN IL CLIMATE SUMMARY FOR SEPTEMBER 2 2014...
VALID TODAY AS OF 0400 PM LOCAL TIME.

CLIMATE NORMAL PERIOD 1981 TO 2010
CLIMATE RECORD PERIOD 1905 TO 2014


WEATHER ITEM   OBSERVED TIME   RECORD YEAR NORMAL DEPARTURE LAST
                VALUE   (LST)  VALUE       VALUE  FROM      YEAR
                                                  NORMAL
..................................................................
TEMPERATURE (F)
 TODAY
  MAXIMUM         82        MM 101    1953  83     -1       82
  MINIMUM         69        MM  44    1919  59     10       58
  AVERAGE         76                        71      5       70

PRECIPITATION (IN)
  TODAY            0.03          1.66 1935   0.11  -0.08     0.00
  MONTH TO DATE    0.05                      0.23  -0.18     0.00
  SINCE SEP 1      0.05                      0.23  -0.18     0.00
  SINCE JAN 1     28.70                     27.65   1.05    29.14

SNOWFALL (IN)
  TODAY            0.0           0.0    MM   0.0    0.0      0.0
  MONTH TO DATE    0.0                       0.0    0.0      0.0
  SINCE SEP 1      0.0                       0.0    0.0      0.0
  SINCE JUL 1      0.0                       0.0    0.0       T
  SNOW DEPTH       0

DEGREE DAYS
 HEATING
  TODAY            0                         1     -1        0
  MONTH TO DATE    0                         2     -2        0
  SINCE SEP 1      0                         2     -2        0
  SINCE JUL 1     10                        11     -1       22

 COOLING
  TODAY           11                         7      4        5
  MONTH TO DATE   22                        14      8       17
  SINCE SEP 1     22                        14      8       17
  SINCE JAN 1    776                       903   -127      788
..................................................................







THE LINCOLN IL CLIMATE NORMALS FOR TOMORROW
                         NORMAL    RECORD    YEAR
 MAXIMUM TEMPERATURE (F)   83       100      1913
 MINIMUM TEMPERATURE (F)   59        41      1952


SUNRISE AND SUNSET
SEPTEMBER  2 2014.....SUNRISE   626 AM CDT   SUNSET   727 PM CDT
SEPTEMBER  3 2014.....SUNRISE   627 AM CDT   SUNSET   726 PM CDT


-  INDICATES NEGATIVE NUMBERS.
R  INDICATES RECORD WAS SET OR TIED.
MM INDICATES DATA IS MISSING.
T  INDICATES TRACE AMOUNT.




$$
