000
CDUS43 KILX 210631
CLIILX


CLIMATE REPORT
NATIONAL WEATHER SERVICE LINCOLN IL
1229 AM CST TUE FEB 21 2017


...................................

...THE LINCOLN IL CLIMATE SUMMARY FOR FEBRUARY 20 2017...

CLIMATE NORMAL PERIOD 1981 TO 2010
CLIMATE RECORD PERIOD 1905 TO 2017


WEATHER ITEM   OBSERVED TIME   RECORD YEAR NORMAL DEPARTURE LAST
                VALUE   (LST)  VALUE       VALUE  FROM      YEAR
                                                  NORMAL
..................................................................
TEMPERATURE (F)
 YESTERDAY
  MAXIMUM         74R       MM  70    2016  41     33       70
  MINIMUM         45        MM -11    1929  24     21       35
  AVERAGE         60                        32     28       53

PRECIPITATION (IN)
  YESTERDAY        0.00          0.75 1951   0.06  -0.06     0.00
  MONTH TO DATE    0.33                      1.24  -0.91     1.12
  SINCE DEC 1      3.45                      5.81  -2.36     8.92
  SINCE JAN 1      2.09                      3.17  -1.08     2.11

SNOWFALL (IN)
  YESTERDAY        0.0           4.0  1911   0.2   -0.2      0.0
  MONTH TO DATE    3.4                       4.4   -1.0      4.8
  SINCE DEC 1      7.2                      16.5   -9.3     10.4
  SINCE JUL 1      7.2                      17.1   -9.9     11.4
  SNOW DEPTH       0

DEGREE DAYS
 HEATING
  YESTERDAY        5                        33    -28       12
  MONTH TO DATE  544                       717   -173      684
  SINCE DEC 1   2682                      3028   -346     2644
  SINCE JUL 1   3459                      4171   -712     3571

 COOLING
  YESTERDAY        0                         0      0        0
  MONTH TO DATE    0                         0      0        0
  SINCE DEC 1      0                         0      0        0
  SINCE JAN 1      0                         0      0        0
..................................................................


WIND (MPH)
  HIGHEST WIND SPEED    MM   HIGHEST WIND DIRECTION    MM
  HIGHEST GUST SPEED    MM   HIGHEST GUST DIRECTION    MM
  AVERAGE WIND SPEED    MM


SKY COVER
  POSSIBLE SUNSHINE  MM


WEATHER CONDITIONS
 THE FOLLOWING WEATHER WAS RECORDED YESTERDAY.
  FOG
  FOG W/VISIBILITY <= 1/4 MILE


..........................................................


THE LINCOLN IL CLIMATE NORMALS FOR TODAY
                         NORMAL    RECORD    YEAR
 MAXIMUM TEMPERATURE (F)   41        69      1930
 MINIMUM TEMPERATURE (F)   24        -6      1963


SUNRISE AND SUNSET
FEBRUARY 21 2017......SUNRISE   642 AM CST   SUNSET   540 PM CST
FEBRUARY 22 2017......SUNRISE   641 AM CST   SUNSET   541 PM CST


-  INDICATES NEGATIVE NUMBERS.
R  INDICATES RECORD WAS SET OR TIED.
MM INDICATES DATA IS MISSING.
T  INDICATES TRACE AMOUNT.




$$
