000
CDUS43 KILX 242131
CLIILX


CLIMATE REPORT
NATIONAL WEATHER SERVICE LINCOLN IL
431 PM CDT MON APR 24 2017


...................................

...THE LINCOLN IL CLIMATE SUMMARY FOR APRIL 24 2017...
VALID TODAY AS OF 0400 PM LOCAL TIME.

CLIMATE NORMAL PERIOD 1981 TO 2010
CLIMATE RECORD PERIOD 1905 TO 2017


WEATHER ITEM   OBSERVED TIME   RECORD YEAR NORMAL DEPARTURE LAST
                VALUE   (LST)  VALUE       VALUE  FROM      YEAR
                                                  NORMAL
..................................................................
TEMPERATURE (F)
 TODAY
  MAXIMUM         79        MM  89    1925  67     12       78
  MINIMUM         38        MM  18    1910  44     -6       46
  AVERAGE         59                        56      3       62

PRECIPITATION (IN)
  TODAY            0.00          1.76 1908   0.13  -0.13     0.00
  MONTH TO DATE    2.73                      2.83  -0.10     1.49
  SINCE MAR 1      6.72                      5.43   1.29     5.36
  SINCE JAN 1      9.37                      9.18   0.19     7.60

SNOWFALL (IN)
  TODAY            0.0           4.0  1910   0.0    0.0      0.0
  MONTH TO DATE    0.0                       0.3   -0.3       T
  SINCE MAR 1      3.7                       2.0    1.7       T
  SINCE JUL 1     10.9                      20.5   -9.6     12.3
  SNOW DEPTH       0

DEGREE DAYS
 HEATING
  TODAY            6                        10     -4        3
  MONTH TO DATE  205                       338   -133      333
  SINCE MAR 1    902                      1079   -177      884
  SINCE JUL 1   4510                      5502   -992     4679

 COOLING
  TODAY            0                         1     -1        0
  MONTH TO DATE   14                         7      7        2
  SINCE MAR 1     14                         9      5        2
  SINCE JAN 1     14                         9      5        2
..................................................................







THE LINCOLN IL CLIMATE NORMALS FOR TOMORROW
                         NORMAL    RECORD    YEAR
 MAXIMUM TEMPERATURE (F)   68        89      1954
 MINIMUM TEMPERATURE (F)   44        21      1934


SUNRISE AND SUNSET
APRIL 24 2017.........SUNRISE   606 AM CDT   SUNSET   746 PM CDT
APRIL 25 2017.........SUNRISE   605 AM CDT   SUNSET   747 PM CDT


-  INDICATES NEGATIVE NUMBERS.
R  INDICATES RECORD WAS SET OR TIED.
MM INDICATES DATA IS MISSING.
T  INDICATES TRACE AMOUNT.




$$
