000
CDUS43 KILX 300648
CLIILX


CLIMATE REPORT
NATIONAL WEATHER SERVICE LINCOLN IL
147 AM CDT WED JUL 30 2014


...................................

...THE LINCOLN IL CLIMATE SUMMARY FOR JULY 29 2014...

CLIMATE NORMAL PERIOD 1981 TO 2010
CLIMATE RECORD PERIOD 1905 TO 2014


WEATHER ITEM   OBSERVED TIME   RECORD YEAR NORMAL DEPARTURE LAST
                VALUE   (LST)  VALUE       VALUE  FROM      YEAR
                                                  NORMAL
..................................................................
TEMPERATURE (F)
 YESTERDAY
  MAXIMUM         77        MM 104    1916  85     -8       77
  MINIMUM         55        MM  47    1925  64     -9       48
  AVERAGE         66                        74     -8       63

PRECIPITATION (IN)
  YESTERDAY        0.00          2.06 1966   0.14  -0.14     0.00
  MONTH TO DATE    4.78                      4.78   0.00     2.12
  SINCE JUN 1     11.20                      9.10   2.10     5.37
  SINCE JAN 1     22.52                     23.22  -0.70    26.53

SNOWFALL (IN)
  YESTERDAY        0.0           0.0    MM   0.0    0.0      0.0
  MONTH TO DATE    0.0                       0.0    0.0       T
  SINCE JUN 1      0.0                       0.0    0.0       T
  SINCE JUL 1      0.0                       0.0    0.0       T
  SNOW DEPTH       0

DEGREE DAYS
 HEATING
  YESTERDAY        0                         0      0        2
  MONTH TO DATE    9                         0      9       11
  SINCE JUN 1     16                        17     -1       28
  SINCE JUL 1      9                         0      9       11

 COOLING
  YESTERDAY        1                         9     -8        0
  MONTH TO DATE  123                       293   -170      232
  SINCE JUN 1    360                       525   -165      456
  SINCE JAN 1    489                       616   -127      558
..................................................................


WIND (MPH)
  HIGHEST WIND SPEED    MM   HIGHEST WIND DIRECTION    MM
  HIGHEST GUST SPEED     0   HIGHEST GUST DIRECTION     N (0)
  AVERAGE WIND SPEED    MM


SKY COVER
  POSSIBLE SUNSHINE   0 PERCENT


WEATHER CONDITIONS
 THE FOLLOWING WEATHER WAS RECORDED YESTERDAY.
  NO SIGNIFICANT WEATHER WAS OBSERVED.


..........................................................


THE LINCOLN IL CLIMATE NORMALS FOR TODAY
                         NORMAL    RECORD    YEAR
 MAXIMUM TEMPERATURE (F)   85       104      1913
 MINIMUM TEMPERATURE (F)   64        49      1928


SUNRISE AND SUNSET
JULY 30 2014..........SUNRISE   554 AM CDT   SUNSET   813 PM CDT
JULY 31 2014..........SUNRISE   554 AM CDT   SUNSET   812 PM CDT


-  INDICATES NEGATIVE NUMBERS.
R  INDICATES RECORD WAS SET OR TIED.
MM INDICATES DATA IS MISSING.
T  INDICATES TRACE AMOUNT.




$$
