000
CDUS43 KILX 220647
CLIILX


CLIMATE REPORT
NATIONAL WEATHER SERVICE LINCOLN IL
147 AM CDT MON SEP 22 2014


...................................

...THE LINCOLN IL CLIMATE SUMMARY FOR SEPTEMBER 21 2014...

CLIMATE NORMAL PERIOD 1981 TO 2010
CLIMATE RECORD PERIOD 1905 TO 2014


WEATHER ITEM   OBSERVED TIME   RECORD YEAR NORMAL DEPARTURE LAST
                VALUE   (LST)  VALUE       VALUE  FROM      YEAR
                                                  NORMAL
..................................................................
TEMPERATURE (F)
 YESTERDAY
  MAXIMUM         72        MM  94    1940  76     -4       70
  MINIMUM         52        MM  34    1918  51      1       47
  AVERAGE         62                        64     -2       59

PRECIPITATION (IN)
  YESTERDAY        0.00          1.97 1919   0.11  -0.11     0.00
  MONTH TO DATE    7.62                      2.29   5.33     0.63
  SINCE SEP 1      7.62                      2.29   5.33     0.63
  SINCE JAN 1     36.27                     29.71   6.56    29.77

SNOWFALL (IN)
  YESTERDAY        0.0           0.0    MM   0.0    0.0      0.0
  MONTH TO DATE    0.0                       0.0    0.0      0.0
  SINCE SEP 1      0.0                       0.0    0.0      0.0
  SINCE JUL 1      0.0                       0.0    0.0       T
  SNOW DEPTH       0

DEGREE DAYS
 HEATING
  YESTERDAY        3                         4     -1        6
  MONTH TO DATE   95                        37     58       34
  SINCE SEP 1     95                        37     58       34
  SINCE JUL 1    105                        46     59       56

 COOLING
  YESTERDAY        0                         3     -3        0
  MONTH TO DATE   63                        98    -35      129
  SINCE SEP 1     63                        98    -35      129
  SINCE JAN 1    817                       987   -170      900
..................................................................


WIND (MPH)
  HIGHEST WIND SPEED    MM   HIGHEST WIND DIRECTION    MM
  HIGHEST GUST SPEED    MM   HIGHEST GUST DIRECTION    MM
  AVERAGE WIND SPEED    MM


SKY COVER
  POSSIBLE SUNSHINE  MM


WEATHER CONDITIONS
 THE FOLLOWING WEATHER WAS RECORDED YESTERDAY.
  NO SIGNIFICANT WEATHER WAS OBSERVED.


..........................................................


THE LINCOLN IL CLIMATE NORMALS FOR TODAY
                         NORMAL    RECORD    YEAR
 MAXIMUM TEMPERATURE (F)   76        94      2005
                                             1956
 MINIMUM TEMPERATURE (F)   51        32      1913


SUNRISE AND SUNSET
SEPTEMBER 22 2014.....SUNRISE   645 AM CDT   SUNSET   654 PM CDT
SEPTEMBER 23 2014.....SUNRISE   646 AM CDT   SUNSET   653 PM CDT


-  INDICATES NEGATIVE NUMBERS.
R  INDICATES RECORD WAS SET OR TIED.
MM INDICATES DATA IS MISSING.
T  INDICATES TRACE AMOUNT.




$$
