000
CDUS43 KILX 220649
CLIILX


CLIMATE REPORT
NATIONAL WEATHER SERVICE LINCOLN IL
1241 AM CST MON DEC 22 2014


...................................

...THE LINCOLN IL CLIMATE SUMMARY FOR DECEMBER 21 2014...

CLIMATE NORMAL PERIOD 1981 TO 2010
CLIMATE RECORD PERIOD 1905 TO 2014


WEATHER ITEM   OBSERVED TIME   RECORD YEAR NORMAL DEPARTURE LAST
                VALUE   (LST)  VALUE       VALUE  FROM      YEAR
                                                  NORMAL
..................................................................
TEMPERATURE (F)
 YESTERDAY
  MAXIMUM         37        MM  62    1941  36      1       33
  MINIMUM         33        MM -12    1963  20     13       29
  AVERAGE         35                        28      7       31

PRECIPITATION (IN)
  YESTERDAY        0.00          2.81 1949   0.07  -0.07     0.72
  MONTH TO DATE    0.73                      1.85  -1.12     1.43
  SINCE DEC 1      0.73                      1.85  -1.12     1.43
  SINCE JAN 1     43.66                     38.81   4.85    36.22

SNOWFALL (IN)
  YESTERDAY        0.0           2.0  1962   0.3   -0.3      0.0
  MONTH TO DATE    0.4                       3.8   -3.4      6.4
  SINCE DEC 1      0.4                       3.8   -3.4      6.4
  SINCE JUL 1      1.4                       4.4   -3.0      6.9
  SNOW DEPTH       0

DEGREE DAYS
 HEATING
  YESTERDAY       30                        37     -7       34
  MONTH TO DATE  694                       717    -23      802
  SINCE DEC 1    694                       717    -23      802
  SINCE JUL 1   2092                      1860    232     2080

 COOLING
  YESTERDAY        0                         0      0        0
  MONTH TO DATE    0                         0      0        0
  SINCE DEC 1      0                         0      0        0
  SINCE JAN 1    838                      1017   -179      947
..................................................................


WIND (MPH)
  HIGHEST WIND SPEED    MM   HIGHEST WIND DIRECTION    MM
  HIGHEST GUST SPEED    MM   HIGHEST GUST DIRECTION    MM
  AVERAGE WIND SPEED    MM


SKY COVER
  POSSIBLE SUNSHINE  MM


WEATHER CONDITIONS
 THE FOLLOWING WEATHER WAS RECORDED YESTERDAY.
  HAZE


..........................................................


THE LINCOLN IL CLIMATE NORMALS FOR TODAY
                         NORMAL    RECORD    YEAR
 MAXIMUM TEMPERATURE (F)   35        61      1933
 MINIMUM TEMPERATURE (F)   20       -12      1963


SUNRISE AND SUNSET
DECEMBER 22 2014......SUNRISE   717 AM CST   SUNSET   435 PM CST
DECEMBER 23 2014......SUNRISE   717 AM CST   SUNSET   436 PM CST


-  INDICATES NEGATIVE NUMBERS.
R  INDICATES RECORD WAS SET OR TIED.
MM INDICATES DATA IS MISSING.
T  INDICATES TRACE AMOUNT.




$$
