000
CDUS43 KIND 250533
CLIIND


CLIMATE REPORT
NATIONAL WEATHER SERVICE INDIANAPOLIS IN
133 AM EDT TUE JUL 25 2017


...................................

...THE INDIANAPOLIS IN CLIMATE SUMMARY FOR JULY 24 2017...

CLIMATE NORMAL PERIOD 1981 TO 2010
CLIMATE RECORD PERIOD 1871 TO 2017


WEATHER ITEM   OBSERVED TIME   RECORD YEAR NORMAL DEPARTURE LAST
                VALUE   (LST)  VALUE       VALUE  FROM      YEAR
                                                  NORMAL
..................................................................
TEMPERATURE (F)
 YESTERDAY
  MAXIMUM         82    452 PM 105    1934  85     -3       92
  MINIMUM         67    553 AM  52    1947  66      1       77
  AVERAGE         75                        75      0       85

PRECIPITATION (IN)
  YESTERDAY        0.00          1.98 1933   0.14  -0.14     0.00
  MONTH TO DATE    5.95                      3.67   2.28     5.37
  SINCE JUN 1     12.48                      7.92   4.56     9.90
  SINCE JAN 1     36.76                     25.32  11.44    27.41

SNOWFALL (IN)
  YESTERDAY        0.0                       0.0    0.0      0.0
  MONTH TO DATE    0.0                       0.0    0.0      0.0
  SINCE JUN 1      0.0                       0.0    0.0      0.0
  SINCE JUL 1      0.0                       0.0    0.0      0.0
  SNOW DEPTH       0

DEGREE DAYS
 HEATING
  YESTERDAY        0                         0      0        0
  MONTH TO DATE    0                         0      0        2
  SINCE JUN 1      3                        16    -13        3
  SINCE JUL 1      0                         0      0        2

 COOLING
  YESTERDAY       10                        10      0       20
  MONTH TO DATE  293                       255     38      271
  SINCE JUN 1    513                       481     32      566
  SINCE JAN 1    619                       565     54      667
..................................................................


WIND (MPH)
  HIGHEST WIND SPEED    15   HIGHEST WIND DIRECTION     N (340)
  HIGHEST GUST SPEED    19   HIGHEST GUST DIRECTION    NW (330)
  AVERAGE WIND SPEED     8.8


SKY COVER
  AVERAGE SKY COVER 0.3


WEATHER CONDITIONS
 THE FOLLOWING WEATHER WAS RECORDED YESTERDAY.
  NO SIGNIFICANT WEATHER WAS OBSERVED.


RELATIVE HUMIDITY (PERCENT)
 HIGHEST    93          1200 AM
 LOWEST     54           600 PM
 AVERAGE    74

..........................................................


THE INDIANAPOLIS IN CLIMATE NORMALS FOR TODAY
                         NORMAL    RECORD    YEAR
 MAXIMUM TEMPERATURE (F)   85       105      1934
 MINIMUM TEMPERATURE (F)   66        51      1911


SUNRISE AND SUNSET
JULY 25 2017..........SUNRISE   638 AM EDT   SUNSET   905 PM EDT
JULY 26 2017..........SUNRISE   639 AM EDT   SUNSET   904 PM EDT


-  INDICATES NEGATIVE NUMBERS.
R  INDICATES RECORD WAS SET OR TIED.
MM INDICATES DATA IS MISSING.
T  INDICATES TRACE AMOUNT.




$$
