954
CDUS43 KIND 220531
CLIIND


CLIMATE REPORT
NATIONAL WEATHER SERVICE INDIANAPOLIS IN
131 AM EDT FRI MAY 22 2015


...................................

...THE INDIANAPOLIS IN CLIMATE SUMMARY FOR MAY 21 2015...

CLIMATE NORMAL PERIOD 1981 TO 2010
CLIMATE RECORD PERIOD 1871 TO 2015


WEATHER ITEM   OBSERVED TIME   RECORD YEAR NORMAL DEPARTURE LAST
                VALUE   (LST)  VALUE       VALUE  FROM      YEAR
                                                  NORMAL
..................................................................
TEMPERATURE (F)
 YESTERDAY
  MAXIMUM         64    542 PM  92    1941  74    -10       84
  MINIMUM         47    553 AM  36    2002  54     -7       63
                                      1895
  AVERAGE         56                        64     -8       74

PRECIPITATION (IN)
  YESTERDAY        0.00          2.69 1880   0.18  -0.18     1.87
  MONTH TO DATE    0.94                      3.46  -2.52     4.85
  SINCE MAR 1      8.47                     10.83  -2.36    12.62
  SINCE JAN 1     11.62                     15.81  -4.19    17.41

SNOWFALL (IN)
  YESTERDAY        0.0           0.0    MM   0.0    0.0      0.0
  MONTH TO DATE    0.0                       0.0    0.0       T
  SINCE MAR 1      5.9                       2.8    3.1      3.4
  SINCE JUL 1     25.6                      25.9   -0.3     55.7
  SNOW DEPTH       0

DEGREE DAYS
 HEATING
  YESTERDAY        9                         4      5        0
  MONTH TO DATE   70                       115    -45      149
  SINCE MAR 1   1173                      1194    -21     1405
  SINCE JUL 1   5899                      5337    562     6202

 COOLING
  YESTERDAY        0                         3     -3        9
  MONTH TO DATE   83                        34     49       43
  SINCE MAR 1     89                        49     40       47
  SINCE JAN 1     89                        49     40       47
..................................................................


WIND (MPH)
  HIGHEST WIND SPEED    18   HIGHEST WIND DIRECTION     W (270)
  HIGHEST GUST SPEED    29   HIGHEST GUST DIRECTION    NW (300)
  AVERAGE WIND SPEED    10.0


SKY COVER
  AVERAGE SKY COVER 0.7


WEATHER CONDITIONS
 THE FOLLOWING WEATHER WAS RECORDED YESTERDAY.
  NO SIGNIFICANT WEATHER WAS OBSERVED.


RELATIVE HUMIDITY (PERCENT)
 HIGHEST    86          1200 AM
 LOWEST     36           600 PM
 AVERAGE    61

..........................................................


THE INDIANAPOLIS IN CLIMATE NORMALS FOR TODAY
                         NORMAL    RECORD    YEAR
 MAXIMUM TEMPERATURE (F)   75        93      1941
 MINIMUM TEMPERATURE (F)   55        35      1883


SUNRISE AND SUNSET
MAY 22 2015...........SUNRISE   625 AM EDT   SUNSET   859 PM EDT
MAY 23 2015...........SUNRISE   624 AM EDT   SUNSET   900 PM EDT


-  INDICATES NEGATIVE NUMBERS.
R  INDICATES RECORD WAS SET OR TIED.
MM INDICATES DATA IS MISSING.
T  INDICATES TRACE AMOUNT.




$$
