000
CDUS43 KIND 010033
CLIIND


CLIMATE REPORT
NATIONAL WEATHER SERVICE INDIANAPOLIS IN
733 PM EST SAT FEB 28 2015


...................................

...THE INDIANAPOLIS IN CLIMATE SUMMARY FOR FEBRUARY 28 2015...
VALID AS OF 0700 PM LOCAL TIME.

CLIMATE NORMAL PERIOD 1981 TO 2010
CLIMATE RECORD PERIOD 1871 TO 2015


WEATHER ITEM   OBSERVED TIME   RECORD YEAR NORMAL DEPARTURE LAST
                VALUE   (LST)  VALUE       VALUE  FROM      YEAR
                                                  NORMAL
..................................................................
TEMPERATURE (F)
 TODAY
  MAXIMUM         25    458 PM  68    1895  45    -20       36
  MINIMUM          7    422 AM   2    1993  28    -21        8
  AVERAGE         16                        36    -20       22

PRECIPITATION (IN)
  TODAY            T             1.17 2011   0.09  -0.09     0.00
  MONTH TO DATE    1.11                      2.32  -1.21     2.45
  SINCE DEC 1      5.47                      8.15  -2.68     9.23
  SINCE JAN 1      2.92                      4.98  -2.06     4.79

SNOWFALL (IN)
  TODAY            T             5.4  1984   0.2   -0.2      0.0
  MONTH TO DATE   11.8                       6.5    5.3     16.5
  SINCE DEC 1     15.0                      22.0   -7.0     52.2
  SINCE JUL 1     17.7                      23.1   -5.4     52.3
  SNOW DEPTH       4

..................................................................


WIND (MPH)
  HIGHEST WIND SPEED    14   HIGHEST WIND DIRECTION     E (110)
  HIGHEST GUST SPEED    19   HIGHEST GUST DIRECTION     E (110)
  AVERAGE WIND SPEED     7.9


SKY COVER
  AVERAGE SKY COVER 0.8


WEATHER CONDITIONS
 THE FOLLOWING WEATHER WAS RECORDED TODAY.
  LIGHT SNOW


RELATIVE HUMIDITY (PERCENT)
 HIGHEST    76           200 AM
 LOWEST     45           200 PM

..........................................................


THE INDIANAPOLIS IN CLIMATE NORMALS FOR TOMORROW
                         NORMAL    RECORD    YEAR
 MAXIMUM TEMPERATURE (F)   45        71      1976
 MINIMUM TEMPERATURE (F)   28        -4      1960


SUNRISE AND SUNSET
FEBRUARY 28 2015......SUNRISE   720 AM EST   SUNSET   636 PM EST
MARCH  1 2015.........SUNRISE   719 AM EST   SUNSET   637 PM EST


-  INDICATES NEGATIVE NUMBERS.
R  INDICATES RECORD WAS SET OR TIED.
MM INDICATES DATA IS MISSING.
T  INDICATES TRACE AMOUNT.




$$
