000
CDUS43 KIND 250536
CLIIND


CLIMATE REPORT
NATIONAL WEATHER SERVICE INDIANAPOLIS IN
136 AM EDT TUE APR 25 2017


...................................

...THE INDIANAPOLIS IN CLIMATE SUMMARY FOR APRIL 24 2017...

CLIMATE NORMAL PERIOD 1981 TO 2010
CLIMATE RECORD PERIOD 1871 TO 2017


WEATHER ITEM   OBSERVED TIME   RECORD YEAR NORMAL DEPARTURE LAST
                VALUE   (LST)  VALUE       VALUE  FROM      YEAR
                                                  NORMAL
..................................................................
TEMPERATURE (F)
 YESTERDAY
  MAXIMUM         76    510 PM  90    1925  66     10       76
  MINIMUM         46    618 AM  28    1910  46      0       46
  AVERAGE         61                        56      5       61

PRECIPITATION (IN)
  YESTERDAY        0.00          1.65 1880   0.13  -0.13     0.00
  MONTH TO DATE    1.47                      2.99  -1.52     3.70
  SINCE MAR 1      6.19                      6.55  -0.36     7.90
  SINCE JAN 1     11.64                     11.53   0.11    11.61

SNOWFALL (IN)
  YESTERDAY        0.0           0.1  1910   0.0    0.0      0.0
  MONTH TO DATE    0.0                       0.2   -0.2       T
  SINCE MAR 1      1.0                       2.8   -1.8      1.2
  SINCE JUL 1      9.7                      25.9  -16.2     13.3
  SNOW DEPTH       0

DEGREE DAYS
 HEATING
  YESTERDAY        4                        10     -6        4
  MONTH TO DATE  172                       319   -147      322
  SINCE MAR 1    823                      1026   -203      804
  SINCE JUL 1   4107                      5169  -1062     4257

 COOLING
  YESTERDAY        0                         1     -1        0
  MONTH TO DATE   22                         7     15        9
  SINCE MAR 1     24                         9     15        9
  SINCE JAN 1     24                         9     15        9
..................................................................


WIND (MPH)
  HIGHEST WIND SPEED    20   HIGHEST WIND DIRECTION     E (90)
  HIGHEST GUST SPEED    25   HIGHEST GUST DIRECTION     E (70)
  AVERAGE WIND SPEED    11.6


SKY COVER
  AVERAGE SKY COVER 0.3


WEATHER CONDITIONS
 THE FOLLOWING WEATHER WAS RECORDED YESTERDAY.
  NO SIGNIFICANT WEATHER WAS OBSERVED.


RELATIVE HUMIDITY (PERCENT)
 HIGHEST    67          1100 PM
 LOWEST     21           200 PM
 AVERAGE    44

..........................................................


THE INDIANAPOLIS IN CLIMATE NORMALS FOR TODAY
                         NORMAL    RECORD    YEAR
 MAXIMUM TEMPERATURE (F)   67        87      1915
 MINIMUM TEMPERATURE (F)   46        27      1919


SUNRISE AND SUNSET
APRIL 25 2017.........SUNRISE   653 AM EDT   SUNSET   834 PM EDT
APRIL 26 2017.........SUNRISE   652 AM EDT   SUNSET   835 PM EDT


-  INDICATES NEGATIVE NUMBERS.
R  INDICATES RECORD WAS SET OR TIED.
MM INDICATES DATA IS MISSING.
T  INDICATES TRACE AMOUNT.




$$
