000
CDUS43 KIND 300533
CLIIND


CLIMATE REPORT
NATIONAL WEATHER SERVICE INDIANAPOLIS IN
131 AM EDT TUE SEP 30 2014


...................................

...THE INDIANAPOLIS IN CLIMATE SUMMARY FOR SEPTEMBER 29 2014...

CLIMATE NORMAL PERIOD 1981 TO 2010
CLIMATE RECORD PERIOD 1871 TO 2014


WEATHER ITEM   OBSERVED TIME   RECORD YEAR NORMAL DEPARTURE LAST
                VALUE   (LST)  VALUE       VALUE  FROM      YEAR
                                                  NORMAL
..................................................................
TEMPERATURE (F)
 YESTERDAY
  MAXIMUM         82    408 PM  97    1953  72     10       66
  MINIMUM         54    702 AM  34    1970  50      4       59
  AVERAGE         68                        61      7       63

PRECIPITATION (IN)
  YESTERDAY        0.00          2.45 1955   0.10  -0.10     0.54
  MONTH TO DATE    2.53                      3.01  -0.48     2.86
  SINCE SEP 1      2.53                      3.01  -0.48     2.86
  SINCE JAN 1     33.05                     32.34   0.71    32.79

SNOWFALL (IN)
  YESTERDAY        0.0           0.0    MM   0.0    0.0      0.0
  MONTH TO DATE    0.0                       0.0    0.0      0.0
  SINCE SEP 1      0.0                       0.0    0.0      0.0
  SINCE JUL 1      0.0                       0.0    0.0      0.0
  SNOW DEPTH       0

DEGREE DAYS
 HEATING
  YESTERDAY        0                         6     -6        2
  MONTH TO DATE   70                        64      6       26
  SINCE SEP 1     70                        64      6       26
  SINCE JUL 1     76                        68      8       34

 COOLING
  YESTERDAY        3                         2      1        0
  MONTH TO DATE   94                       127    -33      169
  SINCE SEP 1     94                       127    -33      169
  SINCE JAN 1    891                      1048   -157     1128
..................................................................


WIND (MPH)
  HIGHEST WIND SPEED    12   HIGHEST WIND DIRECTION     N (10)
  HIGHEST GUST SPEED    16   HIGHEST GUST DIRECTION    NW (300)
  AVERAGE WIND SPEED     4.4


SKY COVER
  AVERAGE SKY COVER 0.0


WEATHER CONDITIONS
 THE FOLLOWING WEATHER WAS RECORDED YESTERDAY.
  HAZE


RELATIVE HUMIDITY (PERCENT)
 HIGHEST    89           700 AM
 LOWEST     22           300 PM
 AVERAGE    56

..........................................................


THE INDIANAPOLIS IN CLIMATE NORMALS FOR TODAY
                         NORMAL    RECORD    YEAR
 MAXIMUM TEMPERATURE (F)   72        89      1971
 MINIMUM TEMPERATURE (F)   50        30      1899


SUNRISE AND SUNSET
SEPTEMBER 30 2014.....SUNRISE   740 AM EDT   SUNSET   729 PM EDT
OCTOBER  1 2014.......SUNRISE   741 AM EDT   SUNSET   728 PM EDT


-  INDICATES NEGATIVE NUMBERS.
R  INDICATES RECORD WAS SET OR TIED.
MM INDICATES DATA IS MISSING.
T  INDICATES TRACE AMOUNT.




$$
