833
CDUS43 KIND 300536
CLIIND


CLIMATE REPORT
NATIONAL WEATHER SERVICE INDIANAPOLIS IN
135 AM EDT TUE MAY 30 2017


...................................

...THE INDIANAPOLIS IN CLIMATE SUMMARY FOR MAY 29 2017...

CLIMATE NORMAL PERIOD 1981 TO 2010
CLIMATE RECORD PERIOD 1871 TO 2017


WEATHER ITEM   OBSERVED TIME   RECORD YEAR NORMAL DEPARTURE LAST
                VALUE   (LST)  VALUE       VALUE  FROM      YEAR
                                                  NORMAL
..................................................................
TEMPERATURE (F)
 YESTERDAY
  MAXIMUM         82    319 PM  93    1895  77      5       85
  MINIMUM         56    430 AM  36    1965  57     -1       68
  AVERAGE         69                        67      2       77

PRECIPITATION (IN)
  YESTERDAY        T             2.19 1880   0.16  -0.16      T
  MONTH TO DATE    8.51                      4.74   3.77     3.74
  SINCE MAR 1     18.83                     12.11   6.72    13.80
  SINCE JAN 1     24.28                     17.09   7.19    17.51

SNOWFALL (IN)
  YESTERDAY        0.0           0.0    MM   0.0    0.0      0.0
  MONTH TO DATE    0.0                       0.0    0.0       T
  SINCE MAR 1      1.0                       2.8   -1.8      1.2
  SINCE JUL 1      9.7                      25.9  -16.2     13.3
  SNOW DEPTH       0

DEGREE DAYS
 HEATING
  YESTERDAY        0                         2     -2        0
  MONTH TO DATE  147                       137     10      159
  SINCE MAR 1    988                      1216   -228      991
  SINCE JUL 1   4272                      5359  -1087     4444

 COOLING
  YESTERDAY        4                         4      0       12
  MONTH TO DATE   70                        61      9       63
  SINCE MAR 1    102                        76     26       81
  SINCE JAN 1    102                        76     26       81
..................................................................


WIND (MPH)
  HIGHEST WIND SPEED    23   HIGHEST WIND DIRECTION     W (250)
  HIGHEST GUST SPEED    31   HIGHEST GUST DIRECTION    SW (240)
  AVERAGE WIND SPEED    10.4


SKY COVER
  AVERAGE SKY COVER 0.4


WEATHER CONDITIONS
 THE FOLLOWING WEATHER WAS RECORDED YESTERDAY.
  THUNDERSTORM
  LIGHT RAIN
  FOG


RELATIVE HUMIDITY (PERCENT)
 HIGHEST   100           100 AM
 LOWEST     35           300 PM
 AVERAGE    68

..........................................................


THE INDIANAPOLIS IN CLIMATE NORMALS FOR TODAY
                         NORMAL    RECORD    YEAR
 MAXIMUM TEMPERATURE (F)   77        94      1895
 MINIMUM TEMPERATURE (F)   57        37      1947
                                             1889


SUNRISE AND SUNSET
MAY 30 2017...........SUNRISE   620 AM EDT   SUNSET   906 PM EDT
MAY 31 2017...........SUNRISE   620 AM EDT   SUNSET   907 PM EDT


-  INDICATES NEGATIVE NUMBERS.
R  INDICATES RECORD WAS SET OR TIED.
MM INDICATES DATA IS MISSING.
T  INDICATES TRACE AMOUNT.




$$
