000
CDUS43 KIND 310531
CLIIND


CLIMATE REPORT
NATIONAL WEATHER SERVICE INDIANAPOLIS IN
130 AM EDT FRI JUL 31 2015


...................................

...THE INDIANAPOLIS IN CLIMATE SUMMARY FOR JULY 30 2015...

CLIMATE NORMAL PERIOD 1981 TO 2010
CLIMATE RECORD PERIOD 1871 TO 2015


WEATHER ITEM   OBSERVED TIME   RECORD YEAR NORMAL DEPARTURE LAST
                VALUE   (LST)  VALUE       VALUE  FROM      YEAR
                                                  NORMAL
..................................................................
TEMPERATURE (F)
 YESTERDAY
  MAXIMUM         86    339 PM 103    1940  84      2       78
  MINIMUM         64    546 AM  51    1965  66     -2       57
  AVERAGE         75                        75      0       68

PRECIPITATION (IN)
  YESTERDAY        0.00          1.63 1911   0.13  -0.13     0.02
  MONTH TO DATE   13.14                      4.43   8.71     3.10
  SINCE JUN 1     21.50                      8.68  12.82    10.14
  SINCE JAN 1     34.63                     26.08   8.55    27.57

SNOWFALL (IN)
  YESTERDAY        0.0           0.0    MM   0.0    0.0      0.0
  MONTH TO DATE    0.0                       0.0    0.0      0.0
  SINCE JUN 1      T                         0.0    0.0      0.0
  SINCE JUL 1      0.0                       0.0    0.0      0.0
  SNOW DEPTH       0

DEGREE DAYS
 HEATING
  YESTERDAY        0                         0      0        0
  MONTH TO DATE    0                         0      0        4
  SINCE JUN 1     16                        16      0        6
  SINCE JUL 1      0                         0      0        4

 COOLING
  YESTERDAY       10                        10      0        3
  MONTH TO DATE  292                       315    -23      167
  SINCE JUN 1    543                       541      2      405
  SINCE JAN 1    691                       625     66      509
..................................................................


WIND (MPH)
  HIGHEST WIND SPEED    20   HIGHEST WIND DIRECTION     W (290)
  HIGHEST GUST SPEED    28   HIGHEST GUST DIRECTION     W (290)
  AVERAGE WIND SPEED     8.8


SKY COVER
  AVERAGE SKY COVER 0.3


WEATHER CONDITIONS
 THE FOLLOWING WEATHER WAS RECORDED YESTERDAY.
  NO SIGNIFICANT WEATHER WAS OBSERVED.


RELATIVE HUMIDITY (PERCENT)
 HIGHEST    78           300 AM
 LOWEST     34           400 PM
 AVERAGE    56

..........................................................


THE INDIANAPOLIS IN CLIMATE NORMALS FOR TODAY
                         NORMAL    RECORD    YEAR
 MAXIMUM TEMPERATURE (F)   84        98      1913
 MINIMUM TEMPERATURE (F)   66        49      1895


SUNRISE AND SUNSET
JULY 31 2015..........SUNRISE   643 AM EDT   SUNSET   859 PM EDT
AUGUST  1 2015........SUNRISE   644 AM EDT   SUNSET   858 PM EDT


-  INDICATES NEGATIVE NUMBERS.
R  INDICATES RECORD WAS SET OR TIED.
MM INDICATES DATA IS MISSING.
T  INDICATES TRACE AMOUNT.




$$
