000
CDUS43 KIND 030601
CLIIND


CLIMATE REPORT
NATIONAL WEATHER SERVICE INDIANAPOLIS IN
101 AM EST SAT DEC 3 2016


...................................

...THE INDIANAPOLIS IN CLIMATE SUMMARY FOR DECEMBER 2 2016...

CLIMATE NORMAL PERIOD 1981 TO 2010
CLIMATE RECORD PERIOD 1871 TO 2016


WEATHER ITEM   OBSERVED TIME   RECORD YEAR NORMAL DEPARTURE LAST
                VALUE   (LST)  VALUE       VALUE  FROM      YEAR
                                                  NORMAL
..................................................................
TEMPERATURE (F)
 YESTERDAY
  MAXIMUM         40    500 PM  74    1982  44     -4       38
  MINIMUM         36    907 AM  -3    1886  29      7       29
  AVERAGE         38                        36      2       34

PRECIPITATION (IN)
  YESTERDAY        T             1.84 1967   0.11  -0.11     0.15
  MONTH TO DATE    T                         0.21  -0.21     0.19
  SINCE DEC 1      T                         0.21  -0.21     0.19
  SINCE JAN 1     44.42                     39.48   4.94    42.75

SNOWFALL (IN)
  YESTERDAY        0.0           2.0  1942   0.1   -0.1      0.6
  MONTH TO DATE    0.0                       0.2   -0.2      0.6
  SINCE DEC 1      0.0                       0.2   -0.2      0.6
  SINCE JUL 1      T                         1.3   -1.3      1.9
  SNOW DEPTH       0

DEGREE DAYS
 HEATING
  YESTERDAY       27                        29     -2       31
  MONTH TO DATE   54                        57     -3       56
  SINCE DEC 1     54                        57     -3       56
  SINCE JUL 1    747                      1099   -352      843

 COOLING
  YESTERDAY        0                         0      0        0
  MONTH TO DATE    0                         0      0        0
  SINCE DEC 1      0                         0      0        0
  SINCE JAN 1   1443                      1066    377     1164
..................................................................


WIND (MPH)
  HIGHEST WIND SPEED    16   HIGHEST WIND DIRECTION     W (280)
  HIGHEST GUST SPEED    20   HIGHEST GUST DIRECTION     W (260)
  AVERAGE WIND SPEED     9.8


SKY COVER
  AVERAGE SKY COVER 1.0


WEATHER CONDITIONS
 THE FOLLOWING WEATHER WAS RECORDED YESTERDAY.
  LIGHT RAIN


RELATIVE HUMIDITY (PERCENT)
 HIGHEST    85           800 PM
 LOWEST     70          1200 PM
 AVERAGE    78

..........................................................


THE INDIANAPOLIS IN CLIMATE NORMALS FOR TODAY
                         NORMAL    RECORD    YEAR
 MAXIMUM TEMPERATURE (F)   43        69      2012
                                             1982
 MINIMUM TEMPERATURE (F)   28        -2      1929


SUNRISE AND SUNSET
DECEMBER  3 2016......SUNRISE   749 AM EST   SUNSET   521 PM EST
DECEMBER  4 2016......SUNRISE   750 AM EST   SUNSET   521 PM EST


-  INDICATES NEGATIVE NUMBERS.
R  INDICATES RECORD WAS SET OR TIED.
MM INDICATES DATA IS MISSING.
T  INDICATES TRACE AMOUNT.




$$
