000
CDUS43 KIND 010530
CLIIND


CLIMATE REPORT
NATIONAL WEATHER SERVICE INDIANAPOLIS IN
1230 AM EST WED MAR 1 2017


...................................

...THE INDIANAPOLIS IN CLIMATE SUMMARY FOR FEBRUARY 28 2017...

CLIMATE NORMAL PERIOD 1981 TO 2010
CLIMATE RECORD PERIOD 1871 TO 2017


WEATHER ITEM   OBSERVED TIME   RECORD YEAR NORMAL DEPARTURE LAST
                VALUE   (LST)  VALUE       VALUE  FROM      YEAR
                                                  NORMAL
..................................................................
TEMPERATURE (F)
 YESTERDAY
  MAXIMUM         65    838 PM  68    1895  45     20       67
  MINIMUM         45    613 AM   2    1993  28     17       40
  AVERAGE         55                        36     19       54

PRECIPITATION (IN)
  YESTERDAY        0.59          1.17 2011   0.09   0.50     0.08
  MONTH TO DATE    1.10                      2.32  -1.22     2.24
  SINCE DEC 1      6.97                      8.15  -1.18     9.29
  SINCE JAN 1      5.45                      4.98   0.47     3.70

SNOWFALL (IN)
  YESTERDAY        0.0           5.4  1984   0.2   -0.2      0.0
  MONTH TO DATE    2.1                       6.5   -4.4      4.4
  SINCE DEC 1      8.7                      22.0  -13.3     10.8
  SINCE JUL 1      8.7                      23.1  -14.4     12.1
  SNOW DEPTH       0

DEGREE DAYS
 HEATING
  YESTERDAY       10                        29    -19       11
  MONTH TO DATE  599                       922   -323      850
  SINCE DEC 1   2591                      3101   -510     2647
  SINCE JUL 1   3284                      4143   -859     3434

 COOLING
  YESTERDAY        0                         0      0        0
  MONTH TO DATE    0                         0      0        0
  SINCE DEC 1      0                         0      0        0
  SINCE JAN 1      0                         0      0        0
..................................................................


WIND (MPH)
  HIGHEST WIND SPEED    39   HIGHEST WIND DIRECTION    SW (230)
  HIGHEST GUST SPEED    46   HIGHEST GUST DIRECTION    SW (230)
  AVERAGE WIND SPEED    11.5


SKY COVER
  AVERAGE SKY COVER 1.0


WEATHER CONDITIONS
 THE FOLLOWING WEATHER WAS RECORDED YESTERDAY.
  THUNDERSTORM
  HEAVY RAIN
  RAIN
  LIGHT RAIN
  FOG


RELATIVE HUMIDITY (PERCENT)
 HIGHEST   100           600 AM
 LOWEST     76          1200 AM
 AVERAGE    88

..........................................................


THE INDIANAPOLIS IN CLIMATE NORMALS FOR TODAY
                         NORMAL    RECORD    YEAR
 MAXIMUM TEMPERATURE (F)   45        71      1976
 MINIMUM TEMPERATURE (F)   28        -4      1960


SUNRISE AND SUNSET
MARCH  1 2017.........SUNRISE   718 AM EST   SUNSET   637 PM EST
MARCH  2 2017.........SUNRISE   716 AM EST   SUNSET   639 PM EST


-  INDICATES NEGATIVE NUMBERS.
R  INDICATES RECORD WAS SET OR TIED.
MM INDICATES DATA IS MISSING.
T  INDICATES TRACE AMOUNT.




$$
