000
CDUS43 KDLH 240645
CLIINL


CLIMATE REPORT
NATIONAL WEATHER SERVICE DULUTH MN
144 AM CDT SUN MAY 24 2015


...................................

...THE INTERNATIONAL FALLS MN CLIMATE SUMMARY FOR MAY 23 2015...

CLIMATE NORMAL PERIOD 1981 TO 2010
CLIMATE RECORD PERIOD 1895 TO 2015


WEATHER ITEM   OBSERVED TIME   RECORD YEAR NORMAL DEPARTURE LAST
                VALUE   (LST)  VALUE       VALUE  FROM      YEAR
                                                  NORMAL
..................................................................
TEMPERATURE (F)
 YESTERDAY
  MAXIMUM         80    346 PM  91    1950  67     13       80
  MINIMUM         45    450 AM  24    1917  41      4       34
  AVERAGE         63                        54      9       57

PRECIPITATION (IN)
  YESTERDAY        0.00          2.67 1991   0.10  -0.10     0.00
  MONTH TO DATE    4.08                      2.02   2.06     2.33
  SINCE MAR 1      5.44                      4.50   0.94     5.32
  SINCE JAN 1      7.46                      5.69   1.77     7.07

SNOWFALL (IN)
  YESTERDAY        0.0           0.1  1992   0.0    0.0      0.0
  MONTH TO DATE    T                         0.2   -0.2       T
  SINCE MAR 1      7.8                      14.2   -6.4     24.8
  SINCE JUL 1     64.5                      71.0   -6.5    101.2
  SNOW DEPTH       0

DEGREE DAYS
 HEATING
  YESTERDAY        2                        11     -9        8
  MONTH TO DATE  370                       339     31      437
  SINCE MAR 1   2298                      2394    -96     2950
  SINCE JUL 1  10052                      9977     75    11381

 COOLING
  YESTERDAY        0                         0      0        0
  MONTH TO DATE    0                         0      0        0
  SINCE MAR 1      0                         1     -1        0
  SINCE JAN 1      0                         1     -1        0
..................................................................


WIND (MPH)
  HIGHEST WIND SPEED    13   HIGHEST WIND DIRECTION     W (290)
  HIGHEST GUST SPEED    19   HIGHEST GUST DIRECTION     W (250)
  AVERAGE WIND SPEED     6.7


SKY COVER
  AVERAGE SKY COVER 0.0


WEATHER CONDITIONS
 THE FOLLOWING WEATHER WAS RECORDED YESTERDAY.
  NO SIGNIFICANT WEATHER WAS OBSERVED.


RELATIVE HUMIDITY (PERCENT)
 HIGHEST    71           100 AM
 LOWEST     19          1100 AM
 AVERAGE    45

..........................................................


THE INTERNATIONAL FALLS MN CLIMATE NORMALS FOR TODAY
                         NORMAL    RECORD    YEAR
 MAXIMUM TEMPERATURE (F)   67        89      1980
 MINIMUM TEMPERATURE (F)   41        25      1992
                                             1924


SUNRISE AND SUNSET
MAY 24 2015...........SUNRISE   523 AM CDT   SUNSET   859 PM CDT
MAY 25 2015...........SUNRISE   522 AM CDT   SUNSET   900 PM CDT


-  INDICATES NEGATIVE NUMBERS.
R  INDICATES RECORD WAS SET OR TIED.
MM INDICATES DATA IS MISSING.
T  INDICATES TRACE AMOUNT.




$$
