000
CDUS45 KFGZ 300813
CLIINW
CLIMATE REPORT
NATIONAL WEATHER SERVICE FLAGSTAFF, AZ
112 AM MST FRI JAN 30 2015


...................................

...THE WINSLOW AZ AIRPORT CLIMATE SUMMARY FOR JANUARY 29 2015...

CLIMATE NORMAL PERIOD 1981 TO 2010
CLIMATE RECORD PERIOD 1915 TO 2015


WEATHER ITEM   OBSERVED TIME   RECORD YEAR NORMAL DEPARTURE LAST
                VALUE   (LST)  VALUE       VALUE  FROM      YEAR
                                                  NORMAL
..................................................................
TEMPERATURE (F)
 YESTERDAY
  MAXIMUM         57    336 PM  71    1986  52      5       61
  MINIMUM         38    358 AM  -4    1932  22     16       17
  AVERAGE         48                        37     11       39

PRECIPITATION (IN)
  YESTERDAY        0.16          0.49 1915   0.02   0.14     0.00
  MONTH TO DATE    1.29                      0.49   0.80     0.00
  SINCE SEP 1      4.14                      2.97   1.17     3.81
  SINCE JAN 1      1.29                      0.49   0.80     0.00

DEGREE DAYS
 HEATING
  YESTERDAY       17                        28    -11       26
  MONTH TO DATE  813                       868    -55      831
  SINCE JUL 1   2397                      2746   -349     2792

 COOLING
  YESTERDAY        0                         0      0        0
  MONTH TO DATE    0                         0      0        0
  SINCE JAN 1      0                         0      0        0
..................................................................


WIND (MPH)
  HIGHEST WIND SPEED     9   HIGHEST WIND DIRECTION     W (290)
  HIGHEST GUST SPEED    12   HIGHEST GUST DIRECTION    NE (40)
  AVERAGE WIND SPEED     2.7


SKY COVER
  POSSIBLE SUNSHINE  MM
  AVERAGE SKY COVER 0.4


WEATHER CONDITIONS
 THE FOLLOWING WEATHER WAS RECORDED YESTERDAY.
  LIGHT RAIN
  FOG


RELATIVE HUMIDITY (PERCENT)
 HIGHEST    92           900 PM
 LOWEST     43           200 PM
 AVERAGE    68

..........................................................


THE WINSLOW AZ AIRPORT CLIMATE NORMALS FOR TODAY
                         NORMAL    RECORD    YEAR
 MAXIMUM TEMPERATURE (F)   52        70      2014
 MINIMUM TEMPERATURE (F)   22         0      1979


SUNRISE AND SUNSET
JANUARY 30 2015.......SUNRISE   723 AM MST   SUNSET   550 PM MST
JANUARY 31 2015.......SUNRISE   723 AM MST   SUNSET   551 PM MST


-  INDICATES NEGATIVE NUMBERS.
R  INDICATES RECORD WAS SET OR TIED.
MM INDICATES DATA IS MISSING.
T  INDICATES TRACE AMOUNT.




$$
