000
CDUS45 KFGZ 200804
CLIINW
CLIMATE REPORT
NATIONAL WEATHER SERVICE FLAGSTAFF, AZ
103 AM MST SAT SEP 20 2014


...................................

...THE WINSLOW AZ AIRPORT CLIMATE SUMMARY FOR SEPTEMBER 19 2014...

CLIMATE NORMAL PERIOD 1981 TO 2010
CLIMATE RECORD PERIOD 1898 TO 2014


WEATHER ITEM   OBSERVED TIME   RECORD YEAR NORMAL DEPARTURE LAST
                VALUE   (LST)  VALUE       VALUE  FROM      YEAR
                                                  NORMAL
..................................................................
TEMPERATURE (F)
 YESTERDAY
  MAXIMUM         89    301 PM  97    1956  84      5       87
  MINIMUM         61    636 AM  32    1971  51     10       52
  AVERAGE         75                        68      7       70

PRECIPITATION (IN)
  YESTERDAY        0.00          0.50 1965   0.03  -0.03     0.00
  MONTH TO DATE    0.37                      0.60  -0.23     0.93
  SINCE SEP 1      0.37                      0.60  -0.23     0.93
  SINCE JAN 1      4.55                      5.13  -0.58     6.63

DEGREE DAYS
 HEATING
  YESTERDAY        0                         1     -1        0
  MONTH TO DATE    0                         6     -6        0
  SINCE JUL 1      0                         6     -6        0

 COOLING
  YESTERDAY       10                         4      6        5
  MONTH TO DATE  148                       119     29      135
  SINCE JAN 1   1264                      1177     87     1360
..................................................................


WIND (MPH)
  HIGHEST WIND SPEED    13   HIGHEST WIND DIRECTION     N (360)
  HIGHEST GUST SPEED    19   HIGHEST GUST DIRECTION     N (10)
  AVERAGE WIND SPEED     4.6


SKY COVER
  POSSIBLE SUNSHINE  MM
  AVERAGE SKY COVER 0.1


WEATHER CONDITIONS
 THE FOLLOWING WEATHER WAS RECORDED YESTERDAY.
  NO SIGNIFICANT WEATHER WAS OBSERVED.


RELATIVE HUMIDITY (PERCENT)
 HIGHEST    97           600 AM
 LOWEST     26           300 PM
 AVERAGE    62

..........................................................


THE WINSLOW AZ AIRPORT CLIMATE NORMALS FOR TODAY
                         NORMAL    RECORD    YEAR
 MAXIMUM TEMPERATURE (F)   84        93      1928
                                             1920
 MINIMUM TEMPERATURE (F)   51        31      1978


SUNRISE AND SUNSET
SEPTEMBER 20 2014.....SUNRISE   609 AM MST   SUNSET   622 PM MST
SEPTEMBER 21 2014.....SUNRISE   610 AM MST   SUNSET   621 PM MST


-  INDICATES NEGATIVE NUMBERS.
R  INDICATES RECORD WAS SET OR TIED.
MM INDICATES DATA IS MISSING.
T  INDICATES TRACE AMOUNT.




$$
