000
CDUS45 KFGZ 130841
CLIINW
CLIMATE REPORT
NATIONAL WEATHER SERVICE FLAGSTAFF, AZ
140 AM MST SUN JUL 13 2014


...................................

...THE WINSLOW AZ AIRPORT CLIMATE SUMMARY FOR JULY 12 2014...

CLIMATE NORMAL PERIOD 1981 TO 2010
CLIMATE RECORD PERIOD 1898 TO 2014


WEATHER ITEM   OBSERVED TIME   RECORD YEAR NORMAL DEPARTURE LAST
                VALUE   (LST)  VALUE       VALUE  FROM      YEAR
                                                  NORMAL
..................................................................
TEMPERATURE (F)
 YESTERDAY
  MAXIMUM         97    358 PM 106    1971  95      2       93
                                      1958
  MINIMUM         70    557 AM  53    1936  62      8       64
  AVERAGE         84                        78      6       79

PRECIPITATION (IN)
  YESTERDAY        T             1.56 1980   0.03  -0.03      T
  MONTH TO DATE    0.21                      0.29  -0.08     0.36
  SINCE SEP 1      5.20                      5.06   0.14     3.42
  SINCE JAN 1      1.39                      2.58  -1.19     2.15

DEGREE DAYS
 HEATING
  YESTERDAY        0                         0      0        0
  MONTH TO DATE    0                         0      0        0
  SINCE JUL 1      0                         0      0        0

 COOLING
  YESTERDAY       19                        13      6       14
  MONTH TO DATE  181                       153     28      212
  SINCE JAN 1    518                       461     57      639
..................................................................


WIND (MPH)
  HIGHEST WIND SPEED    23   HIGHEST WIND DIRECTION    SW (220)
  HIGHEST GUST SPEED    27   HIGHEST GUST DIRECTION    SW (220)
  AVERAGE WIND SPEED     9.1


SKY COVER
  POSSIBLE SUNSHINE  MM
  AVERAGE SKY COVER 0.3


WEATHER CONDITIONS
 THE FOLLOWING WEATHER WAS RECORDED YESTERDAY.
  THUNDERSTORM


RELATIVE HUMIDITY (PERCENT)
 HIGHEST    66           300 AM
 LOWEST     18           400 PM
 AVERAGE    42

..........................................................


THE WINSLOW AZ AIRPORT CLIMATE NORMALS FOR TODAY
                         NORMAL    RECORD    YEAR
 MAXIMUM TEMPERATURE (F)   95       109      1971
 MINIMUM TEMPERATURE (F)   62        49      1997
                                             1944


SUNRISE AND SUNSET
JULY 13 2014..........SUNRISE   519 AM MST   SUNSET   738 PM MST
JULY 14 2014..........SUNRISE   520 AM MST   SUNSET   738 PM MST


-  INDICATES NEGATIVE NUMBERS.
R  INDICATES RECORD WAS SET OR TIED.
MM INDICATES DATA IS MISSING.
T  INDICATES TRACE AMOUNT.




$$
