000
CDUS45 KFGZ 210832
CLIINW
CLIMATE REPORT
NATIONAL WEATHER SERVICE FLAGSTAFF, AZ
131 AM MST TUE OCT 21 2014


...................................

...THE WINSLOW AZ AIRPORT CLIMATE SUMMARY FOR OCTOBER 20 2014...

CLIMATE NORMAL PERIOD 1981 TO 2010
CLIMATE RECORD PERIOD 1898 TO 2014


WEATHER ITEM   OBSERVED TIME   RECORD YEAR NORMAL DEPARTURE LAST
                VALUE   (LST)  VALUE       VALUE  FROM      YEAR
                                                  NORMAL
..................................................................
TEMPERATURE (F)
 YESTERDAY
  MAXIMUM         74    417 PM  89    1921  72      2       73
  MINIMUM         42    702 AM  19    1917  38      4       29
  AVERAGE         58                        55      3       51

PRECIPITATION (IN)
  YESTERDAY        0.00          0.55 1920   0.01  -0.01     0.00
  MONTH TO DATE    0.32                      0.35  -0.03     0.25
  SINCE SEP 1      1.66                      1.23   0.43     1.18
  SINCE JAN 1      5.84                      5.76   0.08     6.88

DEGREE DAYS
 HEATING
  YESTERDAY        7                        10     -3       14
  MONTH TO DATE   84                       137    -53      232
  SINCE JUL 1     97                       168    -71      265

 COOLING
  YESTERDAY        0                         0      0        0
  MONTH TO DATE    1                         6     -5        0
  SINCE JAN 1   1327                      1207    120     1380
..................................................................


WIND (MPH)
  HIGHEST WIND SPEED    12   HIGHEST WIND DIRECTION     E (90)
  HIGHEST GUST SPEED    17   HIGHEST GUST DIRECTION    SE (130)
  AVERAGE WIND SPEED     4.1


SKY COVER
  POSSIBLE SUNSHINE  MM
  AVERAGE SKY COVER 0.1


WEATHER CONDITIONS
 THE FOLLOWING WEATHER WAS RECORDED YESTERDAY.
  NO SIGNIFICANT WEATHER WAS OBSERVED.


RELATIVE HUMIDITY (PERCENT)
 HIGHEST    89           500 AM
 LOWEST     31           300 PM
 AVERAGE    60

..........................................................


THE WINSLOW AZ AIRPORT CLIMATE NORMALS FOR TODAY
                         NORMAL    RECORD    YEAR
 MAXIMUM TEMPERATURE (F)   72        85      1921
 MINIMUM TEMPERATURE (F)   37        24      1996


SUNRISE AND SUNSET
OCTOBER 21 2014.......SUNRISE   634 AM MST   SUNSET   541 PM MST
OCTOBER 22 2014.......SUNRISE   635 AM MST   SUNSET   539 PM MST


-  INDICATES NEGATIVE NUMBERS.
R  INDICATES RECORD WAS SET OR TIED.
MM INDICATES DATA IS MISSING.
T  INDICATES TRACE AMOUNT.




$$
