166
CDUS45 KFGZ 110933
CLIINW
CLIMATE REPORT
NATIONAL WEATHER SERVICE FLAGSTAFF, AZ
232 AM MST THU FEB 11 2016


...................................

...THE WINSLOW AZ AIRPORT CLIMATE SUMMARY FOR FEBRUARY 10 2016...

CLIMATE NORMAL PERIOD 1981 TO 2010
CLIMATE RECORD PERIOD 1915 TO 2016


WEATHER ITEM   OBSERVED TIME   RECORD YEAR NORMAL DEPARTURE LAST
                VALUE   (LST)  VALUE       VALUE  FROM      YEAR
                                                  NORMAL
..................................................................
TEMPERATURE (F)
 YESTERDAY
  MAXIMUM         63    450 PM  71    1962  55      8       68
  MINIMUM         21    721 AM  -5    1956  24     -3       29
  AVERAGE         42                        39      3       49

PRECIPITATION (IN)
  YESTERDAY        0.00          0.26 1952   0.02  -0.02     0.00
                                      1935
  MONTH TO DATE    0.22                      0.17   0.05     0.00
  SINCE SEP 1      4.59                      3.17   1.42     4.48
  SINCE JAN 1      0.57                      0.69  -0.12     1.63

DEGREE DAYS
 HEATING
  YESTERDAY       23                        26     -3       16
  MONTH TO DATE  317                       267     50      163
  SINCE JUL 1   3005                      3070    -65     2600

 COOLING
  YESTERDAY        0                         0      0        0
  MONTH TO DATE    0                         0      0        0
  SINCE JAN 1      0                         0      0        0
..................................................................


WIND (MPH)
  HIGHEST WIND SPEED    10   HIGHEST WIND DIRECTION    SE (120)
  HIGHEST GUST SPEED    12   HIGHEST GUST DIRECTION     E (110)
  AVERAGE WIND SPEED     3.9


SKY COVER
  POSSIBLE SUNSHINE  MM
  AVERAGE SKY COVER 0.0


WEATHER CONDITIONS
 THE FOLLOWING WEATHER WAS RECORDED YESTERDAY.
  NO SIGNIFICANT WEATHER WAS OBSERVED.


RELATIVE HUMIDITY (PERCENT)
 HIGHEST    88           700 AM
 LOWEST     16           500 PM
 AVERAGE    52

..........................................................


THE WINSLOW AZ AIRPORT CLIMATE NORMALS FOR TODAY
                         NORMAL    RECORD    YEAR
 MAXIMUM TEMPERATURE (F)   55        75      1961
 MINIMUM TEMPERATURE (F)   24        -1      1956


SUNRISE AND SUNSET
FEBRUARY 11 2016......SUNRISE   713 AM MST   SUNSET   601 PM MST
FEBRUARY 12 2016......SUNRISE   712 AM MST   SUNSET   602 PM MST


-  INDICATES NEGATIVE NUMBERS.
R  INDICATES RECORD WAS SET OR TIED.
MM INDICATES DATA IS MISSING.
T  INDICATES TRACE AMOUNT.




$$
