000
CDUS45 KFGZ 160807
CLIINW
CLIMATE REPORT
NATIONAL WEATHER SERVICE FLAGSTAFF, AZ
105 AM MST WED AUG 16 2017


...................................

...THE WINSLOW AZ AIRPORT CLIMATE SUMMARY FOR AUGUST 15 2017...

CLIMATE NORMAL PERIOD 1981 TO 2010
CLIMATE RECORD PERIOD 1915 TO 2017


WEATHER ITEM   OBSERVED TIME   RECORD YEAR NORMAL DEPARTURE LAST
                VALUE   (LST)  VALUE       VALUE  FROM      YEAR
                                                  NORMAL
..................................................................
TEMPERATURE (F)
 YESTERDAY
  MAXIMUM         83    552 PM 103    1962  91     -8       97
  MINIMUM         55    521 AM  48    1968  61     -6       63
  AVERAGE         69                        76     -7       80

PRECIPITATION (IN)
  YESTERDAY        0.00          1.18 1979   0.04  -0.04     0.00
  MONTH TO DATE    0.21                      0.59  -0.38     1.01
  SINCE SEP 1      6.94                      6.40   0.54     7.00
  SINCE JAN 1      3.86                      3.92  -0.06     2.98

DEGREE DAYS
 HEATING
  YESTERDAY        0                         0      0        0
  MONTH TO DATE    0                         0      0        0
  SINCE JUL 1      0                         0      0        0

 COOLING
  YESTERDAY        4                        11     -7       15
  MONTH TO DATE  185                       180      5      184
  SINCE JAN 1   1051                       897    154     1037
..................................................................


WIND (MPH)
  HIGHEST WIND SPEED    24   HIGHEST WIND DIRECTION    SW (240)
  HIGHEST GUST SPEED    30   HIGHEST GUST DIRECTION    SW (240)
  AVERAGE WIND SPEED    10.2


SKY COVER
  POSSIBLE SUNSHINE  MM
  AVERAGE SKY COVER 0.1


WEATHER CONDITIONS
 THE FOLLOWING WEATHER WAS RECORDED YESTERDAY.
  NO SIGNIFICANT WEATHER WAS OBSERVED.


RELATIVE HUMIDITY (PERCENT)
 HIGHEST    83           500 AM
 LOWEST     21           700 PM
 AVERAGE    52

..........................................................


THE WINSLOW AZ AIRPORT CLIMATE NORMALS FOR TODAY
                         NORMAL    RECORD    YEAR
 MAXIMUM TEMPERATURE (F)   91       100      1962
 MINIMUM TEMPERATURE (F)   61        48      1918


SUNRISE AND SUNSET
AUGUST 16 2017........SUNRISE   544 AM MST   SUNSET   710 PM MST
AUGUST 17 2017........SUNRISE   545 AM MST   SUNSET   709 PM MST


-  INDICATES NEGATIVE NUMBERS.
R  INDICATES RECORD WAS SET OR TIED.
MM INDICATES DATA IS MISSING.
T  INDICATES TRACE AMOUNT.




$$
