000
CDUS45 KFGZ 240740
CLIINW
CLIMATE REPORT
NATIONAL WEATHER SERVICE FLAGSTAFF, AZ
1239 AM MST SAT FEB 24 2018


...................................

...THE WINSLOW AZ AIRPORT CLIMATE SUMMARY FOR FEBRUARY 23 2018...

CLIMATE NORMAL PERIOD 1981 TO 2010
CLIMATE RECORD PERIOD 1915 TO 2018


WEATHER ITEM   OBSERVED TIME   RECORD YEAR NORMAL DEPARTURE LAST
                VALUE   (LST)  VALUE       VALUE  FROM      YEAR
                                                  NORMAL
..................................................................
TEMPERATURE (F)
 YESTERDAY
  MAXIMUM         48    213 PM  76    2009  58    -10       52
  MINIMUM         19    632 AM  10    2006  27     -8       34
  AVERAGE         34                        42     -8       43

PRECIPITATION (IN)
  YESTERDAY        0.09          0.19 2015   0.01   0.08     0.00
  MONTH TO DATE    0.10                      0.38  -0.28     0.15
  SINCE SEP 1      0.36                      3.38  -3.02     4.04
  SINCE JAN 1      0.13                      0.90  -0.77     0.96

DEGREE DAYS
 HEATING
  YESTERDAY       31                        23      8       22
  MONTH TO DATE  532                       581    -49      390
  SINCE JUL 1   2899                      3384   -485     2677

 COOLING
  YESTERDAY        0                         0      0        0
  MONTH TO DATE    0                         0      0        0
  SINCE JAN 1      0                         0      0        0
..................................................................


WIND (MPH)
  HIGHEST WIND SPEED    31   HIGHEST WIND DIRECTION    SW (220)
  HIGHEST GUST SPEED    39   HIGHEST GUST DIRECTION    SW (220)
  AVERAGE WIND SPEED    11.7


SKY COVER
  POSSIBLE SUNSHINE  MM
  AVERAGE SKY COVER 0.6


WEATHER CONDITIONS
 THE FOLLOWING WEATHER WAS RECORDED YESTERDAY.
  SNOW
  LIGHT SNOW
  FOG


RELATIVE HUMIDITY (PERCENT)
 HIGHEST   100           600 PM
 LOWEST     26           100 PM
 AVERAGE    63

..........................................................


THE WINSLOW AZ AIRPORT CLIMATE NORMALS FOR TODAY
                         NORMAL    RECORD    YEAR
 MAXIMUM TEMPERATURE (F)   58        75      2009
                                             1989
 MINIMUM TEMPERATURE (F)   27         5      1974


SUNRISE AND SUNSET
FEBRUARY 24 2018......SUNRISE   658 AM MST   SUNSET   614 PM MST
FEBRUARY 25 2018......SUNRISE   657 AM MST   SUNSET   615 PM MST


-  INDICATES NEGATIVE NUMBERS.
R  INDICATES RECORD WAS SET OR TIED.
MM INDICATES DATA IS MISSING.
T  INDICATES TRACE AMOUNT.




$$
