000
CDUS45 KFGZ 300832
CLIINW
CLIMATE REPORT
NATIONAL WEATHER SERVICE FLAGSTAFF, AZ
131 AM MST SAT MAY 30 2015


...................................

...THE WINSLOW AZ AIRPORT CLIMATE SUMMARY FOR MAY 29 2015...

CLIMATE NORMAL PERIOD 1981 TO 2010
CLIMATE RECORD PERIOD 1915 TO 2015


WEATHER ITEM   OBSERVED TIME   RECORD YEAR NORMAL DEPARTURE LAST
                VALUE   (LST)  VALUE       VALUE  FROM      YEAR
                                                  NORMAL
..................................................................
TEMPERATURE (F)
 YESTERDAY
  MAXIMUM         88    255 PM 100    2000  86      2       81
  MINIMUM         52    249 AM  32    1929  49      3       58
  AVERAGE         70                        67      3       70

PRECIPITATION (IN)
  YESTERDAY        0.00          0.15 1934   0.01  -0.01      T
  MONTH TO DATE    0.82                      0.31   0.51      T
  SINCE SEP 1      6.26                      4.57   1.69     4.99
  SINCE JAN 1      3.41                      2.09   1.32     1.18

DEGREE DAYS
 HEATING
  YESTERDAY        0                         1     -1        0
  MONTH TO DATE  154                       105     49      130
  SINCE JUL 1   3828                      4484   -656     4298

 COOLING
  YESTERDAY        5                         4      1        5
  MONTH TO DATE    8                        56    -48       40
  SINCE JAN 1      8                        60    -52       41
..................................................................


WIND (MPH)
  HIGHEST WIND SPEED    21   HIGHEST WIND DIRECTION    SW (230)
  HIGHEST GUST SPEED    25   HIGHEST GUST DIRECTION    SW (220)
  AVERAGE WIND SPEED     5.3


SKY COVER
  POSSIBLE SUNSHINE  MM
  AVERAGE SKY COVER 0.1


WEATHER CONDITIONS
 THE FOLLOWING WEATHER WAS RECORDED YESTERDAY.
  NO SIGNIFICANT WEATHER WAS OBSERVED.


RELATIVE HUMIDITY (PERCENT)
 HIGHEST    40           600 AM
 LOWEST     12           200 PM
 AVERAGE    26

..........................................................


THE WINSLOW AZ AIRPORT CLIMATE NORMALS FOR TODAY
                         NORMAL    RECORD    YEAR
 MAXIMUM TEMPERATURE (F)   86        99      2002
 MINIMUM TEMPERATURE (F)   49        30      1918


SUNRISE AND SUNSET
MAY 30 2015...........SUNRISE   511 AM MST   SUNSET   730 PM MST
MAY 31 2015...........SUNRISE   511 AM MST   SUNSET   731 PM MST


-  INDICATES NEGATIVE NUMBERS.
R  INDICATES RECORD WAS SET OR TIED.
MM INDICATES DATA IS MISSING.
T  INDICATES TRACE AMOUNT.




$$
