000
CDUS45 KFGZ 280746
CLIINW
CLIMATE REPORT
NATIONAL WEATHER SERVICE FLAGSTAFF, AZ
1244 AM MST WED SEP 28 2016


...................................

...THE WINSLOW AZ AIRPORT CLIMATE SUMMARY FOR SEPTEMBER 27 2016...

CLIMATE NORMAL PERIOD 1981 TO 2010
CLIMATE RECORD PERIOD 1915 TO 2016


WEATHER ITEM   OBSERVED TIME   RECORD YEAR NORMAL DEPARTURE LAST
                VALUE   (LST)  VALUE       VALUE  FROM      YEAR
                                                  NORMAL
..................................................................
TEMPERATURE (F)
 YESTERDAY
  MAXIMUM         79    440 PM  92    2003  81     -2       90
  MINIMUM         51    420 AM  29    1924  48      3       52
  AVERAGE         65                        64      1       71

PRECIPITATION (IN)
  YESTERDAY        0.06          1.13 1977   0.03   0.03     0.00
  MONTH TO DATE    0.31                      0.82  -0.51     1.29
  SINCE SEP 1      0.31                      0.82  -0.51     1.29
  SINCE JAN 1      3.93                      5.35  -1.42    10.19

DEGREE DAYS
 HEATING
  YESTERDAY        0                         3     -3        0
  MONTH TO DATE   21                        20      1        0
  SINCE JUL 1     21                        20      1        0

 COOLING
  YESTERDAY        0                         2     -2        6
  MONTH TO DATE  123                       139    -16      165
  SINCE JAN 1   1269                      1197     72     1274
..................................................................


WIND (MPH)
  HIGHEST WIND SPEED    28   HIGHEST WIND DIRECTION     E (100)
  HIGHEST GUST SPEED    36   HIGHEST GUST DIRECTION     E (110)
  AVERAGE WIND SPEED     4.8


SKY COVER
  POSSIBLE SUNSHINE  MM
  AVERAGE SKY COVER 0.5


WEATHER CONDITIONS
 THE FOLLOWING WEATHER WAS RECORDED YESTERDAY.
  THUNDERSTORM
  LIGHT RAIN


RELATIVE HUMIDITY (PERCENT)
 HIGHEST    80          1100 PM
 LOWEST     31           400 PM
 AVERAGE    56

..........................................................


THE WINSLOW AZ AIRPORT CLIMATE NORMALS FOR TODAY
                         NORMAL    RECORD    YEAR
 MAXIMUM TEMPERATURE (F)   81        94      2003
 MINIMUM TEMPERATURE (F)   47        33      1924


SUNRISE AND SUNSET
SEPTEMBER 28 2016.....SUNRISE   616 AM MST   SUNSET   610 PM MST
SEPTEMBER 29 2016.....SUNRISE   617 AM MST   SUNSET   609 PM MST


-  INDICATES NEGATIVE NUMBERS.
R  INDICATES RECORD WAS SET OR TIED.
MM INDICATES DATA IS MISSING.
T  INDICATES TRACE AMOUNT.




$$
