000
CDUS45 KFGZ 220741
CLIINW
CLIMATE REPORT
NATIONAL WEATHER SERVICE FLAGSTAFF, AZ
1239 AM MST WED NOV 22 2017


...................................

...THE WINSLOW AZ AIRPORT CLIMATE SUMMARY FOR NOVEMBER 21 2017...

CLIMATE NORMAL PERIOD 1981 TO 2010
CLIMATE RECORD PERIOD 1915 TO 2017


WEATHER ITEM   OBSERVED TIME   RECORD YEAR NORMAL DEPARTURE LAST
                VALUE   (LST)  VALUE       VALUE  FROM      YEAR
                                                  NORMAL
..................................................................
TEMPERATURE (F)
 YESTERDAY
  MAXIMUM         67    315 PM  74    1927  57     10       63
  MINIMUM         26    636 AM   7    1956  26      0       39
  AVERAGE         47                        42      5       51

PRECIPITATION (IN)
  YESTERDAY        0.00          0.35 2004   0.01  -0.01     0.12
  MONTH TO DATE    0.00                      0.35  -0.35     0.98
  SINCE SEP 1      0.22                      1.76  -1.54     1.96
  SINCE JAN 1      4.25                      6.29  -2.04     5.58

DEGREE DAYS
 HEATING
  YESTERDAY       18                        23     -5       14
  MONTH TO DATE  272                       401   -129      304
  SINCE JUL 1    550                       707   -157      443

 COOLING
  YESTERDAY        0                         0      0        0
  MONTH TO DATE    0                         0      0        0
  SINCE JAN 1   1443                      1208    235     1278
..................................................................


WIND (MPH)
  HIGHEST WIND SPEED    10   HIGHEST WIND DIRECTION     W (280)
  HIGHEST GUST SPEED    12   HIGHEST GUST DIRECTION     W (280)
  AVERAGE WIND SPEED     3.7


SKY COVER
  POSSIBLE SUNSHINE  MM
  AVERAGE SKY COVER 0.0


WEATHER CONDITIONS
 THE FOLLOWING WEATHER WAS RECORDED YESTERDAY.
  NO SIGNIFICANT WEATHER WAS OBSERVED.


RELATIVE HUMIDITY (PERCENT)
 HIGHEST    37           600 AM
 LOWEST     11           100 PM
 AVERAGE    24

..........................................................


THE WINSLOW AZ AIRPORT CLIMATE NORMALS FOR TODAY
                         NORMAL    RECORD    YEAR
 MAXIMUM TEMPERATURE (F)   57        76      1927
 MINIMUM TEMPERATURE (F)   26         5      1929


SUNRISE AND SUNSET
NOVEMBER 22 2017......SUNRISE   705 AM MST   SUNSET   514 PM MST
NOVEMBER 23 2017......SUNRISE   705 AM MST   SUNSET   513 PM MST


-  INDICATES NEGATIVE NUMBERS.
R  INDICATES RECORD WAS SET OR TIED.
MM INDICATES DATA IS MISSING.
T  INDICATES TRACE AMOUNT.




$$
