000
CDUS45 KFGZ 300101
CLIINW
CLIMATE REPORT
NATIONAL WEATHER SERVICE FLAGSTAFF, AZ
600 PM MST SUN MAR 29 2015


...................................

...THE WINSLOW AZ AIRPORT CLIMATE SUMMARY FOR MARCH 29 2015...
VALID TODAY AS OF 0500 PM LOCAL TIME.

CLIMATE NORMAL PERIOD 1981 TO 2010
CLIMATE RECORD PERIOD 1915 TO 2015


WEATHER ITEM   OBSERVED TIME   RECORD YEAR NORMAL DEPARTURE LAST
                VALUE   (LST)  VALUE       VALUE  FROM      YEAR
                                                  NORMAL
..................................................................
TEMPERATURE (F)
 TODAY
  MAXIMUM         81R   401 PM  80    1917  67     14       76
  MINIMUM         38    615 AM  15    1944  32      6       29
  AVERAGE         60                        50     10       53

PRECIPITATION (IN)
  TODAY            0.00          0.41 1973   0.02  -0.02     0.00
  MONTH TO DATE    0.22                      0.51  -0.29     1.00
  SINCE SEP 1      5.14                      3.97   1.17     4.83
  SINCE JAN 1      2.29                      1.49   0.80     1.02

DEGREE DAYS
 HEATING
  TODAY            5                        15    -10       12
  MONTH TO DATE  416                       529   -113      466
  SINCE JUL 1   3355                      4024   -669     3833

 COOLING
  TODAY            0                         0      0        0
  MONTH TO DATE    0                         0      0        0
  SINCE JAN 1      0                         0      0        0
..................................................................


WIND (MPH)
  HIGHEST WIND SPEED    17   HIGHEST WIND DIRECTION    SW (220)
  HIGHEST GUST SPEED    19   HIGHEST GUST DIRECTION    SW (220)
  AVERAGE WIND SPEED     6.8


SKY COVER
  POSSIBLE SUNSHINE  MM
  AVERAGE SKY COVER 0.0


WEATHER CONDITIONS
 THE FOLLOWING WEATHER WAS RECORDED TODAY.
  NO SIGNIFICANT WEATHER WAS OBSERVED.


RELATIVE HUMIDITY (PERCENT)
 HIGHEST    45           700 AM
 LOWEST      6           300 PM
 AVERAGE    26

..........................................................


THE WINSLOW AZ AIRPORT CLIMATE NORMALS FOR TOMORROW
                         NORMAL    RECORD    YEAR
 MAXIMUM TEMPERATURE (F)   67        85      1971
 MINIMUM TEMPERATURE (F)   33        14      1975


SUNRISE AND SUNSET
MARCH 29 2015.........SUNRISE   614 AM MST   SUNSET   642 PM MST
MARCH 30 2015.........SUNRISE   613 AM MST   SUNSET   643 PM MST


-  INDICATES NEGATIVE NUMBERS.
R  INDICATES RECORD WAS SET OR TIED.
MM INDICATES DATA IS MISSING.
T  INDICATES TRACE AMOUNT.




$$
