000
CDUS43 KDVN 201018
CLIIOW


CLIMATE REPORT
NATIONAL WEATHER SERVICE QUAD CITIES IA IL
416 AM CST SAT DEC 20 2014


...................................

...THE IOWA CITY IA CLIMATE SUMMARY FOR DECEMBER 19 2014...

CLIMATE NORMAL PERIOD 1981 TO 2010
CLIMATE RECORD PERIOD 9999 TO 9999


WEATHER ITEM   OBSERVED TIME   RECORD YEAR NORMAL DEPARTURE LAST
                VALUE   (LST)  VALUE       VALUE  FROM      YEAR
                                                  NORMAL
..................................................................
TEMPERATURE (F)
 YESTERDAY
  MAXIMUM         32    207 PM  MM      MM  31      1       36
  MINIMUM         20    755 AM  MM      MM  16      4       21
  AVERAGE         26                        24      2       29

PRECIPITATION (IN)
  YESTERDAY        0.00         MM      MM   0.05  -0.05     0.03
  MONTH TO DATE    0.48                      1.14  -0.66     0.22
  SINCE DEC 1      0.48                      1.14  -0.66     0.22
  SINCE JAN 1     37.75                     35.90   1.85    34.64

DEGREE DAYS
 HEATING
  YESTERDAY       39                        41     -2       36
  MONTH TO DATE  645                       724    -79      847
  SINCE DEC 1    645                       724    -79      847
  SINCE JUL 1   2205                      2031    174     2215

 COOLING
  YESTERDAY        0                         0      0        0
  MONTH TO DATE    0                         0      0        0
  SINCE DEC 1      0                         0      0        0
  SINCE JAN 1    779                       912   -133     1064
..................................................................


WIND (MPH)
  HIGHEST WIND SPEED     9   HIGHEST WIND DIRECTION     S (180)
  HIGHEST GUST SPEED    11   HIGHEST GUST DIRECTION     S (170)
  AVERAGE WIND SPEED     4.1


SKY COVER
  POSSIBLE SUNSHINE  MM
  AVERAGE SKY COVER 0.7


WEATHER CONDITIONS
 THE FOLLOWING WEATHER WAS RECORDED YESTERDAY.
  FOG
  HAZE


RELATIVE HUMIDITY (PERCENT)
 HIGHEST    92           600 AM
 LOWEST     59           100 PM
 AVERAGE    76

..........................................................


THE IOWA CITY IA CLIMATE NORMALS FOR TODAY
                         NORMAL    RECORD    YEAR
 MAXIMUM TEMPERATURE (F)   31        MM        MM
 MINIMUM TEMPERATURE (F)   16        MM        MM


SUNRISE AND SUNSET
DECEMBER 20 2014......SUNRISE   729 AM CST   SUNSET   439 PM CST
DECEMBER 21 2014......SUNRISE   730 AM CST   SUNSET   439 PM CST


-  INDICATES NEGATIVE NUMBERS.
R  INDICATES RECORD WAS SET OR TIED.
MM INDICATES DATA IS MISSING.
T  INDICATES TRACE AMOUNT.




$$
