000
CDUS43 KDVN 020910
CLIIOW


CLIMATE REPORT
NATIONAL WEATHER SERVICE QUAD CITIES IA IL
409 AM CDT THU JUL 2 2015


...................................

...THE IOWA CITY IA CLIMATE SUMMARY FOR JULY 1 2015...

CLIMATE NORMAL PERIOD 1981 TO 2010
CLIMATE RECORD PERIOD 9999 TO 9999


WEATHER ITEM   OBSERVED TIME   RECORD YEAR NORMAL DEPARTURE LAST
                VALUE   (LST)  VALUE       VALUE  FROM      YEAR
                                                  NORMAL
..................................................................
TEMPERATURE (F)
 YESTERDAY
  MAXIMUM         74    334 PM  MM      MM  84    -10       79
  MINIMUM         62   1129 PM  MM      MM  65     -3       64
  AVERAGE         68                        74     -6       72

PRECIPITATION (IN)
  YESTERDAY        0.00         MM      MM   0.18  -0.18     0.03
  MONTH TO DATE    0.00                      0.18  -0.18     0.03
  SINCE JUN 1      5.88                      4.79   1.09     9.83
  SINCE JAN 1     15.73                     16.88  -1.15    20.88

DEGREE DAYS
 HEATING
  YESTERDAY        0                         0      0        0
  MONTH TO DATE    0                         0      0        0
  SINCE JUN 1      7                        17    -10        4
  SINCE JUL 1      0                         0      0        0

 COOLING
  YESTERDAY        3                        10     -7        7
  MONTH TO DATE    3                        10     -7        7
  SINCE JUN 1    203                       221    -18      221
  SINCE JAN 1    266                       282    -16      310
..................................................................


WIND (MPH)
  HIGHEST WIND SPEED    16   HIGHEST WIND DIRECTION    NE (40)
  HIGHEST GUST SPEED    19   HIGHEST GUST DIRECTION    NE (30)
  AVERAGE WIND SPEED     8.5


SKY COVER
  POSSIBLE SUNSHINE  MM
  AVERAGE SKY COVER 0.3


WEATHER CONDITIONS
 THE FOLLOWING WEATHER WAS RECORDED YESTERDAY.
  NO SIGNIFICANT WEATHER WAS OBSERVED.


RELATIVE HUMIDITY (PERCENT)
 HIGHEST    84           400 AM
 LOWEST     57           400 PM
 AVERAGE    71

..........................................................


THE IOWA CITY IA CLIMATE NORMALS FOR TODAY
                         NORMAL    RECORD    YEAR
 MAXIMUM TEMPERATURE (F)   85        MM        MM
 MINIMUM TEMPERATURE (F)   65        MM        MM


SUNRISE AND SUNSET
JULY  2 2015..........SUNRISE   536 AM CDT   SUNSET   844 PM CDT
JULY  3 2015..........SUNRISE   537 AM CDT   SUNSET   844 PM CDT


-  INDICATES NEGATIVE NUMBERS.
R  INDICATES RECORD WAS SET OR TIED.
MM INDICATES DATA IS MISSING.
T  INDICATES TRACE AMOUNT.




$$
