000
CDUS43 KDVN 280925
CLIIOW


CLIMATE REPORT
NATIONAL WEATHER SERVICE QUAD CITIES IA IL
424 AM CDT MON JUL 28 2014


...................................

...THE IOWA CITY IA CLIMATE SUMMARY FOR JULY 27 2014...

CLIMATE NORMAL PERIOD 1981 TO 2010
CLIMATE RECORD PERIOD 9999 TO 9999


WEATHER ITEM   OBSERVED TIME   RECORD YEAR NORMAL DEPARTURE LAST
                VALUE   (LST)  VALUE       VALUE  FROM      YEAR
                                                  NORMAL
..................................................................
TEMPERATURE (F)
 YESTERDAY
  MAXIMUM         79   1108 AM  MM      MM  84     -5       67
  MINIMUM         66   1159 PM  MM      MM  65      1       54
  AVERAGE         73                        75     -2       61

PRECIPITATION (IN)
  YESTERDAY        T            MM      MM   0.11  -0.11     0.00
  MONTH TO DATE    2.96                      4.45  -1.49     2.03
  SINCE JUN 1     12.76                      9.06   3.70     6.86
  SINCE JAN 1     23.81                     21.15   2.66    28.10

DEGREE DAYS
 HEATING
  YESTERDAY        0                         0      0        4
  MONTH TO DATE   12                         0     12        4
  SINCE JUN 1     16                        17     -1       25
  SINCE JUL 1     12                         0     12        4

 COOLING
  YESTERDAY        8                        10     -2        0
  MONTH TO DATE  150                       270   -120      267
  SINCE JUN 1    364                       481   -117      472
  SINCE JAN 1    453                       542    -89      559
..................................................................


WIND (MPH)
  HIGHEST WIND SPEED    28   HIGHEST WIND DIRECTION    NW (310)
  HIGHEST GUST SPEED    37   HIGHEST GUST DIRECTION     W (290)
  AVERAGE WIND SPEED    13.2


SKY COVER
  POSSIBLE SUNSHINE  MM
  AVERAGE SKY COVER 0.2


WEATHER CONDITIONS
 THE FOLLOWING WEATHER WAS RECORDED YESTERDAY.
  LIGHT RAIN
  FOG


RELATIVE HUMIDITY (PERCENT)
 HIGHEST   100          1200 AM
 LOWEST     54          1000 AM
 AVERAGE    77

..........................................................


THE IOWA CITY IA CLIMATE NORMALS FOR TODAY
                         NORMAL    RECORD    YEAR
 MAXIMUM TEMPERATURE (F)   84        MM        MM
 MINIMUM TEMPERATURE (F)   65        MM        MM


SUNRISE AND SUNSET
JULY 28 2014..........SUNRISE   557 AM CDT   SUNSET   828 PM CDT
JULY 29 2014..........SUNRISE   558 AM CDT   SUNSET   827 PM CDT


-  INDICATES NEGATIVE NUMBERS.
R  INDICATES RECORD WAS SET OR TIED.
MM INDICATES DATA IS MISSING.
T  INDICATES TRACE AMOUNT.




$$
