000
CDUS43 KDVN 292130
CLIIOW


CLIMATE REPORT
NATIONAL WEATHER SERVICE QUAD CITIES IA IL
430 PM CDT SUN MAR 29 2015


...................................

...THE IOWA CITY IA CLIMATE SUMMARY FOR MARCH 29 2015...
VALID TODAY AS OF 0400 PM LOCAL TIME.

CLIMATE NORMAL PERIOD 1981 TO 2010
CLIMATE RECORD PERIOD 9999 TO 9999


WEATHER ITEM   OBSERVED TIME   RECORD YEAR NORMAL DEPARTURE LAST
                VALUE   (LST)  VALUE       VALUE  FROM      YEAR
                                                  NORMAL
..................................................................
TEMPERATURE (F)
 TODAY
  MAXIMUM         60    110 PM  MM      MM  55      5       52
  MINIMUM         30    152 AM  MM      MM  34     -4       29
  AVERAGE         45                        45      0       41

PRECIPITATION (IN)
  TODAY            0.05         MM      MM   0.08  -0.03     0.00
  MONTH TO DATE    0.53                      2.08  -1.55     0.58
  SINCE MAR 1      0.53                      2.08  -1.55     0.58
  SINCE JAN 1      2.11                      4.24  -2.13     2.41

DEGREE DAYS
 HEATING
  TODAY           20                        20      0       24
  MONTH TO DATE  818                       778     40     1011
  SINCE MAR 1    818                       778     40     1011
  SINCE JUL 1   6183                      5728    455     6804

 COOLING
  TODAY            0                         0      0        0
  MONTH TO DATE    0                         0      0        0
  SINCE MAR 1      0                         0      0        0
  SINCE JAN 1      0                         0      0        0
..................................................................


WIND (MPH)
  HIGHEST WIND SPEED    29   HIGHEST WIND DIRECTION     W (250)
  HIGHEST GUST SPEED    36   HIGHEST GUST DIRECTION    NW (300)
  AVERAGE WIND SPEED    16.7


SKY COVER
  POSSIBLE SUNSHINE  MM
  AVERAGE SKY COVER 0.6


WEATHER CONDITIONS
 THE FOLLOWING WEATHER WAS RECORDED TODAY.
  LIGHT RAIN


RELATIVE HUMIDITY (PERCENT)
 HIGHEST    89           900 AM
 LOWEST     47           300 PM
 AVERAGE    68

..........................................................


THE IOWA CITY IA CLIMATE NORMALS FOR TOMORROW
                         NORMAL    RECORD    YEAR
 MAXIMUM TEMPERATURE (F)   56        MM        MM
 MINIMUM TEMPERATURE (F)   35        MM        MM


SUNRISE AND SUNSET
MARCH 29 2015.........SUNRISE   655 AM CDT   SUNSET   728 PM CDT
MARCH 30 2015.........SUNRISE   653 AM CDT   SUNSET   729 PM CDT


-  INDICATES NEGATIVE NUMBERS.
R  INDICATES RECORD WAS SET OR TIED.
MM INDICATES DATA IS MISSING.
T  INDICATES TRACE AMOUNT.




$$
