000
CDUS43 KDVN 031034
CLIIOW


CLIMATE REPORT
NATIONAL WEATHER SERVICE QUAD CITIES IA IL
433 AM CST TUE MAR 3 2015


...................................

...THE IOWA CITY IA CLIMATE SUMMARY FOR MARCH 2 2015...

CLIMATE NORMAL PERIOD 1981 TO 2010
CLIMATE RECORD PERIOD 9999 TO 9999


WEATHER ITEM   OBSERVED TIME   RECORD YEAR NORMAL DEPARTURE LAST
                VALUE   (LST)  VALUE       VALUE  FROM      YEAR
                                                  NORMAL
..................................................................
TEMPERATURE (F)
 YESTERDAY
  MAXIMUM         28   1109 AM  MM      MM  40    -12        3
  MINIMUM          5    556 AM  MM      MM  23    -18       -5
  AVERAGE         17                        32    -15       -1

PRECIPITATION (IN)
  YESTERDAY        0.00         MM      MM   0.07  -0.07     0.00
  MONTH TO DATE    0.00                      0.14  -0.14     0.12
  SINCE MAR 1      0.00                      0.14  -0.14     0.12
  SINCE JAN 1      1.58                      2.30  -0.72     1.95

DEGREE DAYS
 HEATING
  YESTERDAY       48                        33     15       66
  MONTH TO DATE   97                        67     30      117
  SINCE MAR 1     97                        67     30      117
  SINCE JUL 1   5462                      5017    445     5910

 COOLING
  YESTERDAY        0                         0      0        0
  MONTH TO DATE    0                         0      0        0
  SINCE MAR 1      0                         0      0        0
  SINCE JAN 1      0                         0      0        0
..................................................................


WIND (MPH)
  HIGHEST WIND SPEED    13   HIGHEST WIND DIRECTION    SE (130)
  HIGHEST GUST SPEED    16   HIGHEST GUST DIRECTION    SE (140)
  AVERAGE WIND SPEED     6.4


SKY COVER
  POSSIBLE SUNSHINE  MM
  AVERAGE SKY COVER 0.4


WEATHER CONDITIONS
 THE FOLLOWING WEATHER WAS RECORDED YESTERDAY.
  HAZE


RELATIVE HUMIDITY (PERCENT)
 HIGHEST    91           600 AM
 LOWEST     62          1100 AM
 AVERAGE    77

..........................................................


THE IOWA CITY IA CLIMATE NORMALS FOR TODAY
                         NORMAL    RECORD    YEAR
 MAXIMUM TEMPERATURE (F)   41        MM        MM
 MINIMUM TEMPERATURE (F)   24        MM        MM


SUNRISE AND SUNSET
MARCH  3 2015.........SUNRISE   638 AM CST   SUNSET   559 PM CST
MARCH  4 2015.........SUNRISE   636 AM CST   SUNSET   600 PM CST


-  INDICATES NEGATIVE NUMBERS.
R  INDICATES RECORD WAS SET OR TIED.
MM INDICATES DATA IS MISSING.
T  INDICATES TRACE AMOUNT.




$$
