000
CDUS41 KCTP 070612
CLIIPT


CLIMATE REPORT
NATIONAL WEATHER SERVICE STATE COLLEGE PA
210 AM EDT TUE JUL 7 2015


...................................

...THE WILLIAMSPORT PA CLIMATE SUMMARY FOR JULY 6 2015...

CLIMATE NORMAL PERIOD 1981 TO 2010
CLIMATE RECORD PERIOD 1895 TO 2015


WEATHER ITEM   OBSERVED TIME   RECORD YEAR NORMAL DEPARTURE LAST
                VALUE   (LST)  VALUE       VALUE  FROM      YEAR
                                                  NORMAL
..................................................................
TEMPERATURE (F)
 YESTERDAY
  MAXIMUM         83    440 PM 101    1988  84     -1       84
  MINIMUM         62   1242 AM  47    1979  62      0       54
                                      1940
  AVERAGE         73                        72      1       69

PRECIPITATION (IN)
  YESTERDAY        T             3.09 1928   0.13  -0.13     0.00
  MONTH TO DATE    1.09                      0.77   0.32     1.60
  SINCE JUN 1      8.90                      4.69   4.21     5.06
  SINCE JAN 1     21.32                     19.60   1.72    19.81

DEGREE DAYS
 HEATING
  YESTERDAY        0                         0      0        0
  MONTH TO DATE    0                         0      0        0
  SINCE JUN 1     21                        37    -16        8
  SINCE JUL 1      0                         0      0        0

 COOLING
  YESTERDAY        8                         8      0        4
  MONTH TO DATE   26                        45    -19       56
  SINCE JUN 1    198                       191      7      225
  SINCE JAN 1    326                       234     92      277
..................................................................


WIND (MPH)
  HIGHEST WIND SPEED    14   HIGHEST WIND DIRECTION    SE (140)
  HIGHEST GUST SPEED    21   HIGHEST GUST DIRECTION    SE (130)
  AVERAGE WIND SPEED     3.6


SKY COVER
  POSSIBLE SUNSHINE  MM
  AVERAGE SKY COVER 0.6


WEATHER CONDITIONS
 THE FOLLOWING WEATHER WAS RECORDED YESTERDAY.
  LIGHT RAIN
  HAZE


RELATIVE HUMIDITY (PERCENT)
 HIGHEST    93          1200 AM
 LOWEST     62           100 PM
 AVERAGE    78

..........................................................


THE WILLIAMSPORT PA CLIMATE NORMALS FOR TODAY
                         NORMAL    RECORD    YEAR
 MAXIMUM TEMPERATURE (F)   84       101      1988
 MINIMUM TEMPERATURE (F)   62        47      1983
                                             1968


SUNRISE AND SUNSET
JULY  7 2015..........SUNRISE   542 AM EDT   SUNSET   843 PM EDT
JULY  8 2015..........SUNRISE   542 AM EDT   SUNSET   843 PM EDT


-  INDICATES NEGATIVE NUMBERS.
R  INDICATES RECORD WAS SET OR TIED.
MM INDICATES DATA IS MISSING.
T  INDICATES TRACE AMOUNT.




$$
