348
CDUS41 KCTP 222119
CLIIPT


CLIMATE REPORT
NATIONAL WEATHER SERVICE STATE COLLEGE PA
519 PM EDT WED MAR 22 2017


...................................

...THE WILLIAMSPORT PA CLIMATE SUMMARY FOR MARCH 22 2017...
VALID TODAY AS OF 0500 PM LOCAL TIME.

CLIMATE NORMAL PERIOD 1981 TO 2010
CLIMATE RECORD PERIOD 1895 TO 2017


WEATHER ITEM   OBSERVED TIME   RECORD YEAR NORMAL DEPARTURE LAST
                VALUE   (LST)  VALUE       VALUE  FROM      YEAR
                                                  NORMAL
..................................................................
TEMPERATURE (F)
 TODAY
  MAXIMUM         44   1214 AM  82    1938  50     -6       59
  MINIMUM         29   1004 AM   8    1965  31     -2       23
  AVERAGE         37                        40     -3       41

PRECIPITATION (IN)
  TODAY            T             1.25 1977   0.10  -0.10      T
  MONTH TO DATE    2.36                      2.01   0.35     0.61
  SINCE MAR 1      2.36                      2.01   0.35     0.61
  SINCE JAN 1      7.66                      7.05   0.61     7.03

SNOWFALL (IN)
  TODAY            T             4.3  1961   0.1   -0.1      0.0
  MONTH TO DATE   22.6                       5.6   17.0      0.2
  SINCE MAR 1     22.6                       5.6   17.0      0.2
  SINCE JUL 1     41.1                      33.6    7.5      5.9
  SNOW DEPTH       0

DEGREE DAYS
 HEATING
  TODAY           28                        25      3       24
  MONTH TO DATE  670                       626     44      445
  SINCE MAR 1    670                       626     44      445
  SINCE JUL 1   4306                      5093   -787     4088

 COOLING
  TODAY            0                         0      0        0
  MONTH TO DATE    0                         0      0        0
  SINCE MAR 1      0                         0      0        0
  SINCE JAN 1      0                         0      0        0
..................................................................


WIND (MPH)
  HIGHEST WIND SPEED    26   HIGHEST WIND DIRECTION    NW (300)
  HIGHEST GUST SPEED    36   HIGHEST GUST DIRECTION    NW (300)
  AVERAGE WIND SPEED    15.9


SKY COVER
  POSSIBLE SUNSHINE  MM
  AVERAGE SKY COVER 0.3


WEATHER CONDITIONS
 THE FOLLOWING WEATHER WAS RECORDED TODAY.
  LIGHT SNOW


RELATIVE HUMIDITY (PERCENT)
 HIGHEST    63           500 AM
 LOWEST     20           300 PM
 AVERAGE    42

..........................................................


THE WILLIAMSPORT PA CLIMATE NORMALS FOR TOMORROW
                         NORMAL    RECORD    YEAR
 MAXIMUM TEMPERATURE (F)   51        80      2012
                                             1938
 MINIMUM TEMPERATURE (F)   31         8      1906


SUNRISE AND SUNSET
MARCH 22 2017.........SUNRISE   707 AM EDT   SUNSET   722 PM EDT
MARCH 23 2017.........SUNRISE   706 AM EDT   SUNSET   723 PM EDT


-  INDICATES NEGATIVE NUMBERS.
R  INDICATES RECORD WAS SET OR TIED.
MM INDICATES DATA IS MISSING.
T  INDICATES TRACE AMOUNT.




$$
