000
CDUS41 KCTP 230635
CLIIPT


CLIMATE REPORT
NATIONAL WEATHER SERVICE STATE COLLEGE PA
235 AM EDT SAT AUG 23 2014


...................................

...THE WILLIAMSPORT PA CLIMATE SUMMARY FOR AUGUST 22 2014...

CLIMATE NORMAL PERIOD 1981 TO 2010
CLIMATE RECORD PERIOD 1895 TO 2014


WEATHER ITEM   OBSERVED TIME   RECORD YEAR NORMAL DEPARTURE LAST
                VALUE   (LST)  VALUE       VALUE  FROM      YEAR
                                                  NORMAL
..................................................................
TEMPERATURE (F)
 YESTERDAY
  MAXIMUM         83    306 PM  98    1916  81      2       88
  MINIMUM         65    538 AM  42    1941  60      5       66
  AVERAGE         74                        71      3       77

PRECIPITATION (IN)
  YESTERDAY        0.38          1.33 2010   0.12   0.26     0.27
  MONTH TO DATE    5.73                      2.77   2.96     1.66
  SINCE JUN 1     13.21                     11.03   2.18     8.95
  SINCE JAN 1     27.96                     25.94   2.02    21.52

DEGREE DAYS
 HEATING
  YESTERDAY        0                         0      0        0
  MONTH TO DATE    4                         0      4        5
  SINCE JUN 1     12                        41    -29       14
  SINCE JUL 1      4                         4      0        5

 COOLING
  YESTERDAY        9                         6      3       12
  MONTH TO DATE  118                       154    -36      114
  SINCE JUN 1    525                       544    -19      611
  SINCE JAN 1    577                       587    -10      682
..................................................................


WIND (MPH)
  HIGHEST WIND SPEED    16   HIGHEST WIND DIRECTION     S (170)
  HIGHEST GUST SPEED    24   HIGHEST GUST DIRECTION     S (180)
  AVERAGE WIND SPEED     4.9


SKY COVER
  POSSIBLE SUNSHINE  MM
  AVERAGE SKY COVER 0.7


WEATHER CONDITIONS
 THE FOLLOWING WEATHER WAS RECORDED YESTERDAY.
  THUNDERSTORM
  HEAVY RAIN
  RAIN
  LIGHT RAIN
  FOG


RELATIVE HUMIDITY (PERCENT)
 HIGHEST    93          1200 AM
 LOWEST     58           200 PM
 AVERAGE    76

..........................................................


THE WILLIAMSPORT PA CLIMATE NORMALS FOR TODAY
                         NORMAL    RECORD    YEAR
 MAXIMUM TEMPERATURE (F)   81        97      1936
 MINIMUM TEMPERATURE (F)   60        43      1923


SUNRISE AND SUNSET
AUGUST 23 2014........SUNRISE   625 AM EDT   SUNSET   755 PM EDT
AUGUST 24 2014........SUNRISE   626 AM EDT   SUNSET   753 PM EDT


-  INDICATES NEGATIVE NUMBERS.
R  INDICATES RECORD WAS SET OR TIED.
MM INDICATES DATA IS MISSING.
T  INDICATES TRACE AMOUNT.




$$
