000
CDUS41 KCTP 230616
CLIIPT


CLIMATE REPORT
NATIONAL WEATHER SERVICE STATE COLLEGE PA
216 AM EDT TUE SEP 23 2014


...................................

...THE WILLIAMSPORT PA CLIMATE SUMMARY FOR SEPTEMBER 22 2014...

CLIMATE NORMAL PERIOD 1981 TO 2010
CLIMATE RECORD PERIOD 1895 TO 2014


WEATHER ITEM   OBSERVED TIME   RECORD YEAR NORMAL DEPARTURE LAST
                VALUE   (LST)  VALUE       VALUE  FROM      YEAR
                                                  NORMAL
..................................................................
TEMPERATURE (F)
 YESTERDAY
  MAXIMUM         64    309 PM  97    1931  71     -7       65
  MINIMUM         45   1159 PM  31    1904  51     -6       49
  AVERAGE         55                        61     -6       57

PRECIPITATION (IN)
  YESTERDAY        0.00          3.62 1913   0.13  -0.13     0.00
  MONTH TO DATE    1.08                      3.06  -1.98     1.60
  SINCE SEP 1      1.08                      3.06  -1.98     1.60
  SINCE JAN 1     29.89                     30.09  -0.20    23.22

DEGREE DAYS
 HEATING
  YESTERDAY       10                         5      5        8
  MONTH TO DATE   61                        60      1       79
  SINCE SEP 1     61                        60      1       79
  SINCE JUL 1     66                        74     -8       84

 COOLING
  YESTERDAY        0                         1     -1        0
  MONTH TO DATE   84                        56     28       74
  SINCE SEP 1     84                        56     28       74
  SINCE JAN 1    701                       690     11      833
..................................................................


WIND (MPH)
  HIGHEST WIND SPEED    20   HIGHEST WIND DIRECTION     W (270)
  HIGHEST GUST SPEED    25   HIGHEST GUST DIRECTION    NW (310)
  AVERAGE WIND SPEED    10.1


SKY COVER
  POSSIBLE SUNSHINE  MM
  AVERAGE SKY COVER 0.8


WEATHER CONDITIONS
 THE FOLLOWING WEATHER WAS RECORDED YESTERDAY.
  RAIN


RELATIVE HUMIDITY (PERCENT)
 HIGHEST    84          1200 AM
 LOWEST     43           300 PM
 AVERAGE    64

..........................................................


THE WILLIAMSPORT PA CLIMATE NORMALS FOR TODAY
                         NORMAL    RECORD    YEAR
 MAXIMUM TEMPERATURE (F)   71        90      1941
                                             1895
 MINIMUM TEMPERATURE (F)   50        32      1904


SUNRISE AND SUNSET
SEPTEMBER 23 2014.....SUNRISE   656 AM EDT   SUNSET   703 PM EDT
SEPTEMBER 24 2014.....SUNRISE   657 AM EDT   SUNSET   701 PM EDT


-  INDICATES NEGATIVE NUMBERS.
R  INDICATES RECORD WAS SET OR TIED.
MM INDICATES DATA IS MISSING.
T  INDICATES TRACE AMOUNT.




$$
