000
CDUS41 KCTP 202216
CLIIPT


CLIMATE REPORT
NATIONAL WEATHER SERVICE STATE COLLEGE PA
516 PM EST MON FEB 20 2017


...................................

...THE WILLIAMSPORT PA CLIMATE SUMMARY FOR FEBRUARY 20 2017...
VALID TODAY AS OF 0500 PM LOCAL TIME.

CLIMATE NORMAL PERIOD 1981 TO 2010
CLIMATE RECORD PERIOD 1895 TO 2017


WEATHER ITEM   OBSERVED TIME   RECORD YEAR NORMAL DEPARTURE LAST
                VALUE   (LST)  VALUE       VALUE  FROM      YEAR
                                                  NORMAL
..................................................................
TEMPERATURE (F)
 TODAY
  MAXIMUM         56    339 PM  67    2016  39     17       67
                                      1930
  MINIMUM         34    706 AM  -7    1936  22     12       30
  AVERAGE         45                        31     14       49

PRECIPITATION (IN)
  TODAY            0.00          1.19 1981   0.08  -0.08     0.00
  MONTH TO DATE    1.50                      1.66  -0.16     3.06
  SINCE DEC 1      7.89                      7.29   0.60     8.48
  SINCE JAN 1      4.93                      4.36   0.57     5.12

SNOWFALL (IN)
  TODAY            0.0          13.0  1921   0.3   -0.3      0.0
  MONTH TO DATE    6.2                       6.3   -0.1      4.3
  SINCE DEC 1     18.4                      23.7   -5.3      5.6
  SINCE JUL 1     18.5                      25.5   -7.0      5.6
  SNOW DEPTH       0

DEGREE DAYS
 HEATING
  TODAY           20                        34    -14       16
  MONTH TO DATE  589                       722   -133      690
  SINCE DEC 1   2545                      2956   -411     2490
  SINCE JUL 1   3479                      4201   -722     3417

 COOLING
  TODAY            0                         0      0        0
  MONTH TO DATE    0                         0      0        0
  SINCE DEC 1      0                         0      0        0
  SINCE JAN 1      0                         0      0        0
..................................................................


WIND (MPH)
  HIGHEST WIND SPEED    16   HIGHEST WIND DIRECTION    NW (330)
  HIGHEST GUST SPEED    20   HIGHEST GUST DIRECTION    NW (320)
  AVERAGE WIND SPEED     8.1


SKY COVER
  POSSIBLE SUNSHINE  MM
  AVERAGE SKY COVER 0.0


WEATHER CONDITIONS
 THE FOLLOWING WEATHER WAS RECORDED TODAY.
  NO SIGNIFICANT WEATHER WAS OBSERVED.


RELATIVE HUMIDITY (PERCENT)
 HIGHEST    82           700 AM
 LOWEST     22           400 PM
 AVERAGE    52

..........................................................


THE WILLIAMSPORT PA CLIMATE NORMALS FOR TOMORROW
                         NORMAL    RECORD    YEAR
 MAXIMUM TEMPERATURE (F)   40        69      1930
 MINIMUM TEMPERATURE (F)   22        -2      1936


SUNRISE AND SUNSET
FEBRUARY 20 2017......SUNRISE   655 AM EST   SUNSET   548 PM EST
FEBRUARY 21 2017......SUNRISE   654 AM EST   SUNSET   549 PM EST


-  INDICATES NEGATIVE NUMBERS.
R  INDICATES RECORD WAS SET OR TIED.
MM INDICATES DATA IS MISSING.
T  INDICATES TRACE AMOUNT.




$$
