000
CDUS41 KCTP 280708
CLIIPT


CLIMATE REPORT
NATIONAL WEATHER SERVICE STATE COLLEGE PA
308 AM EDT SAT MAY 28 2016


...................................

...THE WILLIAMSPORT PA CLIMATE SUMMARY FOR MAY 27 2016...

CLIMATE NORMAL PERIOD 1981 TO 2010
CLIMATE RECORD PERIOD 1895 TO 2016


WEATHER ITEM   OBSERVED TIME   RECORD YEAR NORMAL DEPARTURE LAST
                VALUE   (LST)  VALUE       VALUE  FROM      YEAR
                                                  NORMAL
..................................................................
TEMPERATURE (F)
 YESTERDAY
  MAXIMUM         88    253 PM  94    1918  75     13       82
  MINIMUM         63    400 AM  33    1969  52     11       66
  AVERAGE         76                        63     13       74

PRECIPITATION (IN)
  YESTERDAY        0.00          4.03 1946   0.12  -0.12     0.01
  MONTH TO DATE    2.22                      3.18  -0.96     1.99
  SINCE MAR 1      4.92                      9.39  -4.47     8.55
  SINCE JAN 1     11.34                     14.43  -3.09    11.34

SNOWFALL (IN)
  YESTERDAY        0.0           0.0  2002   0.0    0.0      0.0
                                      2001
  MONTH TO DATE    T                         0.0    0.0      0.0
  SINCE MAR 1      2.0                       8.0   -6.0     11.4
  SINCE JUL 1      7.7                      36.0  -28.3     44.4
  SNOW DEPTH       0

DEGREE DAYS
 HEATING
  YESTERDAY        0                         4     -4        0
  MONTH TO DATE  207                       189     18       93
  SINCE MAR 1   1264                      1477   -213     1517
  SINCE JUL 1   4907                      5944  -1037     6154

 COOLING
  YESTERDAY       11                         2      9        9
  MONTH TO DATE   27                        28     -1      100
  SINCE MAR 1     27                        33     -6      100
  SINCE JAN 1     27                        33     -6      100
..................................................................


WIND (MPH)
  HIGHEST WIND SPEED    14   HIGHEST WIND DIRECTION     S (170)
  HIGHEST GUST SPEED    19   HIGHEST GUST DIRECTION     S (170)
  AVERAGE WIND SPEED     3.2


SKY COVER
  POSSIBLE SUNSHINE  MM
  AVERAGE SKY COVER 0.4


WEATHER CONDITIONS
 THE FOLLOWING WEATHER WAS RECORDED YESTERDAY.
  THUNDERSTORM


RELATIVE HUMIDITY (PERCENT)
 HIGHEST    87           300 AM
 LOWEST     46           300 PM
 AVERAGE    67

..........................................................


THE WILLIAMSPORT PA CLIMATE NORMALS FOR TODAY
                         NORMAL    RECORD    YEAR
 MAXIMUM TEMPERATURE (F)   75        94      1941
 MINIMUM TEMPERATURE (F)   52        34      1983


SUNRISE AND SUNSET
MAY 28 2016...........SUNRISE   539 AM EDT   SUNSET   832 PM EDT
MAY 29 2016...........SUNRISE   538 AM EDT   SUNSET   832 PM EDT


-  INDICATES NEGATIVE NUMBERS.
R  INDICATES RECORD WAS SET OR TIED.
MM INDICATES DATA IS MISSING.
T  INDICATES TRACE AMOUNT.




$$
