000
CDUS41 KCTP 230617
CLIIPT


CLIMATE REPORT
NATIONAL WEATHER SERVICE STATE COLLEGE PA
216 AM EDT THU OCT 23 2014


...................................

...THE WILLIAMSPORT PA CLIMATE SUMMARY FOR OCTOBER 22 2014...

CLIMATE NORMAL PERIOD 1981 TO 2010
CLIMATE RECORD PERIOD 1895 TO 2014


WEATHER ITEM   OBSERVED TIME   RECORD YEAR NORMAL DEPARTURE LAST
                VALUE   (LST)  VALUE       VALUE  FROM      YEAR
                                                  NORMAL
..................................................................
TEMPERATURE (F)
 YESTERDAY
  MAXIMUM         54    243 PM  81    1920  60     -6       60
  MINIMUM         50    840 PM  20    1940  39     11       41
  AVERAGE         52                        50      2       51

PRECIPITATION (IN)
  YESTERDAY        T             1.96 1970   0.11  -0.11     0.00
  MONTH TO DATE    2.47                      2.48  -0.01     2.75
  SINCE SEP 1      3.57                      6.64  -3.07     4.35
  SINCE JAN 1     32.38                     33.67  -1.29    25.97

SNOWFALL (IN)
  YESTERDAY        0.0
  MONTH TO DATE    0.0
  SINCE SEP 1      0.0
  SINCE JUL 1      0.0
  SNOW DEPTH       0

DEGREE DAYS
 HEATING
  YESTERDAY       13                        15     -2       14
  MONTH TO DATE  199                       262    -63      144
  SINCE SEP 1    275                       376   -101      265
  SINCE JUL 1    280                       390   -110      270

 COOLING
  YESTERDAY        0                         0      0        0
  MONTH TO DATE    6                         1      5       30
  SINCE SEP 1     96                        64     32      104
  SINCE JAN 1    713                       698     15      863
..................................................................


WIND (MPH)
  HIGHEST WIND SPEED    18   HIGHEST WIND DIRECTION    NW (320)
  HIGHEST GUST SPEED    26   HIGHEST GUST DIRECTION    NW (320)
  AVERAGE WIND SPEED     9.5


SKY COVER
  POSSIBLE SUNSHINE  MM
  AVERAGE SKY COVER 1.0


WEATHER CONDITIONS
 THE FOLLOWING WEATHER WAS RECORDED YESTERDAY.
  LIGHT RAIN


RELATIVE HUMIDITY (PERCENT)
 HIGHEST    83          1200 AM
 LOWEST     66          1100 AM
 AVERAGE    75

..........................................................


THE WILLIAMSPORT PA CLIMATE NORMALS FOR TODAY
                         NORMAL    RECORD    YEAR
 MAXIMUM TEMPERATURE (F)   60        84      1947
 MINIMUM TEMPERATURE (F)   39        22      1944


SUNRISE AND SUNSET
OCTOBER 23 2014.......SUNRISE   728 AM EDT   SUNSET   615 PM EDT
OCTOBER 24 2014.......SUNRISE   730 AM EDT   SUNSET   614 PM EDT


-  INDICATES NEGATIVE NUMBERS.
R  INDICATES RECORD WAS SET OR TIED.
MM INDICATES DATA IS MISSING.
T  INDICATES TRACE AMOUNT.




$$
