956
CDUS41 KCTP 260626
CLIIPT


CLIMATE REPORT
NATIONAL WEATHER SERVICE STATE COLLEGE PA
226 AM EDT WED APR 26 2017


...................................

...THE WILLIAMSPORT PA CLIMATE SUMMARY FOR APRIL 25 2017...

CLIMATE NORMAL PERIOD 1981 TO 2010
CLIMATE RECORD PERIOD 1895 TO 2017


WEATHER ITEM   OBSERVED TIME   RECORD YEAR NORMAL DEPARTURE LAST
                VALUE   (LST)  VALUE       VALUE  FROM      YEAR
                                                  NORMAL
..................................................................
TEMPERATURE (F)
 YESTERDAY
  MAXIMUM         64    151 PM  93    1925  65     -1       77
  MINIMUM         52    806 AM  26    1956  42     10       47
  AVERAGE         58                        53      5       62

PRECIPITATION (IN)
  YESTERDAY        0.08          2.00 1910   0.10  -0.02     0.08
  MONTH TO DATE    3.60                      2.70   0.90     1.03
  SINCE MAR 1      7.34                      5.67   1.67     2.14
  SINCE JAN 1     12.64                     10.71   1.93     8.56

SNOWFALL (IN)
  YESTERDAY        0.0           T    1983   0.0    0.0      0.0
  MONTH TO DATE    T                         1.1   -1.1      1.8
  SINCE MAR 1     22.6                       8.0   14.6      2.0
  SINCE JUL 1     41.1                      36.0    5.1      7.7
  SNOW DEPTH       0

DEGREE DAYS
 HEATING
  YESTERDAY        7                        12     -5        3
  MONTH TO DATE  248                       403   -155      412
  SINCE MAR 1   1106                      1232   -126      994
  SINCE JUL 1   4742                      5699   -957     4637

 COOLING
  YESTERDAY        0                         0      0        0
  MONTH TO DATE    5                         0      5        0
  SINCE MAR 1      5                         0      5        0
  SINCE JAN 1      5                         0      5        0
..................................................................


WIND (MPH)
  HIGHEST WIND SPEED    18   HIGHEST WIND DIRECTION     E (80)
  HIGHEST GUST SPEED    23   HIGHEST GUST DIRECTION     E (90)
  AVERAGE WIND SPEED     6.2


SKY COVER
  POSSIBLE SUNSHINE  MM
  AVERAGE SKY COVER 1.0


WEATHER CONDITIONS
 THE FOLLOWING WEATHER WAS RECORDED YESTERDAY.
  LIGHT RAIN
  FOG


RELATIVE HUMIDITY (PERCENT)
 HIGHEST   100          1100 PM
 LOWEST     59           500 AM
 AVERAGE    80

..........................................................


THE WILLIAMSPORT PA CLIMATE NORMALS FOR TODAY
                         NORMAL    RECORD    YEAR
 MAXIMUM TEMPERATURE (F)   65        92      1990
 MINIMUM TEMPERATURE (F)   42        26      1934


SUNRISE AND SUNSET
APRIL 26 2017.........SUNRISE   612 AM EDT   SUNSET   800 PM EDT
APRIL 27 2017.........SUNRISE   610 AM EDT   SUNSET   801 PM EDT


-  INDICATES NEGATIVE NUMBERS.
R  INDICATES RECORD WAS SET OR TIED.
MM INDICATES DATA IS MISSING.
T  INDICATES TRACE AMOUNT.




$$
