000
CDUS41 KCTP 242116
CLIIPT


CLIMATE REPORT
NATIONAL WEATHER SERVICE STATE COLLEGE PA
516 PM EDT THU APR 24 2014


...................................

...THE WILLIAMSPORT PA CLIMATE SUMMARY FOR APRIL 24 2014...
VALID TODAY AS OF 0500 PM LOCAL TIME.

CLIMATE NORMAL PERIOD 1981 TO 2010
CLIMATE RECORD PERIOD 1895 TO 2014


WEATHER ITEM   OBSERVED TIME   RECORD YEAR NORMAL DEPARTURE LAST
                VALUE   (LST)  VALUE       VALUE  FROM      YEAR
                                                  NORMAL
..................................................................
TEMPERATURE (F)
 TODAY
  MAXIMUM         62    353 PM  96    1925  65     -3       71
  MINIMUM         36    536 AM  25    1930  42     -6       43
  AVERAGE         49                        53     -4       57

PRECIPITATION (IN)
  TODAY            0.00          2.09 1977   0.10  -0.10     0.26
  MONTH TO DATE    1.92                      2.60  -0.68     2.90
  SINCE MAR 1      4.81                      5.57  -0.76     4.64
  SINCE JAN 1      8.61                     10.61  -2.00     9.10

SNOWFALL (IN)
  TODAY            0.0
  MONTH TO DATE    T
  SINCE MAR 1      0.1
  SINCE JUL 1     45.9
  SNOW DEPTH       0

DEGREE DAYS
 HEATING
  TODAY           16                        12      4        8
  MONTH TO DATE  396                       391      5      369
  SINCE MAR 1   1396                      1220    176     1239
  SINCE JUL 1   6228                      5687    541     5405

 COOLING
  TODAY            0                         0      0        0
  MONTH TO DATE    9                         0      9        8
  SINCE MAR 1      9                         0      9        8
  SINCE JAN 1      9                         0      9        8
..................................................................


WIND (MPH)
  HIGHEST WIND SPEED    21   HIGHEST WIND DIRECTION    NW (320)
  HIGHEST GUST SPEED    27   HIGHEST GUST DIRECTION    NW (320)
  AVERAGE WIND SPEED    11.3


SKY COVER
  POSSIBLE SUNSHINE  MM
  AVERAGE SKY COVER 0.0


WEATHER CONDITIONS
 THE FOLLOWING WEATHER WAS RECORDED TODAY.
  NO SIGNIFICANT WEATHER WAS OBSERVED.


RELATIVE HUMIDITY (PERCENT)
 HIGHEST    44           600 AM
 LOWEST     15           200 PM
 AVERAGE    30

..........................................................


THE WILLIAMSPORT PA CLIMATE NORMALS FOR TOMORROW
                         NORMAL    RECORD    YEAR
 MAXIMUM TEMPERATURE (F)   65        93      1925
 MINIMUM TEMPERATURE (F)   42        26      1956


SUNRISE AND SUNSET
APRIL 24 2014.........SUNRISE   615 AM EDT   SUNSET   757 PM EDT
APRIL 25 2014.........SUNRISE   613 AM EDT   SUNSET   759 PM EDT


-  INDICATES NEGATIVE NUMBERS.
R  INDICATES RECORD WAS SET OR TIED.
MM INDICATES DATA IS MISSING.
T  INDICATES TRACE AMOUNT.




$$
