000
CDUS41 KCTP 060644
CLIIPT


CLIMATE REPORT
NATIONAL WEATHER SERVICE STATE COLLEGE PA
143 AM EST TUE DEC 6 2016


...................................

...THE WILLIAMSPORT PA CLIMATE SUMMARY FOR DECEMBER 5 2016...

CLIMATE NORMAL PERIOD 1981 TO 2010
CLIMATE RECORD PERIOD 1895 TO 2016


WEATHER ITEM   OBSERVED TIME   RECORD YEAR NORMAL DEPARTURE LAST
                VALUE   (LST)  VALUE       VALUE  FROM      YEAR
                                                  NORMAL
..................................................................
TEMPERATURE (F)
 YESTERDAY
  MAXIMUM         51    147 PM  66    2001  41     10       45
  MINIMUM         35    318 AM   8    1926  28      7       28
  AVERAGE         43                        34      9       37

PRECIPITATION (IN)
  YESTERDAY        0.19          1.82 1973   0.11   0.08     0.00
  MONTH TO DATE    0.36                      0.58  -0.22     1.13
  SINCE DEC 1      0.36                      0.58  -0.22     1.13
  SINCE JAN 1     31.89                     38.93  -7.04    38.33

SNOWFALL (IN)
  YESTERDAY        T             8.0  2002   0.2   -0.2      0.0
  MONTH TO DATE    T                         0.8   -0.8      0.0
  SINCE DEC 1      T                         0.8   -0.8      0.0
  SINCE JUL 1      0.1                       2.6   -2.5       T
  SNOW DEPTH       0

DEGREE DAYS
 HEATING
  YESTERDAY       22                        30     -8       28
  MONTH TO DATE  105                       148    -43      116
  SINCE DEC 1    105                       148    -43      116
  SINCE JUL 1   1039                      1393   -354     1043

 COOLING
  YESTERDAY        0                         0      0        0
  MONTH TO DATE    0                         0      0        0
  SINCE DEC 1      0                         0      0        0
  SINCE JAN 1   1148                       702    446      937
..................................................................


WIND (MPH)
  HIGHEST WIND SPEED    21   HIGHEST WIND DIRECTION    NW (310)
  HIGHEST GUST SPEED    27   HIGHEST GUST DIRECTION    SE (120)
  AVERAGE WIND SPEED     6.2


SKY COVER
  POSSIBLE SUNSHINE  MM
  AVERAGE SKY COVER 0.8


WEATHER CONDITIONS
 THE FOLLOWING WEATHER WAS RECORDED YESTERDAY.
  RAIN
  LIGHT RAIN
  LIGHT SNOW
  FOG


RELATIVE HUMIDITY (PERCENT)
 HIGHEST    92           600 AM
 LOWEST     46           300 PM
 AVERAGE    69

..........................................................


THE WILLIAMSPORT PA CLIMATE NORMALS FOR TODAY
                         NORMAL    RECORD    YEAR
 MAXIMUM TEMPERATURE (F)   41        69      1998
 MINIMUM TEMPERATURE (F)   27         2      1901


SUNRISE AND SUNSET
DECEMBER  6 2016......SUNRISE   719 AM EST   SUNSET   438 PM EST
DECEMBER  7 2016......SUNRISE   720 AM EST   SUNSET   438 PM EST


-  INDICATES NEGATIVE NUMBERS.
R  INDICATES RECORD WAS SET OR TIED.
MM INDICATES DATA IS MISSING.
T  INDICATES TRACE AMOUNT.




$$
