254
CDUS41 KCTP 162235
CLIIPT


CLIMATE REPORT
NATIONAL WEATHER SERVICE STATE COLLEGE PA
535 PM EST TUE JAN 16 2018


...................................

...THE WILLIAMSPORT PA CLIMATE SUMMARY FOR JANUARY 16 2018...
VALID TODAY AS OF 0500 PM LOCAL TIME.

CLIMATE NORMAL PERIOD 1981 TO 2010
CLIMATE RECORD PERIOD 1895 TO 2018


WEATHER ITEM   OBSERVED TIME   RECORD YEAR NORMAL DEPARTURE LAST
                VALUE   (LST)  VALUE       VALUE  FROM      YEAR
                                                  NORMAL
..................................................................
TEMPERATURE (F)
 TODAY
  MAXIMUM         29    311 PM  61    1995  34     -5       38
  MINIMUM         22   1227 AM  -6    2009  19      3       16
  AVERAGE         26                        26      0       27

PRECIPITATION (IN)
  TODAY            0.17          1.08 1991   0.09   0.08      T
  MONTH TO DATE    3.09                      1.37   1.72     1.53
  SINCE DEC 1      4.28                      4.30  -0.02     4.49
  SINCE JAN 1      3.09                      1.37   1.72     1.53

SNOWFALL (IN)
  TODAY            2.9           7.0  1945   0.4    2.5      0.0
  MONTH TO DATE    4.6                       5.2   -0.6      1.0
  SINCE DEC 1      8.6                      12.1   -3.5      9.9
  SINCE JUL 1      8.7                      13.9   -5.2     10.0
  SNOW DEPTH       2

DEGREE DAYS
 HEATING
  TODAY           39                        39      0       38
  MONTH TO DATE  692                       613     79      570
  SINCE DEC 1   1722                      1661     61     1545
  SINCE JUL 1   2706                      2906   -200     2479

 COOLING
  TODAY            0                         0      0        0
  MONTH TO DATE    0                         0      0        0
  SINCE DEC 1      0                         0      0        0
  SINCE JAN 1      0                         0      0        0
..................................................................


WIND (MPH)
  HIGHEST WIND SPEED    15   HIGHEST WIND DIRECTION    NE (60)
  HIGHEST GUST SPEED    19   HIGHEST GUST DIRECTION    NE (60)
  AVERAGE WIND SPEED     3.5


SKY COVER
  POSSIBLE SUNSHINE  MM
  AVERAGE SKY COVER 0.9


WEATHER CONDITIONS
 THE FOLLOWING WEATHER WAS RECORDED TODAY.
  SNOW
  LIGHT SNOW
  FOG
  HAZE


RELATIVE HUMIDITY (PERCENT)
 HIGHEST    92          1100 AM
 LOWEST     81           300 AM
 AVERAGE    87

..........................................................


THE WILLIAMSPORT PA CLIMATE NORMALS FOR TOMORROW
                         NORMAL    RECORD    YEAR
 MAXIMUM TEMPERATURE (F)   34        61      1990
 MINIMUM TEMPERATURE (F)   19       -13      2009


SUNRISE AND SUNSET
JANUARY 16 2018.......SUNRISE   731 AM EST   SUNSET   505 PM EST
JANUARY 17 2018.......SUNRISE   730 AM EST   SUNSET   506 PM EST


-  INDICATES NEGATIVE NUMBERS.
R  INDICATES RECORD WAS SET OR TIED.
MM INDICATES DATA IS MISSING.
T  INDICATES TRACE AMOUNT.




$$
