890
CDUS41 KCTP 270632
CLIIPT


CLIMATE REPORT
NATIONAL WEATHER SERVICE STATE COLLEGE PA
232 AM EDT TUE SEP 27 2016


...................................

...THE WILLIAMSPORT PA CLIMATE SUMMARY FOR SEPTEMBER 26 2016...

CLIMATE NORMAL PERIOD 1981 TO 2010
CLIMATE RECORD PERIOD 1895 TO 2016


WEATHER ITEM   OBSERVED TIME   RECORD YEAR NORMAL DEPARTURE LAST
                VALUE   (LST)  VALUE       VALUE  FROM      YEAR
                                                  NORMAL
..................................................................
TEMPERATURE (F)
 YESTERDAY
  MAXIMUM         69    103 PM  92    1900  69      0       75
  MINIMUM         44    602 AM  31    1943  49     -5       53
  AVERAGE         57                        59     -2       64

PRECIPITATION (IN)
  YESTERDAY        0.06          2.59 1975   0.13  -0.07     0.00
  MONTH TO DATE    2.04                      3.61  -1.57     1.83
  SINCE SEP 1      2.04                      3.61  -1.57     1.83
  SINCE JAN 1     25.47                     30.64  -5.17    30.12

DEGREE DAYS
 HEATING
  YESTERDAY        8                         7      1        1
  MONTH TO DATE   21                        85    -64       20
  SINCE SEP 1     21                        85    -64       20
  SINCE JUL 1     21                        99    -78       22

 COOLING
  YESTERDAY        0                         1     -1        0
  MONTH TO DATE  164                        60    104      141
  SINCE SEP 1    164                        60    104      141
  SINCE JAN 1   1137                       694    443      926
..................................................................


WIND (MPH)
  HIGHEST WIND SPEED    21   HIGHEST WIND DIRECTION     E (110)
  HIGHEST GUST SPEED    31   HIGHEST GUST DIRECTION    SE (130)
  AVERAGE WIND SPEED     5.2


SKY COVER
  POSSIBLE SUNSHINE  MM
  AVERAGE SKY COVER 0.6


WEATHER CONDITIONS
 THE FOLLOWING WEATHER WAS RECORDED YESTERDAY.
  LIGHT RAIN
  FOG


RELATIVE HUMIDITY (PERCENT)
 HIGHEST    93           300 AM
 LOWEST     56          1000 AM
 AVERAGE    75

..........................................................


THE WILLIAMSPORT PA CLIMATE NORMALS FOR TODAY
                         NORMAL    RECORD    YEAR
 MAXIMUM TEMPERATURE (F)   69        87      1998
 MINIMUM TEMPERATURE (F)   49        30      1947


SUNRISE AND SUNSET
SEPTEMBER 27 2016.....SUNRISE   701 AM EDT   SUNSET   655 PM EDT
SEPTEMBER 28 2016.....SUNRISE   702 AM EDT   SUNSET   654 PM EDT


-  INDICATES NEGATIVE NUMBERS.
R  INDICATES RECORD WAS SET OR TIED.
MM INDICATES DATA IS MISSING.
T  INDICATES TRACE AMOUNT.




$$
