000
CDUS41 KCTP 060642
CLIIPT


CLIMATE REPORT
NATIONAL WEATHER SERVICE STATE COLLEGE PA
142 AM EST FRI MAR 6 2015


...................................

...THE WILLIAMSPORT PA CLIMATE SUMMARY FOR MARCH 5 2015...

CLIMATE NORMAL PERIOD 1981 TO 2010
CLIMATE RECORD PERIOD 1895 TO 2015


WEATHER ITEM   OBSERVED TIME   RECORD YEAR NORMAL DEPARTURE LAST
                VALUE   (LST)  VALUE       VALUE  FROM      YEAR
                                                  NORMAL
..................................................................
TEMPERATURE (F)
 YESTERDAY
  MAXIMUM         36    238 AM  73    1976  44     -8       34
  MINIMUM         12   1159 PM   2    1978  25    -13       14
  AVERAGE         24                        34    -10       24

PRECIPITATION (IN)
  YESTERDAY        T             1.52 1920   0.09  -0.09     0.00
  MONTH TO DATE    0.65                      0.42   0.23      T
  SINCE MAR 1      0.65                      0.42   0.23      T
  SINCE JAN 1      3.44                      5.46  -2.02     3.80

SNOWFALL (IN)
  YESTERDAY        T            14.8  1902   0.3   -0.3      0.0
  MONTH TO DATE    3.3                       1.5    1.8      0.1
  SINCE MAR 1      3.3                       1.5    1.8      0.1
  SINCE JUL 1     36.3                      29.5    6.8     45.9
  SNOW DEPTH       6

DEGREE DAYS
 HEATING
  YESTERDAY       41                        31     10       41
  MONTH TO DATE  201                       157     44      221
  SINCE MAR 1    201                       157     44      221
  SINCE JUL 1   4838                      4624    214     5053

 COOLING
  YESTERDAY        0                         0      0        0
  MONTH TO DATE    0                         0      0        0
  SINCE MAR 1      0                         0      0        0
  SINCE JAN 1      0                         0      0        0
..................................................................


WIND (MPH)
  HIGHEST WIND SPEED    20   HIGHEST WIND DIRECTION    NW (320)
  HIGHEST GUST SPEED    25   HIGHEST GUST DIRECTION    NW (300)
  AVERAGE WIND SPEED     9.3


SKY COVER
  POSSIBLE SUNSHINE  MM
  AVERAGE SKY COVER 0.8


WEATHER CONDITIONS
 THE FOLLOWING WEATHER WAS RECORDED YESTERDAY.
  HAZE


RELATIVE HUMIDITY (PERCENT)
 HIGHEST    75          1200 AM
 LOWEST     36           500 PM
 AVERAGE    56

..........................................................


THE WILLIAMSPORT PA CLIMATE NORMALS FOR TODAY
                         NORMAL    RECORD    YEAR
 MAXIMUM TEMPERATURE (F)   44        68      1946
 MINIMUM TEMPERATURE (F)   25        -1      1978


SUNRISE AND SUNSET
MARCH  6 2015.........SUNRISE   635 AM EST   SUNSET   604 PM EST
MARCH  7 2015.........SUNRISE   633 AM EST   SUNSET   605 PM EST


-  INDICATES NEGATIVE NUMBERS.
R  INDICATES RECORD WAS SET OR TIED.
MM INDICATES DATA IS MISSING.
T  INDICATES TRACE AMOUNT.




$$
