000
CDUS41 KCTP 300633
CLIIPT


CLIMATE REPORT
NATIONAL WEATHER SERVICE STATE COLLEGE PA
133 AM EST FRI JAN 30 2015


...................................

...THE WILLIAMSPORT PA CLIMATE SUMMARY FOR JANUARY 29 2015...

CLIMATE NORMAL PERIOD 1981 TO 2010
CLIMATE RECORD PERIOD 1895 TO 2015


WEATHER ITEM   OBSERVED TIME   RECORD YEAR NORMAL DEPARTURE LAST
                VALUE   (LST)  VALUE       VALUE  FROM      YEAR
                                                  NORMAL
..................................................................
TEMPERATURE (F)
 YESTERDAY
  MAXIMUM         29    404 PM  59    2002  35     -6       21
  MINIMUM          2    647 AM -12    1963  20    -18       -2
  AVERAGE         16                        27    -11       10

PRECIPITATION (IN)
  YESTERDAY        0.06          1.09 1990   0.09  -0.03     0.00
  MONTH TO DATE    1.65                      2.52  -0.87     1.25
  SINCE DEC 1      4.25                      5.45  -1.20     4.89
  SINCE JAN 1      1.65                      2.52  -0.87     1.25

SNOWFALL (IN)
  YESTERDAY        0.7           8.0  1943   0.4    0.3      0.0
  MONTH TO DATE   14.3                       9.8    4.5      7.9
  SINCE DEC 1     18.3                      16.7    1.6     22.0
  SINCE JUL 1     23.4                      18.5    4.9     24.2
  SNOW DEPTH       5

DEGREE DAYS
 HEATING
  YESTERDAY       49                        38     11       55
  MONTH TO DATE 1168                      1110     58     1263
  SINCE DEC 1   2071                      2158    -87     2336
  SINCE JUL 1   3241                      3403   -162     3579

 COOLING
  YESTERDAY        0                         0      0        0
  MONTH TO DATE    0                         0      0        0
  SINCE DEC 1      0                         0      0        0
  SINCE JAN 1      0                         0      0        0
..................................................................


WIND (MPH)
  HIGHEST WIND SPEED    21   HIGHEST WIND DIRECTION     S (160)
  HIGHEST GUST SPEED    39   HIGHEST GUST DIRECTION    SE (150)
  AVERAGE WIND SPEED     5.8


SKY COVER
  POSSIBLE SUNSHINE  MM
  AVERAGE SKY COVER 0.6


WEATHER CONDITIONS
 THE FOLLOWING WEATHER WAS RECORDED YESTERDAY.
  LIGHT SNOW


RELATIVE HUMIDITY (PERCENT)
 HIGHEST    83           800 AM
 LOWEST     35           400 PM
 AVERAGE    59

..........................................................


THE WILLIAMSPORT PA CLIMATE NORMALS FOR TODAY
                         NORMAL    RECORD    YEAR
 MAXIMUM TEMPERATURE (F)   35        65      1947
 MINIMUM TEMPERATURE (F)   20        -6      1948


SUNRISE AND SUNSET
JANUARY 30 2015.......SUNRISE   721 AM EST   SUNSET   521 PM EST
JANUARY 31 2015.......SUNRISE   720 AM EST   SUNSET   523 PM EST


-  INDICATES NEGATIVE NUMBERS.
R  INDICATES RECORD WAS SET OR TIED.
MM INDICATES DATA IS MISSING.
T  INDICATES TRACE AMOUNT.




$$
