000
CDUS41 KCTP 310639
CLIIPT


CLIMATE REPORT
NATIONAL WEATHER SERVICE STATE COLLEGE PA
238 AM EDT SUN JUL 31 2016


...................................

...THE WILLIAMSPORT PA CLIMATE SUMMARY FOR JULY 30 2016...

CLIMATE NORMAL PERIOD 1981 TO 2010
CLIMATE RECORD PERIOD 1895 TO 2016


WEATHER ITEM   OBSERVED TIME   RECORD YEAR NORMAL DEPARTURE LAST
                VALUE   (LST)  VALUE       VALUE  FROM      YEAR
                                                  NORMAL
..................................................................
TEMPERATURE (F)
 YESTERDAY
  MAXIMUM         85   1253 PM  98    1933  83      2       91
  MINIMUM         66    539 AM  48    1997  62      4       68
  AVERAGE         76                        73      3       80

PRECIPITATION (IN)
  YESTERDAY        1.39          3.29 2000   0.15   1.24     0.05
  MONTH TO DATE    3.11                      4.20  -1.09     3.93
  SINCE JUN 1      7.56                      8.12  -0.56    11.74
  SINCE JAN 1     18.90                     23.03  -4.13    24.16

DEGREE DAYS
 HEATING
  YESTERDAY        0                         0      0        0
  MONTH TO DATE    0                         0      0        2
  SINCE JUN 1      9                        37    -28       23
  SINCE JUL 1      0                         0      0        2

 COOLING
  YESTERDAY       11                         8      3       15
  MONTH TO DATE  361                       237    124      247
  SINCE JUN 1    533                       383    150      419
  SINCE JAN 1    606                       426    180      547
..................................................................


WIND (MPH)
  HIGHEST WIND SPEED    16   HIGHEST WIND DIRECTION     N (360)
  HIGHEST GUST SPEED    20   HIGHEST GUST DIRECTION     N (360)
  AVERAGE WIND SPEED     3.7


SKY COVER
  POSSIBLE SUNSHINE  MM
  AVERAGE SKY COVER 0.5


WEATHER CONDITIONS
 THE FOLLOWING WEATHER WAS RECORDED YESTERDAY.
  THUNDERSTORM
  HEAVY RAIN
  RAIN
  LIGHT RAIN
  FOG


RELATIVE HUMIDITY (PERCENT)
 HIGHEST    90           700 PM
 LOWEST     52           900 AM
 AVERAGE    71

..........................................................


THE WILLIAMSPORT PA CLIMATE NORMALS FOR TODAY
                         NORMAL    RECORD    YEAR
 MAXIMUM TEMPERATURE (F)   83       100      1933
 MINIMUM TEMPERATURE (F)   62        47      1936


SUNRISE AND SUNSET
JULY 31 2016..........SUNRISE   603 AM EDT   SUNSET   825 PM EDT
AUGUST  1 2016........SUNRISE   604 AM EDT   SUNSET   824 PM EDT


-  INDICATES NEGATIVE NUMBERS.
R  INDICATES RECORD WAS SET OR TIED.
MM INDICATES DATA IS MISSING.
T  INDICATES TRACE AMOUNT.




$$
