000
CDUS43 KEAX 280639
CLIIRK


CLIMATE REPORT
NATIONAL WEATHER SERVICE KANSAS CITY/PLEASANT HILL MO
138 AM CDT WED SEP 28 2016


...................................

...THE KIRKSVILLE MO CLIMATE SUMMARY FOR SEPTEMBER 27 2016...

CLIMATE NORMAL PERIOD 1981 TO 2010
CLIMATE RECORD PERIOD 9999 TO 9999


WEATHER ITEM   OBSERVED TIME   NORMAL DEPARTURE LAST
                VALUE   (LST)  VALUE  FROM      YEAR
                                      NORMAL
......................................................
TEMPERATURE (F)
 YESTERDAY
  MAXIMUM         76    325 PM  71      5       78
  MINIMUM         48    617 AM  48      0       55
  AVERAGE         62            60      2       67

PRECIPITATION (IN)
  YESTERDAY        0.00          0.12  -0.12     0.00
  MONTH TO DATE    2.12          3.81  -1.69     1.58
  SINCE SEP 1      2.12          3.81  -1.69     1.58
  SINCE JAN 1     25.26         31.22  -5.96    32.81

DEGREE DAYS
 HEATING
  YESTERDAY        3             7     -4        0
  MONTH TO DATE   13            78    -65       29
  SINCE SEP 1     13            78    -65       29
  SINCE JUL 1     19            85    -66       42

 COOLING
  YESTERDAY        0             1     -1        2
  MONTH TO DATE  176            78     98      202
  SINCE SEP 1    176            78     98      202
  SINCE JAN 1   1254           922    332     1079
......................................................


WIND (MPH)
  HIGHEST WIND SPEED    17   HIGHEST WIND DIRECTION     W (280)
  HIGHEST GUST SPEED    24   HIGHEST GUST DIRECTION     W (270)
  AVERAGE WIND SPEED     7.5


SKY COVER
  AVERAGE SKY COVER 0.0


WEATHER CONDITIONS
 THE FOLLOWING WEATHER WAS RECORDED YESTERDAY.
  NO SIGNIFICANT WEATHER WAS OBSERVED.


RELATIVE HUMIDITY (PERCENT)
 HIGHEST    93           600 AM
 LOWEST     31           100 PM
 AVERAGE    62

..........................................................


THE KIRKSVILLE MO CLIMATE NORMALS FOR TODAY
                         NORMAL
 MAXIMUM TEMPERATURE (F)   71
 MINIMUM TEMPERATURE (F)   48


SUNRISE AND SUNSET
SEPTEMBER 28 2016.....SUNRISE   704 AM CDT   SUNSET   656 PM CDT
SEPTEMBER 29 2016.....SUNRISE   705 AM CDT   SUNSET   655 PM CDT


-  INDICATES NEGATIVE NUMBERS.
R  INDICATES RECORD WAS SET OR TIED.
MM INDICATES DATA IS MISSING.
T  INDICATES TRACE AMOUNT.




$$
