000
CDUS43 KEAX 280638
CLIIRK


CLIMATE REPORT
NATIONAL WEATHER SERVICE KANSAS CITY/PLEASANT HILL MO
137 AM CDT THU MAY 28 2015


...................................

...THE KIRKSVILLE MO CLIMATE SUMMARY FOR MAY 27 2015...

CLIMATE NORMAL PERIOD 1981 TO 2010
CLIMATE RECORD PERIOD 9999 TO 9999


WEATHER ITEM   OBSERVED TIME   NORMAL DEPARTURE LAST
                VALUE   (LST)  VALUE  FROM      YEAR
                                      NORMAL
......................................................
TEMPERATURE (F)
 YESTERDAY
  MAXIMUM         82    401 PM  76      6       84
  MINIMUM         58   1153 PM  56      2       59
  AVERAGE         70            66      4       72

PRECIPITATION (IN)
  YESTERDAY        0.00          0.17  -0.17     0.01
  MONTH TO DATE    3.69          4.30  -0.61     1.32
  SINCE MAR 1      8.22         10.69  -2.47     5.37
  SINCE JAN 1     10.27         13.49  -3.22     8.92

DEGREE DAYS
 HEATING
  YESTERDAY        0             2     -2        0
  MONTH TO DATE  106           143    -37      155
  SINCE MAR 1   1074          1300   -226     1458
  SINCE JUL 1   5753          5833    -80     6428

 COOLING
  YESTERDAY        5             3      2        7
  MONTH TO DATE   57            43     14       82
  SINCE MAR 1     60            50     10       87
  SINCE JAN 1     60            50     10       87
......................................................


WIND (MPH)
  HIGHEST WIND SPEED    13   HIGHEST WIND DIRECTION     W (290)
  HIGHEST GUST SPEED    17   HIGHEST GUST DIRECTION    NW (310)
  AVERAGE WIND SPEED     4.9


SKY COVER
  AVERAGE SKY COVER 0.1


WEATHER CONDITIONS
 THE FOLLOWING WEATHER WAS RECORDED YESTERDAY.
  NO SIGNIFICANT WEATHER WAS OBSERVED.


RELATIVE HUMIDITY (PERCENT)
 HIGHEST   100          1200 AM
 LOWEST     40           400 PM
 AVERAGE    70

..........................................................


THE KIRKSVILLE MO CLIMATE NORMALS FOR TODAY
                         NORMAL
 MAXIMUM TEMPERATURE (F)   76
 MINIMUM TEMPERATURE (F)   56


SUNRISE AND SUNSET
MAY 28 2015...........SUNRISE   545 AM CDT   SUNSET   830 PM CDT
MAY 29 2015...........SUNRISE   545 AM CDT   SUNSET   831 PM CDT


-  INDICATES NEGATIVE NUMBERS.
R  INDICATES RECORD WAS SET OR TIED.
MM INDICATES DATA IS MISSING.
T  INDICATES TRACE AMOUNT.




$$
