000
CDUS43 KEAX 300633
CLIIRK


CLIMATE REPORT
NATIONAL WEATHER SERVICE KANSAS CITY/PLEASANT HILL MO
132 AM CDT MON MAY 30 2016


...................................

...THE KIRKSVILLE MO CLIMATE SUMMARY FOR MAY 29 2016...

CLIMATE NORMAL PERIOD 1981 TO 2010
CLIMATE RECORD PERIOD 9999 TO 9999


WEATHER ITEM   OBSERVED TIME   NORMAL DEPARTURE LAST
                VALUE   (LST)  VALUE  FROM      YEAR
                                      NORMAL
......................................................
TEMPERATURE (F)
 YESTERDAY
  MAXIMUM         84    350 PM  77      7       75
  MINIMUM         61    517 AM  56      5       63
  AVERAGE         73            66      7       69

PRECIPITATION (IN)
  YESTERDAY        0.00          0.17  -0.17      T
  MONTH TO DATE    4.72          4.63   0.09     4.08
  SINCE MAR 1      9.70         11.02  -1.32     8.61
  SINCE JAN 1     12.29         13.82  -1.53    10.66

DEGREE DAYS
 HEATING
  YESTERDAY        0             2     -2        0
  MONTH TO DATE  170           147     23      106
  SINCE MAR 1   1031          1304   -273     1074
  SINCE JUL 1   4738          5837  -1099     5753

 COOLING
  YESTERDAY        8             3      5        4
  MONTH TO DATE   50            49      1       65
  SINCE MAR 1     58            56      2       68
  SINCE JAN 1     58            56      2       68
......................................................


WIND (MPH)
  HIGHEST WIND SPEED    13   HIGHEST WIND DIRECTION     W (290)
  HIGHEST GUST SPEED    17   HIGHEST GUST DIRECTION     W (260)
  AVERAGE WIND SPEED     5.8


SKY COVER
  AVERAGE SKY COVER 0.1


WEATHER CONDITIONS
 THE FOLLOWING WEATHER WAS RECORDED YESTERDAY.
  NO SIGNIFICANT WEATHER WAS OBSERVED.


RELATIVE HUMIDITY (PERCENT)
 HIGHEST    90           200 AM
 LOWEST     51           400 PM
 AVERAGE    71

..........................................................


THE KIRKSVILLE MO CLIMATE NORMALS FOR TODAY
                         NORMAL
 MAXIMUM TEMPERATURE (F)   77
 MINIMUM TEMPERATURE (F)   56


SUNRISE AND SUNSET
MAY 30 2016...........SUNRISE   544 AM CDT   SUNSET   832 PM CDT
MAY 31 2016...........SUNRISE   543 AM CDT   SUNSET   833 PM CDT


-  INDICATES NEGATIVE NUMBERS.
R  INDICATES RECORD WAS SET OR TIED.
MM INDICATES DATA IS MISSING.
T  INDICATES TRACE AMOUNT.




$$
