000
CDUS43 KEAX 160633
CLIIRK


CLIMATE REPORT
NATIONAL WEATHER SERVICE KANSAS CITY/PLEASANT HILL MO
132 AM CDT WED APR 16 2014


...................................

...THE KIRKSVILLE MO CLIMATE SUMMARY FOR APRIL 15 2014...

CLIMATE NORMAL PERIOD 1981 TO 2010
CLIMATE RECORD PERIOD 9999 TO 9999


WEATHER ITEM   OBSERVED TIME   NORMAL DEPARTURE LAST
                VALUE   (LST)  VALUE  FROM      YEAR
                                      NORMAL
......................................................
TEMPERATURE (F)
 YESTERDAY
  MAXIMUM         49    433 PM  63    -14       54
  MINIMUM         21    519 AM  41    -20       40
  AVERAGE         35            52    -17       47

PRECIPITATION (IN)
  YESTERDAY        0.00          0.13  -0.13      T
  MONTH TO DATE    1.25          1.44  -0.19     2.21
  SINCE MAR 1      2.32          3.99  -1.67     5.55
  SINCE JAN 1      5.87          6.79  -0.92    11.00

DEGREE DAYS
 HEATING
  YESTERDAY       30            14     16       18
  MONTH TO DATE  263           237     26      251
  SINCE MAR 1   1165           991    174     1233
  SINCE JUL 1   6135          5524    611     5613

 COOLING
  YESTERDAY        0             0      0        0
  MONTH TO DATE    1             0      1        3
  SINCE MAR 1      1             0      1        3
  SINCE JAN 1      1             0      1        3
......................................................


WIND (MPH)
  HIGHEST WIND SPEED    17   HIGHEST WIND DIRECTION     W (290)
  HIGHEST GUST SPEED    22   HIGHEST GUST DIRECTION     W (290)
  AVERAGE WIND SPEED     7.8


SKY COVER
  AVERAGE SKY COVER 0.0


WEATHER CONDITIONS
 THE FOLLOWING WEATHER WAS RECORDED YESTERDAY.
  NO SIGNIFICANT WEATHER WAS OBSERVED.


RELATIVE HUMIDITY (PERCENT)
 HIGHEST    84           300 AM
 LOWEST     24           400 PM
 AVERAGE    54

..........................................................


THE KIRKSVILLE MO CLIMATE NORMALS FOR TODAY
                         NORMAL
 MAXIMUM TEMPERATURE (F)   63
 MINIMUM TEMPERATURE (F)   41


SUNRISE AND SUNSET
APRIL 16 2014.........SUNRISE   631 AM CDT   SUNSET   750 PM CDT
APRIL 17 2014.........SUNRISE   629 AM CDT   SUNSET   751 PM CDT


-  INDICATES NEGATIVE NUMBERS.
R  INDICATES RECORD WAS SET OR TIED.
MM INDICATES DATA IS MISSING.
T  INDICATES TRACE AMOUNT.




$$
