000
CDUS43 KEAX 061232
CLIIRK


CLIMATE REPORT
NATIONAL WEATHER SERVICE KANSAS CITY/PLEASANT HILL MO
631 AM CST FRI MAR 6 2015


...................................

...THE KIRKSVILLE MO CLIMATE SUMMARY FOR MARCH 6 2015...
VALID AS OF 0600 AM LOCAL TIME.

CLIMATE NORMAL PERIOD 1981 TO 2010
CLIMATE RECORD PERIOD 9999 TO 9999


WEATHER ITEM   OBSERVED TIME   NORMAL DEPARTURE LAST
                VALUE   (LST)  VALUE  FROM      YEAR
                                      NORMAL
......................................................
TEMPERATURE (F)
 TODAY
  MAXIMUM         20    559 AM  46    -26       43
  MINIMUM         13   1238 AM  27    -14       21
  AVERAGE         17            36    -19       32

PRECIPITATION (IN)
  TODAY            0.00          0.08  -0.08     0.00
  MONTH TO DATE    0.10          0.48  -0.38     0.30
  SINCE MAR 1      0.10          0.48  -0.38     0.30
  SINCE JAN 1      2.15          3.28  -1.13     3.85

DEGREE DAYS
 HEATING
  TODAY           48            28     20       33
  MONTH TO DATE  246           177     69      283
  SINCE MAR 1    246           177     69      283
  SINCE JUL 1   4925          4710    215     5253

 COOLING
  TODAY            0             0      0        0
  MONTH TO DATE    0             0      0        0
  SINCE MAR 1      0             0      0        0
  SINCE JAN 1      0             0      0        0
......................................................


WIND (MPH)
  HIGHEST WIND SPEED    17   HIGHEST WIND DIRECTION     S (180)
  HIGHEST GUST SPEED    23   HIGHEST GUST DIRECTION     S (180)
  AVERAGE WIND SPEED    10.0


SKY COVER
  AVERAGE SKY COVER 0.1


WEATHER CONDITIONS
 THE FOLLOWING WEATHER WAS RECORDED TODAY.
  NO SIGNIFICANT WEATHER WAS OBSERVED.


RELATIVE HUMIDITY (PERCENT)
 HIGHEST    88           100 AM
 LOWEST     67           600 AM
 AVERAGE    78

..........................................................


THE KIRKSVILLE MO CLIMATE NORMALS FOR TOMORROW
                         NORMAL
 MAXIMUM TEMPERATURE (F)   47
 MINIMUM TEMPERATURE (F)   27


SUNRISE AND SUNSET
MARCH  6 2015.........SUNRISE   636 AM CST   SUNSET   607 PM CST
MARCH  7 2015.........SUNRISE   635 AM CST   SUNSET   608 PM CST


-  INDICATES NEGATIVE NUMBERS.
R  INDICATES RECORD WAS SET OR TIED.
MM INDICATES DATA IS MISSING.
T  INDICATES TRACE AMOUNT.




$$
