000
CDUS43 KBIS 220020
CLIISN


CLIMATE REPORT
NATIONAL WEATHER SERVICE BISMARCK ND
719 PM CDT TUE OCT 21 2014


...................................

...THE WILLISTON ND CLIMATE SUMMARY FOR OCTOBER 21 2014...
VALID TODAY AS OF 0700 PM LOCAL TIME.

CLIMATE NORMAL PERIOD 1981 TO 2010
CLIMATE RECORD PERIOD 1894 TO 2014


WEATHER ITEM   OBSERVED TIME   RECORD YEAR NORMAL DEPARTURE LAST
                VALUE   (LST)  VALUE       VALUE  FROM      YEAR
                                                  NORMAL
..................................................................
TEMPERATURE (F)
 TODAY
  MAXIMUM         75    447 PM  83    1992  54     21       40
  MINIMUM         36    732 AM  11    1930  28      8       26
  AVERAGE         56                        41     15       33

PRECIPITATION (IN)
  TODAY            0.00          0.93 1953   0.03  -0.03     0.05
  MONTH TO DATE    0.17                      0.65  -0.48     2.01
  SINCE SEP 1      1.52                      1.71  -0.19     3.91
  SINCE JAN 1      9.95                     12.83  -2.88    19.80

SNOWFALL (IN)
  TODAY           MM

DEGREE DAYS
 HEATING
  TODAY            9                        24    -15       32
  MONTH TO DATE  347                       413    -66      436
  SINCE SEP 1    597                       688    -91      576
  SINCE JUL 1    654                       759   -105      622

 COOLING
  TODAY            0                         0      0        0
  MONTH TO DATE    0                         0      0        0
  SINCE SEP 1     34                        26      8       78
  SINCE JAN 1    425                       455    -30      405
..................................................................


WIND (MPH)
  HIGHEST WIND SPEED    14   HIGHEST WIND DIRECTION     S (180)
  HIGHEST GUST SPEED    18   HIGHEST GUST DIRECTION    SE (150)
  AVERAGE WIND SPEED     4.1


SKY COVER
  POSSIBLE SUNSHINE  MM
  AVERAGE SKY COVER 0.0


WEATHER CONDITIONS
 THE FOLLOWING WEATHER WAS RECORDED TODAY.
  FOG
  HAZE


RELATIVE HUMIDITY (PERCENT)
 HIGHEST    92           400 AM
 LOWEST     31           300 PM
 AVERAGE    62

..........................................................


THE WILLISTON ND CLIMATE NORMALS FOR TOMORROW
                         NORMAL    RECORD    YEAR
 MAXIMUM TEMPERATURE (F)   53        80      1901
 MINIMUM TEMPERATURE (F)   28         8      2002


SUNRISE AND SUNSET
OCTOBER 21 2014.......SUNRISE   823 AM CDT   SUNSET   654 PM CDT
OCTOBER 22 2014.......SUNRISE   825 AM CDT   SUNSET   653 PM CDT


-  INDICATES NEGATIVE NUMBERS.
R  INDICATES RECORD WAS SET OR TIED.
MM INDICATES DATA IS MISSING.
T  INDICATES TRACE AMOUNT.




$$
