000
CDUS43 KBIS 170725
CLIISN


CLIMATE REPORT
NATIONAL WEATHER SERVICE BISMARCK ND
223 AM CDT THU APR 17 2014


...................................

...THE WILLISTON ND CLIMATE SUMMARY FOR APRIL 16 2014...

CLIMATE NORMAL PERIOD 1981 TO 2010
CLIMATE RECORD PERIOD 1894 TO 2014


WEATHER ITEM   OBSERVED TIME   RECORD YEAR NORMAL DEPARTURE LAST
                VALUE   (LST)  VALUE       VALUE  FROM      YEAR
                                                  NORMAL
..................................................................
TEMPERATURE (F)
 YESTERDAY
  MAXIMUM         MM        MM  82    1981  58     MM       32
  MINIMUM         MM        MM   9    1953  30     MM       21
  AVERAGE         MM                        44     MM       27

PRECIPITATION (IN)
  YESTERDAY        T             1.15 1918   0.03  -0.03     0.03
  MONTH TO DATE    0.18                      0.47  -0.29     0.52
  SINCE MAR 1      0.50                      1.18  -0.68     1.94
  SINCE JAN 1      0.94                      2.16  -1.22     2.51

SNOWFALL (IN)
  YESTERDAY       MM             3.5  2003   0.1   MM         T
  MONTH TO DATE   MM                         2.4   MM        7.2
  SINCE MAR 1     MM                         8.6   MM       23.3
  SINCE JUL 1     MM                        42.7   MM       55.3
  SNOW DEPTH       0

DEGREE DAYS
 HEATING
  YESTERDAY       MM                        21     MM       38
  MONTH TO DATE  416                       393     23      547
  SINCE MAR 1   1619                      1500    119     1997
  SINCE JUL 1   8568                      8268    300     8585

 COOLING
  YESTERDAY       MM                         0     MM        0
  MONTH TO DATE    0                         0      0        0
  SINCE MAR 1      0                         0      0        0
  SINCE JAN 1      0                         0      0        0
..................................................................


WIND (MPH)
  HIGHEST WIND SPEED    17   HIGHEST WIND DIRECTION     E (80)
  HIGHEST GUST SPEED    MM   HIGHEST GUST DIRECTION    MM
  AVERAGE WIND SPEED    14.6


SKY COVER
  POSSIBLE SUNSHINE  MM
  AVERAGE SKY COVER 0.8


WEATHER CONDITIONS
 THE FOLLOWING WEATHER WAS RECORDED YESTERDAY.
  LIGHT SNOW


RELATIVE HUMIDITY (PERCENT)
 HIGHEST    81           600 AM
 LOWEST     75           200 PM
 AVERAGE    78

..........................................................


THE WILLISTON ND CLIMATE NORMALS FOR TODAY
                         NORMAL    RECORD    YEAR
 MAXIMUM TEMPERATURE (F)   58        83      2005
                                             1994
 MINIMUM TEMPERATURE (F)   30        12      1970
                                             1953
                                             1901


SUNRISE AND SUNSET
APRIL 17 2014.........SUNRISE   701 AM CDT   SUNSET   848 PM CDT
APRIL 18 2014.........SUNRISE   659 AM CDT   SUNSET   850 PM CDT


-  INDICATES NEGATIVE NUMBERS.
R  INDICATES RECORD WAS SET OR TIED.
MM INDICATES DATA IS MISSING.
T  INDICATES TRACE AMOUNT.




$$
