000
CDUS43 KBIS 040746
CLIISN


CLIMATE REPORT
NATIONAL WEATHER SERVICE BISMARCK ND
246 AM CDT WED MAY 4 2016


...................................

...THE WILLISTON ND CLIMATE SUMMARY FOR MAY 3 2016...

CLIMATE NORMAL PERIOD 1981 TO 2010
CLIMATE RECORD PERIOD 1894 TO 2016


WEATHER ITEM   OBSERVED TIME   RECORD YEAR NORMAL DEPARTURE LAST
                VALUE   (LST)  VALUE       VALUE  FROM      YEAR
                                                  NORMAL
..................................................................
TEMPERATURE (F)
 YESTERDAY
  MAXIMUM         82    255 PM  90    1982  64     18       66
                                      1952
  MINIMUM         34    536 AM  10    2005  36     -2       35
  AVERAGE         58                        50      8       51

PRECIPITATION (IN)
  YESTERDAY        0.00          0.85 1919   0.05  -0.05     0.00
  MONTH TO DATE    0.00                      0.15  -0.15     0.00
  SINCE MAR 1      2.13                      1.86   0.27     0.74
  SINCE JAN 1      3.26                      2.84   0.42     1.68

SNOWFALL (IN)
  YESTERDAY        0.0
  SNOW DEPTH       0

DEGREE DAYS
 HEATING
  YESTERDAY        7                        15     -8       14
  MONTH TO DATE   29                        46    -17       29
  SINCE MAR 1   1496                      1803   -307     1501
  SINCE JUL 1   7106                      8571  -1465     8017

 COOLING
  YESTERDAY        0                         0      0        0
  MONTH TO DATE    0                         0      0        0
  SINCE MAR 1      0                         1     -1        0
  SINCE JAN 1      0                         1     -1        0
..................................................................


WIND (MPH)
  HIGHEST WIND SPEED    21   HIGHEST WIND DIRECTION     N (20)
  HIGHEST GUST SPEED    26   HIGHEST GUST DIRECTION     N (20)
  AVERAGE WIND SPEED     5.4


SKY COVER
  POSSIBLE SUNSHINE  MM
  AVERAGE SKY COVER 0.0


WEATHER CONDITIONS
 THE FOLLOWING WEATHER WAS RECORDED YESTERDAY.
  NO SIGNIFICANT WEATHER WAS OBSERVED.


RELATIVE HUMIDITY (PERCENT)
 HIGHEST    89           600 AM
 LOWEST     20           300 PM
 AVERAGE    55

..........................................................


THE WILLISTON ND CLIMATE NORMALS FOR TODAY
                         NORMAL    RECORD    YEAR
 MAXIMUM TEMPERATURE (F)   64        91      1918
 MINIMUM TEMPERATURE (F)   36        17      2002


SUNRISE AND SUNSET
MAY  4 2016...........SUNRISE   630 AM CDT   SUNSET   913 PM CDT
MAY  5 2016...........SUNRISE   629 AM CDT   SUNSET   915 PM CDT


-  INDICATES NEGATIVE NUMBERS.
R  INDICATES RECORD WAS SET OR TIED.
MM INDICATES DATA IS MISSING.
T  INDICATES TRACE AMOUNT.




$$
