000
CDUS43 KBIS 280723
CLIISN


CLIMATE REPORT
NATIONAL WEATHER SERVICE BISMARCK ND
222 AM CDT WED JUN 28 2017


...................................

...THE WILLISTON ND CLIMATE SUMMARY FOR JUNE 27 2017...

CLIMATE NORMAL PERIOD 1981 TO 2010
CLIMATE RECORD PERIOD 1894 TO 2017


WEATHER ITEM   OBSERVED TIME   RECORD YEAR NORMAL DEPARTURE LAST
                VALUE   (LST)  VALUE       VALUE  FROM      YEAR
                                                  NORMAL
..................................................................
TEMPERATURE (F)
 YESTERDAY
  MAXIMUM         91    311 PM 101    1988  80     11       78
  MINIMUM         64   1141 PM  34    1999  53     11       55
  AVERAGE         78                        66     12       67

PRECIPITATION (IN)
  YESTERDAY        T             2.41 1924   0.09  -0.09     0.00
  MONTH TO DATE    1.29                      2.26  -0.97     1.82
  SINCE JUN 1      1.29                      2.26  -0.97     1.82
  SINCE JAN 1      4.76                      6.87  -2.11     6.89

DEGREE DAYS
 HEATING
  YESTERDAY        0                         2     -2        0
  MONTH TO DATE   28                       114    -86       16
  SINCE JUN 1     28                       114    -86       16
  SINCE JUL 1   7958                      8988  -1030     7368

 COOLING
  YESTERDAY       13                         3     10        2
  MONTH TO DATE   84                        55     29       86
  SINCE JUN 1     84                        55     29       86
  SINCE JAN 1    107                        68     39       96
..................................................................


WIND (MPH)
  HIGHEST WIND SPEED    32   HIGHEST WIND DIRECTION    NW (320)
  HIGHEST GUST SPEED    39   HIGHEST GUST DIRECTION    NW (300)
  AVERAGE WIND SPEED    11.1


SKY COVER
  POSSIBLE SUNSHINE  MM
  AVERAGE SKY COVER 0.0


WEATHER CONDITIONS
 THE FOLLOWING WEATHER WAS RECORDED YESTERDAY.
  LIGHT RAIN


RELATIVE HUMIDITY (PERCENT)
 HIGHEST    73          1100 PM
 LOWEST     24           100 PM
 AVERAGE    49

..........................................................


THE WILLISTON ND CLIMATE NORMALS FOR TODAY
                         NORMAL    RECORD    YEAR
 MAXIMUM TEMPERATURE (F)   81       101      1931
 MINIMUM TEMPERATURE (F)   53        38      1999


SUNRISE AND SUNSET
JUNE 28 2017..........SUNRISE   557 AM CDT   SUNSET   959 PM CDT
JUNE 29 2017..........SUNRISE   557 AM CDT   SUNSET   959 PM CDT


-  INDICATES NEGATIVE NUMBERS.
R  INDICATES RECORD WAS SET OR TIED.
MM INDICATES DATA IS MISSING.
T  INDICATES TRACE AMOUNT.




$$
