000
CDUS43 KBIS 280033
CLIISN


CLIMATE REPORT
NATIONAL WEATHER SERVICE BISMARCK ND
733 PM CDT SUN JUL 27 2014


...................................

...THE WILLISTON ND CLIMATE SUMMARY FOR JULY 27 2014...
VALID TODAY AS OF 0700 PM LOCAL TIME.

CLIMATE NORMAL PERIOD 1981 TO 2010
CLIMATE RECORD PERIOD 1894 TO 2014


WEATHER ITEM   OBSERVED TIME   RECORD YEAR NORMAL DEPARTURE LAST
                VALUE   (LST)  VALUE       VALUE  FROM      YEAR
                                                  NORMAL
..................................................................
TEMPERATURE (F)
 TODAY
  MAXIMUM         75    533 PM 108    1988  86    -11       73
  MINIMUM         54    408 AM  40    1908  57     -3       48
  AVERAGE         65                        72     -7       61

PRECIPITATION (IN)
  TODAY            0.00          0.94 2001   0.06  -0.06     0.00
  MONTH TO DATE    0.56                      2.29  -1.73     1.75
  SINCE JUN 1      2.00                      4.81  -2.81     5.91
  SINCE JAN 1      6.09                      9.42  -3.33    13.72

SNOWFALL (IN)
  TODAY            0.0

DEGREE DAYS
 HEATING
  TODAY            0                         0      0        4
  MONTH TO DATE   17                        21     -4       20
  SINCE JUN 1    127                       141    -14      148
  SINCE JUL 1     17                        21     -4       20

 COOLING
  TODAY            0                         7     -7        0
  MONTH TO DATE  141                       154    -13      124
  SINCE JUN 1    169                       222    -53      151
  SINCE JAN 1    190                       235    -45      159
..................................................................


WIND (MPH)
  HIGHEST WIND SPEED    15   HIGHEST WIND DIRECTION     N (20)
  HIGHEST GUST SPEED    21   HIGHEST GUST DIRECTION     N (20)
  AVERAGE WIND SPEED     8.2


SKY COVER
  POSSIBLE SUNSHINE  MM
  AVERAGE SKY COVER 0.6


WEATHER CONDITIONS
 THE FOLLOWING WEATHER WAS RECORDED TODAY.
  NO SIGNIFICANT WEATHER WAS OBSERVED.


RELATIVE HUMIDITY (PERCENT)
 HIGHEST    93           400 AM
 LOWEST     43           400 PM
 AVERAGE    68

..........................................................


THE WILLISTON ND CLIMATE NORMALS FOR TOMORROW
                         NORMAL    RECORD    YEAR
 MAXIMUM TEMPERATURE (F)   86       104      1975
 MINIMUM TEMPERATURE (F)   57        43      1971


SUNRISE AND SUNSET
JULY 27 2014..........SUNRISE   624 AM CDT   SUNSET   937 PM CDT
JULY 28 2014..........SUNRISE   625 AM CDT   SUNSET   936 PM CDT


-  INDICATES NEGATIVE NUMBERS.
R  INDICATES RECORD WAS SET OR TIED.
MM INDICATES DATA IS MISSING.
T  INDICATES TRACE AMOUNT.




$$
