000
CDUS43 KBIS 040853
CLIISN


CLIMATE REPORT
NATIONAL WEATHER SERVICE BISMARCK ND
253 AM CST SUN DEC 4 2016


...................................

...THE WILLISTON ND CLIMATE SUMMARY FOR DECEMBER 3 2016...

CLIMATE NORMAL PERIOD 1981 TO 2010
CLIMATE RECORD PERIOD 1894 TO 2016


WEATHER ITEM   OBSERVED TIME   RECORD YEAR NORMAL DEPARTURE LAST
                VALUE   (LST)  VALUE       VALUE  FROM      YEAR
                                                  NORMAL
..................................................................
TEMPERATURE (F)
 YESTERDAY
  MAXIMUM         35   1159 PM  57    1941  28      7       44
  MINIMUM         16    856 AM -24    2006   8      8       17
  AVERAGE         26                        18      8       31

PRECIPITATION (IN)
  YESTERDAY        0.04          0.19 1994   0.02   0.02     0.00
  MONTH TO DATE    0.05                      0.06  -0.01     0.00
  SINCE DEC 1      0.05                      0.06  -0.01     0.00
  SINCE JAN 1     14.64                     13.81   0.83    11.49

SNOWFALL (IN)
  YESTERDAY       MM
  SNOW DEPTH      MM

DEGREE DAYS
 HEATING
  YESTERDAY       39                        47     -8       34
  MONTH TO DATE  114                       140    -26      121
  SINCE DEC 1    114                       140    -26      121
  SINCE JUL 1   1693                      2302   -609     1871

 COOLING
  YESTERDAY        0                         0      0        0
  MONTH TO DATE    0                         0      0        0
  SINCE DEC 1      0                         0      0        0
  SINCE JAN 1    521                       456     65      612
..................................................................


WIND (MPH)
  HIGHEST WIND SPEED    21   HIGHEST WIND DIRECTION     W (290)
  HIGHEST GUST SPEED    25   HIGHEST GUST DIRECTION     W (280)
  AVERAGE WIND SPEED     7.2


SKY COVER
  POSSIBLE SUNSHINE  MM
  AVERAGE SKY COVER 0.5


WEATHER CONDITIONS
 THE FOLLOWING WEATHER WAS RECORDED YESTERDAY.
  LIGHT SNOW
  FOG
  HAZE


RELATIVE HUMIDITY (PERCENT)
 HIGHEST    92           900 AM
 LOWEST     75          1200 PM
 AVERAGE    84

..........................................................


THE WILLISTON ND CLIMATE NORMALS FOR TODAY
                         NORMAL    RECORD    YEAR
 MAXIMUM TEMPERATURE (F)   28        58      1979
 MINIMUM TEMPERATURE (F)    7       -27      1972


SUNRISE AND SUNSET
DECEMBER  4 2016......SUNRISE   828 AM CST   SUNSET   502 PM CST
DECEMBER  5 2016......SUNRISE   829 AM CST   SUNSET   501 PM CST


-  INDICATES NEGATIVE NUMBERS.
R  INDICATES RECORD WAS SET OR TIED.
MM INDICATES DATA IS MISSING.
T  INDICATES TRACE AMOUNT.




$$
