000
CDUS43 KBIS 180027
CLIISN


CLIMATE REPORT
NATIONAL WEATHER SERVICE BISMARCK ND
626 PM CST WED JAN 17 2018


...................................

...THE WILLISTON ND CLIMATE SUMMARY FOR JANUARY 17 2018...
VALID TODAY AS OF 0600 PM LOCAL TIME.

CLIMATE NORMAL PERIOD 1981 TO 2010
CLIMATE RECORD PERIOD 1894 TO 2018


WEATHER ITEM   OBSERVED TIME   RECORD YEAR NORMAL DEPARTURE LAST
                VALUE   (LST)  VALUE       VALUE  FROM      YEAR
                                                  NORMAL
..................................................................
TEMPERATURE (F)
 TODAY
  MAXIMUM         34    403 PM  49    1923  22     12       31
  MINIMUM          2   1257 AM -35    1943   0      2        5
  AVERAGE         18                        11      7       18

PRECIPITATION (IN)
  TODAY            0.00          0.55 1953   0.02  -0.02     0.00
  MONTH TO DATE    0.18                      0.36  -0.18     0.40
  SINCE DEC 1      0.72                      0.98  -0.26     1.36
  SINCE JAN 1      0.18                      0.36  -0.18     0.40

SNOWFALL (IN)
  TODAY           MM

DEGREE DAYS
 HEATING
  TODAY           47                        54     -7       47
  MONTH TO DATE  976                       928     48     1116
  SINCE DEC 1   2471                      2513    -42     2625
  SINCE JUL 1   4485                      4675   -190     4204

 COOLING
  TODAY            0                         0      0        0
  MONTH TO DATE    0                         0      0        0
  SINCE DEC 1      0                         0      0        0
  SINCE JAN 1      0                         0      0        0
..................................................................


WIND (MPH)
  HIGHEST WIND SPEED    23   HIGHEST WIND DIRECTION    SW (230)
  HIGHEST GUST SPEED    29   HIGHEST GUST DIRECTION    SW (230)
  AVERAGE WIND SPEED    11.2


SKY COVER
  POSSIBLE SUNSHINE  MM
  AVERAGE SKY COVER 0.0


WEATHER CONDITIONS
 THE FOLLOWING WEATHER WAS RECORDED TODAY.
  NO SIGNIFICANT WEATHER WAS OBSERVED.


RELATIVE HUMIDITY (PERCENT)
 HIGHEST    79           100 AM
 LOWEST     61           300 PM
 AVERAGE    70

..........................................................


THE WILLISTON ND CLIMATE NORMALS FOR TOMORROW
                         NORMAL    RECORD    YEAR
 MAXIMUM TEMPERATURE (F)   22        49      1900
 MINIMUM TEMPERATURE (F)    0       -37      1950


SUNRISE AND SUNSET
JANUARY 17 2018.......SUNRISE   839 AM CST   SUNSET   531 PM CST
JANUARY 18 2018.......SUNRISE   838 AM CST   SUNSET   533 PM CST


-  INDICATES NEGATIVE NUMBERS.
R  INDICATES RECORD WAS SET OR TIED.
MM INDICATES DATA IS MISSING.
T  INDICATES TRACE AMOUNT.




$$
