000
CDUS43 KBIS 190732
CLIISN


CLIMATE REPORT
NATIONAL WEATHER SERVICE BISMARCK ND
132 AM CST SUN NOV 19 2017


...................................

...THE WILLISTON ND CLIMATE SUMMARY FOR NOVEMBER 18 2017...

CLIMATE NORMAL PERIOD 1981 TO 2010
CLIMATE RECORD PERIOD 1894 TO 2017


WEATHER ITEM   OBSERVED TIME   RECORD YEAR NORMAL DEPARTURE LAST
                VALUE   (LST)  VALUE       VALUE  FROM      YEAR
                                                  NORMAL
..................................................................
TEMPERATURE (F)
 YESTERDAY
  MAXIMUM         32    226 PM  62    1908  36     -4       32
  MINIMUM          9    440 AM -17    1986  15     -6       12
                                      1896
  AVERAGE         21                        26     -5       22

PRECIPITATION (IN)
  YESTERDAY        0.00          0.40 1941   0.02  -0.02     0.00
  MONTH TO DATE    0.26                      0.43  -0.17     0.01
  SINCE SEP 1      2.46                      2.41   0.05     4.61
  SINCE JAN 1     11.74                     13.53  -1.79    14.36

DEGREE DAYS
 HEATING
  YESTERDAY       44                        39      5       43
  MONTH TO DATE  758                       620    138      389
  SINCE SEP 1   1633                      1576     57     1162
  SINCE JUL 1   1652                      1647      5     1172

 COOLING
  YESTERDAY        0                         0      0        0
  MONTH TO DATE    0                         0      0        0
  SINCE SEP 1     38                        27     11       31
  SINCE JAN 1    643                       456    187      521
..................................................................


WIND (MPH)
  HIGHEST WIND SPEED    20   HIGHEST WIND DIRECTION     N (340)
  HIGHEST GUST SPEED    24   HIGHEST GUST DIRECTION     N (340)
  AVERAGE WIND SPEED     9.1


SKY COVER
  POSSIBLE SUNSHINE  MM
  AVERAGE SKY COVER 0.1


WEATHER CONDITIONS
 THE FOLLOWING WEATHER WAS RECORDED YESTERDAY.
  NO SIGNIFICANT WEATHER WAS OBSERVED.


RELATIVE HUMIDITY (PERCENT)
 HIGHEST    84           600 AM
 LOWEST     47           300 PM
 AVERAGE    66

..........................................................


THE WILLISTON ND CLIMATE NORMALS FOR TODAY
                         NORMAL    RECORD    YEAR
 MAXIMUM TEMPERATURE (F)   36        69      1897
 MINIMUM TEMPERATURE (F)   15       -24      1896


SUNRISE AND SUNSET
NOVEMBER 19 2017......SUNRISE   808 AM CST   SUNSET   512 PM CST
NOVEMBER 20 2017......SUNRISE   809 AM CST   SUNSET   511 PM CST


-  INDICATES NEGATIVE NUMBERS.
R  INDICATES RECORD WAS SET OR TIED.
MM INDICATES DATA IS MISSING.
T  INDICATES TRACE AMOUNT.




$$
