000
CDUS41 KOKX 292038
CLIISP


CLIMATE REPORT
NATIONAL WEATHER SERVICE NEW YORK NY
438 PM EDT FRI MAY 29 2015


...................................

...THE ISLIP NY CLIMATE SUMMARY FOR MAY 29 2015...
VALID TODAY AS OF 0400 PM LOCAL TIME.

CLIMATE NORMAL PERIOD 1981 TO 2010
CLIMATE RECORD PERIOD 1986 TO 2015


WEATHER ITEM   OBSERVED TIME   RECORD YEAR NORMAL DEPARTURE LAST
                VALUE   (LST)  VALUE       VALUE  FROM      YEAR
                                                  NORMAL
..................................................................
TEMPERATURE (F)
 TODAY
  MAXIMUM         79   1231 PM  93    1987  71      8       63
  MINIMUM         60    446 AM  43    1992  54      6       50
  AVERAGE         70                        63      7       57

PRECIPITATION (IN)
  TODAY            0.00          1.95 1990   0.14  -0.14     0.00
  MONTH TO DATE    0.42                      3.50  -3.08     2.65
  SINCE MAR 1      7.15                     12.28  -5.13    13.39
  SINCE JAN 1     15.09                     19.18  -4.09    21.73

SNOWFALL (IN)
  TODAY            0.0          MM      MM   0.0    0.0      0.0
  MONTH TO DATE    0.0                       0.0    0.0      0.0
  SINCE OCT 1     63.7                      24.8   38.9     63.7
  SINCE JUL 1     63.7                      24.8   38.9     63.7
  SNOW DEPTH       0

DEGREE DAYS
 HEATING
  TODAY            0                         4     -4        8
  MONTH TO DATE  112                       212   -100      121
  SINCE MAR 1   1491                      1488      3     1498
  SINCE JUL 1   5511                      5383    128     5451

 COOLING
  TODAY            5                         2      3        0
  MONTH TO DATE   42                        15     27       29
  SINCE MAR 1     42                        17     25       29
  SINCE JAN 1     42                        17     25       29
..................................................................


WIND (MPH)
  HIGHEST WIND SPEED    16   HIGHEST WIND DIRECTION    NE (30)
  HIGHEST GUST SPEED    20   HIGHEST GUST DIRECTION    NE (40)
  AVERAGE WIND SPEED     7.6


SKY COVER
  AVERAGE SKY COVER 0.2


WEATHER CONDITIONS
 THE FOLLOWING WEATHER WAS RECORDED TODAY.
  NO SIGNIFICANT WEATHER WAS OBSERVED.


RELATIVE HUMIDITY (PERCENT)
 HIGHEST    78           300 AM
 LOWEST     45          1100 AM
 AVERAGE    62

..........................................................


THE ISLIP NY CLIMATE NORMALS FOR TOMORROW
                         NORMAL    RECORD    YEAR
 MAXIMUM TEMPERATURE (F)   72        95      1987
 MINIMUM TEMPERATURE (F)   55        41      2004


SUNRISE AND SUNSET
MAY 29 2015...........SUNRISE   525 AM EDT   SUNSET   815 PM EDT
MAY 30 2015...........SUNRISE   524 AM EDT   SUNSET   816 PM EDT


-  INDICATES NEGATIVE NUMBERS.
R  INDICATES RECORD WAS SET OR TIED.
MM INDICATES DATA IS MISSING.
T  INDICATES TRACE AMOUNT.




$$
