000
CDUS41 KOKX 260616
CLIISP


CLIMATE REPORT
NATIONAL WEATHER SERVICE NEW YORK NY
116 AM EST MON JAN 26 2015


...................................

...THE ISLIP NY CLIMATE SUMMARY FOR JANUARY 25 2015...

CLIMATE NORMAL PERIOD 1981 TO 2010
CLIMATE RECORD PERIOD 1986 TO 2015


WEATHER ITEM   OBSERVED TIME   RECORD YEAR NORMAL DEPARTURE LAST
                VALUE   (LST)  VALUE       VALUE  FROM      YEAR
                                                  NORMAL
..................................................................
TEMPERATURE (F)
 YESTERDAY
  MAXIMUM         42    132 PM  55    2010  38      4       35
  MINIMUM         28   1159 PM   5    2004  23      5       19
  AVERAGE         35                        30      5       27

PRECIPITATION (IN)
  YESTERDAY        0.00          0.90 2010   0.10  -0.10     0.09
                                      1997
  MONTH TO DATE    3.61                      2.99   0.62     3.87
  SINCE DEC 1      9.73                      7.05   2.68     9.67
  SINCE JAN 1      3.61                      2.99   0.62     3.87

SNOWFALL (IN)
  YESTERDAY        0.0           3.0  2000   0.2   -0.2      1.3
  MONTH TO DATE    4.9                       5.4   -0.5     23.7
  SINCE OCT 1      5.3                      11.3   -6.0     32.1
  SINCE JUL 1      5.3                      11.3   -6.0     32.1
  SNOW DEPTH       T

DEGREE DAYS
 HEATING
  YESTERDAY       30                        35     -5       38
  MONTH TO DATE  866                       863      3      908
  SINCE DEC 1   1648                      1774   -126     1766
  SINCE JUL 1   2561                      2790   -229     2730

 COOLING
  YESTERDAY        0                         0      0        0
  MONTH TO DATE    0                         0      0        0
  SINCE DEC 1      0                         0      0        0
  SINCE JAN 1      0                         0      0        0
..................................................................


WIND (MPH)
  HIGHEST WIND SPEED    24   HIGHEST WIND DIRECTION    NW (300)
  HIGHEST GUST SPEED    33   HIGHEST GUST DIRECTION     W (270)
  AVERAGE WIND SPEED    13.0


SKY COVER
  AVERAGE SKY COVER 0.7


WEATHER CONDITIONS
 THE FOLLOWING WEATHER WAS RECORDED YESTERDAY.
  NO SIGNIFICANT WEATHER WAS OBSERVED.


RELATIVE HUMIDITY (PERCENT)
 HIGHEST    75           100 AM
 LOWEST     33           300 PM
 AVERAGE    54

..........................................................


THE ISLIP NY CLIMATE NORMALS FOR TODAY
                         NORMAL    RECORD    YEAR
 MAXIMUM TEMPERATURE (F)   38        52      2002
 MINIMUM TEMPERATURE (F)   23         7      1991


SUNRISE AND SUNSET
JANUARY 26 2015.......SUNRISE   708 AM EST   SUNSET   502 PM EST
JANUARY 27 2015.......SUNRISE   707 AM EST   SUNSET   503 PM EST


-  INDICATES NEGATIVE NUMBERS.
R  INDICATES RECORD WAS SET OR TIED.
MM INDICATES DATA IS MISSING.
T  INDICATES TRACE AMOUNT.




$$
