283
CDUS41 KOKX 060621
CLIISP


CLIMATE REPORT
NATIONAL WEATHER SERVICE NEW YORK NY
120 AM EST SAT FEB 6 2016


...................................

...THE ISLIP NY CLIMATE SUMMARY FOR FEBRUARY 5 2016...

CLIMATE NORMAL PERIOD 1981 TO 2010
CLIMATE RECORD PERIOD 1986 TO 2016


WEATHER ITEM   OBSERVED TIME   RECORD YEAR NORMAL DEPARTURE LAST
                VALUE   (LST)  VALUE       VALUE  FROM      YEAR
                                                  NORMAL
..................................................................
TEMPERATURE (F)
 YESTERDAY
  MAXIMUM         41   1213 AM  67    1991  39      2       38
  MINIMUM         22   1157 PM   1    1996  24     -2       13
  AVERAGE         32                        31      1       26

PRECIPITATION (IN)
  YESTERDAY        0.89          1.09 1997   0.10   0.79     0.05
  MONTH TO DATE    1.71                      0.54   1.17     1.48
  SINCE DEC 1     11.51                      8.24   3.27    12.85
  SINCE JAN 1      6.18                      4.18   2.00     6.73

SNOWFALL (IN)
  YESTERDAY        9.8 R         3.5  1985   0.2    9.6      0.7
  MONTH TO DATE    9.8                       1.2    8.6      5.8
  SINCE OCT 1     34.6                      13.8   20.8     36.4
  SINCE JUL 1     34.6                      13.8   20.8     36.4
  SNOW DEPTH       2

DEGREE DAYS
 HEATING
  YESTERDAY       33                        34     -1       39
  MONTH TO DATE  107                       170    -63      208
  SINCE DEC 1   1592                      2146   -554     2107
  SINCE JUL 1   2344                      3162   -818     3020

 COOLING
  YESTERDAY        0                         0      0        0
  MONTH TO DATE    0                         0      0        0
  SINCE DEC 1      0                         0      0        0
  SINCE JAN 1      0                         0      0        0
..................................................................


WIND (MPH)
  HIGHEST WIND SPEED    29   HIGHEST WIND DIRECTION    NW (330)
  HIGHEST GUST SPEED    38   HIGHEST GUST DIRECTION    NW (330)
  AVERAGE WIND SPEED    12.9


SKY COVER
  AVERAGE SKY COVER 0.7


WEATHER CONDITIONS
 THE FOLLOWING WEATHER WAS RECORDED YESTERDAY.
  RAIN
  LIGHT RAIN
  HEAVY SNOW
  SNOW
  LIGHT SNOW
  FOG
  FOG W/VISIBILITY <= 1/4 MILE


RELATIVE HUMIDITY (PERCENT)
 HIGHEST    92          1100 AM
 LOWEST     54           400 PM
 AVERAGE    73

..........................................................


THE ISLIP NY CLIMATE NORMALS FOR TODAY
                         NORMAL    RECORD    YEAR
 MAXIMUM TEMPERATURE (F)   39        60      2008
 MINIMUM TEMPERATURE (F)   24         4      1993


SUNRISE AND SUNSET
FEBRUARY  6 2016......SUNRISE   658 AM EST   SUNSET   515 PM EST
FEBRUARY  7 2016......SUNRISE   657 AM EST   SUNSET   517 PM EST


-  INDICATES NEGATIVE NUMBERS.
R  INDICATES RECORD WAS SET OR TIED.
MM INDICATES DATA IS MISSING.
T  INDICATES TRACE AMOUNT.




$$
