000
CDUS41 KOKX 030639
CLIISP


CLIMATE REPORT
NATIONAL WEATHER SERVICE NEW YORK NY
138 AM EST TUE MAR 3 2015


...................................

...THE ISLIP NY CLIMATE SUMMARY FOR MARCH 2 2015...

CLIMATE NORMAL PERIOD 1981 TO 2010
CLIMATE RECORD PERIOD 1986 TO 2015


WEATHER ITEM   OBSERVED TIME   RECORD YEAR NORMAL DEPARTURE LAST
                VALUE   (LST)  VALUE       VALUE  FROM      YEAR
                                                  NORMAL
..................................................................
TEMPERATURE (F)
 YESTERDAY
  MAXIMUM         36    431 PM  60    1997  43     -7       41
  MINIMUM         24   1159 PM  15    2009  28     -4       27
  AVERAGE         30                        36     -6       34

PRECIPITATION (IN)
  YESTERDAY        T             2.14 2007   0.14  -0.14      T
  MONTH TO DATE    0.60                      0.28   0.32      T
  SINCE MAR 1      0.60                      0.28   0.32      T
  SINCE JAN 1      8.54                      7.18   1.36     8.34

SNOWFALL (IN)
  YESTERDAY        0.0           9.7  2009   0.2   -0.2       T
  MONTH TO DATE    5.6                       0.4    5.2       T
  SINCE OCT 1     49.6                      20.1   29.5     58.1
  SINCE JUL 1     49.6                      20.1   29.5     58.1
  SNOW DEPTH      13

DEGREE DAYS
 HEATING
  YESTERDAY       35                        29      6       31
  MONTH TO DATE   78                        59     19       71
  SINCE MAR 1     78                        59     19       71
  SINCE JUL 1   4098                      3954    144     4024

 COOLING
  YESTERDAY        0                         0      0        0
  MONTH TO DATE    0                         0      0        0
  SINCE MAR 1      0                         0      0        0
  SINCE JAN 1      0                         0      0        0
..................................................................


WIND (MPH)
  HIGHEST WIND SPEED    32   HIGHEST WIND DIRECTION    NW (300)
  HIGHEST GUST SPEED    45   HIGHEST GUST DIRECTION    NW (310)
  AVERAGE WIND SPEED    13.1


SKY COVER
  AVERAGE SKY COVER 0.5


WEATHER CONDITIONS
 THE FOLLOWING WEATHER WAS RECORDED YESTERDAY.
  LT FREEZING RAIN
  FOG


RELATIVE HUMIDITY (PERCENT)
 HIGHEST    92           500 AM
 LOWEST     38           400 PM
 AVERAGE    65

..........................................................


THE ISLIP NY CLIMATE NORMALS FOR TODAY
                         NORMAL    RECORD    YEAR
 MAXIMUM TEMPERATURE (F)   44        66      1991
 MINIMUM TEMPERATURE (F)   28        13      2009


SUNRISE AND SUNSET
MARCH  3 2015.........SUNRISE   624 AM EST   SUNSET   546 PM EST
MARCH  4 2015.........SUNRISE   622 AM EST   SUNSET   547 PM EST


-  INDICATES NEGATIVE NUMBERS.
R  INDICATES RECORD WAS SET OR TIED.
MM INDICATES DATA IS MISSING.
T  INDICATES TRACE AMOUNT.




$$
