000
CDUS41 KOKX 312057
CLIISP


CLIMATE REPORT
NATIONAL WEATHER SERVICE NEW YORK NY
457 PM EDT FRI OCT 31 2014


...................................

...THE ISLIP NY CLIMATE SUMMARY FOR OCTOBER 31 2014...
VALID TODAY AS OF 0400 PM LOCAL TIME.

CLIMATE NORMAL PERIOD 1981 TO 2010
CLIMATE RECORD PERIOD 1986 TO 2014


WEATHER ITEM   OBSERVED TIME   RECORD YEAR NORMAL DEPARTURE LAST
                VALUE   (LST)  VALUE       VALUE  FROM      YEAR
                                                  NORMAL
..................................................................
TEMPERATURE (F)
 TODAY
  MAXIMUM         57   1248 PM  73    2004  58     -1       66
  MINIMUM         44    511 AM  29    2008  41      3       46
                                      1988
  AVERAGE         51                        50      1       56

PRECIPITATION (IN)
  TODAY            0.00          1.59 1989   0.12  -0.12     0.01
  MONTH TO DATE    3.98                      3.79   0.19     0.22
  SINCE SEP 1      5.60                      7.37  -1.77     2.05
  SINCE JAN 1     46.16                     38.51   7.65    30.61

SNOWFALL (IN)
  TODAY            0.0          MM      MM   0.0    0.0      0.0
  MONTH TO DATE    0.0                       0.0    0.0      0.0
  SINCE OCT 1      0.0                       0.0    0.0      0.0
  SINCE JUL 1      0.0                       0.0    0.0      0.0
  SNOW DEPTH       0

DEGREE DAYS
 HEATING
  TODAY           14                        15     -1        9
  MONTH TO DATE  244                       342    -98      239
  SINCE SEP 1    288                       415   -127      322
  SINCE JUL 1    288                       420   -132      322

 COOLING
  TODAY            0                         0      0        0
  MONTH TO DATE   16                        10      6       26
  SINCE SEP 1    140                       101     39      110
  SINCE JAN 1    887                       787    100      957
..................................................................


WIND (MPH)
  HIGHEST WIND SPEED    17   HIGHEST WIND DIRECTION    NE (40)
  HIGHEST GUST SPEED    21   HIGHEST GUST DIRECTION    NE (40)
  AVERAGE WIND SPEED     7.3


SKY COVER
  AVERAGE SKY COVER 0.8


WEATHER CONDITIONS
 THE FOLLOWING WEATHER WAS RECORDED TODAY.
  NO SIGNIFICANT WEATHER WAS OBSERVED.


RELATIVE HUMIDITY (PERCENT)
 HIGHEST    83          1200 AM
 LOWEST     55          1200 PM
 AVERAGE    69

..........................................................


THE ISLIP NY CLIMATE NORMALS FOR TOMORROW
                         NORMAL    RECORD    YEAR
 MAXIMUM TEMPERATURE (F)   58        70      2006
 MINIMUM TEMPERATURE (F)   41        30      2002


SUNRISE AND SUNSET
OCTOBER 31 2014.......SUNRISE   722 AM EDT   SUNSET   550 PM EDT
NOVEMBER  1 2014......SUNRISE   723 AM EDT   SUNSET   549 PM EDT


-  INDICATES NEGATIVE NUMBERS.
R  INDICATES RECORD WAS SET OR TIED.
MM INDICATES DATA IS MISSING.
T  INDICATES TRACE AMOUNT.




$$
