000
CDCA42 TJSJ 232129
CLIIST


CLIMATE REPORT
NATIONAL WEATHER SERVICE SAN JUAN, PR
528 PM AST SUN NOV 23 2014


...................................

...THE CYRIL E. KING AIRPORT/USVI CLIMATE SUMMARY FOR NOVEMBER 23 2014...
VALID TODAY AS OF 0500 PM LOCAL TIME.

CLIMATE NORMAL PERIOD 1981 TO 2010
CLIMATE RECORD PERIOD 1953 TO 2014


WEATHER ITEM   OBSERVED TIME   RECORD YEAR NORMAL DEPARTURE LAST
                VALUE   (LST)  VALUE       VALUE  FROM      YEAR
                                                  NORMAL
..................................................................
TEMPERATURE (F)
 TODAY
  MAXIMUM         84    100 PM  94    1995  87     -3       85
  MINIMUM         76    600 AM  68    1956  75      1       76
                                      1982
  AVERAGE         80                        81     -1       81

PRECIPITATION (IN)
  TODAY            0.05          2.12 1982   0.15  -0.10     0.00
  MONTH TO DATE    6.78                      4.31   2.47     6.86
  SINCE SEP 1     10.41                     15.31  -4.90    18.96
  SINCE JAN 1     32.34                     35.46  -3.12    43.77

SNOWFALL (IN)
  TODAY            0.0
  MONTH TO DATE    0.0
  SINCE SEP 1      0.0
  SINCE JUL 1      0.0

DEGREE DAYS
 HEATING
  TODAY            0                         0      0        0
  MONTH TO DATE    0                         0      0        0
  SINCE SEP 1      0                         0      0        0
  SINCE JUL 1      0                         0      0        0

 COOLING
  TODAY           15                        16     -1       16
  MONTH TO DATE  360                       376    -16      377
  SINCE SEP 1   1450                      1496    -46     1554
  SINCE JAN 1   5440                      5487    -47     5454
..................................................................


WIND (MPH)
  RESULTANT WIND SPEED  11   RESULTANT WIND DIRECTION   E (100)
  HIGHEST WIND SPEED    15   HIGHEST WIND DIRECTION     E (110)
  AVERAGE WIND SPEED    11.3


SKY COVER
  AVERAGE SKY COVER 0.3


WEATHER CONDITIONS
 THE FOLLOWING WEATHER WAS RECORDED TODAY.
  NO SIGNIFICANT WEATHER WAS OBSERVED.


RELATIVE HUMIDITY (PERCENT)
 HIGHEST    88
 LOWEST     61
 AVERAGE    75

..........................................................


THE CYRIL E. KING AIRPORT/USVI CLIMATE NORMALS FOR TOMORROW
                         NORMAL    RECORD    YEAR
 MAXIMUM TEMPERATURE (F)   87        92      1988
 MINIMUM TEMPERATURE (F)   75        70      1985


SUNRISE AND SUNSET
NOVEMBER 23 2014......SUNRISE   631 AM AST   SUNSET   542 PM AST
NOVEMBER 24 2014......SUNRISE   631 AM AST   SUNSET   542 PM AST


-  INDICATES NEGATIVE NUMBERS.
R  INDICATES RECORD WAS SET OR TIED.
MM INDICATES DATA IS MISSING.
T  INDICATES TRACE AMOUNT.




$$
