000
CDCA42 TJSJ 062125
CLIIST


CLIMATE REPORT
NATIONAL WEATHER SERVICE SAN JUAN, PR
525 PM AST FRI MAY 6 2016


...................................

...THE CYRIL E. KING AP/ST THOMAS  CLIMATE SUMMARY FOR MAY 6 2016...
VALID TODAY AS OF 0500 PM LOCAL TIME.

CLIMATE NORMAL PERIOD 1981 TO 2010
CLIMATE RECORD PERIOD 1953 TO 2016


WEATHER ITEM   OBSERVED TIME   RECORD YEAR NORMAL DEPARTURE LAST
                VALUE   (LST)  VALUE       VALUE  FROM      YEAR
                                                  NORMAL
..................................................................
TEMPERATURE (F)
 TODAY
  MAXIMUM         88    219 PM  96    1994  87      1       88
  MINIMUM         79    545 AM  70    1982  76      3       78
  AVERAGE         84                        81      3       83

PRECIPITATION (IN)
  TODAY            0.14          2.53 1960   0.11   0.03      T
  MONTH TO DATE    0.50                      0.67  -0.17      T
  SINCE MAR 1      5.77                      4.83   0.94     2.76
  SINCE JAN 1      8.91                      8.64   0.27    17.79

SNOWFALL (IN)
  TODAY           MM                         0.0   MM        0.0
  MONTH TO DATE    0.0                       0.0    0.0      0.0
  SINCE MAR 1      0.0                       0.0    0.0      0.0
  SINCE JUL 1      0.0                       0.0    0.0      0.0

DEGREE DAYS
 HEATING
  TODAY            0                         0      0        0
  MONTH TO DATE    0                         0      0        0
  SINCE MAR 1      0                         0      0        0
  SINCE JUL 1      0                         0      0        0

 COOLING
  TODAY           19                        16      3       18
  MONTH TO DATE  102                        96      6      112
  SINCE MAR 1   1114                      1010    104     1004
  SINCE JAN 1   1829                      1824      5     1808
..................................................................


WIND (MPH)
  HIGHEST WIND SPEED    25   HIGHEST WIND DIRECTION    SE (140)
  HIGHEST GUST SPEED    29   HIGHEST GUST DIRECTION    SE (140)
  AVERAGE WIND SPEED    14.0


SKY COVER
  AVERAGE SKY COVER 0.2


WEATHER CONDITIONS
 THE FOLLOWING WEATHER WAS RECORDED TODAY.
  RAIN
  LIGHT RAIN
  FOG


RELATIVE HUMIDITY (PERCENT)
 HIGHEST    91
 LOWEST     68
 AVERAGE    80

..........................................................


THE CYRIL E. KING AP/ST THOMAS  CLIMATE NORMALS FOR TOMORROW
                         NORMAL    RECORD    YEAR
 MAXIMUM TEMPERATURE (F)   87        97      1994
 MINIMUM TEMPERATURE (F)   76        68      1986


SUNRISE AND SUNSET
MAY  6 2016...........SUNRISE   550 AM AST   SUNSET   643 PM AST
MAY  7 2016...........SUNRISE   549 AM AST   SUNSET   643 PM AST


-  INDICATES NEGATIVE NUMBERS.
R  INDICATES RECORD WAS SET OR TIED.
MM INDICATES DATA IS MISSING.
T  INDICATES TRACE AMOUNT.




$$
