000
CDCA42 TJSJ 222152
CLIIST


CLIMATE REPORT
NATIONAL WEATHER SERVICE SAN JUAN, PR
525 PM AST SAT NOV 22 2014


...................................

...THE CYRIL E. KING AIRPORT/USVI CLIMATE SUMMARY FOR NOVEMBER 22 2014...
VALID TODAY AS OF 0500 PM LOCAL TIME.

CLIMATE NORMAL PERIOD 1981 TO 2010
CLIMATE RECORD PERIOD 1953 TO 2014


WEATHER ITEM   OBSERVED TIME   RECORD YEAR NORMAL DEPARTURE LAST
                VALUE   (LST)  VALUE       VALUE  FROM      YEAR
                                                  NORMAL
..................................................................
TEMPERATURE (F)
 TODAY
  MAXIMUM         77        MM  94    1995  87    -10       86
  MINIMUM         74        MM  67    1956  75     -1       75
                                      1984
  AVERAGE         76                        81     -5       81

PRECIPITATION (IN)
  TODAY            0.22          0.90 1975   0.15   0.07     0.05
  MONTH TO DATE    6.53                      4.16   2.37     6.86
  SINCE SEP 1     10.16                     15.16  -5.00    18.96
  SINCE JAN 1     32.09                     35.31  -3.22    43.77

SNOWFALL (IN)
  TODAY            0.0
  MONTH TO DATE    0.0
  SINCE SEP 1      0.0
  SINCE JUL 1      0.0

DEGREE DAYS
 HEATING
  TODAY            0                         0      0        0
  MONTH TO DATE    0                         0      0        0
  SINCE SEP 1      0                         0      0        0
  SINCE JUL 1      0                         0      0        0

 COOLING
  TODAY           11                        16     -5       16
  MONTH TO DATE  341                       360    -19      361
  SINCE SEP 1   1431                      1480    -49     1538
  SINCE JAN 1   5421                      5471    -50     5438
..................................................................


WIND (MPH)
  RESULTANT WIND SPEED   9   RESULTANT WIND DIRECTION   E (100)
  HIGHEST WIND SPEED     9   HIGHEST WIND DIRECTION     E (100)
  AVERAGE WIND SPEED     9.2


SKY COVER
  AVERAGE SKY COVER 0.0


WEATHER CONDITIONS
 THE FOLLOWING WEATHER WAS RECORDED TODAY.
  NO SIGNIFICANT WEATHER WAS OBSERVED.


RELATIVE HUMIDITY (PERCENT)
 HIGHEST    94
 LOWEST     94
 AVERAGE    94

..........................................................


THE CYRIL E. KING AIRPORT/USVI CLIMATE NORMALS FOR TOMORROW
                         NORMAL    RECORD    YEAR
 MAXIMUM TEMPERATURE (F)   87        94      1995
 MINIMUM TEMPERATURE (F)   75        68      1956
                                             1982


SUNRISE AND SUNSET
NOVEMBER 22 2014......SUNRISE   630 AM AST   SUNSET   542 PM AST
NOVEMBER 23 2014......SUNRISE   631 AM AST   SUNSET   542 PM AST


-  INDICATES NEGATIVE NUMBERS.
R  INDICATES RECORD WAS SET OR TIED.
MM INDICATES DATA IS MISSING.
T  INDICATES TRACE AMOUNT.




$$
