000
CDCA42 TJSJ 190444
CLIIST


CLIMATE REPORT
NATIONAL WEATHER SERVICE SAN JUAN, PR
1243 AM AST FRI DEC 19 2014


...................................

...THE CYRIL E. KING AIRPORT/USVI CLIMATE SUMMARY FOR DECEMBER 18 2014...

CLIMATE NORMAL PERIOD 1981 TO 2010
CLIMATE RECORD PERIOD 1953 TO 2014


WEATHER ITEM   OBSERVED TIME   RECORD YEAR NORMAL DEPARTURE LAST
                VALUE   (LST)  VALUE       VALUE  FROM      YEAR
                                                  NORMAL
..................................................................
TEMPERATURE (F)
 YESTERDAY
  MAXIMUM         84    250 PM  91    1994  86     -2       86
  MINIMUM         73    701 AM  65    1982  73      0       74
  AVERAGE         79                        79      0       80

PRECIPITATION (IN)
  YESTERDAY        T             0.74 1981   0.09  -0.09     0.01
  MONTH TO DATE    2.45                      1.80   0.65     5.95
  SINCE DEC 1      2.45                      1.80   0.65     5.95
  SINCE JAN 1     35.18                     38.18  -3.00    53.83

SNOWFALL (IN)
  YESTERDAY        0.0
  MONTH TO DATE    0.0
  SINCE DEC 1      0.0
  SINCE JUL 1      0.0

DEGREE DAYS
 HEATING
  YESTERDAY        0                         0      0        0
  MONTH TO DATE    0                         0      0        0
  SINCE DEC 1      0                         0      0        0
  SINCE JUL 1      0                         0      0        0

 COOLING
  YESTERDAY       14                        14      0       15
  MONTH TO DATE  262                       268     -6      264
  SINCE DEC 1    262                       268     -6      264
  SINCE JAN 1   5808                      5862    -54     5825
..................................................................


WIND (MPH)
  RESULTANT WIND SPEED  10   RESULTANT WIND DIRECTION   E (70)
  HIGHEST WIND SPEED    22   HIGHEST WIND DIRECTION    NE (60)
  AVERAGE WIND SPEED    10.7


SKY COVER
  AVERAGE SKY COVER 0.6


WEATHER CONDITIONS
 THE FOLLOWING WEATHER WAS RECORDED YESTERDAY.
  NO SIGNIFICANT WEATHER WAS OBSERVED.


RELATIVE HUMIDITY (PERCENT)
 HIGHEST    71
 LOWEST     55
 AVERAGE    63

..........................................................


THE CYRIL E. KING AIRPORT/USVI CLIMATE NORMALS FOR TODAY
                         NORMAL    RECORD    YEAR
 MAXIMUM TEMPERATURE (F)   86        90      1994
 MINIMUM TEMPERATURE (F)   73        65      1982


SUNRISE AND SUNSET
DECEMBER 19 2014......SUNRISE   646 AM AST   SUNSET   548 PM AST
DECEMBER 20 2014......SUNRISE   647 AM AST   SUNSET   548 PM AST


-  INDICATES NEGATIVE NUMBERS.
R  INDICATES RECORD WAS SET OR TIED.
MM INDICATES DATA IS MISSING.
T  INDICATES TRACE AMOUNT.




$$
