000
CDCA42 TJSJ 240430
CLIIST


CLIMATE REPORT
NATIONAL WEATHER SERVICE SAN JUAN, PR
1229 AM AST FRI OCT 24 2014


...................................

...THE CYRIL E. KING AIRPORT/USVI CLIMATE SUMMARY FOR OCTOBER 23 2014...

CLIMATE NORMAL PERIOD 1981 TO 2010
CLIMATE RECORD PERIOD 1953 TO 2014


WEATHER ITEM   OBSERVED TIME   RECORD YEAR NORMAL DEPARTURE LAST
                VALUE   (LST)  VALUE       VALUE  FROM      YEAR
                                                  NORMAL
..................................................................
TEMPERATURE (F)
 YESTERDAY
  MAXIMUM         88    216 PM  96    1993  88      0       89
  MINIMUM         77    628 AM  72    1953  77      0       79
  AVERAGE         83                        82      1       84

PRECIPITATION (IN)
  YESTERDAY        0.00          1.12 1974   0.17  -0.17     0.00
  MONTH TO DATE    0.84                      3.93  -3.09     1.53
  SINCE SEP 1      2.59                      9.51  -6.92    11.35
  SINCE JAN 1     24.13                     29.66  -5.53    36.16

SNOWFALL (IN)
  YESTERDAY        0.0
  MONTH TO DATE    0.0
  SINCE SEP 1      0.0
  SINCE JUL 1      0.0

DEGREE DAYS
 HEATING
  YESTERDAY        0                         0      0        0
  MONTH TO DATE    0                         0      0        0
  SINCE SEP 1      0                         0      0        0
  SINCE JUL 1      0                         0      0        0

 COOLING
  YESTERDAY       18                        17      1       19
  MONTH TO DATE  409                       413     -4      446
  SINCE SEP 1    946                       981    -35     1023
  SINCE JAN 1   4936                      4972    -36     4923
..................................................................


WIND (MPH)
  RESULTANT WIND SPEED  10   RESULTANT WIND DIRECTION  SE (130)
  HIGHEST WIND SPEED    18   HIGHEST WIND DIRECTION    SE (150)
  AVERAGE WIND SPEED    10.5


SKY COVER
  AVERAGE SKY COVER 0.1


WEATHER CONDITIONS
 THE FOLLOWING WEATHER WAS RECORDED YESTERDAY.
  NO SIGNIFICANT WEATHER WAS OBSERVED.


RELATIVE HUMIDITY (PERCENT)
 HIGHEST    85
 LOWEST     63
 AVERAGE    74

..........................................................


THE CYRIL E. KING AIRPORT/USVI CLIMATE NORMALS FOR TODAY
                         NORMAL    RECORD    YEAR
 MAXIMUM TEMPERATURE (F)   88        94      1992
 MINIMUM TEMPERATURE (F)   77        72      1954


SUNRISE AND SUNSET
OCTOBER 24 2014.......SUNRISE   616 AM AST   SUNSET   552 PM AST
OCTOBER 25 2014.......SUNRISE   617 AM AST   SUNSET   551 PM AST


-  INDICATES NEGATIVE NUMBERS.
R  INDICATES RECORD WAS SET OR TIED.
MM INDICATES DATA IS MISSING.
T  INDICATES TRACE AMOUNT.




$$
