000
CDCA42 TJSJ 190445
CLIISX


CLIMATE REPORT
NATIONAL WEATHER SERVICE SAN JUAN, PR
1245 AM AST SAT APR 19 2014


...................................

...THE HENRY E. ROHLSEN AIRPORT/USVI CLIMATE SUMMARY FOR APRIL 18 2014...

CLIMATE NORMAL PERIOD 1981 TO 2010
CLIMATE RECORD PERIOD 1951 TO 2014


WEATHER ITEM   OBSERVED TIME   RECORD YEAR NORMAL DEPARTURE LAST
                VALUE   (LST)  VALUE       VALUE  FROM      YEAR
                                                  NORMAL
..................................................................
TEMPERATURE (F)
 YESTERDAY
  MAXIMUM         88   1216 PM  90    1958  86      2       86
  MINIMUM         75    635 AM  67    1954  74      1       75
  AVERAGE         82                        80      2       81

PRECIPITATION (IN)
  YESTERDAY        0.02          1.16 1959   0.07  -0.05     0.01
  MONTH TO DATE    2.08                      1.13   0.95     0.55
  SINCE MAR 1      3.85                      2.69   1.16     3.04
  SINCE JAN 1      6.01                      6.48  -0.47     4.70

SNOWFALL (IN)
  YESTERDAY        0.0
  MONTH TO DATE    0.0
  SINCE MAR 1      0.0
  SINCE JUL 1      0.0

DEGREE DAYS
 HEATING
  YESTERDAY        0                         0      0        0
  MONTH TO DATE    0                         0      0        0
  SINCE MAR 1      0                         0      0        0
  SINCE JUL 1      0                         0      0        0

 COOLING
  YESTERDAY       17                        15      2       16
  MONTH TO DATE  266                       263      3      280
  SINCE MAR 1    699                       683     16      666
  SINCE JAN 1   1548                      1460     88     1416
..................................................................


WIND (MPH)
  RESULTANT WIND SPEED  17   RESULTANT WIND DIRECTION   E (90)
  HIGHEST WIND SPEED    28   HIGHEST WIND DIRECTION     E (90)
  HIGHEST GUST SPEED    37   HIGHEST GUST DIRECTION     E (100)
  AVERAGE WIND SPEED    17.1


SKY COVER
  POSSIBLE SUNSHINE  MM
  AVERAGE SKY COVER 0.4


WEATHER CONDITIONS
 THE FOLLOWING WEATHER WAS RECORDED YESTERDAY.
  LIGHT RAIN


RELATIVE HUMIDITY (PERCENT)
 HIGHEST    82
 LOWEST     51
 AVERAGE    67

..........................................................


THE HENRY E. ROHLSEN AIRPORT/USVI CLIMATE NORMALS FOR TODAY
                         NORMAL    RECORD    YEAR
 MAXIMUM TEMPERATURE (F)   86        92      1973
 MINIMUM TEMPERATURE (F)   75        65      1983


SUNRISE AND SUNSET
APRIL 19 2014.........SUNRISE   600 AM AST   SUNSET   637 PM AST
APRIL 20 2014.........SUNRISE   600 AM AST   SUNSET   637 PM AST


-  INDICATES NEGATIVE NUMBERS.
R  INDICATES RECORD WAS SET OR TIED.
MM INDICATES DATA IS MISSING.
T  INDICATES TRACE AMOUNT.




$$
