000
CDCA42 TJSJ 242125
CLIISX


CLIMATE REPORT
NATIONAL WEATHER SERVICE SAN JUAN, PR
525 PM AST SUN JUL 24 2016


...................................

...THE HENRY E. ROHLSEN AP/ST CROIX CLIMATE SUMMARY FOR JULY 24 2016...
VALID TODAY AS OF 0500 PM LOCAL TIME.

CLIMATE NORMAL PERIOD 1981 TO 2010
CLIMATE RECORD PERIOD 1951 TO 2016


WEATHER ITEM   OBSERVED TIME   RECORD YEAR NORMAL DEPARTURE LAST
                VALUE   (LST)  VALUE       VALUE  FROM      YEAR
                                                  NORMAL
..................................................................
TEMPERATURE (F)
 TODAY
  MAXIMUM         89    326 PM  92    2014  89      0       90
                                      1989
  MINIMUM         78    611 AM  69    1983  79     -1       79
  AVERAGE         84                        84      0       85

PRECIPITATION (IN)
  TODAY            0.08          1.74 1983   0.10  -0.02     0.00
  MONTH TO DATE    2.75                      2.27   0.48     0.76
  SINCE JUN 1      3.61                      4.58  -0.97     1.32
  SINCE JAN 1     14.40                     16.21  -1.81     6.68

SNOWFALL (IN)
  TODAY            0.0                       0.0    0.0      0.0
  MONTH TO DATE    0.0                       0.0    0.0      0.0
  SINCE JUN 1      0.0                       0.0    0.0      0.0
  SINCE JUL 1      0.0                       0.0    0.0      0.0

DEGREE DAYS
 HEATING
  TODAY            0                         0      0        0
  MONTH TO DATE    0                         0      0        0
  SINCE JUN 1      0                         0      0        0
  SINCE JUL 1      0                         0      0        0

 COOLING
  TODAY           19                        19      0       20
  MONTH TO DATE  466                       456     10      456
  SINCE JUN 1   1039                       996     43     1032
  SINCE JAN 1   3375                      3149    226     3276
..................................................................


WIND (MPH)
  HIGHEST WIND SPEED    21   HIGHEST WIND DIRECTION     E (90)
  HIGHEST GUST SPEED    24   HIGHEST GUST DIRECTION     E (90)
  AVERAGE WIND SPEED    12.6


SKY COVER
  AVERAGE SKY COVER 0.2


WEATHER CONDITIONS
 THE FOLLOWING WEATHER WAS RECORDED TODAY.
  FOG


RELATIVE HUMIDITY (PERCENT)
 HIGHEST    85
 LOWEST     63
 AVERAGE    74

..........................................................


THE HENRY E. ROHLSEN AP/ST CROIX CLIMATE NORMALS FOR TOMORROW
                         NORMAL    RECORD    YEAR
 MAXIMUM TEMPERATURE (F)   89        92      2014
                                             1995
 MINIMUM TEMPERATURE (F)   79        72      1999


SUNRISE AND SUNSET
JULY 24 2016..........SUNRISE   556 AM AST   SUNSET   656 PM AST
JULY 25 2016..........SUNRISE   556 AM AST   SUNSET   655 PM AST


-  INDICATES NEGATIVE NUMBERS.
R  INDICATES RECORD WAS SET OR TIED.
MM INDICATES DATA IS MISSING.
T  INDICATES TRACE AMOUNT.




$$
