000
CDCA42 TJSJ 020444
CLIISX


CLIMATE REPORT
NATIONAL WEATHER SERVICE SAN JUAN, PR
1243 AM AST TUE SEP 2 2014


...................................

...THE HENRY E. ROHLSEN AIRPORT/USVI CLIMATE SUMMARY FOR SEPTEMBER 1 2014...

CLIMATE NORMAL PERIOD 1981 TO 2010
CLIMATE RECORD PERIOD 1951 TO 2014


WEATHER ITEM   OBSERVED TIME   RECORD YEAR NORMAL DEPARTURE LAST
                VALUE   (LST)  VALUE       VALUE  FROM      YEAR
                                                  NORMAL
..................................................................
TEMPERATURE (F)
 YESTERDAY
  MAXIMUM         89    102 PM  93    1998  89      0       91
  MINIMUM         76    623 AM  72    1975  78     -2       80
  AVERAGE         83                        84     -1       86

PRECIPITATION (IN)
  YESTERDAY        0.02          1.42 1952   0.15  -0.13      T
  MONTH TO DATE    0.02                      0.15  -0.13      T
  SINCE SEP 1      0.02                      0.15  -0.13      T
  SINCE JAN 1     20.20                     20.28  -0.08    21.72

SNOWFALL (IN)
  YESTERDAY        0.0
  MONTH TO DATE    0.0
  SINCE SEP 1      0.0
  SINCE JUL 1      0.0

DEGREE DAYS
 HEATING
  YESTERDAY        0                         0      0        0
  MONTH TO DATE    0                         0      0        0
  SINCE SEP 1      0                         0      0        0
  SINCE JUL 1      0                         0      0        0

 COOLING
  YESTERDAY       18                        19     -1       21
  MONTH TO DATE   18                        19     -1       21
  SINCE SEP 1     18                        19     -1       21
  SINCE JAN 1   4028                      3872    156     3685
..................................................................


WIND (MPH)
  RESULTANT WIND SPEED  10   RESULTANT WIND DIRECTION   E (90)
  HIGHEST WIND SPEED    20   HIGHEST WIND DIRECTION     E (90)
  HIGHEST GUST SPEED    24   HIGHEST GUST DIRECTION     E (90)
  AVERAGE WIND SPEED     9.8


SKY COVER
  POSSIBLE SUNSHINE  MM
  AVERAGE SKY COVER 0.3


WEATHER CONDITIONS
 THE FOLLOWING WEATHER WAS RECORDED YESTERDAY.
  LIGHT RAIN


RELATIVE HUMIDITY (PERCENT)
 HIGHEST    88
 LOWEST     63
 AVERAGE    76

..........................................................


THE HENRY E. ROHLSEN AIRPORT/USVI CLIMATE NORMALS FOR TODAY
                         NORMAL    RECORD    YEAR
 MAXIMUM TEMPERATURE (F)   89        93      1998
 MINIMUM TEMPERATURE (F)   78        72      1981


SUNRISE AND SUNSET
SEPTEMBER  2 2014.....SUNRISE   605 AM AST   SUNSET   632 PM AST
SEPTEMBER  3 2014.....SUNRISE   605 AM AST   SUNSET   631 PM AST


-  INDICATES NEGATIVE NUMBERS.
R  INDICATES RECORD WAS SET OR TIED.
MM INDICATES DATA IS MISSING.
T  INDICATES TRACE AMOUNT.




$$
