000
CDCA42 TJSJ 130426
CLIISX


CLIMATE REPORT
NATIONAL WEATHER SERVICE SAN JUAN, PR
1225 AM AST SAT FEB 13 2016


...................................

...THE HENRY E. ROHLSEN AP/ST CROIX CLIMATE SUMMARY FOR FEBRUARY 12 2016...

CLIMATE NORMAL PERIOD 1981 TO 2010
CLIMATE RECORD PERIOD 1951 TO 2016


WEATHER ITEM   OBSERVED TIME   RECORD YEAR NORMAL DEPARTURE LAST
                VALUE   (LST)  VALUE       VALUE  FROM      YEAR
                                                  NORMAL
..................................................................
TEMPERATURE (F)
 YESTERDAY
  MAXIMUM         87    228 PM  89    2005  84      3       84
  MINIMUM         72    701 AM  65    2012  72      0       73
  AVERAGE         80                        78      2       79

PRECIPITATION (IN)
  YESTERDAY        0.05          0.42 1964   0.06  -0.01     0.16
  MONTH TO DATE    0.14                      0.74  -0.60     0.16
  SINCE DEC 1      3.08                      5.85  -2.77     7.01
  SINCE JAN 1      0.64                      2.88  -2.24     1.38

SNOWFALL (IN)
  YESTERDAY        0.0                       0.0    0.0      0.0
  MONTH TO DATE    0.0                       0.0    0.0      0.0
  SINCE DEC 1      0.0                       0.0    0.0      0.0
  SINCE JUL 1      0.0                       0.0    0.0      0.0

DEGREE DAYS
 HEATING
  YESTERDAY        0                         0      0        0
  MONTH TO DATE    0                         0      0        0
  SINCE DEC 1      0                         0      0        0
  SINCE JUL 1      0                         0      0        0

 COOLING
  YESTERDAY       15                        13      2       14
  MONTH TO DATE  165                       156      9      173
  SINCE DEC 1   1080                      1001     79      988
  SINCE JAN 1    597                       565     32      579
..................................................................


WIND (MPH)
  HIGHEST WIND SPEED    20   HIGHEST WIND DIRECTION     E (100)
  HIGHEST GUST SPEED    26   HIGHEST GUST DIRECTION     E (100)
  AVERAGE WIND SPEED     9.4


SKY COVER
  AVERAGE SKY COVER 0.4


WEATHER CONDITIONS
 THE FOLLOWING WEATHER WAS RECORDED YESTERDAY.
  LIGHT RAIN
  HAZE


RELATIVE HUMIDITY (PERCENT)
 HIGHEST    87
 LOWEST     55
 AVERAGE    71

..........................................................


THE HENRY E. ROHLSEN AP/ST CROIX CLIMATE NORMALS FOR TODAY
                         NORMAL    RECORD    YEAR
 MAXIMUM TEMPERATURE (F)   84        89      2005
 MINIMUM TEMPERATURE (F)   72        63      2012


SUNRISE AND SUNSET
FEBRUARY 13 2016......SUNRISE   647 AM AST   SUNSET   620 PM AST
FEBRUARY 14 2016......SUNRISE   647 AM AST   SUNSET   620 PM AST


-  INDICATES NEGATIVE NUMBERS.
R  INDICATES RECORD WAS SET OR TIED.
MM INDICATES DATA IS MISSING.
T  INDICATES TRACE AMOUNT.




$$
