000
CDHW43 PHFO 260226
CLIITO


CLIMATE REPORT
NATIONAL WEATHER SERVICE HONOLULU HI
426 PM HST TUE NOV 25 2014


...................................

...THE HILO HI CLIMATE SUMMARY FOR NOVEMBER 25 2014...
VALID TODAY AS OF 0400 PM LOCAL TIME.

CLIMATE NORMAL PERIOD 1981 TO 2010
CLIMATE RECORD PERIOD 1946 TO 2014


WEATHER ITEM   OBSERVED TIME   RECORD YEAR NORMAL DEPARTURE LAST
                VALUE   (LST)  VALUE       VALUE  FROM      YEAR
                                                  NORMAL
..................................................................
TEMPERATURE (F)
 TODAY
  MAXIMUM         76    158 PM  87    1977  80     -4       85
  MINIMUM         69    715 AM  60    1993  67      2       69
  AVERAGE         73                        73      0       77

PRECIPITATION (IN)
  TODAY            0.01          5.41 1967   0.50  -0.49     0.01
  MONTH TO DATE    7.05                     13.10  -6.05     6.34
  SINCE SEP 1     26.05                     32.81  -6.76    16.78
  SINCE JAN 1    107.16                    112.75  -5.59    81.66

SNOWFALL (IN)
  TODAY            0.0
  MONTH TO DATE    0.0
  SINCE SEP 1      0.0
  SINCE JUL 1      0.0
  SNOW DEPTH       0

DEGREE DAYS
 HEATING
  TODAY            0                         0      0        0
  MONTH TO DATE    0                         0      0        0
  SINCE SEP 1      0                         0      0        0
  SINCE JUL 1      0                         0      0        0

 COOLING
  TODAY            8                         8      0       12
  MONTH TO DATE  243                       231     12      258
  SINCE SEP 1   1092                       894    198     1017
  SINCE JAN 1   3369                      2966    403     3230
..................................................................


WIND (MPH)
  HIGHEST WIND SPEED    17   HIGHEST WIND DIRECTION     N (340)
  HIGHEST GUST SPEED    22   HIGHEST GUST DIRECTION     N (350)
  AVERAGE WIND SPEED    10.4


SKY COVER
  POSSIBLE SUNSHINE  MM
  AVERAGE SKY COVER 1.0


WEATHER CONDITIONS
 THE FOLLOWING WEATHER WAS RECORDED TODAY.
  LIGHT RAIN
  FOG


RELATIVE HUMIDITY (PERCENT)
 HIGHEST    93           300 PM
 LOWEST     74          1200 PM
 AVERAGE    84

..........................................................


THE HILO HI CLIMATE NORMALS FOR TOMORROW
                         NORMAL    RECORD    YEAR
 MAXIMUM TEMPERATURE (F)   80        86      2005
                                             1990
                                             1977
 MINIMUM TEMPERATURE (F)   67        62      1989
                                             1973
                                             1958


SUNRISE AND SUNSET
NOVEMBER 25 2014......SUNRISE   635 AM HST   SUNSET   540 PM HST
NOVEMBER 26 2014......SUNRISE   635 AM HST   SUNSET   540 PM HST


-  INDICATES NEGATIVE NUMBERS.
R  INDICATES RECORD WAS SET OR TIED.
MM INDICATES DATA IS MISSING.
T  INDICATES TRACE AMOUNT.




$$
