821
CDHW43 PHFO 061245
CLIITO


CLIMATE REPORT
NATIONAL WEATHER SERVICE HONOLULU HI
245 AM HST SAT FEB 6 2016


...................................

...THE HILO HI CLIMATE SUMMARY FOR FEBRUARY 5 2016...

CLIMATE NORMAL PERIOD 1981 TO 2010
CLIMATE RECORD PERIOD 1946 TO 2016


WEATHER ITEM   OBSERVED TIME   RECORD YEAR NORMAL DEPARTURE LAST
                VALUE   (LST)  VALUE       VALUE  FROM      YEAR
                                                  NORMAL
..................................................................
TEMPERATURE (F)
 YESTERDAY
  MAXIMUM         79    249 PM  87    1960  79      0       84
  MINIMUM         66   1159 PM  57    1958  63      3       64
  AVERAGE         73                        71      2       74

PRECIPITATION (IN)
  YESTERDAY        0.14          3.61 1979   0.32  -0.18      T
  MONTH TO DATE    0.90                      1.68  -0.78      T
  SINCE DEC 1     16.29                     22.51  -6.22     8.90
  SINCE JAN 1      2.19                     10.94  -8.75     2.80

SNOWFALL (IN)
  YESTERDAY        0.0
  MONTH TO DATE    0.0
  SINCE DEC 1      0.0
  SINCE JUL 1      0.0
  SNOW DEPTH       0

DEGREE DAYS
 HEATING
  YESTERDAY        0                         0      0        0
  MONTH TO DATE    0                         0      0        0
  SINCE DEC 1      0                         0      0        0
  SINCE JUL 1      0                         0      0        0

 COOLING
  YESTERDAY        8                         6      2        9
  MONTH TO DATE   48                        30     18       53
  SINCE DEC 1    641                       453    188      552
  SINCE JAN 1    335                       228    107      311
..................................................................


WIND (MPH)
  HIGHEST WIND SPEED    15   HIGHEST WIND DIRECTION    SE (130)
  HIGHEST GUST SPEED    19   HIGHEST GUST DIRECTION    SE (120)
  AVERAGE WIND SPEED     6.1


SKY COVER
  POSSIBLE SUNSHINE  MM
  AVERAGE SKY COVER 0.7


WEATHER CONDITIONS
 THE FOLLOWING WEATHER WAS RECORDED YESTERDAY.
  RAIN
  LIGHT RAIN
  FOG


RELATIVE HUMIDITY (PERCENT)
 HIGHEST    90           800 PM
 LOWEST     70           300 AM
 AVERAGE    80

..........................................................


THE HILO HI CLIMATE NORMALS FOR TODAY
                         NORMAL    RECORD    YEAR
 MAXIMUM TEMPERATURE (F)   79        86      1960
 MINIMUM TEMPERATURE (F)   63        57      1978


SUNRISE AND SUNSET
FEBRUARY  6 2016......SUNRISE   654 AM HST   SUNSET   615 PM HST
FEBRUARY  7 2016......SUNRISE   653 AM HST   SUNSET   616 PM HST


-  INDICATES NEGATIVE NUMBERS.
R  INDICATES RECORD WAS SET OR TIED.
MM INDICATES DATA IS MISSING.
T  INDICATES TRACE AMOUNT.




$$
