000
CDHW43 PHFO 280236
CLIITO


CLIMATE REPORT
NATIONAL WEATHER SERVICE HONOLULU HI
426 PM HST SAT DEC 27 2014


...................................

...THE HILO HI CLIMATE SUMMARY FOR DECEMBER 27 2014...
VALID TODAY AS OF 0400 PM LOCAL TIME.

CLIMATE NORMAL PERIOD 1981 TO 2010
CLIMATE RECORD PERIOD 1946 TO 2014


WEATHER ITEM   OBSERVED TIME   RECORD YEAR NORMAL DEPARTURE LAST
                VALUE   (LST)  VALUE       VALUE  FROM      YEAR
                                                  NORMAL
..................................................................
TEMPERATURE (F)
 TODAY
  MAXIMUM         80    214 PM  87    1996  79      1       77
  MINIMUM         65    719 AM  60    1998  64      1       66
                                      1960
  AVERAGE         73                        72      1       72

PRECIPITATION (IN)
  TODAY            0.00          2.44 2008   0.32  -0.32     2.07
  MONTH TO DATE    6.10                     10.30  -4.20     6.80
  SINCE DEC 1      6.10                     10.30  -4.20     6.80
  SINCE JAN 1    115.24                    125.45 -10.21    88.78

SNOWFALL (IN)
  TODAY            0.0
  MONTH TO DATE    0.0
  SINCE DEC 1      0.0
  SINCE JUL 1      0.0
  SNOW DEPTH       0

DEGREE DAYS
 HEATING
  TODAY            0                         0      0        0
  MONTH TO DATE    0                         0      0        0
  SINCE DEC 1      0                         0      0        0
  SINCE JUL 1      0                         0      0        0

 COOLING
  TODAY            8                         7      1        7
  MONTH TO DATE  214                       198     16      217
  SINCE DEC 1    214                       198     16      217
  SINCE JAN 1   3624                      3205    419     3493
..................................................................


WIND (MPH)
  HIGHEST WIND SPEED    20   HIGHEST WIND DIRECTION     N (350)
  HIGHEST GUST SPEED    26   HIGHEST GUST DIRECTION     N (350)
  AVERAGE WIND SPEED     6.6


SKY COVER
  POSSIBLE SUNSHINE  MM
  AVERAGE SKY COVER 0.7


WEATHER CONDITIONS
 THE FOLLOWING WEATHER WAS RECORDED TODAY.
  NO SIGNIFICANT WEATHER WAS OBSERVED.


RELATIVE HUMIDITY (PERCENT)
 HIGHEST    81          1200 AM
 LOWEST     56          1100 AM
 AVERAGE    69

..........................................................


THE HILO HI CLIMATE NORMALS FOR TOMORROW
                         NORMAL    RECORD    YEAR
 MAXIMUM TEMPERATURE (F)   79        85      1980
                                             1968
 MINIMUM TEMPERATURE (F)   64        59      1962


SUNRISE AND SUNSET
DECEMBER 27 2014......SUNRISE   653 AM HST   SUNSET   550 PM HST
DECEMBER 28 2014......SUNRISE   653 AM HST   SUNSET   551 PM HST


-  INDICATES NEGATIVE NUMBERS.
R  INDICATES RECORD WAS SET OR TIED.
MM INDICATES DATA IS MISSING.
T  INDICATES TRACE AMOUNT.




$$
