000
CDHW43 PHFO 010232
CLIITO


CLIMATE REPORT
NATIONAL WEATHER SERVICE HONOLULU HI
429 PM HST MON AUG 31 2015


...................................

...THE HILO HI CLIMATE SUMMARY FOR AUGUST 31 2015...
VALID TODAY AS OF 0400 PM LOCAL TIME.

CLIMATE NORMAL PERIOD 1981 TO 2010
CLIMATE RECORD PERIOD 1946 TO 2015


WEATHER ITEM   OBSERVED TIME   RECORD YEAR NORMAL DEPARTURE LAST
                VALUE   (LST)  VALUE       VALUE  FROM      YEAR
                                                  NORMAL
..................................................................
TEMPERATURE (F)
 TODAY
  MAXIMUM         89R   302 PM  89    1996  83      6       87
  MINIMUM         73    632 AM  64    1971  70      3       71
                                      1970
  AVERAGE         81                        76      5       79

PRECIPITATION (IN)
  TODAY            0.00          3.94 1982   0.29  -0.29     0.10
  MONTH TO DATE   17.20                      9.85   7.35    10.81
  SINCE JUN 1     30.49                     28.03   2.46    33.37
  SINCE JAN 1     69.56                     79.94 -10.38    81.11

SNOWFALL (IN)
  TODAY            0.0
  MONTH TO DATE    0.0
  SINCE JUN 1      0.0
  SINCE JUL 1      0.0
  SNOW DEPTH       0

DEGREE DAYS
 HEATING
  TODAY            0                         0      0        0
  MONTH TO DATE    0                         0      0        0
  SINCE JUN 1      0                         0      0        0
  SINCE JUL 1      0                         0      0        0

 COOLING
  TODAY           16                        11      5       14
  MONTH TO DATE  463                       355    108      409
  SINCE JUN 1   1279                      1004    275     1021
  SINCE JAN 1   2606                      2072    534     2277
..................................................................


WIND (MPH)
  HIGHEST WIND SPEED    20   HIGHEST WIND DIRECTION     N (10)
  HIGHEST GUST SPEED    27   HIGHEST GUST DIRECTION     N (10)
  AVERAGE WIND SPEED     9.0


SKY COVER
  POSSIBLE SUNSHINE  MM
  AVERAGE SKY COVER 0.2


WEATHER CONDITIONS
 THE FOLLOWING WEATHER WAS RECORDED TODAY.
  THUNDERSTORM


RELATIVE HUMIDITY (PERCENT)
 HIGHEST    84           200 AM
 LOWEST     68          1100 AM
 AVERAGE    76

..........................................................


THE HILO HI CLIMATE NORMALS FOR TOMORROW
                         NORMAL    RECORD    YEAR
 MAXIMUM TEMPERATURE (F)   83        88      2014
                                             1996
                                             1990
 MINIMUM TEMPERATURE (F)   69        65      1983
                                             1958


SUNRISE AND SUNSET
AUGUST 31 2015........SUNRISE   605 AM HST   SUNSET   636 PM HST
SEPTEMBER  1 2015.....SUNRISE   605 AM HST   SUNSET   635 PM HST


-  INDICATES NEGATIVE NUMBERS.
R  INDICATES RECORD WAS SET OR TIED.
MM INDICATES DATA IS MISSING.
T  INDICATES TRACE AMOUNT.




$$
