000
CDHW43 PHFO 210236
CLIITO


CLIMATE REPORT
NATIONAL WEATHER SERVICE HONOLULU HI
426 PM HST SAT SEP 20 2014


...................................

...THE HILO HI CLIMATE SUMMARY FOR SEPTEMBER 20 2014...
VALID TODAY AS OF 0400 PM LOCAL TIME.

CLIMATE NORMAL PERIOD 1981 TO 2010
CLIMATE RECORD PERIOD 1946 TO 2014


WEATHER ITEM   OBSERVED TIME   RECORD YEAR NORMAL DEPARTURE LAST
                VALUE   (LST)  VALUE       VALUE  FROM      YEAR
                                                  NORMAL
..................................................................
TEMPERATURE (F)
 TODAY
  MAXIMUM         90R  1242 PM  90    1981  83      7       85
  MINIMUM         73    641 AM  63    1976  69      4       70
  AVERAGE         82                        76      6       78

PRECIPITATION (IN)
  TODAY            T             2.09 1980   0.35  -0.35     0.28
  MONTH TO DATE    1.29                      6.48  -5.19     1.70
  SINCE SEP 1      1.29                      6.48  -5.19     1.70
  SINCE JAN 1     82.40                     86.42  -4.02    66.58

SNOWFALL (IN)
  TODAY            0.0
  MONTH TO DATE    0.0
  SINCE SEP 1      0.0
  SINCE JUL 1      0.0
  SNOW DEPTH       0

DEGREE DAYS
 HEATING
  TODAY            0                         0      0        0
  MONTH TO DATE    0                         0      0        0
  SINCE SEP 1      0                         0      0        0
  SINCE JUL 1      0                         0      0        0

 COOLING
  TODAY           17                        11      6       13
  MONTH TO DATE  287                       220     67      257
  SINCE SEP 1    287                       220     67      257
  SINCE JAN 1   2564                      2292    272     2470
..................................................................


WIND (MPH)
  HIGHEST WIND SPEED    18   HIGHEST WIND DIRECTION     E (100)
  HIGHEST GUST SPEED    22   HIGHEST GUST DIRECTION    SE (120)
  AVERAGE WIND SPEED     6.6


SKY COVER
  POSSIBLE SUNSHINE  MM
  AVERAGE SKY COVER 0.6


WEATHER CONDITIONS
 THE FOLLOWING WEATHER WAS RECORDED TODAY.
  NO SIGNIFICANT WEATHER WAS OBSERVED.


RELATIVE HUMIDITY (PERCENT)
 HIGHEST    84           600 AM
 LOWEST     52          1200 PM
 AVERAGE    68

..........................................................


THE HILO HI CLIMATE NORMALS FOR TOMORROW
                         NORMAL    RECORD    YEAR
 MAXIMUM TEMPERATURE (F)   83        92      1951
 MINIMUM TEMPERATURE (F)   69        62      1959


SUNRISE AND SUNSET
SEPTEMBER 20 2014.....SUNRISE   609 AM HST   SUNSET   618 PM HST
SEPTEMBER 21 2014.....SUNRISE   609 AM HST   SUNSET   617 PM HST


-  INDICATES NEGATIVE NUMBERS.
R  INDICATES RECORD WAS SET OR TIED.
MM INDICATES DATA IS MISSING.
T  INDICATES TRACE AMOUNT.




$$
