000
CDHW43 PHFO 201245
CLIITO


CLIMATE REPORT
NATIONAL WEATHER SERVICE HONOLULU HI
245 AM HST FRI OCT 20 2017


...................................

...THE HILO HI CLIMATE SUMMARY FOR OCTOBER 19 2017...

CLIMATE NORMAL PERIOD 1981 TO 2010
CLIMATE RECORD PERIOD 1946 TO 2017


WEATHER ITEM   OBSERVED TIME   RECORD YEAR NORMAL DEPARTURE LAST
                VALUE   (LST)  VALUE       VALUE  FROM      YEAR
                                                  NORMAL
..................................................................
TEMPERATURE (F)
 YESTERDAY
  MAXIMUM         82    254 PM  91    1961  83     -1       80
  MINIMUM         69    428 AM  62    1999  69      0       70
  AVERAGE         76                        76      0       75

PRECIPITATION (IN)
  YESTERDAY        0.43          3.91 1990   0.31   0.12     0.62
  MONTH TO DATE    9.39                      5.57   3.82    13.60
  SINCE SEP 1     13.30                     15.51  -2.21    24.34
  SINCE JAN 1     66.92                     95.45 -28.53    92.43

SNOWFALL (IN)
  YESTERDAY        0.0
  MONTH TO DATE    0.0
  SINCE SEP 1      0.0
  SINCE JUL 1      0.0
  SNOW DEPTH      MM

DEGREE DAYS
 HEATING
  YESTERDAY        0                         0      0        0
  MONTH TO DATE    0                         0      0        0
  SINCE SEP 1      0                         0      0        0
  SINCE JUL 1      0                         0      0        0

 COOLING
  YESTERDAY       11                        10      1       10
  MONTH TO DATE  226                       208     18      222
  SINCE SEP 1    588                       544     44      604
  SINCE JAN 1   3004                      2616    388     3355
..................................................................


WIND (MPH)
  HIGHEST WIND SPEED    21   HIGHEST WIND DIRECTION    NE (50)
  HIGHEST GUST SPEED    27   HIGHEST GUST DIRECTION    NE (50)
  AVERAGE WIND SPEED     9.7


SKY COVER
  POSSIBLE SUNSHINE  MM
  AVERAGE SKY COVER  MM


WEATHER CONDITIONS
 THE FOLLOWING WEATHER WAS RECORDED YESTERDAY.
  FOG
  HAZE


RELATIVE HUMIDITY (PERCENT)
 HIGHEST    MM
 LOWEST     MM
 AVERAGE    MM

..........................................................


THE HILO HI CLIMATE NORMALS FOR TODAY
                         NORMAL    RECORD    YEAR
 MAXIMUM TEMPERATURE (F)   83        88      2015
                                             1992
 MINIMUM TEMPERATURE (F)   68        64      1969


SUNRISE AND SUNSET
OCTOBER 20 2017.......SUNRISE   617 AM HST   SUNSET   553 PM HST
OCTOBER 21 2017.......SUNRISE   617 AM HST   SUNSET   552 PM HST


-  INDICATES NEGATIVE NUMBERS.
R  INDICATES RECORD WAS SET OR TIED.
MM INDICATES DATA IS MISSING.
T  INDICATES TRACE AMOUNT.




$$
