000
CDUS43 KGLD 010739 RRA
CLIITR

CLIMATE REPORT
NATIONAL WEATHER SERVICE GOODLAND
137 AM MDT MON SEP 1 2014

...................................

...THE BURLINGTON CO CLIMATE SUMMARY FOR AUGUST 31 2014...

CLIMATE NORMAL PERIOD 1981 TO 2010
CLIMATE RECORD PERIOD 1896 TO 2014

WEATHER ITEM   OBSERVED TIME   RECORD YEAR NORMAL DEPARTURE LAST
                VALUE   (LST)  VALUE       VALUE  FROM      YEAR
                                                  NORMAL
..................................................................
TEMPERATURE (F)
 YESTERDAY
  MAXIMUM         81    953 AM  99    1985  83     -2       95
  MINIMUM         55   1156 PM  41    1956  54      1       65
  AVERAGE         68                        69     -1       80

PRECIPITATION (IN)
  YESTERDAY        0.05                      0.07  -0.02     0.06
  MONTH TO DATE    1.94                      2.41  -0.47     1.92
  SINCE JUN 1      6.98                      8.42  -1.44     4.85
  SINCE JAN 1      9.90                     14.15  -4.25    10.45

..................................................................

THE BURLINGTON CO CLIMATE NORMALS FOR TODAY
                         NORMAL    RECORD    YEAR
 MAXIMUM TEMPERATURE (F)   83       100      1960
 MINIMUM TEMPERATURE (F)   54        37      1956

-  INDICATES NEGATIVE NUMBERS.
R  INDICATES RECORD WAS SET OR TIED.
MM INDICATES DATA IS MISSING.
T  INDICATES TRACE AMOUNT.

$$
