225
CDUS43 KGLD 270038
CLIITR

CLIMATE REPORT
NATIONAL WEATHER SERVICE GOODLAND
636 PM MDT SUN MAR 26 2017

...................................

...THE BURLINGTON CO CLIMATE SUMMARY FOR MARCH 26 2017...
VALID TODAY AS OF 0600 PM LOCAL TIME.

CLIMATE NORMAL PERIOD 1981 TO 2010
CLIMATE RECORD PERIOD 1896 TO 2017


WEATHER ITEM   OBSERVED TIME   RECORD YEAR NORMAL DEPARTURE LAST
                VALUE   (LST)  VALUE       VALUE  FROM      YEAR
                                                  NORMAL
..................................................................
TEMPERATURE (F)
 TODAY
  MAXIMUM         49    459 PM  84    1998  58     -9       40
  MINIMUM         39    655 AM  -1    1996  28     11       19
  AVERAGE         44                        43      1       30

PRECIPITATION (IN)
  TODAY            0.00                      0.03  -0.03     0.00
  MONTH TO DATE    2.25                      0.71   1.54     1.07
  SINCE MAR 1      2.25                      0.71   1.54     1.07
  SINCE JAN 1      2.81                      1.51   1.30     1.88

..................................................................


THE BURLINGTON CO CLIMATE NORMALS FOR TOMORROW
                         NORMAL    RECORD    YEAR
 MAXIMUM TEMPERATURE (F)   58        86      2004
 MINIMUM TEMPERATURE (F)   28        -6      1931


-  INDICATES NEGATIVE NUMBERS.
R  INDICATES RECORD WAS SET OR TIED.
MM INDICATES DATA IS MISSING.
T  INDICATES TRACE AMOUNT.


$$
