000
CDUS44 KJAN 252224
CLIJAN


CLIMATE REPORT
NATIONAL WEATHER SERVICE JACKSON MS
422 PM CST SUN FEB 25 2018


...................................

...THE JACKSON CLIMATE SUMMARY FOR FEBRUARY 25 2018...
VALID TODAY AS OF 0400 PM LOCAL TIME.

CLIMATE NORMAL PERIOD 1981 TO 2010
CLIMATE RECORD PERIOD 1896 TO 2018


WEATHER ITEM   OBSERVED TIME   RECORD YEAR NORMAL DEPARTURE LAST
                VALUE   (LST)  VALUE       VALUE  FROM      YEAR
                                                  NORMAL
..................................................................
TEMPERATURE (F)
 TODAY
  MAXIMUM         71    123 AM  89    1918  63      8       63
  MINIMUM         50    608 AM  20    1967  41      9       37
  AVERAGE         61                        52      9       50

PRECIPITATION (IN)
  TODAY            1.33          2.72 2006   0.16   1.17     0.00
  MONTH TO DATE    8.77                      4.27   4.50     1.18
  SINCE DEC 1     15.52                     14.39   1.13    14.82
  SINCE JAN 1     11.85                      9.24   2.61     9.08

SNOWFALL (IN)
  TODAY            0.0           T    2015   0.0    0.0      0.0
                                      1965
                                      1961
  MONTH TO DATE    0.0                       0.1   -0.1      0.0
  SINCE DEC 1      5.9                       0.7    5.2      0.8
  SINCE JUL 1      5.9                       0.7    5.2      0.8

DEGREE DAYS
 HEATING
  TODAY            4                        13     -9       15
  MONTH TO DATE  205                       399   -194      172
  SINCE DEC 1   1403                      1543   -140      896
  SINCE JUL 1   1662                      1951   -289     1100

 COOLING
  TODAY            0                         0      0        0
  MONTH TO DATE   57                         0     57       27
  SINCE DEC 1     68                        12     56       80
  SINCE JAN 1     57                         4     53       50
..................................................................


WIND (MPH)
  HIGHEST WIND SPEED    23   HIGHEST WIND DIRECTION     N (350)
  HIGHEST GUST SPEED    30   HIGHEST GUST DIRECTION    NW (300)
  AVERAGE WIND SPEED     7.3


SKY COVER
  POSSIBLE SUNSHINE  MM
  AVERAGE SKY COVER 1.0


WEATHER CONDITIONS
 THE FOLLOWING WEATHER WAS RECORDED TODAY.
  HEAVY RAIN
  RAIN
  LIGHT RAIN
  FOG


RELATIVE HUMIDITY (PERCENT)
 HIGHEST   100           200 PM
 LOWEST     79          1200 AM
 AVERAGE    90

..........................................................


THE JACKSON CLIMATE NORMALS FOR TOMORROW
                         NORMAL    RECORD    YEAR
 MAXIMUM TEMPERATURE (F)   63        83      1917
 MINIMUM TEMPERATURE (F)   41        19      1974


SUNRISE AND SUNSET
FEBRUARY 25 2018......SUNRISE   632 AM CST   SUNSET   555 PM CST
FEBRUARY 26 2018......SUNRISE   631 AM CST   SUNSET   556 PM CST


-  INDICATES NEGATIVE NUMBERS.
R  INDICATES RECORD WAS SET OR TIED.
MM INDICATES DATA IS MISSING.
T  INDICATES TRACE AMOUNT.

AT 4 PM:

THE PEARL RIVER STAGE AT JACKSON WAS 11.5 FEET. THE RIVER HAS
RISEN 1.5 FEET OVER THE PAST 24 HOURS.

THE MISSISSIPPI RIVER STAGE AT VICKSBURG WAS 38.1 FEET. THE RIVER
HAS RISEN 1.6 FEET OVER THE PAST 24 HOURS.

THE AIR QUALITY INDEX IN JACKSON WAS 36...WHICH IS GOOD.


$$
