000
CDUS44 KJAN 132111
CLIJAN


CLIMATE REPORT
NATIONAL WEATHER SERVICE JACKSON MS
410 PM CDT SUN JUL 13 2014


...................................

...THE JACKSON CLIMATE SUMMARY FOR JULY 13 2014...
VALID TODAY AS OF 0400 PM LOCAL TIME.

CLIMATE NORMAL PERIOD 1981 TO 2010
CLIMATE RECORD PERIOD 1896 TO 2014


WEATHER ITEM   OBSERVED TIME   RECORD YEAR NORMAL DEPARTURE LAST
                VALUE   (LST)  VALUE       VALUE  FROM      YEAR
                                                  NORMAL
..................................................................
TEMPERATURE (F)
 TODAY
  MAXIMUM         92   1106 AM 105    1930  92      0       88
  MINIMUM         74    522 AM  60    1900  72      2       67
  AVERAGE         83                        82      1       78

PRECIPITATION (IN)
  TODAY            0.02          3.64 1979   0.16  -0.14     0.00
  MONTH TO DATE    1.27                      2.03  -0.76     0.92
  SINCE JUN 1      7.70                      6.15   1.55     5.90
  SINCE JAN 1     39.30                     30.26   9.04    38.96

SNOWFALL (IN)
  TODAY            0.0           0.0  2002   0.0    0.0      0.0
                                      2001
  MONTH TO DATE    0.0                       0.0    0.0      0.0
  SINCE JUN 1      0.0                       0.0    0.0      0.0
  SINCE JUL 1      0.0                       0.0    0.0      0.0

DEGREE DAYS
 HEATING
  TODAY            0                         0      0        0
  MONTH TO DATE    0                         0      0        0
  SINCE JUN 1      0                         0      0        0
  SINCE JUL 1      0                         0      0        0

 COOLING
  TODAY           18                        17      1       13
  MONTH TO DATE  196                       214    -18      184
  SINCE JUN 1    639                       636      3      631
  SINCE JAN 1    970                       994    -24      949
..................................................................


WIND (MPH)
  HIGHEST WIND SPEED    15   HIGHEST WIND DIRECTION     S (200)
  HIGHEST GUST SPEED    17   HIGHEST GUST DIRECTION     S (200)
  AVERAGE WIND SPEED     1.5


SKY COVER
  POSSIBLE SUNSHINE  MM
  AVERAGE SKY COVER 0.3


WEATHER CONDITIONS
 THE FOLLOWING WEATHER WAS RECORDED TODAY.
  LIGHT RAIN
  FOG


RELATIVE HUMIDITY (PERCENT)
 HIGHEST   100           400 AM
 LOWEST     56          1100 AM
 AVERAGE    78

..........................................................


THE JACKSON CLIMATE NORMALS FOR TOMORROW
                         NORMAL    RECORD    YEAR
 MAXIMUM TEMPERATURE (F)   92       105      1980
 MINIMUM TEMPERATURE (F)   72        58      1967
                                             1918


SUNRISE AND SUNSET
JULY 13 2014..........SUNRISE   603 AM CDT   SUNSET   809 PM CDT
JULY 14 2014..........SUNRISE   604 AM CDT   SUNSET   809 PM CDT


-  INDICATES NEGATIVE NUMBERS.
R  INDICATES RECORD WAS SET OR TIED.
MM INDICATES DATA IS MISSING.
T  INDICATES TRACE AMOUNT.

&&

AT 4 PM:

THE PEARL RIVER STAGE AT JACKSON WAS 4.4 FEET. THE RIVER HAS
FALLEN 1.7 FEET OVER THE PAST 24 HOURS.

THE MISSISSIPPI RIVER STAGE AT VICKSBURG WAS 27.9 FEET. THE RIVER
HAS FALLEN 0.2 FEET OVER THE PAST 24 HOURS.

THE AIR QUALITY INDEX AT JACKSON WAS 72...WHICH IS MODERATE.


$$
