000
CDUS44 KJAN 290626
CLIJAN


CLIMATE REPORT
NATIONAL WEATHER SERVICE JACKSON MS
123 AM CDT THU JUN 29 2017


...................................

...THE JACKSON CLIMATE SUMMARY FOR JUNE 28 2017...

CLIMATE NORMAL PERIOD 1981 TO 2010
CLIMATE RECORD PERIOD 1896 TO 2017


WEATHER ITEM   OBSERVED TIME   RECORD YEAR NORMAL DEPARTURE LAST
                VALUE   (LST)  VALUE       VALUE  FROM      YEAR
                                                  NORMAL
..................................................................
TEMPERATURE (F)
 YESTERDAY
  MAXIMUM         90    238 PM 103    1988  91     -1       88
  MINIMUM         67    450 AM  56    1974  71     -4       74
  AVERAGE         79                        81     -2       81

PRECIPITATION (IN)
  YESTERDAY        0.26          2.04 1898   0.15   0.11     0.18
  MONTH TO DATE    8.34                      3.81   4.53     3.03
  SINCE JUN 1      8.34                      3.81   4.53     3.03
  SINCE JAN 1     39.83                     27.92  11.91    35.48

SNOWFALL (IN)
  YESTERDAY        0.0           0.0    MM   0.0    0.0      0.0
  MONTH TO DATE    0.0                       0.0    0.0      0.0
  SINCE JUN 1      0.0                       0.0    0.0      0.0
  SINCE JUL 1      0.8                       0.8    0.0       T

DEGREE DAYS
 HEATING
  YESTERDAY        0                         0      0        0
  MONTH TO DATE    0                         0      0        0
  SINCE JUN 1      0                         0      0        0
  SINCE JUL 1   1328                      2391  -1063     1587

 COOLING
  YESTERDAY       14                        16     -2       16
  MONTH TO DATE  349                       389    -40      480
  SINCE JUN 1    349                       389    -40      480
  SINCE JAN 1    845                       747     98      868
..................................................................


WIND (MPH)
  HIGHEST WIND SPEED    24   HIGHEST WIND DIRECTION     S (160)
  HIGHEST GUST SPEED    29   HIGHEST GUST DIRECTION     S (160)
  AVERAGE WIND SPEED     5.5


SKY COVER
  POSSIBLE SUNSHINE  MM
  AVERAGE SKY COVER 0.2


WEATHER CONDITIONS
 THE FOLLOWING WEATHER WAS RECORDED YESTERDAY.
  THUNDERSTORM
  HEAVY RAIN
  RAIN
  LIGHT RAIN
  FOG


RELATIVE HUMIDITY (PERCENT)
 HIGHEST    90           100 AM
 LOWEST     46          1200 PM
 AVERAGE    68

..........................................................


THE JACKSON CLIMATE NORMALS FOR TODAY
                         NORMAL    RECORD    YEAR
 MAXIMUM TEMPERATURE (F)   91       105      1988
 MINIMUM TEMPERATURE (F)   71        58      1974


SUNRISE AND SUNSET
JUNE 29 2017..........SUNRISE   556 AM CDT   SUNSET   811 PM CDT
JUNE 30 2017..........SUNRISE   557 AM CDT   SUNSET   811 PM CDT


-  INDICATES NEGATIVE NUMBERS.
R  INDICATES RECORD WAS SET OR TIED.
MM INDICATES DATA IS MISSING.
T  INDICATES TRACE AMOUNT.

&&

AT 1 AM:

THE PEARL RIVER STAGE AT JACKSON WAS 27.5 FEET. THE RIVER HAS FALLEN
0.6 FEET OVER THE PAST 24 HOURS.

THE MISSISSIPPI RIVER STAGE AT VICKSBURG WAS 30.5 FEET. THE RIVER
RISEN 0.2 FEET OVER THE PAST 24 HOURS.



$$
