000
CDUS44 KJAN 180818
CLIJAN

CLIMATE REPORT
NATIONAL WEATHER SERVICE JACKSON MS
214 AM CST THU DEC 18 2014

...................................

...THE JACKSON CLIMATE SUMMARY FOR DECEMBER 17 2014...

CLIMATE NORMAL PERIOD 1981 TO 2010
CLIMATE RECORD PERIOD 1896 TO 2014


WEATHER ITEM   OBSERVED TIME   RECORD YEAR NORMAL DEPARTURE LAST
                VALUE   (LST)  VALUE       VALUE  FROM      YEAR
                                                  NORMAL
..................................................................
TEMPERATURE (F)
 YESTERDAY
  MAXIMUM         58    306 PM  82    1924  58      0       65
  MINIMUM         31    618 AM  16    1932  37     -6       29
  AVERAGE         45                        47     -2       47

PRECIPITATION (IN)
  YESTERDAY        0.00          2.85 1922   0.17  -0.17     0.00
  MONTH TO DATE    0.47                      2.95  -2.48     2.02
  SINCE DEC 1      0.47                      2.95  -2.48     2.02
  SINCE JAN 1     52.73                     51.94   0.79    61.78

SNOWFALL (IN)
  YESTERDAY        0.0           T    1989   0.1   -0.1      0.0
                                      1964
                                      1945
  MONTH TO DATE    0.0                       0.2   -0.2      0.0
  SINCE DEC 1      0.0                       0.2   -0.2      0.0
  SINCE JUL 1      0.0                       0.2   -0.2      0.0

DEGREE DAYS
 HEATING
  YESTERDAY       20                        18      2       18
  MONTH TO DATE  204                       277    -73      311
  SINCE DEC 1    204                       277    -73      311
  SINCE JUL 1    704                       685     19      773

 COOLING
  YESTERDAY        0                         0      0        0
  MONTH TO DATE    2                         0      2        8
  SINCE DEC 1      2                         0      2        8
  SINCE JAN 1   2285                      2253     32     2355
..................................................................


WIND (MPH)
  HIGHEST WIND SPEED     9   HIGHEST WIND DIRECTION     E (70)
  HIGHEST GUST SPEED    12   HIGHEST GUST DIRECTION    NE (60)
  AVERAGE WIND SPEED     2.4


SKY COVER
  POSSIBLE SUNSHINE  MM
  AVERAGE SKY COVER 0.5


WEATHER CONDITIONS
 THE FOLLOWING WEATHER WAS RECORDED YESTERDAY.
  FOG


RELATIVE HUMIDITY (PERCENT)
 HIGHEST    96           200 AM
 LOWEST     47           200 PM
 AVERAGE    72

..........................................................


THE JACKSON CLIMATE NORMALS FOR TODAY
                         NORMAL    RECORD    YEAR
 MAXIMUM TEMPERATURE (F)   57        82      1908
 MINIMUM TEMPERATURE (F)   37        13      1901


SUNRISE AND SUNSET
DECEMBER 18 2014......SUNRISE   656 AM CST   SUNSET   458 PM CST
DECEMBER 19 2014......SUNRISE   657 AM CST   SUNSET   458 PM CST


-  INDICATES NEGATIVE NUMBERS.
R  INDICATES RECORD WAS SET OR TIED.
MM INDICATES DATA IS MISSING.
T  INDICATES TRACE AMOUNT.

&&

AT 3 AM:

THE PEARL RIVER STAGE AT JACKSON WAS 5.2 FEET. THE RIVER HAS RISEN 1.1 FEET
OVER THE PAST 24 HOURS.

THE MISSISSIPPI RIVER STAGE AT VICKSBURG WAS 25.7 FEET. THE RIVER
HAS RISEN 0.8 FEET OVER THE PAST 24 HOURS.

$$
