000
CDUS44 KJAN 170735
CLIJAN


CLIMATE REPORT
NATIONAL WEATHER SERVICE JACKSON MS
226 AM CDT TUE OCT 17 2017


...................................

...THE JACKSON CLIMATE SUMMARY FOR OCTOBER 16 2017...

CLIMATE NORMAL PERIOD 1981 TO 2010
CLIMATE RECORD PERIOD 1896 TO 2017


WEATHER ITEM   OBSERVED TIME   RECORD YEAR NORMAL DEPARTURE LAST
                VALUE   (LST)  VALUE       VALUE  FROM      YEAR
                                                  NORMAL
..................................................................
TEMPERATURE (F)
 YESTERDAY
  MAXIMUM         74    242 PM  91    1899  77     -3       90
  MINIMUM         55    642 AM  35    1987  53      2       59
  AVERAGE         65                        65      0       75

PRECIPITATION (IN)
  YESTERDAY        0.00          6.35 1975   0.13  -0.13     0.00
  MONTH TO DATE    0.99                      1.96  -0.97      T
  SINCE SEP 1      2.16                      4.99  -2.83     0.33
  SINCE JAN 1     56.05                     42.27  13.78    53.53

SNOWFALL (IN)
  YESTERDAY        0.0           0.0         0.0    0.0      0.0
  MONTH TO DATE    0.0                       0.0    0.0      0.0
  SINCE SEP 1      0.0                       0.0    0.0      0.0
  SINCE JUL 1      0.0                       0.0    0.0      0.0

DEGREE DAYS
 HEATING
  YESTERDAY        0                         3     -3        0
  MONTH TO DATE    0                        30    -30        0
  SINCE SEP 1      2                        37    -35        0
  SINCE JUL 1      2                        37    -35        0

 COOLING
  YESTERDAY        0                         3     -3       10
  MONTH TO DATE  177                        71    106      134
  SINCE SEP 1    521                       398    123      607
  SINCE JAN 1   2446                      2197    249     2681
..................................................................


WIND (MPH)
  HIGHEST WIND SPEED    22   HIGHEST WIND DIRECTION     N (20)
  HIGHEST GUST SPEED    29   HIGHEST GUST DIRECTION    NE (30)
  AVERAGE WIND SPEED    13.6


SKY COVER
  POSSIBLE SUNSHINE  MM
  AVERAGE SKY COVER 0.2


WEATHER CONDITIONS
 THE FOLLOWING WEATHER WAS RECORDED YESTERDAY.
  NO SIGNIFICANT WEATHER WAS OBSERVED.


RELATIVE HUMIDITY (PERCENT)
 HIGHEST    78          1200 AM
 LOWEST     33           200 PM
 AVERAGE    56

..........................................................


THE JACKSON CLIMATE NORMALS FOR TODAY
                         NORMAL    RECORD    YEAR
 MAXIMUM TEMPERATURE (F)   77        93      1915
 MINIMUM TEMPERATURE (F)   53        31      1943


SUNRISE AND SUNSET
OCTOBER 17 2017.......SUNRISE   706 AM CDT   SUNSET   625 PM CDT
OCTOBER 18 2017.......SUNRISE   706 AM CDT   SUNSET   624 PM CDT


-  INDICATES NEGATIVE NUMBERS.
R  INDICATES RECORD WAS SET OR TIED.
MM INDICATES DATA IS MISSING.
T  INDICATES TRACE AMOUNT.

&&

AT 1 AM:

THE PEARL RIVER STAGE AT JACKSON WAS 3.6 FEET. THE RIVER LEVEL ROSE
BY 0.1 FEET OVER THE PAST 24 HOURS.

THE MISSISSIPPI RIVER STAGE AT VICKSBURG WAS 10.2 FEET. THE RIVER
LEVEL ROSE BY 1.7 FEET OVER THE PAST 24 HOURS.

$$

NF
