000
CDUS44 KJAN 100917
CLIJAN


CLIMATE REPORT
NATIONAL WEATHER SERVICE JACKSON MS
315 AM CST WED FEB 10 2016


...................................

...THE JACKSON CLIMATE SUMMARY FOR FEBRUARY 9 2016...

CLIMATE NORMAL PERIOD 1981 TO 2010
CLIMATE RECORD PERIOD 1896 TO 2016


WEATHER ITEM   OBSERVED TIME   RECORD YEAR NORMAL DEPARTURE LAST
                VALUE   (LST)  VALUE       VALUE  FROM      YEAR
                                                  NORMAL
..................................................................
TEMPERATURE (F)
 YESTERDAY
  MAXIMUM         53    337 PM  82    1957  59     -6       71
  MINIMUM         33   1159 PM  12    1933  37     -4       41
  AVERAGE         43                        48     -5       56

PRECIPITATION (IN)
  YESTERDAY        0.00          4.01 1946   0.18  -0.18     0.01
  MONTH TO DATE    5.15                      1.57   3.58     0.58
  SINCE DEC 1     14.39                     11.69   2.70     9.23
  SINCE JAN 1      8.52                      6.54   1.98     5.30

SNOWFALL (IN)
  YESTERDAY        0.0           0.3  2011   0.1   -0.1      0.0
  MONTH TO DATE    0.0                       0.1   -0.1      0.0
  SINCE DEC 1      T                         0.7   -0.7      0.0
  SINCE JUL 1      T                         0.7   -0.7      0.0

DEGREE DAYS
 HEATING
  YESTERDAY       22                        17      5        9
  MONTH TO DATE  147                       159    -12      156
  SINCE DEC 1    984                      1303   -319     1191
  SINCE JUL 1   1176                      1711   -535     1691

 COOLING
  YESTERDAY        0                         0      0        0
  MONTH TO DATE    5                         0      5        0
  SINCE DEC 1     74                        12     62        2
  SINCE JAN 1      5                         4      1        0
..................................................................


WIND (MPH)
  HIGHEST WIND SPEED    25   HIGHEST WIND DIRECTION     W (290)
  HIGHEST GUST SPEED    35   HIGHEST GUST DIRECTION     W (270)
  AVERAGE WIND SPEED    11.2


SKY COVER
  POSSIBLE SUNSHINE  MM
  AVERAGE SKY COVER 0.0


WEATHER CONDITIONS
 THE FOLLOWING WEATHER WAS RECORDED YESTERDAY.
  NO SIGNIFICANT WEATHER WAS OBSERVED.


RELATIVE HUMIDITY (PERCENT)
 HIGHEST    61           300 AM
 LOWEST     22           400 PM
 AVERAGE    42

..........................................................


THE JACKSON CLIMATE NORMALS FOR TODAY
                         NORMAL    RECORD    YEAR
 MAXIMUM TEMPERATURE (F)   59        81      1999
                                             1932
 MINIMUM TEMPERATURE (F)   37        13      1971


SUNRISE AND SUNSET
FEBRUARY 10 2016......SUNRISE   648 AM CST   SUNSET   542 PM CST
FEBRUARY 11 2016......SUNRISE   647 AM CST   SUNSET   542 PM CST


-  INDICATES NEGATIVE NUMBERS.
R  INDICATES RECORD WAS SET OR TIED.
MM INDICATES DATA IS MISSING.
T  INDICATES TRACE AMOUNT.

&&

AT 3 AM:

THE PEARL RIVER STAGE AT JACKSON WAS 29.4 FEET. THE RIVER HAS
FALLEN 1 FOOT IN THE LAST 24 HOURS.

THE MISSISSIPPI RIVER STAGE AT VICKSBURG WAS 35.1 FEET. THE RIVER
HAS RISEN 0.02 FEET OVER THE PAST 24 HOURS.

$$
