000
CDUS44 KJAN 271108
CLIJAN


CLIMATE REPORT
NATIONAL WEATHER SERVICE JACKSON MS
603 AM CDT THU APR 27 2017


...................................

...THE JACKSON CLIMATE SUMMARY FOR APRIL 26 2017...

CLIMATE NORMAL PERIOD 1981 TO 2010
CLIMATE RECORD PERIOD 1896 TO 2017


WEATHER ITEM   OBSERVED TIME   RECORD YEAR NORMAL DEPARTURE LAST
                VALUE   (LST)  VALUE       VALUE  FROM      YEAR
                                                  NORMAL
..................................................................
TEMPERATURE (F)
 YESTERDAY
  MAXIMUM         82    442 PM  90    1989  78      4       85
                                      1925
  MINIMUM         59    500 AM  36    1910  55      4       64
  AVERAGE         71                        67      4       75

PRECIPITATION (IN)
  YESTERDAY        0.94          2.22 1920   0.15   0.79     0.00
  MONTH TO DATE    9.77                      4.42   5.35     6.78
  SINCE MAR 1     14.29                      9.46   4.83    19.02
  SINCE JAN 1     24.50                     19.19   5.31    30.62

SNOWFALL (IN)
  YESTERDAY        T   R         0.0         0.0    0.0      0.0
  MONTH TO DATE    T                         0.0    0.0      0.0
  SINCE MAR 1      T                         0.1   -0.1      0.0
  SINCE JUL 1      0.8                       0.8    0.0       T

DEGREE DAYS
 HEATING
  YESTERDAY        0                         2     -2        0
  MONTH TO DATE   33                       102    -69       45
  SINCE MAR 1    197                       380   -183      189
  SINCE JUL 1   1315                      2372  -1057     1580

 COOLING
  YESTERDAY        6                         4      2       10
  MONTH TO DATE  110                        64     46       60
  SINCE MAR 1    195                        91    104      112
  SINCE JAN 1    253                       101    152      121
..................................................................


WIND (MPH)
  HIGHEST WIND SPEED    30   HIGHEST WIND DIRECTION    SE (150)
  HIGHEST GUST SPEED    35   HIGHEST GUST DIRECTION    SE (150)
  AVERAGE WIND SPEED    13.7


SKY COVER
  POSSIBLE SUNSHINE  MM
  AVERAGE SKY COVER 0.6


WEATHER CONDITIONS
 THE FOLLOWING WEATHER WAS RECORDED YESTERDAY.
  THUNDERSTORM
  HEAVY RAIN
  RAIN
  LIGHT RAIN
  HAIL
  FOG


RELATIVE HUMIDITY (PERCENT)
 HIGHEST    97           600 AM
 LOWEST     54           200 PM
 AVERAGE    76

..........................................................


THE JACKSON CLIMATE NORMALS FOR TODAY
                         NORMAL    RECORD    YEAR
 MAXIMUM TEMPERATURE (F)   79        93      1987
 MINIMUM TEMPERATURE (F)   56        39      1992


SUNRISE AND SUNSET
APRIL 27 2017.........SUNRISE   618 AM CDT   SUNSET   739 PM CDT
APRIL 28 2017.........SUNRISE   617 AM CDT   SUNSET   739 PM CDT


-  INDICATES NEGATIVE NUMBERS.
R  INDICATES RECORD WAS SET OR TIED.
MM INDICATES DATA IS MISSING.
T  INDICATES TRACE AMOUNT.

&&

AT 1 AM:

THE PEARL RIVER STAGE AT JACKSON WAS 12.1 FEET. THE RIVER HAS
RISEN 4.2 FEET OVER THE PAST 24 HOURS.

THE MISSISSIPPI RIVER STAGE AT VICKSBURG WAS 32.3 FEET. THE RIVER
HAS REMAINED STEADY OVER THE PAST 24 HOURS.

$$

NF
