000
CDUS44 KJAN 010631
CLIJAN


CLIMATE REPORT
NATIONAL WEATHER SERVICE JACKSON MS
1229 AM CST SUN FEB 1 2015


...................................

...THE JACKSON CLIMATE SUMMARY FOR JANUARY 31 2015...

CLIMATE NORMAL PERIOD 1981 TO 2010
CLIMATE RECORD PERIOD 1896 TO 2015


WEATHER ITEM   OBSERVED TIME   RECORD YEAR NORMAL DEPARTURE LAST
                VALUE   (LST)  VALUE       VALUE  FROM      YEAR
                                                  NORMAL
..................................................................
TEMPERATURE (F)
 YESTERDAY
  MAXIMUM         61    401 PM  83    2002  57      4       63
  MINIMUM         31    427 AM  16    1940  36     -5       25
  AVERAGE         46                        47     -1       44

PRECIPITATION (IN)
  YESTERDAY        0.00          3.69 1951   0.19  -0.19     0.00
  MONTH TO DATE    4.72                      4.97  -0.25     1.61
  SINCE DEC 1      8.65                     10.12  -1.47     6.11
  SINCE JAN 1      4.72                      4.97  -0.25     1.61

SNOWFALL (IN)
  YESTERDAY        0.0           1.8  1951   0.0    0.0      0.0
  MONTH TO DATE    0.0                       0.3   -0.3      0.8
  SINCE DEC 1      0.0                       0.6   -0.6      0.8
  SINCE JUL 1      0.0                       0.6   -0.6      0.8

DEGREE DAYS
 HEATING
  YESTERDAY       19                        19      0       21
  MONTH TO DATE  607                       608     -1      761
  SINCE DEC 1   1035                      1144   -109     1321
  SINCE JUL 1   1535                      1552    -17     1783

 COOLING
  YESTERDAY        0                         0      0        0
  MONTH TO DATE    0                         4     -4        0
  SINCE DEC 1      2                        12    -10       12
  SINCE JAN 1      0                         4     -4        0
..................................................................


WIND (MPH)
  HIGHEST WIND SPEED    15   HIGHEST WIND DIRECTION    SE (140)
  HIGHEST GUST SPEED    20   HIGHEST GUST DIRECTION    SE (140)
  AVERAGE WIND SPEED     6.0


SKY COVER
  POSSIBLE SUNSHINE  MM
  AVERAGE SKY COVER 0.5


WEATHER CONDITIONS
 THE FOLLOWING WEATHER WAS RECORDED YESTERDAY.
  NO SIGNIFICANT WEATHER WAS OBSERVED.


RELATIVE HUMIDITY (PERCENT)
 HIGHEST    85           300 AM
 LOWEST     25           300 PM
 AVERAGE    55

..........................................................


THE JACKSON CLIMATE NORMALS FOR TODAY
                         NORMAL    RECORD    YEAR
 MAXIMUM TEMPERATURE (F)   58        82      1911
 MINIMUM TEMPERATURE (F)   36         8      1951


SUNRISE AND SUNSET
FEBRUARY  1 2015......SUNRISE   655 AM CST   SUNSET   534 PM CST
FEBRUARY  2 2015......SUNRISE   654 AM CST   SUNSET   535 PM CST


-  INDICATES NEGATIVE NUMBERS.
R  INDICATES RECORD WAS SET OR TIED.
MM INDICATES DATA IS MISSING.
T  INDICATES TRACE AMOUNT.

&&

AT 1 AM:

THE PEARL RIVER STAGE AT JACKSON WAS 9.5 FEET. THE RIVER
HAS FALLEN 1.0 FEET OVER THE PAST 24 HOURS.

THE MISSISSIPPI RIVER STAGE AT VICKSBURG WAS 13.2 FEET. THE
RIVER HAS SHOWN NO CHANGE OVER THE PAST 24 HOURS.


$$
