000
CDUS44 KJAN 012204
CLIJAN


CLIMATE REPORT
NATIONAL WEATHER SERVICE JACKSON MS
503 PM CDT MON JUN 1 2015


...................................

...THE JACKSON CLIMATE SUMMARY FOR JUNE 1 2015...
VALID AS OF 0500 PM LOCAL TIME.

CLIMATE NORMAL PERIOD 1981 TO 2010
CLIMATE RECORD PERIOD 1896 TO 2015


WEATHER ITEM   OBSERVED TIME   RECORD YEAR NORMAL DEPARTURE LAST
                VALUE   (LST)  VALUE       VALUE  FROM      YEAR
                                                  NORMAL
..................................................................
TEMPERATURE (F)
 TODAY
  MAXIMUM         84    359 PM 102    1951  87     -3       86
  MINIMUM         67    558 AM  47    1984  66      1       70
  AVERAGE         76

PRECIPITATION (IN)
  TODAY            0.00          3.90 1909   0.13  -0.13     0.22
  MONTH TO DATE    0.00                      0.13  -0.13     0.22
  SINCE JUN 1      0.00                      0.13  -0.13     0.22
  SINCE JAN 1     28.28                     24.24   4.04    31.82

SNOWFALL (IN)
  TODAY            0.0

..................................................................










-  INDICATES NEGATIVE NUMBERS.
R  INDICATES RECORD WAS SET OR TIED.
MM INDICATES DATA IS MISSING.
T  INDICATES TRACE AMOUNT.




$$
