000
CDUS42 KJAX 300539
CLIJAX


CLIMATE REPORT
NATIONAL WEATHER SERVICE JACKSONVILLE FL
138 AM EDT THU JUN 30 2016


...................................

...THE JACKSONVILLE CLIMATE SUMMARY FOR JUNE 29 2016...

CLIMATE NORMAL PERIOD 1981 TO 2010
CLIMATE RECORD PERIOD 1871 TO 2016


WEATHER ITEM   OBSERVED TIME   RECORD YEAR NORMAL DEPARTURE LAST
                VALUE   (LST)  VALUE       VALUE  FROM      YEAR
                                                  NORMAL
..................................................................
TEMPERATURE (F)
 YESTERDAY
  MAXIMUM         94    130 PM 100    1998  91      3       86
  MINIMUM         73    532 AM  63    1981  72      1       71
  AVERAGE         84                        82      2       79

PRECIPITATION (IN)
  YESTERDAY        0.08          5.90 2005   0.24  -0.16     0.23
  MONTH TO DATE    3.09                      6.21  -3.12     6.29
  SINCE JUN 1      3.09                      6.21  -3.12     6.29
  SINCE JAN 1     17.55                     21.77  -4.22    18.73

SNOWFALL (IN)
  YESTERDAY        0.0           0.0  2002   0.0    0.0      0.0
                                      2001
  MONTH TO DATE    0.0                       0.0    0.0      0.0
  SINCE JUN 1      0.0                       0.0    0.0      0.0
  SINCE JUL 1      0.0                       T      0.0       T
  SNOW DEPTH       0

DEGREE DAYS
 HEATING
  YESTERDAY        0                         0      0        0
  MONTH TO DATE    0                         0      0        0
  SINCE JUN 1      0                         0      0        0
  SINCE JUL 1    949                      1349   -400     1337

 COOLING
  YESTERDAY       19                        16      3       14
  MONTH TO DATE  473                       431     42      465
  SINCE JUN 1    473                       431     42      465
  SINCE JAN 1   1050                       915    135     1110
..................................................................


WIND (MPH)
  HIGHEST WIND SPEED    20   HIGHEST WIND DIRECTION    NW (310)
  HIGHEST GUST SPEED    24   HIGHEST GUST DIRECTION    NW (310)
  AVERAGE WIND SPEED     6.1


SKY COVER
  POSSIBLE SUNSHINE  MM
  AVERAGE SKY COVER 0.8


WEATHER CONDITIONS
 THE FOLLOWING WEATHER WAS RECORDED YESTERDAY.
  THUNDERSTORM
  FOG


RELATIVE HUMIDITY (PERCENT)
 HIGHEST   100           400 AM
 LOWEST     49           200 PM
 AVERAGE    75

..........................................................


THE JACKSONVILLE CLIMATE NORMALS FOR TODAY
                         NORMAL    RECORD    YEAR
 MAXIMUM TEMPERATURE (F)   91       100      1990
 MINIMUM TEMPERATURE (F)   72        66      1974
                                             1938


SUNRISE AND SUNSET
JUNE 30 2016..........SUNRISE   628 AM EDT   SUNSET   833 PM EDT
JULY  1 2016..........SUNRISE   628 AM EDT   SUNSET   833 PM EDT


-  INDICATES NEGATIVE NUMBERS.
R  INDICATES RECORD WAS SET OR TIED.
MM INDICATES DATA IS MISSING.
T  INDICATES TRACE AMOUNT.




$$
