000
CDUS42 KJAX 212229
CLIJAX


CLIMATE REPORT
NATIONAL WEATHER SERVICE JACKSONVILLE FL
529 PM EST FRI NOV 21 2014


...................................

...THE JACKSONVILLE CLIMATE SUMMARY FOR NOVEMBER 21 2014...
VALID TODAY AS OF 0500 PM LOCAL TIME.

CLIMATE NORMAL PERIOD 1981 TO 2010
CLIMATE RECORD PERIOD 1871 TO 2014


WEATHER ITEM   OBSERVED TIME   RECORD YEAR NORMAL DEPARTURE LAST
                VALUE   (LST)  VALUE       VALUE  FROM      YEAR
                                                  NORMAL
..................................................................
TEMPERATURE (F)
 TODAY
  MAXIMUM         68   1222 PM  84    1991  72     -4       73
                                      1973
                                      1962
  MINIMUM         33    700 AM  26    1937  49    -16       61
                                      1887
  AVERAGE         51                        61    -10       67

PRECIPITATION (IN)
  TODAY            0.00          1.16 1877   0.06  -0.06      T
  MONTH TO DATE    0.95                      1.49  -0.54     1.23
  SINCE SEP 1     12.62                     13.61  -0.99     6.39
  SINCE JAN 1     48.71                     48.97  -0.26    42.75

SNOWFALL (IN)
  TODAY            0.0           0.0  2001   0.0    0.0      0.0
  MONTH TO DATE    0.0                       0.0    0.0      0.0
  SINCE SEP 1      0.0                       0.0    0.0      0.0
  SINCE JUL 1      0.0                       0.0    0.0      0.0
  SNOW DEPTH       0

DEGREE DAYS
 HEATING
  TODAY           14                         6      8        0
  MONTH TO DATE  191                        85    106       58
  SINCE SEP 1    212                       113     99       79
  SINCE JUL 1    212                       113     99       79

 COOLING
  TODAY            0                         2     -2        2
  MONTH TO DATE    9                        50    -41       47
  SINCE SEP 1    569                       643    -74      656
  SINCE JAN 1   2557                      2633    -76     2585
..................................................................


WIND (MPH)
  HIGHEST WIND SPEED    17   HIGHEST WIND DIRECTION     E (70)
  HIGHEST GUST SPEED    21   HIGHEST GUST DIRECTION     E (70)
  AVERAGE WIND SPEED     5.7


SKY COVER
  POSSIBLE SUNSHINE  MM
  AVERAGE SKY COVER 0.3


WEATHER CONDITIONS
 THE FOLLOWING WEATHER WAS RECORDED TODAY.
  NO SIGNIFICANT WEATHER WAS OBSERVED.


RELATIVE HUMIDITY (PERCENT)
 HIGHEST   100           400 AM
 LOWEST     37           200 PM
 AVERAGE    69

..........................................................


THE JACKSONVILLE CLIMATE NORMALS FOR TOMORROW
                         NORMAL    RECORD    YEAR
 MAXIMUM TEMPERATURE (F)   72        84      1973
 MINIMUM TEMPERATURE (F)   49        25      2000


SUNRISE AND SUNSET
NOVEMBER 21 2014......SUNRISE   658 AM EST   SUNSET   527 PM EST
NOVEMBER 22 2014......SUNRISE   659 AM EST   SUNSET   527 PM EST


-  INDICATES NEGATIVE NUMBERS.
R  INDICATES RECORD WAS SET OR TIED.
MM INDICATES DATA IS MISSING.
T  INDICATES TRACE AMOUNT.




$$
