181
CDUS42 KJAX 130532
CLIJAX


CLIMATE REPORT
NATIONAL WEATHER SERVICE JACKSONVILLE FL
1230 AM EST SAT FEB 13 2016


...................................

...THE JACKSONVILLE CLIMATE SUMMARY FOR FEBRUARY 12 2016...

CLIMATE NORMAL PERIOD 1981 TO 2010
CLIMATE RECORD PERIOD 1871 TO 2016


WEATHER ITEM   OBSERVED TIME   RECORD YEAR NORMAL DEPARTURE LAST
                VALUE   (LST)  VALUE       VALUE  FROM      YEAR
                                                  NORMAL
..................................................................
TEMPERATURE (F)
 YESTERDAY
  MAXIMUM         76    339 PM  83    1965  68      8       70
  MINIMUM         46    333 AM  24    2012  44      2       41
  AVERAGE         61                        56      5       56

PRECIPITATION (IN)
  YESTERDAY        0.00          1.64 1897   0.11  -0.11     0.00
  MONTH TO DATE    3.62                      1.29   2.33     1.74
  SINCE DEC 1      7.01                      7.39  -0.38     8.56
  SINCE JAN 1      6.45                      4.59   1.86     4.82

SNOWFALL (IN)
  YESTERDAY        0.0           0.0  2002   0.0    0.0      0.0
  MONTH TO DATE    0.0                       0.0    0.0      0.0
  SINCE DEC 1      0.0                       T      0.0       T
  SINCE JUL 1      0.0                       T      0.0       T
  SNOW DEPTH       0

DEGREE DAYS
 HEATING
  YESTERDAY        4                        10     -6        9
  MONTH TO DATE  139                       125     14      151
  SINCE DEC 1    649                       828   -179      741
  SINCE JUL 1    703                      1001   -298     1025

 COOLING
  YESTERDAY        0                         1     -1        0
  MONTH TO DATE   14                         7      7        0
  SINCE DEC 1    155                        39    116       37
  SINCE JAN 1     14                        18     -4       13
..................................................................


WIND (MPH)
  HIGHEST WIND SPEED    31   HIGHEST WIND DIRECTION     W (250)
  HIGHEST GUST SPEED    40   HIGHEST GUST DIRECTION     W (250)
  AVERAGE WIND SPEED    13.2


SKY COVER
  POSSIBLE SUNSHINE  MM
  AVERAGE SKY COVER 0.2


WEATHER CONDITIONS
 THE FOLLOWING WEATHER WAS RECORDED YESTERDAY.
  HAZE


RELATIVE HUMIDITY (PERCENT)
 HIGHEST   100           200 AM
 LOWEST     36           200 PM
 AVERAGE    68

..........................................................


THE JACKSONVILLE CLIMATE NORMALS FOR TODAY
                         NORMAL    RECORD    YEAR
 MAXIMUM TEMPERATURE (F)   68        85      1959
 MINIMUM TEMPERATURE (F)   44        10      1899


SUNRISE AND SUNSET
FEBRUARY 13 2016......SUNRISE   709 AM EST   SUNSET   613 PM EST
FEBRUARY 14 2016......SUNRISE   708 AM EST   SUNSET   614 PM EST


-  INDICATES NEGATIVE NUMBERS.
R  INDICATES RECORD WAS SET OR TIED.
MM INDICATES DATA IS MISSING.
T  INDICATES TRACE AMOUNT.




$$
