000
CDUS42 KJAX 190552
CLIJAX


CLIMATE REPORT
NATIONAL WEATHER SERVICE JACKSONVILLE FL
1251 AM EST FRI DEC 19 2014


...................................

...THE JACKSONVILLE CLIMATE SUMMARY FOR DECEMBER 18 2014...

CLIMATE NORMAL PERIOD 1981 TO 2010
CLIMATE RECORD PERIOD 1871 TO 2014


WEATHER ITEM   OBSERVED TIME   RECORD YEAR NORMAL DEPARTURE LAST
                VALUE   (LST)  VALUE       VALUE  FROM      YEAR
                                                  NORMAL
..................................................................
TEMPERATURE (F)
 YESTERDAY
  MAXIMUM         64    313 PM  81    2008  66     -2       64
                                      1990
                                      1961
  MINIMUM         39    521 AM  25    1988  43     -4       37
  AVERAGE         52                        55     -3       51

PRECIPITATION (IN)
  YESTERDAY        0.00          1.54 1891   0.10  -0.10     0.00
  MONTH TO DATE    0.01                      1.59  -1.58     0.68
  SINCE DEC 1      0.01                      1.59  -1.58     0.68
  SINCE JAN 1     51.73                     51.18   0.55    45.04

SNOWFALL (IN)
  YESTERDAY        0.0           0.0  2001   0.0    0.0      0.0
  MONTH TO DATE    0.0                       0.0    0.0      0.0
  SINCE DEC 1      0.0                       0.0    0.0      0.0
  SINCE JUL 1      0.0                       0.0    0.0      0.0
  SNOW DEPTH       0

DEGREE DAYS
 HEATING
  YESTERDAY       13                        11      2       14
  MONTH TO DATE  164                       169     -5      106
  SINCE DEC 1    164                       169     -5      106
  SINCE JUL 1    448                       342    106      262

 COOLING
  YESTERDAY        0                         1     -1        0
  MONTH TO DATE    7                        18    -11       29
  SINCE DEC 1      7                        18    -11       29
  SINCE JAN 1   2586                      2662    -76     2628
..................................................................


WIND (MPH)
  HIGHEST WIND SPEED    10   HIGHEST WIND DIRECTION     W (290)
  HIGHEST GUST SPEED    12   HIGHEST GUST DIRECTION     W (280)
  AVERAGE WIND SPEED     2.3


SKY COVER
  POSSIBLE SUNSHINE  MM
  AVERAGE SKY COVER 0.6


WEATHER CONDITIONS
 THE FOLLOWING WEATHER WAS RECORDED YESTERDAY.
  NO SIGNIFICANT WEATHER WAS OBSERVED.


RELATIVE HUMIDITY (PERCENT)
 HIGHEST   100          1200 AM
 LOWEST     48           300 PM
 AVERAGE    74

..........................................................


THE JACKSONVILLE CLIMATE NORMALS FOR TODAY
                         NORMAL    RECORD    YEAR
 MAXIMUM TEMPERATURE (F)   66        83      1967
 MINIMUM TEMPERATURE (F)   43        23      1981
                                             1975


SUNRISE AND SUNSET
DECEMBER 19 2014......SUNRISE   719 AM EST   SUNSET   529 PM EST
DECEMBER 20 2014......SUNRISE   719 AM EST   SUNSET   530 PM EST


-  INDICATES NEGATIVE NUMBERS.
R  INDICATES RECORD WAS SET OR TIED.
MM INDICATES DATA IS MISSING.
T  INDICATES TRACE AMOUNT.




$$
