000
CDUS42 KJAX 310531
CLIJAX


CLIMATE REPORT
NATIONAL WEATHER SERVICE JACKSONVILLE FL
1231 AM EST SAT JAN 31 2015


...................................

...THE JACKSONVILLE CLIMATE SUMMARY FOR JANUARY 30 2015...

CLIMATE NORMAL PERIOD 1981 TO 2010
CLIMATE RECORD PERIOD 1871 TO 2015


WEATHER ITEM   OBSERVED TIME   RECORD YEAR NORMAL DEPARTURE LAST
                VALUE   (LST)  VALUE       VALUE  FROM      YEAR
                                                  NORMAL
..................................................................
TEMPERATURE (F)
 YESTERDAY
  MAXIMUM         67    200 PM  85    2013  66      1       42
  MINIMUM         42    307 AM  20    1966  42      0       32
  AVERAGE         55                        54      1       37

PRECIPITATION (IN)
  YESTERDAY        0.00          1.14 1994   0.12  -0.12      T
  MONTH TO DATE    3.08                      3.19  -0.11     6.97
  SINCE DEC 1      6.82                      5.99   0.83     7.83
  SINCE JAN 1      3.08                      3.19  -0.11     6.97

SNOWFALL (IN)
  YESTERDAY        0.0           T    1936   0.0    0.0      0.0
  MONTH TO DATE    T                         0.0    0.0      0.0
  SINCE DEC 1      T                         T      0.0      0.0
  SINCE JUL 1      T                         T      0.0      0.0
  SNOW DEPTH       0

DEGREE DAYS
 HEATING
  YESTERDAY       10                        11     -1       28
  MONTH TO DATE  345                       371    -26      474
  SINCE DEC 1    573                       694   -121      676
  SINCE JUL 1    857                       867    -10      832

 COOLING
  YESTERDAY        0                         0      0        0
  MONTH TO DATE   13                         0     13        9
  SINCE DEC 1     37                        21     16       59
  SINCE JAN 1     13                         0     13        9
..................................................................


WIND (MPH)
  HIGHEST WIND SPEED    18   HIGHEST WIND DIRECTION    NW (310)
  HIGHEST GUST SPEED    24   HIGHEST GUST DIRECTION    NW (330)
  AVERAGE WIND SPEED     8.2


SKY COVER
  POSSIBLE SUNSHINE  MM
  AVERAGE SKY COVER 0.6


WEATHER CONDITIONS
 THE FOLLOWING WEATHER WAS RECORDED YESTERDAY.
  NO SIGNIFICANT WEATHER WAS OBSERVED.


RELATIVE HUMIDITY (PERCENT)
 HIGHEST   100           500 AM
 LOWEST     23           500 PM
 AVERAGE    62

..........................................................


THE JACKSONVILLE CLIMATE NORMALS FOR TODAY
                         NORMAL    RECORD    YEAR
 MAXIMUM TEMPERATURE (F)   66        84      1982
 MINIMUM TEMPERATURE (F)   42        20      1966


SUNRISE AND SUNSET
JANUARY 31 2015.......SUNRISE   719 AM EST   SUNSET   602 PM EST
FEBRUARY  1 2015......SUNRISE   718 AM EST   SUNSET   603 PM EST


-  INDICATES NEGATIVE NUMBERS.
R  INDICATES RECORD WAS SET OR TIED.
MM INDICATES DATA IS MISSING.
T  INDICATES TRACE AMOUNT.




$$
