000
CDUS42 KJAX 300532
CLIJAX


CLIMATE REPORT
NATIONAL WEATHER SERVICE JACKSONVILLE FL
131 AM EDT THU OCT 30 2014


...................................

...THE JACKSONVILLE CLIMATE SUMMARY FOR OCTOBER 29 2014...

CLIMATE NORMAL PERIOD 1981 TO 2010
CLIMATE RECORD PERIOD 1871 TO 2014


WEATHER ITEM   OBSERVED TIME   RECORD YEAR NORMAL DEPARTURE LAST
                VALUE   (LST)  VALUE       VALUE  FROM      YEAR
                                                  NORMAL
..................................................................
TEMPERATURE (F)
 YESTERDAY
  MAXIMUM         85    254 PM  87    1984  78      7       77
  MINIMUM         58    656 AM  33    2008  56      2       53
  AVERAGE         72                        67      5       65

PRECIPITATION (IN)
  YESTERDAY        0.00          1.76 1955   0.07  -0.07     0.00
  MONTH TO DATE    1.87                      3.78  -1.91     1.58
  SINCE SEP 1     11.67                     11.97  -0.30     5.16
  SINCE JAN 1     47.76                     47.33   0.43    41.52

SNOWFALL (IN)
  YESTERDAY        0.0           0.0  2002   0.0    0.0      0.0
                                      2001
  MONTH TO DATE    0.0                       0.0    0.0      0.0
  SINCE SEP 1      0.0                       0.0    0.0      0.0
  SINCE JUL 1      0.0                       0.0    0.0      0.0
  SNOW DEPTH       0

DEGREE DAYS
 HEATING
  YESTERDAY        0                         2     -2        0
  MONTH TO DATE   19                        22     -3       21
  SINCE SEP 1     19                        22     -3       21
  SINCE JUL 1     19                        22     -3       21

 COOLING
  YESTERDAY        7                         4      3        0
  MONTH TO DATE  164                       191    -27      189
  SINCE SEP 1    555                       587    -32      599
  SINCE JAN 1   2543                      2577    -34     2528
..................................................................


WIND (MPH)
  HIGHEST WIND SPEED    13   HIGHEST WIND DIRECTION    SW (220)
  HIGHEST GUST SPEED    16   HIGHEST GUST DIRECTION     S (200)
  AVERAGE WIND SPEED     3.0


SKY COVER
  POSSIBLE SUNSHINE  MM
  AVERAGE SKY COVER 0.5


WEATHER CONDITIONS
 THE FOLLOWING WEATHER WAS RECORDED YESTERDAY.
  FOG
  FOG W/VISIBILITY <= 1/4 MILE


RELATIVE HUMIDITY (PERCENT)
 HIGHEST   100          1200 AM
 LOWEST     37           300 PM
 AVERAGE    69

..........................................................


THE JACKSONVILLE CLIMATE NORMALS FOR TODAY
                         NORMAL    RECORD    YEAR
 MAXIMUM TEMPERATURE (F)   77        86      1951
 MINIMUM TEMPERATURE (F)   56        37      2008
                                             1910


SUNRISE AND SUNSET
OCTOBER 30 2014.......SUNRISE   740 AM EDT   SUNSET   641 PM EDT
OCTOBER 31 2014.......SUNRISE   741 AM EDT   SUNSET   640 PM EDT


-  INDICATES NEGATIVE NUMBERS.
R  INDICATES RECORD WAS SET OR TIED.
MM INDICATES DATA IS MISSING.
T  INDICATES TRACE AMOUNT.




$$
