000
CDUS42 KJAX 250531
CLIJAX


CLIMATE REPORT
NATIONAL WEATHER SERVICE JACKSONVILLE FL
1230 AM EST TUE NOV 25 2014


...................................

...THE JACKSONVILLE CLIMATE SUMMARY FOR NOVEMBER 24 2014...

CLIMATE NORMAL PERIOD 1981 TO 2010
CLIMATE RECORD PERIOD 1871 TO 2014


WEATHER ITEM   OBSERVED TIME   RECORD YEAR NORMAL DEPARTURE LAST
                VALUE   (LST)  VALUE       VALUE  FROM      YEAR
                                                  NORMAL
..................................................................
TEMPERATURE (F)
 YESTERDAY
  MAXIMUM         86R   147 PM  85    1967  72     14       63
  MINIMUM         70   1159 PM  25    1970  49     21       47
  AVERAGE         78                        60     18       55

PRECIPITATION (IN)
  YESTERDAY        0.00          1.21 1980   0.06  -0.06     0.00
  MONTH TO DATE    2.06                      1.67   0.39     1.31
  SINCE SEP 1     13.73                     13.79  -0.06     6.47
  SINCE JAN 1     49.82                     49.15   0.67    42.83

SNOWFALL (IN)
  YESTERDAY        0.0           0.0  2001   0.0    0.0      0.0
  MONTH TO DATE    0.0                       0.0    0.0      0.0
  SINCE SEP 1      0.0                       0.0    0.0      0.0
  SINCE JUL 1      0.0                       0.0    0.0      0.0
  SNOW DEPTH       0

DEGREE DAYS
 HEATING
  YESTERDAY        0                         6     -6       10
  MONTH TO DATE  194                       103     91       68
  SINCE SEP 1    215                       131     84       89
  SINCE JUL 1    215                       131     84       89

 COOLING
  YESTERDAY       13                         1     12        0
  MONTH TO DATE   30                        53    -23       57
  SINCE SEP 1    590                       646    -56      666
  SINCE JAN 1   2578                      2636    -58     2595
..................................................................


WIND (MPH)
  HIGHEST WIND SPEED    21   HIGHEST WIND DIRECTION    SW (220)
  HIGHEST GUST SPEED    28   HIGHEST GUST DIRECTION    SW (220)
  AVERAGE WIND SPEED     9.2


SKY COVER
  POSSIBLE SUNSHINE  MM
  AVERAGE SKY COVER 0.8


WEATHER CONDITIONS
 THE FOLLOWING WEATHER WAS RECORDED YESTERDAY.
  NO SIGNIFICANT WEATHER WAS OBSERVED.


RELATIVE HUMIDITY (PERCENT)
 HIGHEST   100           100 AM
 LOWEST     61           200 PM
 AVERAGE    81

..........................................................


THE JACKSONVILLE CLIMATE NORMALS FOR TODAY
                         NORMAL    RECORD    YEAR
 MAXIMUM TEMPERATURE (F)   71        85      1992
 MINIMUM TEMPERATURE (F)   48        21      1970


SUNRISE AND SUNSET
NOVEMBER 25 2014......SUNRISE   701 AM EST   SUNSET   526 PM EST
NOVEMBER 26 2014......SUNRISE   702 AM EST   SUNSET   526 PM EST


-  INDICATES NEGATIVE NUMBERS.
R  INDICATES RECORD WAS SET OR TIED.
MM INDICATES DATA IS MISSING.
T  INDICATES TRACE AMOUNT.




$$
