000
CDUS42 KJAX 250532
CLIJAX


CLIMATE REPORT
NATIONAL WEATHER SERVICE JACKSONVILLE FL
131 AM EDT FRI JUL 25 2014


...................................

...THE JACKSONVILLE CLIMATE SUMMARY FOR JULY 24 2014...

CLIMATE NORMAL PERIOD 1981 TO 2010
CLIMATE RECORD PERIOD 1871 TO 2014


WEATHER ITEM   OBSERVED TIME   RECORD YEAR NORMAL DEPARTURE LAST
                VALUE   (LST)  VALUE       VALUE  FROM      YEAR
                                                  NORMAL
..................................................................
TEMPERATURE (F)
 YESTERDAY
  MAXIMUM         93    504 PM 100    1893  92      1       88
  MINIMUM         72    544 AM  68    1977  73     -1       72
                                      1906
  AVERAGE         83                        83      0       80

PRECIPITATION (IN)
  YESTERDAY        0.00          2.32 2007   0.23  -0.23     0.01
  MONTH TO DATE    2.73                      5.10  -2.37     7.28
  SINCE JUN 1      7.21                     11.55  -4.34    11.80
  SINCE JAN 1     33.04                     27.11   5.93    29.04

SNOWFALL (IN)
  YESTERDAY        0.0           0.0  2002   0.0    0.0      0.0
                                      2001
  MONTH TO DATE    0.0                       0.0    0.0      0.0
  SINCE JUN 1      0.0                       0.0    0.0      0.0
  SINCE JUL 1      0.0                       0.0    0.0      0.0
  SNOW DEPTH       0

DEGREE DAYS
 HEATING
  YESTERDAY        0                         0      0        0
  MONTH TO DATE    0                         0      0        0
  SINCE JUN 1      0                         0      0        0
  SINCE JUL 1      0                         0      0        0

 COOLING
  YESTERDAY       18                        18      0       15
  MONTH TO DATE  391                       414    -23      371
  SINCE JUN 1    836                       863    -27      844
  SINCE JAN 1   1320                      1347    -27     1280
..................................................................


WIND (MPH)
  HIGHEST WIND SPEED    16   HIGHEST WIND DIRECTION     W (260)
  HIGHEST GUST SPEED    20   HIGHEST GUST DIRECTION     W (260)
  AVERAGE WIND SPEED     6.6


SKY COVER
  POSSIBLE SUNSHINE  MM
  AVERAGE SKY COVER 0.4


WEATHER CONDITIONS
 THE FOLLOWING WEATHER WAS RECORDED YESTERDAY.
  FOG


RELATIVE HUMIDITY (PERCENT)
 HIGHEST   100           200 AM
 LOWEST     46           300 PM
 AVERAGE    73

..........................................................


THE JACKSONVILLE CLIMATE NORMALS FOR TODAY
                         NORMAL    RECORD    YEAR
 MAXIMUM TEMPERATURE (F)   92       101      1875
 MINIMUM TEMPERATURE (F)   73        64      1977


SUNRISE AND SUNSET
JULY 25 2014..........SUNRISE   641 AM EDT   SUNSET   826 PM EDT
JULY 26 2014..........SUNRISE   641 AM EDT   SUNSET   825 PM EDT


-  INDICATES NEGATIVE NUMBERS.
R  INDICATES RECORD WAS SET OR TIED.
MM INDICATES DATA IS MISSING.
T  INDICATES TRACE AMOUNT.




$$
