000
CDUS42 KJAX 062226
CLIJAX


CLIMATE REPORT
NATIONAL WEATHER SERVICE JACKSONVILLE FL
525 PM EST FRI MAR 6 2015


...................................

...THE JACKSONVILLE CLIMATE SUMMARY FOR MARCH 6 2015...
VALID TODAY AS OF 0500 PM LOCAL TIME.

CLIMATE NORMAL PERIOD 1981 TO 2010
CLIMATE RECORD PERIOD 1871 TO 2015


WEATHER ITEM   OBSERVED TIME   RECORD YEAR NORMAL DEPARTURE LAST
                VALUE   (LST)  VALUE       VALUE  FROM      YEAR
                                                  NORMAL
..................................................................
TEMPERATURE (F)
 TODAY
  MAXIMUM         64   1205 AM  88    1961  72     -8       53
  MINIMUM         45    459 PM  28    1960  48     -3       43
  AVERAGE         55                        60     -5       48

PRECIPITATION (IN)
  TODAY            T             1.60 1984   0.15  -0.15     0.99
  MONTH TO DATE    0.35                      0.85  -0.50     1.12
  SINCE MAR 1      0.35                      0.85  -0.50     1.12
  SINCE JAN 1      6.75                      7.34  -0.59    10.83

SNOWFALL (IN)
  TODAY           MM             0.0  2002   0.0   MM        0.0
  MONTH TO DATE    0.0                       0.0    0.0      0.0
  SINCE MAR 1      0.0                       0.0    0.0      0.0
  SINCE JUL 1      T                         T      0.0      0.0
  SNOW DEPTH       0

DEGREE DAYS
 HEATING
  TODAY           10                         6      4       17
  MONTH TO DATE   19                        41    -22       56
  SINCE MAR 1     19                        41    -22       56
  SINCE JUL 1   1267                      1174     93     1133

 COOLING
  TODAY            0                         1     -1        0
  MONTH TO DATE   22                         6     16        1
  SINCE MAR 1     22                         6     16        1
  SINCE JAN 1     35                        35      0       31
..................................................................


WIND (MPH)
  HIGHEST WIND SPEED    21   HIGHEST WIND DIRECTION    NE (30)
  HIGHEST GUST SPEED    30   HIGHEST GUST DIRECTION    NE (30)
  AVERAGE WIND SPEED    13.3


SKY COVER
  POSSIBLE SUNSHINE  MM
  AVERAGE SKY COVER 1.0


WEATHER CONDITIONS
 THE FOLLOWING WEATHER WAS RECORDED TODAY.
  LIGHT RAIN
  FOG


RELATIVE HUMIDITY (PERCENT)
 HIGHEST   100          1200 AM
 LOWEST     96           500 AM
 AVERAGE    98

..........................................................


THE JACKSONVILLE CLIMATE NORMALS FOR TOMORROW
                         NORMAL    RECORD    YEAR
 MAXIMUM TEMPERATURE (F)   72        87      1961
                                             1956
 MINIMUM TEMPERATURE (F)   48        29      1899


SUNRISE AND SUNSET
MARCH  6 2015.........SUNRISE   648 AM EST   SUNSET   629 PM EST
MARCH  7 2015.........SUNRISE   647 AM EST   SUNSET   630 PM EST


-  INDICATES NEGATIVE NUMBERS.
R  INDICATES RECORD WAS SET OR TIED.
MM INDICATES DATA IS MISSING.
T  INDICATES TRACE AMOUNT.




$$
