000
CDUS42 KJAX 250537
CLIJAX


CLIMATE REPORT
NATIONAL WEATHER SERVICE JACKSONVILLE FL
136 AM EDT MON MAY 25 2015


...................................

...THE JACKSONVILLE CLIMATE SUMMARY FOR MAY 24 2015...

CLIMATE NORMAL PERIOD 1981 TO 2010
CLIMATE RECORD PERIOD 1871 TO 2015


WEATHER ITEM   OBSERVED TIME   RECORD YEAR NORMAL DEPARTURE LAST
                VALUE   (LST)  VALUE       VALUE  FROM      YEAR
                                                  NORMAL
..................................................................
TEMPERATURE (F)
 YESTERDAY
  MAXIMUM         84    123 PM  98    1953  87     -3       92
  MINIMUM         70    556 AM  52    2001  65      5       69
                                      1892
  AVERAGE         77                        76      1       81

PRECIPITATION (IN)
  YESTERDAY        T             4.09 1906   0.10  -0.10     0.00
  MONTH TO DATE    0.14                      1.71  -1.57     5.41
  SINCE MAR 1      5.10                      8.30  -3.20    16.05
  SINCE JAN 1     11.50                     14.79  -3.29    25.76

SNOWFALL (IN)
  YESTERDAY        0.0           0.0  2002   0.0    0.0      0.0
                                      2001
  MONTH TO DATE    0.0                       0.0    0.0      0.0
  SINCE MAR 1      0.0                       T      0.0      0.0
  SINCE JUL 1      T                         T      0.0      0.0
  SNOW DEPTH       0

DEGREE DAYS
 HEATING
  YESTERDAY        0                         0      0        0
  MONTH TO DATE    2                         3     -1        6
  SINCE MAR 1     89                       214   -125      232
  SINCE JUL 1   1337                      1347    -10     1309

 COOLING
  YESTERDAY       12                        11      1       16
  MONTH TO DATE  230                       204     26      198
  SINCE MAR 1    553                       371    182      367
  SINCE JAN 1    566                       400    166      397
..................................................................


WIND (MPH)
  HIGHEST WIND SPEED    21   HIGHEST WIND DIRECTION     E (70)
  HIGHEST GUST SPEED    25   HIGHEST GUST DIRECTION     E (80)
  AVERAGE WIND SPEED    12.2


SKY COVER
  POSSIBLE SUNSHINE  MM
  AVERAGE SKY COVER 0.4


WEATHER CONDITIONS
 THE FOLLOWING WEATHER WAS RECORDED YESTERDAY.
  LIGHT RAIN


RELATIVE HUMIDITY (PERCENT)
 HIGHEST    87          1000 PM
 LOWEST     51          1000 AM
 AVERAGE    69

..........................................................


THE JACKSONVILLE CLIMATE NORMALS FOR TODAY
                         NORMAL    RECORD    YEAR
 MAXIMUM TEMPERATURE (F)   87        99      1953
 MINIMUM TEMPERATURE (F)   66        55      1892


SUNRISE AND SUNSET
MAY 25 2015...........SUNRISE   627 AM EDT   SUNSET   820 PM EDT
MAY 26 2015...........SUNRISE   627 AM EDT   SUNSET   821 PM EDT


-  INDICATES NEGATIVE NUMBERS.
R  INDICATES RECORD WAS SET OR TIED.
MM INDICATES DATA IS MISSING.
T  INDICATES TRACE AMOUNT.




$$
