000
CDUS42 KJAX 190535
CLIJAX


CLIMATE REPORT
NATIONAL WEATHER SERVICE JACKSONVILLE FL
1231 AM EST SUN FEB 19 2017


...................................

...THE JACKSONVILLE CLIMATE SUMMARY FOR FEBRUARY 18 2017...

CLIMATE NORMAL PERIOD 1981 TO 2010
CLIMATE RECORD PERIOD 1871 TO 2017


WEATHER ITEM   OBSERVED TIME   RECORD YEAR NORMAL DEPARTURE LAST
                VALUE   (LST)  VALUE       VALUE  FROM      YEAR
                                                  NORMAL
..................................................................
TEMPERATURE (F)
 YESTERDAY
  MAXIMUM         74    153 PM  85    1956  69      5       63
  MINIMUM         44    628 AM  18    1900  45     -1       42
  AVERAGE         59                        57      2       53

PRECIPITATION (IN)
  YESTERDAY        T             2.07 1981   0.12  -0.12     0.00
  MONTH TO DATE    0.48                      1.97  -1.49     3.93
  SINCE DEC 1      6.82                      8.07  -1.25     7.32
  SINCE JAN 1      4.53                      5.27  -0.74     6.76

SNOWFALL (IN)
  YESTERDAY        0.0           0.0  2002   0.0    0.0      0.0
  MONTH TO DATE    0.0                       0.0    0.0      0.0
  SINCE DEC 1      0.0                       T      0.0      0.0
  SINCE JUL 1      0.0                       T      0.0      0.0
  SNOW DEPTH       0

DEGREE DAYS
 HEATING
  YESTERDAY        6                         9     -3       12
  MONTH TO DATE   93                       179    -86      202
  SINCE DEC 1    460                       882   -422      712
  SINCE JUL 1    590                      1055   -465      766

 COOLING
  YESTERDAY        0                         1     -1        0
  MONTH TO DATE    9                        13     -4       14
  SINCE DEC 1     88                        45     43      155
  SINCE JAN 1     45                        24     21       14
..................................................................


WIND (MPH)
  HIGHEST WIND SPEED    20   HIGHEST WIND DIRECTION    SW (240)
  HIGHEST GUST SPEED    24   HIGHEST GUST DIRECTION    SW (240)
  AVERAGE WIND SPEED     4.8


SKY COVER
  POSSIBLE SUNSHINE  MM
  AVERAGE SKY COVER 0.7


WEATHER CONDITIONS
 THE FOLLOWING WEATHER WAS RECORDED YESTERDAY.
  LIGHT RAIN
  FOG


RELATIVE HUMIDITY (PERCENT)
 HIGHEST   100           600 AM
 LOWEST     44           100 PM
 AVERAGE    72

..........................................................


THE JACKSONVILLE CLIMATE NORMALS FOR TODAY
                         NORMAL    RECORD    YEAR
 MAXIMUM TEMPERATURE (F)   69        86      1891
 MINIMUM TEMPERATURE (F)   45        24      1958


SUNRISE AND SUNSET
FEBRUARY 19 2017......SUNRISE   703 AM EST   SUNSET   618 PM EST
FEBRUARY 20 2017......SUNRISE   702 AM EST   SUNSET   619 PM EST


-  INDICATES NEGATIVE NUMBERS.
R  INDICATES RECORD WAS SET OR TIED.
MM INDICATES DATA IS MISSING.
T  INDICATES TRACE AMOUNT.




$$
