000
CDUS42 KJAX 170533
CLIJAX


CLIMATE REPORT
NATIONAL WEATHER SERVICE JACKSONVILLE
133 AM EDT THU APR 17 2014


...................................

...THE JACKSONVILLE CLIMATE SUMMARY FOR APRIL 16 2014...

CLIMATE NORMAL PERIOD 1981 TO 2010
CLIMATE RECORD PERIOD 1871 TO 2014


WEATHER ITEM   OBSERVED TIME   RECORD YEAR NORMAL DEPARTURE LAST
                VALUE   (LST)  VALUE       VALUE  FROM      YEAR
                                                  NORMAL
..................................................................
TEMPERATURE (F)
 YESTERDAY
  MAXIMUM         62    226 PM  90    1972  79    -17       81
  MINIMUM         43    515 AM  40    2008  55    -12       62
  AVERAGE         53                        67    -14       72

PRECIPITATION (IN)
  YESTERDAY        0.00          0.91 1931   0.09  -0.09     0.00
  MONTH TO DATE    4.22                      1.56   2.66     1.67
  SINCE MAR 1      8.87                      5.51   3.36     4.74
  SINCE JAN 1     18.58                     12.00   6.58    10.46

SNOWFALL (IN)
  YESTERDAY        0.0           0.0  2002   0.0    0.0      0.0
                                      2001
  MONTH TO DATE    0.0                       0.0    0.0      0.0
  SINCE MAR 1      0.0                       T      0.0      0.0
  SINCE JUL 1      0.0                       T      0.0      0.0
  SNOW DEPTH       0

DEGREE DAYS
 HEATING
  YESTERDAY       12                         2     10        0
  MONTH TO DATE   19                        40    -21       19
  SINCE MAR 1    218                       196     22      323
  SINCE JUL 1   1295                      1329    -34     1216

 COOLING
  YESTERDAY        0                         4     -4        7
  MONTH TO DATE   52                        48      4       67
  SINCE MAR 1     80                       102    -22       83
  SINCE JAN 1    110                       131    -21      159
..................................................................


WIND (MPH)
  HIGHEST WIND SPEED    25   HIGHEST WIND DIRECTION    NE (60)
  HIGHEST GUST SPEED    32   HIGHEST GUST DIRECTION    NE (40)
  AVERAGE WIND SPEED    13.7


SKY COVER
  POSSIBLE SUNSHINE  MM
  AVERAGE SKY COVER 0.8


WEATHER CONDITIONS
 THE FOLLOWING WEATHER WAS RECORDED YESTERDAY.
  NO SIGNIFICANT WEATHER WAS OBSERVED.


RELATIVE HUMIDITY (PERCENT)
 HIGHEST    83           300 AM
 LOWEST     62           100 PM
 AVERAGE    73

..........................................................


THE JACKSONVILLE CLIMATE NORMALS FOR TODAY
                         NORMAL    RECORD    YEAR
 MAXIMUM TEMPERATURE (F)   79        93      1967
 MINIMUM TEMPERATURE (F)   55        38      1983
                                             1962


SUNRISE AND SUNSET
APRIL 17 2014.........SUNRISE   657 AM EDT   SUNSET   756 PM EDT
APRIL 18 2014.........SUNRISE   656 AM EDT   SUNSET   756 PM EDT


-  INDICATES NEGATIVE NUMBERS.
R  INDICATES RECORD WAS SET OR TIED.
MM INDICATES DATA IS MISSING.
T  INDICATES TRACE AMOUNT.




$$
