094
CDUS42 KJAX 220533
CLIJAX


CLIMATE REPORT
NATIONAL WEATHER SERVICE JACKSONVILLE FL
133 AM EDT FRI MAY 22 2015


...................................

...THE JACKSONVILLE CLIMATE SUMMARY FOR MAY 21 2015...

CLIMATE NORMAL PERIOD 1981 TO 2010
CLIMATE RECORD PERIOD 1871 TO 2015


WEATHER ITEM   OBSERVED TIME   RECORD YEAR NORMAL DEPARTURE LAST
                VALUE   (LST)  VALUE       VALUE  FROM      YEAR
                                                  NORMAL
..................................................................
TEMPERATURE (F)
 YESTERDAY
  MAXIMUM         94    232 PM  99    1938  87      7       88
  MINIMUM         69    538 AM  50    2002  64      5       57
  AVERAGE         82                        75      7       73

PRECIPITATION (IN)
  YESTERDAY        0.00          2.61 1959   0.09  -0.09     0.00
  MONTH TO DATE    0.14                      1.43  -1.29     5.41
  SINCE MAR 1      5.10                      8.02  -2.92    16.05
  SINCE JAN 1     11.50                     14.51  -3.01    25.76

SNOWFALL (IN)
  YESTERDAY        0.0           0.0  2002   0.0    0.0      0.0
                                      2001
  MONTH TO DATE    0.0                       0.0    0.0      0.0
  SINCE MAR 1      0.0                       T      0.0      0.0
  SINCE JUL 1      T                         T      0.0      0.0
  SNOW DEPTH       0

DEGREE DAYS
 HEATING
  YESTERDAY        0                         0      0        0
  MONTH TO DATE    2                         3     -1        6
  SINCE MAR 1     89                       214   -125      232
  SINCE JUL 1   1337                      1347    -10     1309

 COOLING
  YESTERDAY       17                        10      7        8
  MONTH TO DATE  200                       171     29      153
  SINCE MAR 1    523                       338    185      322
  SINCE JAN 1    536                       367    169      352
..................................................................


WIND (MPH)
  HIGHEST WIND SPEED    20   HIGHEST WIND DIRECTION     W (260)
  HIGHEST GUST SPEED    23   HIGHEST GUST DIRECTION     W (250)
  AVERAGE WIND SPEED     7.5


SKY COVER
  POSSIBLE SUNSHINE  MM
  AVERAGE SKY COVER 0.4


WEATHER CONDITIONS
 THE FOLLOWING WEATHER WAS RECORDED YESTERDAY.
  FOG


RELATIVE HUMIDITY (PERCENT)
 HIGHEST   100           300 AM
 LOWEST     36           400 PM
 AVERAGE    68

..........................................................


THE JACKSONVILLE CLIMATE NORMALS FOR TODAY
                         NORMAL    RECORD    YEAR
 MAXIMUM TEMPERATURE (F)   87        99      1938
 MINIMUM TEMPERATURE (F)   65        47      1981


SUNRISE AND SUNSET
MAY 22 2015...........SUNRISE   629 AM EDT   SUNSET   819 PM EDT
MAY 23 2015...........SUNRISE   628 AM EDT   SUNSET   819 PM EDT


-  INDICATES NEGATIVE NUMBERS.
R  INDICATES RECORD WAS SET OR TIED.
MM INDICATES DATA IS MISSING.
T  INDICATES TRACE AMOUNT.




$$
