000
CDUS44 KMEG 190637
CLIJBR


CLIMATE REPORT
NATIONAL WEATHER SERVICE MEMPHIS TN
137 AM CDT FRI SEP 19 2014


...................................

...THE JONESBORO CLIMATE SUMMARY FOR SEPTEMBER 18 2014...

CLIMATE NORMAL PERIOD 1981 TO 2010
CLIMATE RECORD PERIOD 1897 TO 2014


WEATHER ITEM   OBSERVED TIME   RECORD YEAR NORMAL DEPARTURE LAST
                VALUE   (LST)  VALUE       VALUE  FROM      YEAR
                                                  NORMAL
..................................................................
TEMPERATURE (F)
 YESTERDAY
  MAXIMUM         75    136 PM  99    1931  82     -7       93
                                      1925
  MINIMUM         62    129 AM  40    1903  60      2       68
  AVERAGE         69                        71     -2       81

PRECIPITATION (IN)
  YESTERDAY        0.17          2.80 1964   0.09   0.08     0.00
  MONTH TO DATE    1.84                      1.77   0.07     0.24
  SINCE SEP 1      1.84                      1.77   0.07     0.24
  SINCE JAN 1     35.52                     32.88   2.64    37.69

SNOWFALL (IN)
  YESTERDAY        0.0          MM      MM   0.0    0.0      0.0
  MONTH TO DATE    0.0                       0.0    0.0      0.0
  SINCE SEP 1      0.0                       0.0    0.0      0.0
  SINCE JUL 1      0.0                       0.0    0.0      0.0
  SNOW DEPTH       0

DEGREE DAYS
 HEATING
  YESTERDAY        0                         1     -1        0
  MONTH TO DATE    9                         1      8        0
  SINCE SEP 1      9                         1      8        0
  SINCE JUL 1      9                         1      8        0

 COOLING
  YESTERDAY        4                         6     -2       16
  MONTH TO DATE  166                       167     -1      254
  SINCE SEP 1    166                       167     -1      254
  SINCE JAN 1   1626                      1713    -87     1854
..................................................................


WIND (MPH)
  HIGHEST WIND SPEED    15   HIGHEST WIND DIRECTION     E (70)
  HIGHEST GUST SPEED    24   HIGHEST GUST DIRECTION     N (350)
  AVERAGE WIND SPEED     6.9


SKY COVER
  POSSIBLE SUNSHINE  MM
  AVERAGE SKY COVER 0.7


WEATHER CONDITIONS
 THE FOLLOWING WEATHER WAS RECORDED YESTERDAY.
  THUNDERSTORM
  LIGHT RAIN


RELATIVE HUMIDITY (PERCENT)
 HIGHEST   100          1200 AM
 LOWEST     68           200 PM
 AVERAGE    84

..........................................................


THE JONESBORO CLIMATE NORMALS FOR TODAY
                         NORMAL    RECORD    YEAR
 MAXIMUM TEMPERATURE (F)   82       101      1921
 MINIMUM TEMPERATURE (F)   59        41      1981
                                             1916
                                             1903


SUNRISE AND SUNSET
SEPTEMBER 19 2014.....SUNRISE   648 AM CDT   SUNSET   704 PM CDT
SEPTEMBER 20 2014.....SUNRISE   649 AM CDT   SUNSET   702 PM CDT


-  INDICATES NEGATIVE NUMBERS.
R  INDICATES RECORD WAS SET OR TIED.
MM INDICATES DATA IS MISSING.
T  INDICATES TRACE AMOUNT.




$$
