000
CDUS44 KMEG 140734
CLIJBR


CLIMATE REPORT
NATIONAL WEATHER SERVICE MEMPHIS TN
133 AM CST SUN FEB 14 2016


...................................

...THE JONESBORO CLIMATE SUMMARY FOR FEBRUARY 13 2016...

CLIMATE NORMAL PERIOD 1981 TO 2010
CLIMATE RECORD PERIOD 1897 TO 2016


WEATHER ITEM   OBSERVED TIME   RECORD YEAR NORMAL DEPARTURE LAST
                VALUE   (LST)  VALUE       VALUE  FROM      YEAR
                                                  NORMAL
..................................................................
TEMPERATURE (F)
 YESTERDAY
  MAXIMUM         33   1238 AM  82    1962  50    -17       38
  MINIMUM         24   1159 PM -13    1899  31     -7       22
  AVERAGE         29                        41    -12       30

PRECIPITATION (IN)
  YESTERDAY        0.00          2.06 1950   0.13  -0.13     0.00
  MONTH TO DATE    0.14                      1.69  -1.55     0.56
  SINCE DEC 1      8.31                      9.89  -1.58     4.85
  SINCE JAN 1      1.94                      5.12  -3.18     2.06

SNOWFALL (IN)
  YESTERDAY        0.0           2.5  1940   0.1   -0.1      0.0
  MONTH TO DATE    0.0                       0.8   -0.8       T
  SINCE DEC 1      0.3                       3.6   -3.3       T
  SINCE JUL 1      0.3                       3.6   -3.3      0.3
  SNOW DEPTH       0

DEGREE DAYS
 HEATING
  YESTERDAY       36                        24     12       35
  MONTH TO DATE  332                       329      3      348
  SINCE DEC 1   1690                      1975   -285     1913
  SINCE JUL 1   2199                      2625   -426     2672

 COOLING
  YESTERDAY        0                         0      0        0
  MONTH TO DATE    0                         0      0        0
  SINCE DEC 1      3                         0      3        0
  SINCE JAN 1      0                         0      0        0
..................................................................


WIND (MPH)
  HIGHEST WIND SPEED    20   HIGHEST WIND DIRECTION    NE (50)
  HIGHEST GUST SPEED    24   HIGHEST GUST DIRECTION    NE (50)
  AVERAGE WIND SPEED    11.7


SKY COVER
  POSSIBLE SUNSHINE  MM
  AVERAGE SKY COVER 0.1


WEATHER CONDITIONS
 THE FOLLOWING WEATHER WAS RECORDED YESTERDAY.
  NO SIGNIFICANT WEATHER WAS OBSERVED.


RELATIVE HUMIDITY (PERCENT)
 HIGHEST    78          1200 AM
 LOWEST     36           400 PM
 AVERAGE    57

..........................................................


THE JONESBORO CLIMATE NORMALS FOR TODAY
                         NORMAL    RECORD    YEAR
 MAXIMUM TEMPERATURE (F)   51        78      1921
 MINIMUM TEMPERATURE (F)   32         0      1905


SUNRISE AND SUNSET
FEBRUARY 14 2016......SUNRISE   651 AM CST   SUNSET   543 PM CST
FEBRUARY 15 2016......SUNRISE   650 AM CST   SUNSET   544 PM CST


-  INDICATES NEGATIVE NUMBERS.
R  INDICATES RECORD WAS SET OR TIED.
MM INDICATES DATA IS MISSING.
T  INDICATES TRACE AMOUNT.




$$
