000
CDUS44 KMEG 220636
CLIJBR


CLIMATE REPORT
NATIONAL WEATHER SERVICE MEMPHIS TN
136 AM CDT SAT JUL 22 2017


...................................

...THE JONESBORO CLIMATE SUMMARY FOR JULY 21 2017...

CLIMATE NORMAL PERIOD 1981 TO 2010
CLIMATE RECORD PERIOD 1897 TO 2017


WEATHER ITEM   OBSERVED TIME   RECORD YEAR NORMAL DEPARTURE LAST
                VALUE   (LST)  VALUE       VALUE  FROM      YEAR
                                                  NORMAL
..................................................................
TEMPERATURE (F)
 YESTERDAY
  MAXIMUM         98    135 PM 109    1901  91      7       97
  MINIMUM         77    503 AM  57    1915  71      6       76
  AVERAGE         88                        81      7       87

PRECIPITATION (IN)
  YESTERDAY        0.00          2.93 2009   0.12  -0.12     0.27
  MONTH TO DATE    1.01                      2.62  -1.61     1.40
  SINCE JUN 1      3.76                      6.37  -2.61     1.94
  SINCE JAN 1     30.95                     27.65   3.30    34.37

DEGREE DAYS
 HEATING
  YESTERDAY        0                         0      0        0
  MONTH TO DATE    0                         0      0        0
  SINCE JUN 1      0                         1     -1        0
  SINCE JUL 1      0                         0      0        0

 COOLING
  YESTERDAY       23                        16      7       22
  MONTH TO DATE  355                       335     20      386
  SINCE JUN 1    751                       718     33      872
  SINCE JAN 1    985                       931     54     1071
..................................................................


WIND (MPH)
  HIGHEST WIND SPEED    14   HIGHEST WIND DIRECTION     S (170)
  HIGHEST GUST SPEED    20   HIGHEST GUST DIRECTION     S (170)
  AVERAGE WIND SPEED     6.9


SKY COVER
  POSSIBLE SUNSHINE  MM
  AVERAGE SKY COVER 0.1


WEATHER CONDITIONS
 THE FOLLOWING WEATHER WAS RECORDED YESTERDAY.
  NO SIGNIFICANT WEATHER WAS OBSERVED.


RELATIVE HUMIDITY (PERCENT)
 HIGHEST    91           400 AM
 LOWEST     51           200 PM
 AVERAGE    71

..........................................................


THE JONESBORO CLIMATE NORMALS FOR TODAY
                         NORMAL    RECORD    YEAR
 MAXIMUM TEMPERATURE (F)   91       108      1901
 MINIMUM TEMPERATURE (F)   71        56      1944
                                             1902


SUNRISE AND SUNSET
JULY 22 2017..........SUNRISE   603 AM CDT   SUNSET   815 PM CDT
JULY 23 2017..........SUNRISE   604 AM CDT   SUNSET   814 PM CDT


-  INDICATES NEGATIVE NUMBERS.
R  INDICATES RECORD WAS SET OR TIED.
MM INDICATES DATA IS MISSING.
T  INDICATES TRACE AMOUNT.




$$
