000
CDUS44 KMEG 290733
CLIJBR


CLIMATE REPORT
NATIONAL WEATHER SERVICE MEMPHIS TN
133 AM CST THU JAN 29 2015


...................................

...THE JONESBORO CLIMATE SUMMARY FOR JANUARY 28 2015...

CLIMATE NORMAL PERIOD 1981 TO 2010
CLIMATE RECORD PERIOD 1897 TO 2015


WEATHER ITEM   OBSERVED TIME   RECORD YEAR NORMAL DEPARTURE LAST
                VALUE   (LST)  VALUE       VALUE  FROM      YEAR
                                                  NORMAL
..................................................................
TEMPERATURE (F)
 YESTERDAY
  MAXIMUM         55    411 PM  75    1914  47      8       25
  MINIMUM         30    723 AM   5    1963  29      1        8
  AVERAGE         43                        38      5       17

PRECIPITATION (IN)
  YESTERDAY        0.00          2.89 1957   0.12  -0.12     0.00
  MONTH TO DATE    1.50                      3.03  -1.53     2.11
  SINCE DEC 1      4.29                      7.80  -3.51     8.55
  SINCE JAN 1      1.50                      3.03  -1.53     2.11

SNOWFALL (IN)
  YESTERDAY        0.0           0.9  1900   0.1   -0.1      0.0
  MONTH TO DATE    T                         2.0   -2.0       T
  SINCE DEC 1      T                         2.6   -2.6      1.0
  SINCE JUL 1      0.3                       2.6   -2.3      1.0
  SNOW DEPTH       0

DEGREE DAYS
 HEATING
  YESTERDAY       22                        27     -5       48
  MONTH TO DATE  801                       777     24      876
  SINCE DEC 1   1488                      1569    -81     1693
  SINCE JUL 1   2247                      2219     28     2436

 COOLING
  YESTERDAY        0                         0      0        0
  MONTH TO DATE    0                         0      0        0
  SINCE DEC 1      0                         0      0        0
  SINCE JAN 1      0                         0      0        0
..................................................................


WIND (MPH)
  HIGHEST WIND SPEED    17   HIGHEST WIND DIRECTION     S (160)
  HIGHEST GUST SPEED    22   HIGHEST GUST DIRECTION     S (180)
  AVERAGE WIND SPEED     9.2


SKY COVER
  POSSIBLE SUNSHINE  MM
  AVERAGE SKY COVER 0.0


WEATHER CONDITIONS
 THE FOLLOWING WEATHER WAS RECORDED YESTERDAY.
  NO SIGNIFICANT WEATHER WAS OBSERVED.


RELATIVE HUMIDITY (PERCENT)
 HIGHEST   100           500 AM
 LOWEST     50           300 PM
 AVERAGE    75

..........................................................


THE JONESBORO CLIMATE NORMALS FOR TODAY
                         NORMAL    RECORD    YEAR
 MAXIMUM TEMPERATURE (F)   47        75      1903
 MINIMUM TEMPERATURE (F)   29         3      1966


SUNRISE AND SUNSET
JANUARY 29 2015.......SUNRISE   705 AM CST   SUNSET   527 PM CST
JANUARY 30 2015.......SUNRISE   705 AM CST   SUNSET   528 PM CST


-  INDICATES NEGATIVE NUMBERS.
R  INDICATES RECORD WAS SET OR TIED.
MM INDICATES DATA IS MISSING.
T  INDICATES TRACE AMOUNT.




$$
