000
CDUS44 KMEG 240638
CLIJBR


CLIMATE REPORT
NATIONAL WEATHER SERVICE MEMPHIS TN
138 AM CDT THU APR 24 2014


...................................

...THE JONESBORO CLIMATE SUMMARY FOR APRIL 23 2014...

CLIMATE NORMAL PERIOD 1981 TO 2010
CLIMATE RECORD PERIOD 1897 TO 2014


WEATHER ITEM   OBSERVED TIME   RECORD YEAR NORMAL DEPARTURE LAST
                VALUE   (LST)  VALUE       VALUE  FROM      YEAR
                                                  NORMAL
..................................................................
TEMPERATURE (F)
 YESTERDAY
  MAXIMUM         75    409 PM  91    1965  73      2       77
  MINIMUM         48    349 AM  34    1909  52     -4       50
  AVERAGE         62                        62      0       64

PRECIPITATION (IN)
  YESTERDAY        0.00          2.95 2004   0.18  -0.18     0.00
  MONTH TO DATE    4.05                      3.71   0.34     3.27
  SINCE MAR 1      9.06                      8.21   0.85     5.36
  SINCE JAN 1     13.77                     15.36  -1.59    15.15

SNOWFALL (IN)
  YESTERDAY        0.0          MM      MM   0.0    0.0      0.0
  MONTH TO DATE    0.0                       0.0    0.0      0.0
  SINCE MAR 1      3.2                       0.7    2.5      4.0
  SINCE JUL 1      5.2                       4.8    0.4     11.0
  SNOW DEPTH       0

DEGREE DAYS
 HEATING
  YESTERDAY        3                         4     -1        1
  MONTH TO DATE  171                       172     -1      184
  SINCE MAR 1    802                       636    166      799
  SINCE JUL 1   4067                      3592    475     3427

 COOLING
  YESTERDAY        0                         2     -2        0
  MONTH TO DATE   14                        27    -13       46
  SINCE MAR 1     14                        33    -19       46
  SINCE JAN 1     14                        33    -19       46
..................................................................


WIND (MPH)
  HIGHEST WIND SPEED    13   HIGHEST WIND DIRECTION    NE (60)
  HIGHEST GUST SPEED    16   HIGHEST GUST DIRECTION     E (80)
  AVERAGE WIND SPEED     6.2


SKY COVER
  POSSIBLE SUNSHINE  MM
  AVERAGE SKY COVER 0.0


WEATHER CONDITIONS
 THE FOLLOWING WEATHER WAS RECORDED YESTERDAY.
  NO SIGNIFICANT WEATHER WAS OBSERVED.


RELATIVE HUMIDITY (PERCENT)
 HIGHEST    71           200 AM
 LOWEST     25           300 PM
 AVERAGE    48

..........................................................


THE JONESBORO CLIMATE NORMALS FOR TODAY
                         NORMAL    RECORD    YEAR
 MAXIMUM TEMPERATURE (F)   73        90      1965
 MINIMUM TEMPERATURE (F)   52        30      1910


SUNRISE AND SUNSET
APRIL 24 2014.........SUNRISE   618 AM CDT   SUNSET   744 PM CDT
APRIL 25 2014.........SUNRISE   617 AM CDT   SUNSET   744 PM CDT


-  INDICATES NEGATIVE NUMBERS.
R  INDICATES RECORD WAS SET OR TIED.
MM INDICATES DATA IS MISSING.
T  INDICATES TRACE AMOUNT.




$$
