000
CDUS44 KMEG 292158
CLIJBR


CLIMATE REPORT
NATIONAL WEATHER SERVICE MEMPHIS TN
458 PM CDT FRI APR 29 2016


...................................

...THE JONESBORO CLIMATE SUMMARY FOR APRIL 29 2016...
VALID TODAY AS OF 0400 PM LOCAL TIME.

CLIMATE NORMAL PERIOD 1981 TO 2010
CLIMATE RECORD PERIOD 1897 TO 2016


WEATHER ITEM   OBSERVED TIME   RECORD YEAR NORMAL DEPARTURE LAST
                VALUE   (LST)  VALUE       VALUE  FROM      YEAR
                                                  NORMAL
..................................................................
TEMPERATURE (F)
 TODAY
  MAXIMUM         65    352 PM  96    1901  75    -10       73
  MINIMUM         54    346 AM  35    2008  54      0       46
  AVERAGE         60                        64     -4       60

PRECIPITATION (IN)
  TODAY            1.23          1.98 1924   0.20   1.03     0.00
  MONTH TO DATE    2.24                      4.81  -2.57     5.82
  SINCE MAR 1     15.46                      9.31   6.15    13.14
  SINCE JAN 1     19.39                     16.46   2.93    17.97

SNOWFALL (IN)
  TODAY            0.0

DEGREE DAYS
 HEATING
  TODAY            5                         3      2        5
  MONTH TO DATE  120                       193    -73      149
  SINCE MAR 1    466                       657   -191      714
  SINCE JUL 1   2955                      3613   -658     3962

 COOLING
  TODAY            0                         2     -2        0
  MONTH TO DATE   41                        39      2       28
  SINCE MAR 1     45                        45      0       28
  SINCE JAN 1     45                        45      0       28
..................................................................


WIND (MPH)
  HIGHEST WIND SPEED    24   HIGHEST WIND DIRECTION     E (90)
  HIGHEST GUST SPEED    31   HIGHEST GUST DIRECTION     E (100)
  AVERAGE WIND SPEED     9.4


SKY COVER
  POSSIBLE SUNSHINE  MM
  AVERAGE SKY COVER 0.5


WEATHER CONDITIONS
 THE FOLLOWING WEATHER WAS RECORDED TODAY.
  THUNDERSTORM
  HEAVY RAIN
  RAIN
  LIGHT RAIN
  FOG


RELATIVE HUMIDITY (PERCENT)
 HIGHEST   100          1100 AM
 LOWEST     75           100 AM
 AVERAGE    88

..........................................................


THE JONESBORO CLIMATE NORMALS FOR TOMORROW
                         NORMAL    RECORD    YEAR
 MAXIMUM TEMPERATURE (F)   75        96      1901
 MINIMUM TEMPERATURE (F)   54        32      1908


SUNRISE AND SUNSET
APRIL 29 2016.........SUNRISE   612 AM CDT   SUNSET   748 PM CDT
APRIL 30 2016.........SUNRISE   611 AM CDT   SUNSET   749 PM CDT


-  INDICATES NEGATIVE NUMBERS.
R  INDICATES RECORD WAS SET OR TIED.
MM INDICATES DATA IS MISSING.
T  INDICATES TRACE AMOUNT.




$$
