000
CDUS44 KMEG 050737
CLIJBR


CLIMATE REPORT
NATIONAL WEATHER SERVICE MEMPHIS TN
137 AM CST MON DEC 5 2016


...................................

...THE JONESBORO CLIMATE SUMMARY FOR DECEMBER 4 2016...

CLIMATE NORMAL PERIOD 1981 TO 2010
CLIMATE RECORD PERIOD 1897 TO 2016


WEATHER ITEM   OBSERVED TIME   RECORD YEAR NORMAL DEPARTURE LAST
                VALUE   (LST)  VALUE       VALUE  FROM      YEAR
                                                  NORMAL
..................................................................
TEMPERATURE (F)
 YESTERDAY
  MAXIMUM         46    814 PM  78    1998  51     -5       49
  MINIMUM         39   1159 PM  10    1929  33      6       29
  AVERAGE         43                        42      1       39

PRECIPITATION (IN)
  YESTERDAY        0.05          3.63 1952   0.18  -0.13     0.00
  MONTH TO DATE    0.25                      0.70  -0.45     0.00
  SINCE DEC 1      0.25                      0.70  -0.45     0.00
  SINCE JAN 1     48.35                     44.03   4.32    58.16

SNOWFALL (IN)
  YESTERDAY        0.0           T    1945   0.0    0.0      0.0
                                      1942
                                      1898
  MONTH TO DATE    0.0                       0.0    0.0      0.0
  SINCE DEC 1      0.0                       0.0    0.0      0.0
  SINCE JUL 1      0.0                       0.0    0.0      0.0
  SNOW DEPTH       0

DEGREE DAYS
 HEATING
  YESTERDAY       22                        23     -1       26
  MONTH TO DATE   85                        90     -5       94
  SINCE DEC 1     85                        90     -5       94
  SINCE JUL 1    434                       740   -306      603

 COOLING
  YESTERDAY        0                         0      0        0
  MONTH TO DATE    0                         0      0        0
  SINCE DEC 1      0                         0      0        0
  SINCE JAN 1   2285                      1827    458     1748
..................................................................


WIND (MPH)
  HIGHEST WIND SPEED    16   HIGHEST WIND DIRECTION    NE (60)
  HIGHEST GUST SPEED    19   HIGHEST GUST DIRECTION    NE (50)
  AVERAGE WIND SPEED     5.4


SKY COVER
  POSSIBLE SUNSHINE  MM
  AVERAGE SKY COVER 0.9


WEATHER CONDITIONS
 THE FOLLOWING WEATHER WAS RECORDED YESTERDAY.
  LIGHT RAIN
  FOG


RELATIVE HUMIDITY (PERCENT)
 HIGHEST   100           300 AM
 LOWEST     76           700 PM
 AVERAGE    88

..........................................................


THE JONESBORO CLIMATE NORMALS FOR TODAY
                         NORMAL    RECORD    YEAR
 MAXIMUM TEMPERATURE (F)   51        76      1892
 MINIMUM TEMPERATURE (F)   33        13      1899


SUNRISE AND SUNSET
DECEMBER  5 2016......SUNRISE   658 AM CST   SUNSET   449 PM CST
DECEMBER  6 2016......SUNRISE   659 AM CST   SUNSET   449 PM CST


-  INDICATES NEGATIVE NUMBERS.
R  INDICATES RECORD WAS SET OR TIED.
MM INDICATES DATA IS MISSING.
T  INDICATES TRACE AMOUNT.




$$
