000
CDUS44 KMEG 232250
CLIJBR


CLIMATE REPORT
NATIONAL WEATHER SERVICE MEMPHIS TN
450 PM CST THU FEB 23 2017


...................................

...THE JONESBORO CLIMATE SUMMARY FOR FEBRUARY 23 2017...
VALID TODAY AS OF 0400 PM LOCAL TIME.

CLIMATE NORMAL PERIOD 1981 TO 2010
CLIMATE RECORD PERIOD 1897 TO 2017


WEATHER ITEM   OBSERVED TIME   RECORD YEAR NORMAL DEPARTURE LAST
                VALUE   (LST)  VALUE       VALUE  FROM      YEAR
                                                  NORMAL
..................................................................
TEMPERATURE (F)
 TODAY
  MAXIMUM         74    259 PM  78    2012  53     21       51
                                      1996
  MINIMUM         49    335 AM  14    1989  34     15       39
                                      1978
  AVERAGE         62                        44     18       45

PRECIPITATION (IN)
  TODAY            0.00          5.00 1909   0.14  -0.14     1.55
  MONTH TO DATE    1.31                      3.06  -1.75     1.83
  SINCE DEC 1      9.47                     11.26  -1.79    10.00
  SINCE JAN 1      5.01                      6.49  -1.48     3.63

DEGREE DAYS
 HEATING
  TODAY            3                        21    -18       20
  MONTH TO DATE  329                       556   -227      503
  SINCE DEC 1   1716                      2202   -486     1861
  SINCE JUL 1   2065                      2852   -787     2370

 COOLING
  TODAY            0                         0      0        0
  MONTH TO DATE    3                         0      3        0
  SINCE DEC 1      3                         0      3        3
  SINCE JAN 1      3                         0      3        0
..................................................................


WIND (MPH)
  HIGHEST WIND SPEED    21   HIGHEST WIND DIRECTION     S (170)
  HIGHEST GUST SPEED    26   HIGHEST GUST DIRECTION     S (160)
  AVERAGE WIND SPEED     7.8


SKY COVER
  POSSIBLE SUNSHINE  MM
  AVERAGE SKY COVER 0.6


WEATHER CONDITIONS
 THE FOLLOWING WEATHER WAS RECORDED TODAY.
  FOG
  FOG W/VISIBILITY <= 1/4 MILE


RELATIVE HUMIDITY (PERCENT)
 HIGHEST   100          1200 AM
 LOWEST     53           300 PM
 AVERAGE    77

..........................................................


THE JONESBORO CLIMATE NORMALS FOR TOMORROW
                         NORMAL    RECORD    YEAR
 MAXIMUM TEMPERATURE (F)   54        79      1918
 MINIMUM TEMPERATURE (F)   34        -3      1910


SUNRISE AND SUNSET
FEBRUARY 23 2017......SUNRISE   640 AM CST   SUNSET   552 PM CST
FEBRUARY 24 2017......SUNRISE   639 AM CST   SUNSET   553 PM CST


-  INDICATES NEGATIVE NUMBERS.
R  INDICATES RECORD WAS SET OR TIED.
MM INDICATES DATA IS MISSING.
T  INDICATES TRACE AMOUNT.




$$
