000
CDUS45 KGGW 290018
CLIJDN


CLIMATE REPORT
NATIONAL WEATHER SERVICE GLASGOW MT
617 PM MDT TUE JUL 28 2015


...................................

...THE JORDAN  ASOS MT CLIMATE SUMMARY FOR JULY 28 2015...
VALID TODAY AS OF 0500 PM LOCAL TIME.

CLIMATE NORMAL PERIOD 1981 TO 2010
CLIMATE RECORD PERIOD 9999 TO 9999


WEATHER ITEM   OBSERVED TIME   RECORD YEAR NORMAL DEPARTURE LAST
                VALUE   (LST)  VALUE       VALUE  FROM      YEAR
                                                  NORMAL
..................................................................
TEMPERATURE (F)
 TODAY
  MAXIMUM         73        MM  MM      MM  87    -14       92
  MINIMUM         53        MM  MM      MM  56     -3       49
  AVERAGE         63                        72     -9       71

PRECIPITATION (IN)
  TODAY            0.05         MM      MM   0.05   0.00     0.00
  MONTH TO DATE    1.33                      1.75  -0.42     0.39
  SINCE OCT 1     10.15                     10.15   0.00     7.76
  SINCE JAN 1      8.96                      8.61   0.35     5.35

SNOWFALL (IN)
  TODAY            0.0          MM      MM  MM     MM        0.0
  MONTH TO DATE    0.0                      MM     MM        0.0
  SINCE JUN 1      0.0                      MM     MM        0.0
  SINCE JUL 1      0.0                      MM     MM        0.0
  SNOW DEPTH       0

DEGREE DAYS
 HEATING
  TODAY            2                         0      2        0
  MONTH TO DATE    3                        27    -24        5
  SINCE JUN 1     47                       152   -105      135
  SINCE JUL 1      3                        27    -24        5

 COOLING
  TODAY            0                         7     -7        6
  MONTH TO DATE  176                       157     19      187
  SINCE JUN 1    291                       205     86      212
  SINCE JAN 1    291                       211     80      237
..................................................................


WIND (MPH)
  HIGHEST WIND SPEED    31   HIGHEST WIND DIRECTION     W (290)
  HIGHEST GUST SPEED    50   HIGHEST GUST DIRECTION     W (290)
  AVERAGE WIND SPEED    27.9


SKY COVER
  POSSIBLE SUNSHINE  MM
  AVERAGE SKY COVER 0.0


WEATHER CONDITIONS
 THE FOLLOWING WEATHER WAS RECORDED TODAY.
  NO SIGNIFICANT WEATHER WAS OBSERVED.


RELATIVE HUMIDITY (PERCENT)
 HIGHEST    93           900 AM
 LOWEST     35           400 PM
 AVERAGE    64

..........................................................


THE JORDAN  ASOS MT CLIMATE NORMALS FOR TOMORROW
                         NORMAL    RECORD    YEAR
 MAXIMUM TEMPERATURE (F)   87        MM        MM
 MINIMUM TEMPERATURE (F)   56        MM        MM


SUNRISE AND SUNSET
JULY 28 2015..........SUNRISE   541 AM MDT   SUNSET   846 PM MDT
JULY 29 2015..........SUNRISE   542 AM MDT   SUNSET   845 PM MDT


-  INDICATES NEGATIVE NUMBERS.
R  INDICATES RECORD WAS SET OR TIED.
MM INDICATES DATA IS MISSING.
T  INDICATES TRACE AMOUNT.




$$
