231
CDUS45 KGGW 131230
CLIJDN


CLIMATE REPORT
NATIONAL WEATHER SERVICE GLASGOW MT
530 AM MST SAT FEB 13 2016


...................................

...THE JORDAN  ASOS MT CLIMATE SUMMARY FOR FEBRUARY 13 2016...
VALID AS OF 0500 AM LOCAL TIME.

CLIMATE NORMAL PERIOD 1981 TO 2010
CLIMATE RECORD PERIOD 9999 TO 9999


WEATHER ITEM   OBSERVED TIME   RECORD YEAR NORMAL DEPARTURE LAST
                VALUE   (LST)  VALUE       VALUE  FROM      YEAR
                                                  NORMAL
..................................................................
TEMPERATURE (F)
 TODAY
  MAXIMUM         29    200 AM  MM      MM  34     -5       58
  MINIMUM         27    400 AM  MM      MM  10     17       29
  AVERAGE         28                        22      6       44

PRECIPITATION (IN)
  TODAY            0.00         MM      MM   0.00   0.00     0.00
  MONTH TO DATE    0.18                      0.09   0.09     0.30
  SINCE OCT 1      4.31                      1.86   2.45     2.29
  SINCE JAN 1      0.62                      0.32   0.30     1.10

SNOWFALL (IN)
  TODAY            0.0          MM      MM  MM     MM        0.0
  MONTH TO DATE    0.0                      MM     MM        0.0
  SINCE DEC 1      0.0                      MM     MM        0.0
  SINCE JUL 1      0.0                      MM     MM        0.0
  SNOW DEPTH      MM

DEGREE DAYS
 HEATING
  TODAY           37                        43     -6       21
  MONTH TO DATE  446                       579   -133      507
  SINCE DEC 1   3223                      3491   -268     3067
  SINCE JUL 1   4928                      5509   -581     5137

 COOLING
  TODAY            0                         0      0        0
  MONTH TO DATE    0                         0      0        0
  SINCE DEC 1      0                         0      0        0
  SINCE JAN 1      0                         0      0        0
..................................................................


WIND (MPH)
  HIGHEST WIND SPEED     9   HIGHEST WIND DIRECTION    SE (120)
  HIGHEST GUST SPEED    MM   HIGHEST GUST DIRECTION    MM
  AVERAGE WIND SPEED     7.1


SKY COVER
  POSSIBLE SUNSHINE  MM
  AVERAGE SKY COVER 0.0


WEATHER CONDITIONS
 THE FOLLOWING WEATHER WAS RECORDED TODAY.
  NO SIGNIFICANT WEATHER WAS OBSERVED.


RELATIVE HUMIDITY (PERCENT)
 HIGHEST    92          1200 AM
 LOWEST     85           300 AM
 AVERAGE    89

..........................................................


THE JORDAN  ASOS MT CLIMATE NORMALS FOR TOMORROW
                         NORMAL    RECORD    YEAR
 MAXIMUM TEMPERATURE (F)   35        MM        MM
 MINIMUM TEMPERATURE (F)   10        MM        MM


SUNRISE AND SUNSET
FEBRUARY 13 2016......SUNRISE   716 AM MST   SUNSET   527 PM MST
FEBRUARY 14 2016......SUNRISE   715 AM MST   SUNSET   529 PM MST


-  INDICATES NEGATIVE NUMBERS.
R  INDICATES RECORD WAS SET OR TIED.
MM INDICATES DATA IS MISSING.
T  INDICATES TRACE AMOUNT.




$$
