000
CDUS45 KGGW 280016
CLIJDN


CLIMATE REPORT
NATIONAL WEATHER SERVICE GLASGOW MT
616 PM MDT TUE JUN 27 2017


...................................

...THE JORDAN  ASOS MT CLIMATE SUMMARY FOR JUNE 27 2017...
VALID TODAY AS OF 0500 PM LOCAL TIME.

CLIMATE NORMAL PERIOD 1981 TO 2010
CLIMATE RECORD PERIOD 9999 TO 9999


WEATHER ITEM   OBSERVED TIME   RECORD YEAR NORMAL DEPARTURE LAST
                VALUE   (LST)  VALUE       VALUE  FROM      YEAR
                                                  NORMAL
..................................................................
TEMPERATURE (F)
 TODAY
  MAXIMUM         89        MM  MM      MM  81      8       81
  MINIMUM         58    400 AM  MM      MM  51      7       46
  AVERAGE         74                        66      8       64

PRECIPITATION (IN)
  TODAY            0.24         MM      MM   0.06   0.18     0.00
  MONTH TO DATE    0.45                      2.32  -1.87     0.84
  SINCE OCT 1      6.17                      8.23  -2.06    10.92
  SINCE JAN 1      2.96                      6.69  -3.73     7.23

SNOWFALL (IN)
  TODAY            0.0          MM      MM  MM     MM        0.0
  MONTH TO DATE    0.0                      MM     MM        0.0
  SINCE JUN 1      0.0                      MM     MM        0.0
  SINCE JUL 1      0.0                      MM     MM        0.0
  SNOW DEPTH       0

DEGREE DAYS
 HEATING
  TODAY            0                         2     -2        1
  MONTH TO DATE   58                       119    -61       36
  SINCE JUN 1     58                       119    -61       36
  SINCE JUL 1   7558                      8240   -682     7073

 COOLING
  TODAY            9                         3      6        0
  MONTH TO DATE   71                        41     30       65
  SINCE JUN 1     71                        41     30       65
  SINCE JAN 1     85                        47     38       68
..................................................................


WIND (MPH)
  HIGHEST WIND SPEED    24   HIGHEST WIND DIRECTION    NW (310)
  HIGHEST GUST SPEED    54   HIGHEST GUST DIRECTION     W (280)
  AVERAGE WIND SPEED    12.5


SKY COVER
  POSSIBLE SUNSHINE  MM
  AVERAGE SKY COVER 0.0


WEATHER CONDITIONS
 THE FOLLOWING WEATHER WAS RECORDED TODAY.
  NO SIGNIFICANT WEATHER WAS OBSERVED.


RELATIVE HUMIDITY (PERCENT)
 HIGHEST    78           400 PM
 LOWEST     22           300 PM
 AVERAGE    50

..........................................................


THE JORDAN  ASOS MT CLIMATE NORMALS FOR TOMORROW
                         NORMAL    RECORD    YEAR
 MAXIMUM TEMPERATURE (F)   81        MM        MM
 MINIMUM TEMPERATURE (F)   51        MM        MM


SUNRISE AND SUNSET
JUNE 27 2017..........SUNRISE   513 AM MDT   SUNSET   908 PM MDT
JUNE 28 2017..........SUNRISE   513 AM MDT   SUNSET   908 PM MDT


-  INDICATES NEGATIVE NUMBERS.
R  INDICATES RECORD WAS SET OR TIED.
MM INDICATES DATA IS MISSING.
T  INDICATES TRACE AMOUNT.




$$
