000
CDUS45 KBOI 300931
CLIJER


CLIMATE REPORT
NATIONAL WEATHER SERVICE BOISE ID
330 AM MDT SAT APR 30 2016


...................................

...THE JEROME ID CLIMATE SUMMARY FOR APRIL 29 2016...

CLIMATE NORMAL PERIOD 1981 TO 2010
CLIMATE RECORD PERIOD 1915 TO 2016


WEATHER ITEM   OBSERVED TIME   RECORD YEAR NORMAL DEPARTURE LAST
                VALUE   (LST)  VALUE       VALUE  FROM      YEAR
                                                  NORMAL
..................................................................
TEMPERATURE (F)
 YESTERDAY
  MAXIMUM         62    333 PM  87    1926  62      0       75
  MINIMUM         37    602 AM  24    1917  38     -1       44
  AVERAGE         50                        50      0       60

PRECIPITATION (IN)
  YESTERDAY        T             0.36 1983   0.05  -0.05     0.00
  MONTH TO DATE    0.57                      1.29  -0.72     0.17
  SINCE OCT 1      8.53                      7.83   0.70     4.91
  SINCE JAN 1      3.94                      4.31  -0.37     2.01

DEGREE DAYS
 HEATING
  YESTERDAY       15                        15      0        5
  MONTH TO DATE  368                       532   -164      495
  SINCE MAR 1   1046                      1301   -255     1050
  SINCE JUL 1   5585                      6188   -603     5092

 COOLING
  YESTERDAY        0                         0      0        0
  MONTH TO DATE    1                         0      1        0
  SINCE MAR 1      1                         0      1        0
  SINCE JAN 1      1                         0      1        0
..................................................................


WIND (MPH)
  HIGHEST WIND SPEED    25   HIGHEST WIND DIRECTION    SW (230)
  HIGHEST GUST SPEED    40   HIGHEST GUST DIRECTION    SW (240)
  AVERAGE WIND SPEED    10.8


SKY COVER
  AVERAGE SKY COVER 0.6


WEATHER CONDITIONS
 THE FOLLOWING WEATHER WAS RECORDED YESTERDAY.
  LIGHT RAIN
  FOG
  FOG W/VISIBILITY <= 1/4 MILE


RELATIVE HUMIDITY (PERCENT)
 HIGHEST   100           200 AM
 LOWEST     35           500 PM
 AVERAGE    68

..........................................................


THE JEROME ID CLIMATE NORMALS FOR TODAY
                         NORMAL    RECORD    YEAR
 MAXIMUM TEMPERATURE (F)   62        90      1992
 MINIMUM TEMPERATURE (F)   38        20      1950


SUNRISE AND SUNSET
APRIL 30 2016.........SUNRISE   633 AM MDT   SUNSET   838 PM MDT
MAY  1 2016...........SUNRISE   631 AM MDT   SUNSET   839 PM MDT


-  INDICATES NEGATIVE NUMBERS.
R  INDICATES RECORD WAS SET OR TIED.
MM INDICATES DATA IS MISSING.
T  INDICATES TRACE AMOUNT.




$$
