000
CDUS45 KBOI 240931
CLIJER


CLIMATE REPORT
NATIONAL WEATHER SERVICE BOISE ID
331 AM MDT SUN MAY 24 2015


...................................

...THE JEROME ID CLIMATE SUMMARY FOR MAY 23 2015...

CLIMATE NORMAL PERIOD 1981 TO 2010
CLIMATE RECORD PERIOD 1919 TO 2015


WEATHER ITEM   OBSERVED TIME   RECORD YEAR NORMAL DEPARTURE LAST
                VALUE   (LST)  VALUE       VALUE  FROM      YEAR
                                                  NORMAL
..................................................................
TEMPERATURE (F)
 YESTERDAY
  MAXIMUM         68    150 PM  89    1988  70     -2       84
  MINIMUM         48    329 AM  28    1966  44      4       48
  AVERAGE         58                        57      1       66

PRECIPITATION (IN)
  YESTERDAY        0.06          0.26 1965   0.04   0.02     0.00
  MONTH TO DATE    2.10                      1.02   1.08     0.34
  SINCE OCT 1      7.01                      8.90  -1.89     5.28
  SINCE JAN 1      4.11                      5.38  -1.27     4.68

DEGREE DAYS
 HEATING
  YESTERDAY        7                         9     -2        0
  MONTH TO DATE  199                       264    -65      209
  SINCE MAR 1   1261                      1580   -319     1428
  SINCE JUL 1   5303                      6467  -1164     6096

 COOLING
  YESTERDAY        0                         1     -1        1
  MONTH TO DATE    0                         2     -2        5
  SINCE MAR 1      0                         2     -2        5
  SINCE JAN 1      0                         2     -2        5
..................................................................


WIND (MPH)
  HIGHEST WIND SPEED    25   HIGHEST WIND DIRECTION    NE (40)
  HIGHEST GUST SPEED    30   HIGHEST GUST DIRECTION    NE (40)
  AVERAGE WIND SPEED     7.6


SKY COVER
  AVERAGE SKY COVER 0.5


WEATHER CONDITIONS
 THE FOLLOWING WEATHER WAS RECORDED YESTERDAY.
  THUNDERSTORM
  LIGHT RAIN


RELATIVE HUMIDITY (PERCENT)
 HIGHEST    89          1200 AM
 LOWEST     48           200 PM
 AVERAGE    69

..........................................................


THE JEROME ID CLIMATE NORMALS FOR TODAY
                         NORMAL    RECORD    YEAR
 MAXIMUM TEMPERATURE (F)   70        94      2001
 MINIMUM TEMPERATURE (F)   45        31      1950


SUNRISE AND SUNSET
MAY 24 2015...........SUNRISE   607 AM MDT   SUNSET   902 PM MDT
MAY 25 2015...........SUNRISE   607 AM MDT   SUNSET   903 PM MDT


-  INDICATES NEGATIVE NUMBERS.
R  INDICATES RECORD WAS SET OR TIED.
MM INDICATES DATA IS MISSING.
T  INDICATES TRACE AMOUNT.




$$
