000
CDUS45 KBOI 310933
CLIJER


CLIMATE REPORT
NATIONAL WEATHER SERVICE BOISE ID
333 AM MDT TUE MAY 31 2016


...................................

...THE JEROME ID CLIMATE SUMMARY FOR MAY 30 2016...

CLIMATE NORMAL PERIOD 1981 TO 2010
CLIMATE RECORD PERIOD 1915 TO 2016


WEATHER ITEM   OBSERVED TIME   RECORD YEAR NORMAL DEPARTURE LAST
                VALUE   (LST)  VALUE       VALUE  FROM      YEAR
                                                  NORMAL
..................................................................
TEMPERATURE (F)
 YESTERDAY
  MAXIMUM         72    507 PM  99    2003  72      0       84
  MINIMUM         49    522 AM  29    1928  46      3       51
  AVERAGE         61                        59      2       68

PRECIPITATION (IN)
  YESTERDAY        0.00          0.97 1935   0.03  -0.03      T
  MONTH TO DATE    1.29                      1.22   0.07     3.17
  SINCE OCT 1      9.84                      9.10   0.74     8.08
  SINCE JAN 1      5.25                      5.58  -0.33     5.18

DEGREE DAYS
 HEATING
  YESTERDAY        4                         7     -3        0
  MONTH TO DATE  261                       317    -56      225
  SINCE MAR 1   1322                      1633   -311     1287
  SINCE JUL 1   5861                      6520   -659     5329

 COOLING
  YESTERDAY        0                         1     -1        3
  MONTH TO DATE    3                         9     -6        4
  SINCE MAR 1      4                         9     -5        4
  SINCE JAN 1      4                         9     -5        4
..................................................................


WIND (MPH)
  HIGHEST WIND SPEED    28   HIGHEST WIND DIRECTION     W (250)
  HIGHEST GUST SPEED    34   HIGHEST GUST DIRECTION     W (250)
  AVERAGE WIND SPEED    14.5


SKY COVER
  AVERAGE SKY COVER 0.1


WEATHER CONDITIONS
 THE FOLLOWING WEATHER WAS RECORDED YESTERDAY.
  NO SIGNIFICANT WEATHER WAS OBSERVED.


RELATIVE HUMIDITY (PERCENT)
 HIGHEST    71           500 AM
 LOWEST     16           600 PM
 AVERAGE    44

..........................................................


THE JEROME ID CLIMATE NORMALS FOR TODAY
                         NORMAL    RECORD    YEAR
 MAXIMUM TEMPERATURE (F)   72        94      1986
 MINIMUM TEMPERATURE (F)   46        24      1928


SUNRISE AND SUNSET
MAY 31 2016...........SUNRISE   603 AM MDT   SUNSET   909 PM MDT
JUNE  1 2016..........SUNRISE   602 AM MDT   SUNSET   910 PM MDT


-  INDICATES NEGATIVE NUMBERS.
R  INDICATES RECORD WAS SET OR TIED.
MM INDICATES DATA IS MISSING.
T  INDICATES TRACE AMOUNT.




$$
