000
CDUS45 KBOI 270931
CLIJER


CLIMATE REPORT
NATIONAL WEATHER SERVICE BOISE ID
331 AM MDT SAT MAY 27 2017


...................................

...THE JEROME ID CLIMATE SUMMARY FOR MAY 26 2017...

CLIMATE NORMAL PERIOD 1981 TO 2010
CLIMATE RECORD PERIOD 1915 TO 2017


WEATHER ITEM   OBSERVED TIME   RECORD YEAR NORMAL DEPARTURE LAST
                VALUE   (LST)  VALUE       VALUE  FROM      YEAR
                                                  NORMAL
..................................................................
TEMPERATURE (F)
 YESTERDAY
  MAXIMUM         60    331 PM  96    1936  71    -11       72
  MINIMUM         44    616 AM  29    1975  45     -1       45
  AVERAGE         52                        58     -6       59

PRECIPITATION (IN)
  YESTERDAY        0.47          0.82 2012   0.03   0.44     0.00
  MONTH TO DATE    1.25                      1.11   0.14     1.29
  SINCE OCT 1     10.89                      8.99   1.90     9.84
  SINCE JAN 1      6.37                      5.47   0.90     5.25

DEGREE DAYS
 HEATING
  YESTERDAY       13                         8      5        6
  MONTH TO DATE  283                       288     -5      233
  SINCE MAR 1   1477                      1604   -127     1294
  SINCE JUL 1   5900                      6491   -591     5833

 COOLING
  YESTERDAY        0                         1     -1        0
  MONTH TO DATE    2                         5     -3        3
  SINCE MAR 1      2                         5     -3        4
  SINCE JAN 1      2                         5     -3        4
..................................................................


WIND (MPH)
  HIGHEST WIND SPEED    25   HIGHEST WIND DIRECTION    NW (330)
  HIGHEST GUST SPEED    28   HIGHEST GUST DIRECTION    NW (320)
  AVERAGE WIND SPEED     6.4


SKY COVER
  AVERAGE SKY COVER 0.6


WEATHER CONDITIONS
 THE FOLLOWING WEATHER WAS RECORDED YESTERDAY.
  THUNDERSTORM
  HEAVY RAIN
  RAIN
  LIGHT RAIN
  FOG


RELATIVE HUMIDITY (PERCENT)
 HIGHEST    93           300 AM
 LOWEST     57           500 PM
 AVERAGE    75

..........................................................


THE JEROME ID CLIMATE NORMALS FOR TODAY
                         NORMAL    RECORD    YEAR
 MAXIMUM TEMPERATURE (F)   71        95      1958
 MINIMUM TEMPERATURE (F)   45        29      1920


SUNRISE AND SUNSET
MAY 27 2017...........SUNRISE   605 AM MDT   SUNSET   906 PM MDT
MAY 28 2017...........SUNRISE   604 AM MDT   SUNSET   906 PM MDT


-  INDICATES NEGATIVE NUMBERS.
R  INDICATES RECORD WAS SET OR TIED.
MM INDICATES DATA IS MISSING.
T  INDICATES TRACE AMOUNT.




$$
