000
CDUS45 KBOI 140931
CLIJER


CLIMATE REPORT
NATIONAL WEATHER SERVICE BOISE ID
231 AM MST THU DEC 14 2017


...................................

...THE JEROME ID CLIMATE SUMMARY FOR DECEMBER 13 2017...

CLIMATE NORMAL PERIOD 1981 TO 2010
CLIMATE RECORD PERIOD 1915 TO 2017


WEATHER ITEM   OBSERVED TIME   RECORD YEAR NORMAL DEPARTURE LAST
                VALUE   (LST)  VALUE       VALUE  FROM      YEAR
                                                  NORMAL
..................................................................
TEMPERATURE (F)
 YESTERDAY
  MAXIMUM         26    221 PM  59    1995  34     -8       33
  MINIMUM         23    818 PM -12    1919  20      3       18
  AVERAGE         25                        27     -2       26

PRECIPITATION (IN)
  YESTERDAY        0.00          0.29 2003   0.05  -0.05     0.00
  MONTH TO DATE    0.02                      0.65  -0.63     0.88
  SINCE OCT 1      2.39                      2.68  -0.29     3.76
  SINCE JAN 1      9.92                      9.97  -0.05    10.77

DEGREE DAYS
 HEATING
  YESTERDAY       40                        38      2       39
  MONTH TO DATE  477                       478     -1      491
  SINCE DEC 1    477                       478     -1      491
  SINCE JUL 1   1933                      2029    -96     1717

 COOLING
  YESTERDAY        0                         0      0        0
  MONTH TO DATE    0                         0      0        0
  SINCE DEC 1      0                         0      0        0
  SINCE JAN 1    929                       510    419      612
..................................................................


WIND (MPH)
  HIGHEST WIND SPEED    12   HIGHEST WIND DIRECTION     W (260)
  HIGHEST GUST SPEED    13   HIGHEST GUST DIRECTION    SW (240)
  AVERAGE WIND SPEED     3.7


SKY COVER
  AVERAGE SKY COVER 1.0


WEATHER CONDITIONS
 THE FOLLOWING WEATHER WAS RECORDED YESTERDAY.
  FOG W/VISIBILITY <= 1/4 MILE
  HAZE


RELATIVE HUMIDITY (PERCENT)
 HIGHEST    88           400 AM
 LOWEST     74          1200 AM
 AVERAGE    81

..........................................................


THE JEROME ID CLIMATE NORMALS FOR TODAY
                         NORMAL    RECORD    YEAR
 MAXIMUM TEMPERATURE (F)   34        55      2004
 MINIMUM TEMPERATURE (F)   19        -9      1919


SUNRISE AND SUNSET
DECEMBER 14 2017......SUNRISE   801 AM MST   SUNSET   505 PM MST
DECEMBER 15 2017......SUNRISE   801 AM MST   SUNSET   505 PM MST


-  INDICATES NEGATIVE NUMBERS.
R  INDICATES RECORD WAS SET OR TIED.
MM INDICATES DATA IS MISSING.
T  INDICATES TRACE AMOUNT.




$$
