000
CDUS45 KBOI 300931
CLIJER


CLIMATE REPORT
NATIONAL WEATHER SERVICE BOISE ID
331 AM MDT THU MAR 30 2017


...................................

...THE JEROME ID CLIMATE SUMMARY FOR MARCH 29 2017...

CLIMATE NORMAL PERIOD 1981 TO 2010
CLIMATE RECORD PERIOD 1915 TO 2017


WEATHER ITEM   OBSERVED TIME   RECORD YEAR NORMAL DEPARTURE LAST
                VALUE   (LST)  VALUE       VALUE  FROM      YEAR
                                                  NORMAL
..................................................................
TEMPERATURE (F)
 YESTERDAY
  MAXIMUM         58    436 PM  78    1986  54      4       40
  MINIMUM         33    651 AM  12    1926  33      0       29
  AVERAGE         46                        44      2       35

PRECIPITATION (IN)
  YESTERDAY        0.10          0.77 1998   0.05   0.05     0.53
  MONTH TO DATE    0.99                      0.99   0.00     1.96
  SINCE OCT 1      8.17                      6.45   1.72     7.96
  SINCE JAN 1      3.65                      2.93   0.72     3.37

DEGREE DAYS
 HEATING
  YESTERDAY       19                        21     -2       30
  MONTH TO DATE  585                       726   -141      638
  SINCE MAR 1    585                       726   -141      638
  SINCE JUL 1   5008                      5613   -605     5177

 COOLING
  YESTERDAY        0                         0      0        0
  MONTH TO DATE    0                         0      0        0
  SINCE MAR 1      0                         0      0        0
  SINCE JAN 1      0                         0      0        0
..................................................................


WIND (MPH)
  HIGHEST WIND SPEED    13   HIGHEST WIND DIRECTION     N (10)
  HIGHEST GUST SPEED    16   HIGHEST GUST DIRECTION    NW (330)
  AVERAGE WIND SPEED     4.2


SKY COVER
  AVERAGE SKY COVER 0.5


WEATHER CONDITIONS
 THE FOLLOWING WEATHER WAS RECORDED YESTERDAY.
  RAIN
  LIGHT RAIN
  FOG


RELATIVE HUMIDITY (PERCENT)
 HIGHEST    93          1000 PM
 LOWEST     40           200 PM
 AVERAGE    67

..........................................................


THE JEROME ID CLIMATE NORMALS FOR TODAY
                         NORMAL    RECORD    YEAR
 MAXIMUM TEMPERATURE (F)   54        79      1978
 MINIMUM TEMPERATURE (F)   33        17      1954


SUNRISE AND SUNSET
MARCH 30 2017.........SUNRISE   723 AM MDT   SUNSET   802 PM MDT
MARCH 31 2017.........SUNRISE   721 AM MDT   SUNSET   803 PM MDT


-  INDICATES NEGATIVE NUMBERS.
R  INDICATES RECORD WAS SET OR TIED.
MM INDICATES DATA IS MISSING.
T  INDICATES TRACE AMOUNT.




$$
