000
CDUS45 KBOI 280934
CLIJER


CLIMATE REPORT
NATIONAL WEATHER SERVICE BOISE ID
234 AM MST WED JAN 28 2015


...................................

...THE JEROME ID CLIMATE SUMMARY FOR JANUARY 27 2015...

CLIMATE NORMAL PERIOD 1981 TO 2010
CLIMATE RECORD PERIOD 1919 TO 2015


WEATHER ITEM   OBSERVED TIME   RECORD YEAR NORMAL DEPARTURE LAST
                VALUE   (LST)  VALUE       VALUE  FROM      YEAR
                                                  NORMAL
..................................................................
TEMPERATURE (F)
 YESTERDAY
  MAXIMUM         50    217 PM  55    2003  34     16       23
  MINIMUM         34    840 AM  -8    1957  20     14       20
  AVERAGE         42                        27     15       22

PRECIPITATION (IN)
  YESTERDAY        0.10          0.97 1970   0.02   0.08      T
  MONTH TO DATE    1.19                      0.97   0.22     0.26
  SINCE OCT 1      4.09                      4.49  -0.40     0.86
  SINCE JAN 1      1.19                      0.97   0.22     0.26

DEGREE DAYS
 HEATING
  YESTERDAY       23                        38    -15       43
  MONTH TO DATE  974                      1044    -70      928
  SINCE DEC 1   1923                      2223   -300     2229
  SINCE JUL 1   3259                      3774   -515     3712

 COOLING
  YESTERDAY        0                         0      0        0
  MONTH TO DATE    0                         0      0        0
  SINCE DEC 1      0                         0      0        0
  SINCE JAN 1      0                         0      0        0
..................................................................


WIND (MPH)
  HIGHEST WIND SPEED    21   HIGHEST WIND DIRECTION    NE (50)
  HIGHEST GUST SPEED    24   HIGHEST GUST DIRECTION    NE (50)
  AVERAGE WIND SPEED    10.6


SKY COVER
  AVERAGE SKY COVER 0.5


WEATHER CONDITIONS
 THE FOLLOWING WEATHER WAS RECORDED YESTERDAY.
  LIGHT RAIN
  FOG
  FOG W/VISIBILITY <= 1/4 MILE


RELATIVE HUMIDITY (PERCENT)
 HIGHEST   100           800 PM
 LOWEST     56           200 PM
 AVERAGE    78

..........................................................


THE JEROME ID CLIMATE NORMALS FOR TODAY
                         NORMAL    RECORD    YEAR
 MAXIMUM TEMPERATURE (F)   34        53      2003
 MINIMUM TEMPERATURE (F)   20       -11      1980


SUNRISE AND SUNSET
JANUARY 28 2015.......SUNRISE   756 AM MST   SUNSET   546 PM MST
JANUARY 29 2015.......SUNRISE   755 AM MST   SUNSET   547 PM MST


-  INDICATES NEGATIVE NUMBERS.
R  INDICATES RECORD WAS SET OR TIED.
MM INDICATES DATA IS MISSING.
T  INDICATES TRACE AMOUNT.




$$
