000
CDUS45 KBOI 220931
CLIJER


CLIMATE REPORT
NATIONAL WEATHER SERVICE BOISE ID
231 AM MST WED FEB 22 2017


...................................

...THE JEROME ID CLIMATE SUMMARY FOR FEBRUARY 21 2017...

CLIMATE NORMAL PERIOD 1981 TO 2010
CLIMATE RECORD PERIOD 1915 TO 2017


WEATHER ITEM   OBSERVED TIME   RECORD YEAR NORMAL DEPARTURE LAST
                VALUE   (LST)  VALUE       VALUE  FROM      YEAR
                                                  NORMAL
..................................................................
TEMPERATURE (F)
 YESTERDAY
  MAXIMUM         MM        MM  65    1958  41     MM       49
  MINIMUM         MM        MM   5    1955  24     MM       29
  AVERAGE         MM                        32     MM       39

PRECIPITATION (IN)
  YESTERDAY        0.00          0.41 1968   0.04  -0.04     0.00
  MONTH TO DATE    1.37                      0.64   0.73     0.20
  SINCE OCT 1      7.18                      5.22   1.96     6.00
  SINCE JAN 1      2.66                      1.70   0.96     1.41

DEGREE DAYS
 HEATING
  YESTERDAY       MM                        33     MM       26
  MONTH TO DATE  555                       743   -188      672
  SINCE DEC 1   3119                      3117      2     3009
  SINCE JUL 1   4345                      4668   -323     4342

 COOLING
  YESTERDAY       MM                         0     MM        0
  MONTH TO DATE    0                         0      0        0
  SINCE DEC 1      0                         0      0        0
  SINCE JAN 1      0                         0      0        0
..................................................................


WIND (MPH)
  HIGHEST WIND SPEED    MM   HIGHEST WIND DIRECTION    MM
  HIGHEST GUST SPEED    MM   HIGHEST GUST DIRECTION    MM
  AVERAGE WIND SPEED    MM


SKY COVER
  AVERAGE SKY COVER 0.0


WEATHER CONDITIONS
 THE FOLLOWING WEATHER WAS RECORDED YESTERDAY.
  NO SIGNIFICANT WEATHER WAS OBSERVED.


RELATIVE HUMIDITY (PERCENT)
 HIGHEST    MM
 LOWEST     MM
 AVERAGE    MM

..........................................................


THE JEROME ID CLIMATE NORMALS FOR TODAY
                         NORMAL    RECORD    YEAR
 MAXIMUM TEMPERATURE (F)   42        67      1958
 MINIMUM TEMPERATURE (F)   24        -6      1952


SUNRISE AND SUNSET
FEBRUARY 22 2017......SUNRISE   724 AM MST   SUNSET   619 PM MST
FEBRUARY 23 2017......SUNRISE   722 AM MST   SUNSET   620 PM MST


-  INDICATES NEGATIVE NUMBERS.
R  INDICATES RECORD WAS SET OR TIED.
MM INDICATES DATA IS MISSING.
T  INDICATES TRACE AMOUNT.




$$
