000
CDUS45 KBOI 030931
CLIJER


CLIMATE REPORT
NATIONAL WEATHER SERVICE BOISE ID
331 AM MDT MON AUG 3 2015


...................................

...THE JEROME ID CLIMATE SUMMARY FOR AUGUST 2 2015...

CLIMATE NORMAL PERIOD 1981 TO 2010
CLIMATE RECORD PERIOD 1919 TO 2015


WEATHER ITEM   OBSERVED TIME   RECORD YEAR NORMAL DEPARTURE LAST
                VALUE   (LST)  VALUE       VALUE  FROM      YEAR
                                                  NORMAL
..................................................................
TEMPERATURE (F)
 YESTERDAY
  MAXIMUM         96    553 PM 104    1992  88      8       91
  MINIMUM         56    446 AM  44    1975  57     -1       62
  AVERAGE         76                        72      4       77

PRECIPITATION (IN)
  YESTERDAY        0.00          0.02 1985   0.01  -0.01      T
  MONTH TO DATE    0.00                      0.02  -0.02      T
  SINCE OCT 1      8.67                     10.14  -1.47     5.65
  SINCE JAN 1      5.77                      6.62  -0.85     5.05

DEGREE DAYS
 HEATING
  YESTERDAY        0                         0      0        0
  MONTH TO DATE    0                         0      0        0
  SINCE JUN 1     27                       119    -92       74
  SINCE JUL 1     12                        12      0        0

 COOLING
  YESTERDAY       11                         8      3       12
  MONTH TO DATE   22                        16      6       23
  SINCE JUN 1    437                       286    151      440
  SINCE JAN 1    447                       299    148      450
..................................................................


WIND (MPH)
  HIGHEST WIND SPEED    13   HIGHEST WIND DIRECTION    NE (60)
  HIGHEST GUST SPEED    15   HIGHEST GUST DIRECTION    NE (40)
  AVERAGE WIND SPEED     4.2


SKY COVER
  AVERAGE SKY COVER 0.0


WEATHER CONDITIONS
 THE FOLLOWING WEATHER WAS RECORDED YESTERDAY.
  NO SIGNIFICANT WEATHER WAS OBSERVED.


RELATIVE HUMIDITY (PERCENT)
 HIGHEST    55           700 AM
 LOWEST     16          1200 PM
 AVERAGE    36

..........................................................


THE JEROME ID CLIMATE NORMALS FOR TODAY
                         NORMAL    RECORD    YEAR
 MAXIMUM TEMPERATURE (F)   88       104      1961
 MINIMUM TEMPERATURE (F)   57        40      1956


SUNRISE AND SUNSET
AUGUST  3 2015........SUNRISE   631 AM MDT   SUNSET   856 PM MDT
AUGUST  4 2015........SUNRISE   632 AM MDT   SUNSET   855 PM MDT


-  INDICATES NEGATIVE NUMBERS.
R  INDICATES RECORD WAS SET OR TIED.
MM INDICATES DATA IS MISSING.
T  INDICATES TRACE AMOUNT.




$$
