000
CDUS45 KBOI 220931
CLIJER


CLIMATE REPORT
NATIONAL WEATHER SERVICE BOISE ID
330 AM MDT TUE JUL 22 2014


...................................

...THE JEROME ID CLIMATE SUMMARY FOR JULY 21 2014...

CLIMATE NORMAL PERIOD 1981 TO 2010
CLIMATE RECORD PERIOD 1919 TO 2014


WEATHER ITEM   OBSERVED TIME   RECORD YEAR NORMAL DEPARTURE LAST
                VALUE   (LST)  VALUE       VALUE  FROM      YEAR
                                                  NORMAL
..................................................................
TEMPERATURE (F)
 YESTERDAY
  MAXIMUM         84    327 PM 105    2003  88     -4       96
  MINIMUM         59   1154 PM  42    1950  57      2       63
  AVERAGE         72                        72      0       80

PRECIPITATION (IN)
  YESTERDAY        T             0.22 1925   0.00   0.00     0.00
  MONTH TO DATE    T                         0.14  -0.14      T
  SINCE OCT 1      5.63                     10.03  -4.40     5.82
  SINCE JAN 1      5.03                      6.51  -1.48     2.52

DEGREE DAYS
 HEATING
  YESTERDAY        0                         0      0        0
  MONTH TO DATE    0                        10    -10        0
  SINCE JUN 1     74                       117    -43       78
  SINCE JUL 1      0                        10    -10        0

 COOLING
  YESTERDAY        7                         7      0       15
  MONTH TO DATE  281                       126    155      265
  SINCE JUN 1    326                       194    132      395
  SINCE JAN 1    336                       207    129      410
..................................................................


WIND (MPH)
  HIGHEST WIND SPEED    22   HIGHEST WIND DIRECTION    SW (240)
  HIGHEST GUST SPEED    27   HIGHEST GUST DIRECTION     W (260)
  AVERAGE WIND SPEED     6.9


SKY COVER
  AVERAGE SKY COVER 0.0


WEATHER CONDITIONS
 THE FOLLOWING WEATHER WAS RECORDED YESTERDAY.
  LIGHT RAIN


RELATIVE HUMIDITY (PERCENT)
 HIGHEST    78           200 AM
 LOWEST     34           300 PM
 AVERAGE    56

..........................................................


THE JEROME ID CLIMATE NORMALS FOR TODAY
                         NORMAL    RECORD    YEAR
 MAXIMUM TEMPERATURE (F)   88       105      1988
 MINIMUM TEMPERATURE (F)   57        37      1954


SUNRISE AND SUNSET
JULY 22 2014..........SUNRISE   620 AM MDT   SUNSET   908 PM MDT
JULY 23 2014..........SUNRISE   620 AM MDT   SUNSET   908 PM MDT


-  INDICATES NEGATIVE NUMBERS.
R  INDICATES RECORD WAS SET OR TIED.
MM INDICATES DATA IS MISSING.
T  INDICATES TRACE AMOUNT.




$$
