000
CDUS45 KBOI 280930
CLIJER


CLIMATE REPORT
NATIONAL WEATHER SERVICE BOISE ID
330 AM MDT THU AUG 28 2014


...................................

...THE JEROME ID CLIMATE SUMMARY FOR AUGUST 27 2014...

CLIMATE NORMAL PERIOD 1981 TO 2010
CLIMATE RECORD PERIOD 1919 TO 2014


WEATHER ITEM   OBSERVED TIME   RECORD YEAR NORMAL DEPARTURE LAST
                VALUE   (LST)  VALUE       VALUE  FROM      YEAR
                                                  NORMAL
..................................................................
TEMPERATURE (F)
 YESTERDAY
  MAXIMUM         80    547 PM 103    1924  84     -4       90
  MINIMUM         50    516 AM  37    1992  52     -2       60
  AVERAGE         65                        68     -3       75

PRECIPITATION (IN)
  YESTERDAY        0.00          0.12 2003   0.00   0.00     0.00
  MONTH TO DATE    3.51                      0.21   3.30      T
  SINCE OCT 1      9.16                     10.33  -1.17     5.82
  SINCE JAN 1      8.56                      6.81   1.75     2.52

DEGREE DAYS
 HEATING
  YESTERDAY        0                         2     -2        0
  MONTH TO DATE   22                        10     12        0
  SINCE JUN 1     96                       129    -33       78
  SINCE JUL 1     22                        22      0        0

 COOLING
  YESTERDAY        0                         4     -4       10
  MONTH TO DATE  154                       166    -12      259
  SINCE JUN 1    571                       436    135      765
  SINCE JAN 1    581                       449    132      780
..................................................................


WIND (MPH)
  HIGHEST WIND SPEED    12   HIGHEST WIND DIRECTION    SW (230)
  HIGHEST GUST SPEED    15   HIGHEST GUST DIRECTION    SW (240)
  AVERAGE WIND SPEED     5.5


SKY COVER
  AVERAGE SKY COVER 0.0


WEATHER CONDITIONS
 THE FOLLOWING WEATHER WAS RECORDED YESTERDAY.
  NO SIGNIFICANT WEATHER WAS OBSERVED.


RELATIVE HUMIDITY (PERCENT)
 HIGHEST    83           400 AM
 LOWEST     28           500 PM
 AVERAGE    56

..........................................................


THE JEROME ID CLIMATE NORMALS FOR TODAY
                         NORMAL    RECORD    YEAR
 MAXIMUM TEMPERATURE (F)   83       101      1924
 MINIMUM TEMPERATURE (F)   52        35      1960


SUNRISE AND SUNSET
AUGUST 28 2014........SUNRISE   658 AM MDT   SUNSET   819 PM MDT
AUGUST 29 2014........SUNRISE   659 AM MDT   SUNSET   817 PM MDT


-  INDICATES NEGATIVE NUMBERS.
R  INDICATES RECORD WAS SET OR TIED.
MM INDICATES DATA IS MISSING.
T  INDICATES TRACE AMOUNT.




$$
