000
CDUS41 KOKX 010635
CLIJFK


CLIMATE REPORT
NATIONAL WEATHER SERVICE NEW YORK NY
235 AM EDT SAT OCT 1 2016


...................................

...THE KENNEDY NY CLIMATE SUMMARY FOR SEPTEMBER 30 2016...

CLIMATE NORMAL PERIOD 1981 TO 2010
CLIMATE RECORD PERIOD 1948 TO 2016


WEATHER ITEM   OBSERVED TIME   RECORD YEAR NORMAL DEPARTURE LAST
                VALUE   (LST)  VALUE       VALUE  FROM      YEAR
                                                  NORMAL
..................................................................
TEMPERATURE (F)
 YESTERDAY
  MAXIMUM         62    143 PM  84    1986  70     -8       78
  MINIMUM         59   1159 PM  43    1991  55      4       60
  AVERAGE         61                        63     -2       69

PRECIPITATION (IN)
  YESTERDAY        0.31          1.66 1983   0.14   0.17     0.82
  MONTH TO DATE    2.87                      3.50  -0.63     2.58
  SINCE SEP 1      2.87                      3.50  -0.63     2.58
  SINCE JAN 1     26.14                     32.46  -6.32    28.12

SNOWFALL (IN)
  YESTERDAY        0.0          MM      MM   0.0    0.0      0.0
  MONTH TO DATE    0.0                       0.0    0.0      0.0
  SINCE OCT 1     41.4                      23.8   17.6     44.2
  SINCE JUL 1      0.0                       0.0    0.0      0.0
  SNOW DEPTH       0

DEGREE DAYS
 HEATING
  YESTERDAY        4                         4      0        0
  MONTH TO DATE   13                        36    -23        1
  SINCE SEP 1     13                        38    -25        1
  SINCE JUL 1     13                        39    -26        1

 COOLING
  YESTERDAY        0                         1     -1        4
  MONTH TO DATE  205                       130     75      243
  SINCE SEP 1    205                       130     75      243
  SINCE JAN 1   1342                       991    351     1376
..................................................................


WIND (MPH)
  HIGHEST WIND SPEED    26   HIGHEST WIND DIRECTION    NE (50)
  HIGHEST GUST SPEED    36   HIGHEST GUST DIRECTION    NE (60)
  AVERAGE WIND SPEED    18.1


SKY COVER
  POSSIBLE SUNSHINE  MM
  AVERAGE SKY COVER 0.9


WEATHER CONDITIONS
 THE FOLLOWING WEATHER WAS RECORDED YESTERDAY.
  HEAVY RAIN
  RAIN
  LIGHT RAIN
  FOG


RELATIVE HUMIDITY (PERCENT)
 HIGHEST    93           700 PM
 LOWEST     78           300 AM
 AVERAGE    86

..........................................................


THE KENNEDY NY CLIMATE NORMALS FOR TODAY
                         NORMAL    RECORD    YEAR
 MAXIMUM TEMPERATURE (F)   70        85      1986
 MINIMUM TEMPERATURE (F)   55        41      1992


SUNRISE AND SUNSET
OCTOBER  1 2016.......SUNRISE   652 AM EDT   SUNSET   636 PM EDT
OCTOBER  2 2016.......SUNRISE   653 AM EDT   SUNSET   635 PM EDT


-  INDICATES NEGATIVE NUMBERS.
R  INDICATES RECORD WAS SET OR TIED.
MM INDICATES DATA IS MISSING.
T  INDICATES TRACE AMOUNT.




$$
