000
CDUS41 KOKX 180714
CLIJFK


CLIMATE REPORT
NATIONAL WEATHER SERVICE NEW YORK NY
314 AM EDT FRI APR 18 2014


...................................

...THE KENNEDY NY CLIMATE SUMMARY FOR APRIL 17 2014...

CLIMATE NORMAL PERIOD 1981 TO 2010
CLIMATE RECORD PERIOD 1949 TO 2014


WEATHER ITEM   OBSERVED TIME   RECORD YEAR NORMAL DEPARTURE LAST
                VALUE   (LST)  VALUE       VALUE  FROM      YEAR
                                                  NORMAL
..................................................................
TEMPERATURE (F)
 YESTERDAY
  MAXIMUM         47    139 PM  90    2002  60    -13       70
  MINIMUM         35    526 AM  33    1980  44     -9       47
                                      1962
  AVERAGE         41                        52    -11       59

PRECIPITATION (IN)
  YESTERDAY        0.00          1.05 1986   0.12  -0.12     0.01
  MONTH TO DATE    1.54                      2.27  -0.73     1.48
  SINCE MAR 1      5.80                      6.05  -0.25     3.80
  SINCE JAN 1     13.40                     11.80   1.60     8.92

SNOWFALL (IN)
  YESTERDAY        0.0          MM      MM   0.1   -0.1      0.0
  MONTH TO DATE    0.1                       0.7   -0.6      0.0
  SINCE OCT 1     45.6                      23.7   21.9     17.6
  SINCE JUL 1     45.6                      23.7   21.9     17.6
  SNOW DEPTH       0

DEGREE DAYS
 HEATING
  YESTERDAY       24                        13     11        6
  MONTH TO DATE  265                       272     -7      255
  SINCE MAR 1   1115                       997    118     1021
  SINCE JUL 1   4822                      4508    314     4351

 COOLING
  YESTERDAY        0                         0      0        0
  MONTH TO DATE    0                         0      0        0
  SINCE MAR 1      0                         0      0        0
  SINCE JAN 1      0                         0      0        0
..................................................................


WIND (MPH)
  HIGHEST WIND SPEED    22   HIGHEST WIND DIRECTION    SE (130)
  HIGHEST GUST SPEED    32   HIGHEST GUST DIRECTION    SE (140)
  AVERAGE WIND SPEED    12.5


SKY COVER
  POSSIBLE SUNSHINE  MM
  AVERAGE SKY COVER 0.5


WEATHER CONDITIONS
 THE FOLLOWING WEATHER WAS RECORDED YESTERDAY.
  NO SIGNIFICANT WEATHER WAS OBSERVED.


RELATIVE HUMIDITY (PERCENT)
 HIGHEST    70           800 PM
 LOWEST     40          1000 AM
 AVERAGE    55

..........................................................


THE KENNEDY NY CLIMATE NORMALS FOR TODAY
                         NORMAL    RECORD    YEAR
 MAXIMUM TEMPERATURE (F)   60        86      2002
 MINIMUM TEMPERATURE (F)   44        35      2003


SUNRISE AND SUNSET
APRIL 18 2014.........SUNRISE   612 AM EDT   SUNSET   738 PM EDT
APRIL 19 2014.........SUNRISE   611 AM EDT   SUNSET   739 PM EDT


-  INDICATES NEGATIVE NUMBERS.
R  INDICATES RECORD WAS SET OR TIED.
MM INDICATES DATA IS MISSING.
T  INDICATES TRACE AMOUNT.




$$
