000
CDUS41 KOKX 230619
CLIJFK


CLIMATE REPORT
NATIONAL WEATHER SERVICE NEW YORK NY
118 AM EST MON JAN 23 2017


...................................

...THE KENNEDY NY CLIMATE SUMMARY FOR JANUARY 22 2017...

CLIMATE NORMAL PERIOD 1981 TO 2010
CLIMATE RECORD PERIOD 1948 TO 2017


WEATHER ITEM   OBSERVED TIME   RECORD YEAR NORMAL DEPARTURE LAST
                VALUE   (LST)  VALUE       VALUE  FROM      YEAR
                                                  NORMAL
..................................................................
TEMPERATURE (F)
 YESTERDAY
  MAXIMUM         54    127 PM  55    1973  39     15       30
  MINIMUM         43    152 AM   6    2005  26     17       21
  AVERAGE         49                        32     17       26

PRECIPITATION (IN)
  YESTERDAY        0.01          0.79 1987   0.10  -0.09     0.01
  MONTH TO DATE    2.50                      2.31   0.19     1.69
  SINCE DEC 1      5.56                      5.70  -0.14     6.48
  SINCE JAN 1      2.50                      2.31   0.19     1.69

SNOWFALL (IN)
  YESTERDAY        0.0           8.2  2005   0.2   -0.2      0.2
  MONTH TO DATE   11.1                       4.4    6.7      0.9
  SINCE OCT 1     14.4                       9.3    5.1      1.0
  SINCE JUL 1     14.4                       9.3    5.1      1.0
  SNOW DEPTH       0

DEGREE DAYS
 HEATING
  YESTERDAY       16                        33    -17       39
  MONTH TO DATE  582                       712   -130      657
  SINCE DEC 1   1364                      1557   -193     1102
  SINCE JUL 1   2004                      2381   -377     1693

 COOLING
  YESTERDAY        0                         0      0        0
  MONTH TO DATE    0                         0      0        0
  SINCE DEC 1      0                         0      0        0
  SINCE JAN 1      0                         0      0        0
..................................................................


WIND (MPH)
  HIGHEST WIND SPEED    28   HIGHEST WIND DIRECTION    NE (60)
  HIGHEST GUST SPEED    34   HIGHEST GUST DIRECTION     E (80)
  AVERAGE WIND SPEED     9.0


SKY COVER
  POSSIBLE SUNSHINE  MM
  AVERAGE SKY COVER 1.0


WEATHER CONDITIONS
 THE FOLLOWING WEATHER WAS RECORDED YESTERDAY.
  LIGHT RAIN
  FOG
  FOG W/VISIBILITY <= 1/4 MILE
  HAZE


RELATIVE HUMIDITY (PERCENT)
 HIGHEST   100          1200 AM
 LOWEST     80          1100 PM
 AVERAGE    90

..........................................................


THE KENNEDY NY CLIMATE NORMALS FOR TODAY
                         NORMAL    RECORD    YEAR
 MAXIMUM TEMPERATURE (F)   39        56      1967
 MINIMUM TEMPERATURE (F)   26         2      1976


SUNRISE AND SUNSET
JANUARY 23 2017.......SUNRISE   712 AM EST   SUNSET   502 PM EST
JANUARY 24 2017.......SUNRISE   712 AM EST   SUNSET   503 PM EST


-  INDICATES NEGATIVE NUMBERS.
R  INDICATES RECORD WAS SET OR TIED.
MM INDICATES DATA IS MISSING.
T  INDICATES TRACE AMOUNT.




$$
