000
CDUS41 KOKX 240622
CLIJFK


CLIMATE REPORT
NATIONAL WEATHER SERVICE NEW YORK NY
222 AM EDT FRI OCT 24 2014


...................................

...THE KENNEDY NY CLIMATE SUMMARY FOR OCTOBER 23 2014...

CLIMATE NORMAL PERIOD 1981 TO 2010
CLIMATE RECORD PERIOD 1949 TO 2014


WEATHER ITEM   OBSERVED TIME   RECORD YEAR NORMAL DEPARTURE LAST
                VALUE   (LST)  VALUE       VALUE  FROM      YEAR
                                                  NORMAL
..................................................................
TEMPERATURE (F)
 YESTERDAY
  MAXIMUM         54    717 PM  77    1978  62     -8       55
  MINIMUM         51    908 AM  33    1969  47      4       45
  AVERAGE         53                        55     -2       50

PRECIPITATION (IN)
  YESTERDAY        0.12          1.55 1990   0.11   0.01      T
  MONTH TO DATE    3.65                      2.74   0.91     0.28
  SINCE SEP 1      5.08                      6.24  -1.16     2.20
  SINCE JAN 1     39.19                     35.20   3.99    28.39

SNOWFALL (IN)
  YESTERDAY        0.0          MM      MM   0.0    0.0      0.0
  MONTH TO DATE    0.0                       0.0    0.0      0.0
  SINCE OCT 1      0.0                       0.0    0.0      0.0
  SINCE JUL 1      0.0                       0.0    0.0      0.0
  SNOW DEPTH       0

DEGREE DAYS
 HEATING
  YESTERDAY       12                        10      2       15
  MONTH TO DATE  115                       166    -51       78
  SINCE SEP 1    134                       204    -70      123
  SINCE JUL 1    134                       205    -71      123

 COOLING
  YESTERDAY        0                         0      0        0
  MONTH TO DATE   23                        12     11       39
  SINCE SEP 1    187                       142     45      152
  SINCE JAN 1   1050                      1003     47     1111
..................................................................


WIND (MPH)
  HIGHEST WIND SPEED    29   HIGHEST WIND DIRECTION     N (340)
  HIGHEST GUST SPEED    38   HIGHEST GUST DIRECTION     N (350)
  AVERAGE WIND SPEED    20.5


SKY COVER
  POSSIBLE SUNSHINE  MM
  AVERAGE SKY COVER 1.0


WEATHER CONDITIONS
 THE FOLLOWING WEATHER WAS RECORDED YESTERDAY.
  LIGHT RAIN
  FOG


RELATIVE HUMIDITY (PERCENT)
 HIGHEST    89           500 AM
 LOWEST     71           400 PM
 AVERAGE    80

..........................................................


THE KENNEDY NY CLIMATE NORMALS FOR TODAY
                         NORMAL    RECORD    YEAR
 MAXIMUM TEMPERATURE (F)   62        73      2001
 MINIMUM TEMPERATURE (F)   47        32      1969


SUNRISE AND SUNSET
OCTOBER 24 2014.......SUNRISE   716 AM EDT   SUNSET   602 PM EDT
OCTOBER 25 2014.......SUNRISE   717 AM EDT   SUNSET   601 PM EDT


-  INDICATES NEGATIVE NUMBERS.
R  INDICATES RECORD WAS SET OR TIED.
MM INDICATES DATA IS MISSING.
T  INDICATES TRACE AMOUNT.




$$
