000
CDUS41 KOKX 250616
CLIJFK


CLIMATE REPORT
NATIONAL WEATHER SERVICE NEW YORK NY
216 AM EDT MON MAY 25 2015


...................................

...THE KENNEDY NY CLIMATE SUMMARY FOR MAY 24 2015...

CLIMATE NORMAL PERIOD 1981 TO 2010
CLIMATE RECORD PERIOD 1949 TO 2015


WEATHER ITEM   OBSERVED TIME   RECORD YEAR NORMAL DEPARTURE LAST
                VALUE   (LST)  VALUE       VALUE  FROM      YEAR
                                                  NORMAL
..................................................................
TEMPERATURE (F)
 YESTERDAY
  MAXIMUM         74   1120 AM  86    1964  71      3       70
  MINIMUM         53    201 AM  41    1963  55     -2       57
  AVERAGE         64                        63      1       64

PRECIPITATION (IN)
  YESTERDAY        0.00          1.87 1978   0.14  -0.14     0.05
  MONTH TO DATE    0.44                      2.94  -2.50     3.57
  SINCE MAR 1      6.93                     10.59  -3.66    14.81
  SINCE JAN 1     14.59                     16.34  -1.75    22.41

SNOWFALL (IN)
  YESTERDAY        0.0          MM      MM   0.0    0.0      0.0
  MONTH TO DATE    0.0                       0.0    0.0      0.0
  SINCE OCT 1     44.2                      23.8   20.4     45.6
  SINCE JUL 1     44.2                      23.8   20.4     45.6
  SNOW DEPTH       0

DEGREE DAYS
 HEATING
  YESTERDAY        1                         3     -2        1
  MONTH TO DATE   77                       148    -71       83
  SINCE MAR 1   1279                      1288     -9     1375
  SINCE JUL 1   4971                      4799    172     5082

 COOLING
  YESTERDAY        0                         2     -2        0
  MONTH TO DATE   30                        16     14       13
  SINCE MAR 1     30                        19     11       13
  SINCE JAN 1     30                        19     11       13
..................................................................


WIND (MPH)
  HIGHEST WIND SPEED    23   HIGHEST WIND DIRECTION     S (180)
  HIGHEST GUST SPEED    29   HIGHEST GUST DIRECTION     S (180)
  AVERAGE WIND SPEED    14.1


SKY COVER
  POSSIBLE SUNSHINE  MM
  AVERAGE SKY COVER 0.5


WEATHER CONDITIONS
 THE FOLLOWING WEATHER WAS RECORDED YESTERDAY.
  NO SIGNIFICANT WEATHER WAS OBSERVED.


RELATIVE HUMIDITY (PERCENT)
 HIGHEST    78          1100 PM
 LOWEST     41          1000 AM
 AVERAGE    60

..........................................................


THE KENNEDY NY CLIMATE NORMALS FOR TODAY
                         NORMAL    RECORD    YEAR
 MAXIMUM TEMPERATURE (F)   71        91      1991
 MINIMUM TEMPERATURE (F)   56        41      1967


SUNRISE AND SUNSET
MAY 25 2015...........SUNRISE   530 AM EDT   SUNSET   814 PM EDT
MAY 26 2015...........SUNRISE   530 AM EDT   SUNSET   815 PM EDT


-  INDICATES NEGATIVE NUMBERS.
R  INDICATES RECORD WAS SET OR TIED.
MM INDICATES DATA IS MISSING.
T  INDICATES TRACE AMOUNT.




$$
