000
CDUS41 KOKX 150631
CLIJFK


CLIMATE REPORT
NATIONAL WEATHER SERVICE NEW YORK NY
131 AM EST FRI DEC 15 2017


...................................

...THE KENNEDY NY CLIMATE SUMMARY FOR DECEMBER 14 2017...

CLIMATE NORMAL PERIOD 1981 TO 2010
CLIMATE RECORD PERIOD 1948 TO 2017


WEATHER ITEM   OBSERVED TIME   RECORD YEAR NORMAL DEPARTURE LAST
                VALUE   (LST)  VALUE       VALUE  FROM      YEAR
                                                  NORMAL
..................................................................
TEMPERATURE (F)
 YESTERDAY
  MAXIMUM         32    303 PM  61    2015  44    -12       45
  MINIMUM         22   1155 PM  12    1976  32    -10       35
  AVERAGE         27                        38    -11       40

PRECIPITATION (IN)
  YESTERDAY        0.06          1.13 2003   0.11  -0.05     0.00
  MONTH TO DATE    0.71                      1.62  -0.91     1.31
  SINCE DEC 1      0.71                      1.62  -0.91     1.31
  SINCE JAN 1     42.17                     41.00   1.17    34.26

SNOWFALL (IN)
  YESTERDAY        1.4           4.5  2003   0.2    1.2      0.0
  MONTH TO DATE    4.8                       1.5    3.3      0.3
  SINCE OCT 1      4.8                       1.7    3.1      0.3
  SINCE JUL 1      4.8                       1.7    3.1      0.3
  SNOW DEPTH       1

DEGREE DAYS
 HEATING
  YESTERDAY       38                        27     11       25
  MONTH TO DATE  354                       348      6      324
  SINCE DEC 1    354                       348      6      324
  SINCE JUL 1   1039                      1172   -133      964

 COOLING
  YESTERDAY        0                         0      0        0
  MONTH TO DATE    0                         0      0        0
  SINCE DEC 1      0                         0      0        0
  SINCE JAN 1   1174                      1005    169     1362
..................................................................


WIND (MPH)
  HIGHEST WIND SPEED    24   HIGHEST WIND DIRECTION    NW (300)
  HIGHEST GUST SPEED    31   HIGHEST GUST DIRECTION     W (280)
  AVERAGE WIND SPEED    12.0


SKY COVER
  POSSIBLE SUNSHINE  MM
  AVERAGE SKY COVER 0.7


WEATHER CONDITIONS
 THE FOLLOWING WEATHER WAS RECORDED YESTERDAY.
  LIGHT SNOW
  FOG


RELATIVE HUMIDITY (PERCENT)
 HIGHEST    92           300 AM
 LOWEST     42           600 PM
 AVERAGE    67

..........................................................


THE KENNEDY NY CLIMATE NORMALS FOR TODAY
                         NORMAL    RECORD    YEAR
 MAXIMUM TEMPERATURE (F)   44        64      2015
 MINIMUM TEMPERATURE (F)   32        15      1962


SUNRISE AND SUNSET
DECEMBER 15 2017......SUNRISE   712 AM EST   SUNSET   429 PM EST
DECEMBER 16 2017......SUNRISE   713 AM EST   SUNSET   429 PM EST


-  INDICATES NEGATIVE NUMBERS.
R  INDICATES RECORD WAS SET OR TIED.
MM INDICATES DATA IS MISSING.
T  INDICATES TRACE AMOUNT.




$$
