000
CDUS41 KOKX 250616
CLIJFK


CLIMATE REPORT
NATIONAL WEATHER SERVICE NEW YORK NY
216 AM EDT TUE APR 25 2017


...................................

...THE KENNEDY NY CLIMATE SUMMARY FOR APRIL 24 2017...

CLIMATE NORMAL PERIOD 1981 TO 2010
CLIMATE RECORD PERIOD 1948 TO 2017


WEATHER ITEM   OBSERVED TIME   RECORD YEAR NORMAL DEPARTURE LAST
                VALUE   (LST)  VALUE       VALUE  FROM      YEAR
                                                  NORMAL
..................................................................
TEMPERATURE (F)
 YESTERDAY
  MAXIMUM         57   1234 PM  79    2008  62     -5       64
  MINIMUM         44    423 AM  34    1967  46     -2       47
  AVERAGE         51                        54     -3       56

PRECIPITATION (IN)
  YESTERDAY        0.01          1.76 1983   0.13  -0.12     0.00
  MONTH TO DATE    2.43                      3.15  -0.72     1.17
  SINCE MAR 1      8.22                      6.93   1.29     2.56
  SINCE JAN 1     14.44                     12.68   1.76    11.20

SNOWFALL (IN)
  YESTERDAY        0.0          MM      MM   0.0    0.0      0.0
  MONTH TO DATE    0.0                       0.8   -0.8       T
  SINCE OCT 1     30.9                      23.8    7.1     41.4
  SINCE JUL 1     30.9                      23.8    7.1     41.4
  SNOW DEPTH       0

DEGREE DAYS
 HEATING
  YESTERDAY       14                        11      3        9
  MONTH TO DATE  275                       356    -81      341
  SINCE MAR 1   1063                      1081    -18      874
  SINCE JUL 1   3981                      4592   -611     3628

 COOLING
  YESTERDAY        0                         0      0        0
  MONTH TO DATE    4                         0      4        0
  SINCE MAR 1      4                         0      4        0
  SINCE JAN 1      4                         0      4        0
..................................................................


WIND (MPH)
  HIGHEST WIND SPEED    15   HIGHEST WIND DIRECTION     E (80)
  HIGHEST GUST SPEED    19   HIGHEST GUST DIRECTION     E (70)
  AVERAGE WIND SPEED     7.4


SKY COVER
  POSSIBLE SUNSHINE  MM
  AVERAGE SKY COVER 0.9


WEATHER CONDITIONS
 THE FOLLOWING WEATHER WAS RECORDED YESTERDAY.
  LIGHT RAIN


RELATIVE HUMIDITY (PERCENT)
 HIGHEST    93          1200 AM
 LOWEST     61          1000 AM
 AVERAGE    77

..........................................................


THE KENNEDY NY CLIMATE NORMALS FOR TODAY
                         NORMAL    RECORD    YEAR
 MAXIMUM TEMPERATURE (F)   62        88      1960
 MINIMUM TEMPERATURE (F)   47        37      1971
                                             1967


SUNRISE AND SUNSET
APRIL 25 2017.........SUNRISE   602 AM EDT   SUNSET   745 PM EDT
APRIL 26 2017.........SUNRISE   600 AM EDT   SUNSET   746 PM EDT


-  INDICATES NEGATIVE NUMBERS.
R  INDICATES RECORD WAS SET OR TIED.
MM INDICATES DATA IS MISSING.
T  INDICATES TRACE AMOUNT.




$$
