000
CDUS41 KOKX 020618
CLIJFK


CLIMATE REPORT
NATIONAL WEATHER SERVICE NEW YORK NY
218 AM EDT TUE SEP 2 2014


...................................

...THE KENNEDY NY CLIMATE SUMMARY FOR SEPTEMBER 1 2014...

CLIMATE NORMAL PERIOD 1981 TO 2010
CLIMATE RECORD PERIOD 1949 TO 2014


WEATHER ITEM   OBSERVED TIME   RECORD YEAR NORMAL DEPARTURE LAST
                VALUE   (LST)  VALUE       VALUE  FROM      YEAR
                                                  NORMAL
..................................................................
TEMPERATURE (F)
 YESTERDAY
  MAXIMUM         86    251 PM  92    2012  80      6       84
                                      2010
  MINIMUM         74    544 AM  54    1985  66      8       73
                                      1967
  AVERAGE         80                        72      8       79

PRECIPITATION (IN)
  YESTERDAY        T             0.63 2002   0.11  -0.11     0.02
  MONTH TO DATE    T                         0.11  -0.11     0.02
  SINCE SEP 1      T                         0.11  -0.11     0.02
  SINCE JAN 1     34.11                     29.07   5.04    26.21

SNOWFALL (IN)
  YESTERDAY        0.0          MM      MM   0.0    0.0      0.0
  MONTH TO DATE    0.0                       0.0    0.0      0.0
  SINCE OCT 1     45.6                      23.8   21.8     17.6
  SINCE JUL 1      0.0                       0.0    0.0      0.0
  SNOW DEPTH       0

DEGREE DAYS
 HEATING
  YESTERDAY        0                         0      0        0
  MONTH TO DATE    0                         0      0        0
  SINCE SEP 1      0                         0      0        0
  SINCE JUL 1      0                         1     -1        0

 COOLING
  YESTERDAY       15                         8      7       14
  MONTH TO DATE   15                         8      7       14
  SINCE SEP 1     15                         8      7       14
  SINCE JAN 1    878                       869      9      973
..................................................................


WIND (MPH)
  HIGHEST WIND SPEED    16   HIGHEST WIND DIRECTION     S (190)
  HIGHEST GUST SPEED    21   HIGHEST GUST DIRECTION     S (180)
  AVERAGE WIND SPEED     8.8


SKY COVER
  POSSIBLE SUNSHINE  MM
  AVERAGE SKY COVER 0.7


WEATHER CONDITIONS
 THE FOLLOWING WEATHER WAS RECORDED YESTERDAY.
  LIGHT RAIN


RELATIVE HUMIDITY (PERCENT)
 HIGHEST    88           800 AM
 LOWEST     57           300 PM
 AVERAGE    73

..........................................................


THE KENNEDY NY CLIMATE NORMALS FOR TODAY
                         NORMAL    RECORD    YEAR
 MAXIMUM TEMPERATURE (F)   79        93      1973
                                             1961
 MINIMUM TEMPERATURE (F)   65        53      1949


SUNRISE AND SUNSET
SEPTEMBER  2 2014.....SUNRISE   623 AM EDT   SUNSET   726 PM EDT
SEPTEMBER  3 2014.....SUNRISE   624 AM EDT   SUNSET   724 PM EDT


-  INDICATES NEGATIVE NUMBERS.
R  INDICATES RECORD WAS SET OR TIED.
MM INDICATES DATA IS MISSING.
T  INDICATES TRACE AMOUNT.




$$
