000
CDUS43 KJKL 230530
CLIJKL

CLIMATE REPORT
NATIONAL WEATHER SERVICE JACKSON KY
1230 AM EST THU NOV 23 2017

...................................

...THE JACKSON KY CLIMATE SUMMARY FOR NOVEMBER 22 2017...

CLIMATE NORMAL PERIOD 1981 TO 2010
CLIMATE RECORD PERIOD 1981 TO 2017

WEATHER ITEM   OBSERVED TIME   RECORD YEAR NORMAL DEPARTURE LAST
                VALUE   (LST)  VALUE       VALUE  FROM      YEAR
                                                  NORMAL
..................................................................
TEMPERATURE (F)
 YESTERDAY
  MAXIMUM         48   1240 AM  72    2010  55     -7       50
                                      1999
                                      1983
  MINIMUM         29   1159 PM  16    2008  37     -8       25
                                      2000
  AVERAGE         39                        46     -7       38

PRECIPITATION (IN)
  YESTERDAY        0.00          2.99 1991   0.14  -0.14     0.00
  MONTH TO DATE    1.27                      2.85  -1.58     0.40
  SINCE SEP 1      9.89                      9.50   0.39     3.23
  SINCE JAN 1     48.21                     43.05   5.16    44.22

SNOWFALL (IN)
  YESTERDAY        0.0           0.1  2002   0.0    0.0      0.0
  MONTH TO DATE    0.0                       0.2   -0.2      0.0
  SINCE SEP 1      T                         0.3   -0.3      0.0
  SINCE JUL 1      T                         0.3   -0.3      0.0
  SNOW DEPTH       0

DEGREE DAYS
 HEATING
  YESTERDAY       26                        19      7       27
  MONTH TO DATE  358                       336     22      281
  SINCE SEP 1    592                       631    -39      403
  SINCE JUL 1    592                       633    -41      403

 COOLING
  YESTERDAY        0                         0      0        0
  MONTH TO DATE    5                         0      5       22
  SINCE SEP 1    198                       172     26      348
  SINCE JAN 1   1200                      1150     50     1580
..................................................................

WIND (MPH)
  HIGHEST WIND SPEED    10   HIGHEST WIND DIRECTION    NW (320)
  HIGHEST GUST SPEED    18   HIGHEST GUST DIRECTION    NW (330)
  AVERAGE WIND SPEED     4.0

SKY COVER
  POSSIBLE SUNSHINE  MM
  AVERAGE SKY COVER 0.2

WEATHER CONDITIONS
 THE FOLLOWING WEATHER WAS RECORDED YESTERDAY.
  NO SIGNIFICANT WEATHER WAS OBSERVED.

RELATIVE HUMIDITY (PERCENT)
 HIGHEST    79           500 AM
 LOWEST     45           200 PM
 AVERAGE    62
..........................................................

THE JACKSON KY CLIMATE NORMALS FOR TODAY
                         NORMAL    RECORD    YEAR
 MAXIMUM TEMPERATURE (F)   54        75      1999
 MINIMUM TEMPERATURE (F)   37        21      2015

SUNRISE AND SUNSET
NOVEMBER 23 2017......SUNRISE   722 AM EST   SUNSET   518 PM EST
NOVEMBER 24 2017......SUNRISE   723 AM EST   SUNSET   517 PM EST

-  INDICATES NEGATIVE NUMBERS.
R  INDICATES RECORD WAS SET OR TIED.
MM INDICATES DATA IS MISSING.
T  INDICATES TRACE AMOUNT.

$$
GREIF
