000
CDUS43 KJKL 222124
CLIJKL

CLIMATE REPORT
NATIONAL WEATHER SERVICE JACKSON KY
424 PM EST THU FEB 22 2018

...................................

...THE JACKSON KY CLIMATE SUMMARY FOR FEBRUARY 22 2018...
VALID TODAY AS OF 0400 PM LOCAL TIME.

CLIMATE NORMAL PERIOD 1981 TO 2010
CLIMATE RECORD PERIOD 1981 TO 2018

WEATHER ITEM   OBSERVED TIME   RECORD YEAR NORMAL DEPARTURE LAST
                VALUE   (LST)  VALUE       VALUE  FROM      YEAR
                                                  NORMAL
..................................................................
TEMPERATURE (F)
 TODAY
  MAXIMUM         59    358 PM  71    1992  50      9       61
  MINIMUM         50    927 AM  17    1999  31     19       53
  AVERAGE         55                        40     15       57

PRECIPITATION (IN)
  TODAY            0.04          1.21 2003   0.14  -0.10     0.29
  MONTH TO DATE    6.82                      2.93   3.89     1.57
  SINCE DEC 1     12.02                     10.72   1.30    12.44
  SINCE JAN 1      8.74                      6.54   2.20     6.28

SNOWFALL (IN)
  TODAY            0.0           3.3  1987   0.2   -0.2      0.0
  MONTH TO DATE    2.6                       5.8   -3.2       T
  SINCE DEC 1     10.4                      17.8   -7.4      4.6
  SINCE JUL 1     10.4                      18.4   -8.0      4.6
  SNOW DEPTH       0

DEGREE DAYS
 HEATING
  TODAY           10                        24    -14        8
  MONTH TO DATE  452                       593   -141      397
  SINCE DEC 1   2331                      2359    -28     1892
  SINCE JUL 1   3053                      3159   -106     2418

 COOLING
  TODAY            0                         0      0        0
  MONTH TO DATE   10                         0     10        0
  SINCE DEC 1     10                         1      9        0
  SINCE JAN 1     10                         0     10        0
..................................................................

WIND (MPH)
  HIGHEST WIND SPEED    13   HIGHEST WIND DIRECTION    NW (320)
  HIGHEST GUST SPEED    20   HIGHEST GUST DIRECTION    NW (310)
  AVERAGE WIND SPEED     2.9

SKY COVER
  POSSIBLE SUNSHINE  MM
  AVERAGE SKY COVER 1.0

WEATHER CONDITIONS
 THE FOLLOWING WEATHER WAS RECORDED TODAY.
  LIGHT RAIN
  FOG
  FOG W/VISIBILITY <= 1/4 MILE

RELATIVE HUMIDITY (PERCENT)
 HIGHEST   100           500 AM
 LOWEST     86          1200 PM
 AVERAGE    93

..........................................................

THE JACKSON KY CLIMATE NORMALS FOR TOMORROW
                         NORMAL    RECORD    YEAR
 MAXIMUM TEMPERATURE (F)   50        79      1996
 MINIMUM TEMPERATURE (F)   32        12      2015

SUNRISE AND SUNSET
FEBRUARY 22 2018......SUNRISE   714 AM EST   SUNSET   620 PM EST
FEBRUARY 23 2018......SUNRISE   713 AM EST   SUNSET   621 PM EST

-  INDICATES NEGATIVE NUMBERS.
R  INDICATES RECORD WAS SET OR TIED.
MM INDICATES DATA IS MISSING.
T  INDICATES TRACE AMOUNT.

$$

CARICO
