000
CDUS43 KJKL 222023
CLIJKL

CLIMATE REPORT
NATIONAL WEATHER SERVICE JACKSON KY
423 PM EDT FRI JUL 22 2016


...................................

...THE JACKSON KY CLIMATE SUMMARY FOR JULY 22 2016...
VALID TODAY AS OF 0400 PM LOCAL TIME.

CLIMATE NORMAL PERIOD 1981 TO 2010
CLIMATE RECORD PERIOD 1981 TO 2016


WEATHER ITEM   OBSERVED TIME   RECORD YEAR NORMAL DEPARTURE LAST
                VALUE   (LST)  VALUE       VALUE  FROM      YEAR
                                                  NORMAL
..................................................................
TEMPERATURE (F)
 TODAY
  MAXIMUM         90    258 PM  93    1995  85      5       84
                                      1991
  MINIMUM         69    704 AM  58    2007  66      3       66
  AVERAGE         80                        75      5       75

PRECIPITATION (IN)
  TODAY            0.00          1.41 1997   0.16  -0.16     0.00
  MONTH TO DATE    4.30                      3.28   1.02     8.82
  SINCE JUN 1      9.31                      7.98   1.33    16.24
  SINCE JAN 1     32.11                     28.49   3.62    40.71

SNOWFALL (IN)
  TODAY            0.0                       0.0    0.0      0.0
  MONTH TO DATE    0.0                       0.0    0.0      0.0
  SINCE JUN 1      0.0                       0.0    0.0      0.0
  SINCE JUL 1      0.0                       0.0    0.0      0.0
  SNOW DEPTH       0

DEGREE DAYS
 HEATING
  TODAY            0                         0      0        0
  MONTH TO DATE    0                         0      0        0
  SINCE JUN 1      1                        12    -11        9
  SINCE JUL 1      0                         0      0        0

 COOLING
  TODAY           15                        10      5       10
  MONTH TO DATE  261                       226     35      220
  SINCE JUN 1    557                       449    108      494
  SINCE JAN 1    698                       585    113      698
..................................................................


WIND (MPH)
  HIGHEST WIND SPEED     8   HIGHEST WIND DIRECTION    NW (320)
  HIGHEST GUST SPEED    11   HIGHEST GUST DIRECTION    NW (300)
  AVERAGE WIND SPEED     1.4


SKY COVER
  POSSIBLE SUNSHINE  MM
  AVERAGE SKY COVER 0.0


WEATHER CONDITIONS
 THE FOLLOWING WEATHER WAS RECORDED TODAY.
  NO SIGNIFICANT WEATHER WAS OBSERVED.


RELATIVE HUMIDITY (PERCENT)
 HIGHEST    84           500 AM
 LOWEST     55          1200 PM
 AVERAGE    70

..........................................................


THE JACKSON KY CLIMATE NORMALS FOR TOMORROW
                         NORMAL    RECORD    YEAR
 MAXIMUM TEMPERATURE (F)   85        93      1983
 MINIMUM TEMPERATURE (F)   66        61      2007
                                             2003
                                             1981


SUNRISE AND SUNSET
JULY 22 2016..........SUNRISE   629 AM EDT   SUNSET   850 PM EDT
JULY 23 2016..........SUNRISE   630 AM EDT   SUNSET   849 PM EDT


-  INDICATES NEGATIVE NUMBERS.
R  INDICATES RECORD WAS SET OR TIED.
MM INDICATES DATA IS MISSING.
T  INDICATES TRACE AMOUNT.




$$
