000
CDUS43 KJKL 040548
CLIJKL

CLIMATE REPORT
NATIONAL WEATHER SERVICE JACKSON KY
148 AM EDT TUE AUG 4 2015

...................................

...THE JACKSON KY CLIMATE SUMMARY FOR AUGUST 3 2015...

CLIMATE NORMAL PERIOD 1981 TO 2010
CLIMATE RECORD PERIOD 1981 TO 2015

WEATHER ITEM   OBSERVED TIME   RECORD YEAR NORMAL DEPARTURE LAST
                VALUE   (LST)  VALUE       VALUE  FROM      YEAR
                                                  NORMAL
..................................................................
TEMPERATURE (F)
 YESTERDAY
  MAXIMUM         87    331 PM  97    2006  84      3       80
  MINIMUM         62    607 AM  57    2014  66     -4       57
  AVERAGE         75                        75      0       69

PRECIPITATION (IN)
  YESTERDAY        1.22          1.61 2003   0.14   1.08     0.00
  MONTH TO DATE    1.22                      0.42   0.80     0.22
  SINCE JUN 1     17.51                      9.77   7.74     9.11
  SINCE JAN 1     41.98                     30.28  11.70    29.97

SNOWFALL (IN)
  YESTERDAY        0.0                       0.0    0.0      0.0
  MONTH TO DATE    0.0                       0.0    0.0      0.0
  SINCE JUN 1      0.0                       0.0    0.0      0.0
  SINCE JUL 1      0.0                       0.0    0.0      0.0
  SNOW DEPTH       0

DEGREE DAYS
 HEATING
  YESTERDAY        0                         0      0        0
  MONTH TO DATE    0                         0      0        0
  SINCE JUN 1      9                        12     -3        3
  SINCE JUL 1      0                         0      0        3

 COOLING
  YESTERDAY       10                        10      0        4
  MONTH TO DATE   27                        30     -3       21
  SINCE JUN 1    626                       574     52      557
  SINCE JAN 1    830                       710    120      748
..................................................................

WIND (MPH)
  HIGHEST WIND SPEED    21   HIGHEST WIND DIRECTION     N (340)
  HIGHEST GUST SPEED    32   HIGHEST GUST DIRECTION    NW (330)
  AVERAGE WIND SPEED     2.3

SKY COVER
  POSSIBLE SUNSHINE  MM
  AVERAGE SKY COVER 0.1

WEATHER CONDITIONS
 THE FOLLOWING WEATHER WAS RECORDED YESTERDAY.
  THUNDERSTORM
  HEAVY RAIN
  RAIN
  LIGHT RAIN
  FOG

RELATIVE HUMIDITY (PERCENT)
 HIGHEST    93           500 AM
 LOWEST     51           100 PM
 AVERAGE    72
..........................................................

THE JACKSON KY CLIMATE NORMALS FOR TODAY
                         NORMAL    RECORD    YEAR
 MAXIMUM TEMPERATURE (F)   85        95      2010
                                             2005
 MINIMUM TEMPERATURE (F)   66        59      2014

SUNRISE AND SUNSET
AUGUST  4 2015........SUNRISE   639 AM EDT   SUNSET   839 PM EDT
AUGUST  5 2015........SUNRISE   640 AM EDT   SUNSET   838 PM EDT

-  INDICATES NEGATIVE NUMBERS.
R  INDICATES RECORD WAS SET OR TIED.
MM INDICATES DATA IS MISSING.
T  INDICATES TRACE AMOUNT.

$$

GEOGERIAN
