000
CDUS43 KSGF 280628
CLIJLN


CLIMATE REPORT
NATIONAL WEATHER SERVICE SPRINGFIELD MO
127 AM CDT SUN MAY 28 2017


...................................

...THE JOPLIN MO CLIMATE SUMMARY FOR MAY 27 2017...

CLIMATE NORMAL PERIOD 1981 TO 2010
CLIMATE RECORD PERIOD 1902 TO 2017


WEATHER ITEM   OBSERVED TIME   RECORD YEAR NORMAL DEPARTURE LAST
                VALUE   (LST)  VALUE       VALUE  FROM      YEAR
                                                  NORMAL
..................................................................
TEMPERATURE (F)
 YESTERDAY
  MAXIMUM         86    249 PM  92    2012  80      6       74
  MINIMUM         66   1119 PM  44    1961  59      7       60
  AVERAGE         76                        70      6       67

PRECIPITATION (IN)
  YESTERDAY        0.73          1.83 1987   0.18   0.55     0.29
  MONTH TO DATE    7.32                      4.98   2.34     5.48
  SINCE MAR 1     21.26                     12.87   8.39    12.60
  SINCE JAN 1     25.25                     17.22   8.03    13.27

DEGREE DAYS
 HEATING
  YESTERDAY        0                         1     -1        0
  MONTH TO DATE   62                        62      0      123
  SINCE MAR 1    617                       811   -194      639
  SINCE JUL 1   3169                      4065   -896     3389

 COOLING
  YESTERDAY       11                         6      5        2
  MONTH TO DATE  107                       101      6       63
  SINCE MAR 1    171                       154     17       85
  SINCE JAN 1    181                       155     26       86
..................................................................


WIND (MPH)
  HIGHEST WIND SPEED    20   HIGHEST WIND DIRECTION    NE (40)
  HIGHEST GUST SPEED    29   HIGHEST GUST DIRECTION    NE (30)
  AVERAGE WIND SPEED     8.3


SKY COVER
  AVERAGE SKY COVER 0.7


WEATHER CONDITIONS
 THE FOLLOWING WEATHER WAS RECORDED YESTERDAY.
  THUNDERSTORM
  HEAVY RAIN
  RAIN
  HAIL
  FOG
  HAZE


RELATIVE HUMIDITY (PERCENT)
 HIGHEST    97           800 PM
 LOWEST     70           300 PM
 AVERAGE    84

..........................................................


THE JOPLIN MO CLIMATE NORMALS FOR TODAY
                         NORMAL    RECORD    YEAR
 MAXIMUM TEMPERATURE (F)   81        92      1983
 MINIMUM TEMPERATURE (F)   60        43      1984


SUNRISE AND SUNSET
MAY 28 2017...........SUNRISE   601 AM CDT   SUNSET   830 PM CDT
MAY 29 2017...........SUNRISE   601 AM CDT   SUNSET   831 PM CDT


-  INDICATES NEGATIVE NUMBERS.
R  INDICATES RECORD WAS SET OR TIED.
MM INDICATES DATA IS MISSING.
T  INDICATES TRACE AMOUNT.




$$
