000
CDUS43 KSGF 190625
CLIJLN


CLIMATE REPORT
NATIONAL WEATHER SERVICE SPRINGFIELD MO
125 AM CDT FRI SEP 19 2014


...................................

...THE JOPLIN MO CLIMATE SUMMARY FOR SEPTEMBER 18 2014...

CLIMATE NORMAL PERIOD 1981 TO 2010
CLIMATE RECORD PERIOD 1902 TO 2014


WEATHER ITEM   OBSERVED TIME   RECORD YEAR NORMAL DEPARTURE LAST
                VALUE   (LST)  VALUE       VALUE  FROM      YEAR
                                                  NORMAL
..................................................................
TEMPERATURE (F)
 YESTERDAY
  MAXIMUM         77    259 PM  96    1952  81     -4       90
  MINIMUM         63   1159 PM  37    1981  58      5       69
  AVERAGE         70                        70      0       80

PRECIPITATION (IN)
  YESTERDAY        0.77          2.69 1988   0.17   0.60    MM
  MONTH TO DATE    4.52                      2.99   1.53      T
  SINCE SEP 1      4.52                      2.99   1.53      T
  SINCE JAN 1     19.96                     33.96 -14.00    35.46

DEGREE DAYS
 HEATING
  YESTERDAY        0                         1     -1        0
  MONTH TO DATE   22                         7     15        0
  SINCE SEP 1     22                         7     15        0
  SINCE JUL 1     23                         8     15        0

 COOLING
  YESTERDAY        5                         6     -1       15
  MONTH TO DATE  139                       159    -20      208
  SINCE SEP 1    139                       159    -20      208
  SINCE JAN 1   1472                      1586   -114     1472
..................................................................


WIND (MPH)
  HIGHEST WIND SPEED    28   HIGHEST WIND DIRECTION     S (180)
  HIGHEST GUST SPEED    33   HIGHEST GUST DIRECTION     S (180)
  AVERAGE WIND SPEED     9.3


SKY COVER
  AVERAGE SKY COVER 0.3


WEATHER CONDITIONS
 THE FOLLOWING WEATHER WAS RECORDED YESTERDAY.
  THUNDERSTORM
  HEAVY RAIN
  RAIN
  LIGHT RAIN
  FOG


RELATIVE HUMIDITY (PERCENT)
 HIGHEST   100           400 AM
 LOWEST     64           300 PM
 AVERAGE    82

..........................................................


THE JOPLIN MO CLIMATE NORMALS FOR TODAY
                         NORMAL    RECORD    YEAR
 MAXIMUM TEMPERATURE (F)   81        98      1954
 MINIMUM TEMPERATURE (F)   58        38      1991


SUNRISE AND SUNSET
SEPTEMBER 19 2014.....SUNRISE   703 AM CDT   SUNSET   719 PM CDT
SEPTEMBER 20 2014.....SUNRISE   704 AM CDT   SUNSET   718 PM CDT


-  INDICATES NEGATIVE NUMBERS.
R  INDICATES RECORD WAS SET OR TIED.
MM INDICATES DATA IS MISSING.
T  INDICATES TRACE AMOUNT.




$$
