000
CDUS43 KSGF 310627
CLIJLN


CLIMATE REPORT
NATIONAL WEATHER SERVICE SPRINGFIELD MO
126 AM CDT TUE MAY 31 2016


...................................

...THE JOPLIN MO CLIMATE SUMMARY FOR MAY 30 2016...

CLIMATE NORMAL PERIOD 1981 TO 2010
CLIMATE RECORD PERIOD 1902 TO 2016


WEATHER ITEM   OBSERVED TIME   RECORD YEAR NORMAL DEPARTURE LAST
                VALUE   (LST)  VALUE       VALUE  FROM      YEAR
                                                  NORMAL
..................................................................
TEMPERATURE (F)
 YESTERDAY
  MAXIMUM         76   1042 AM  94    1982  81     -5       66
  MINIMUM         62    402 AM  41    1984  60      2       59
  AVERAGE         69                        71     -2       63

PRECIPITATION (IN)
  YESTERDAY        0.59          2.53 1997   0.18   0.41     0.00
  MONTH TO DATE    6.07                      5.52   0.55    10.35
  SINCE MAR 1     13.19                     13.41  -0.22    16.13
  SINCE JAN 1     13.86                     17.76  -3.90    17.65

DEGREE DAYS
 HEATING
  YESTERDAY        0                         1     -1        2
  MONTH TO DATE  123                        65     58       65
  SINCE MAR 1    639                       814   -175      752
  SINCE JUL 1   3389                      4068   -679     4288

 COOLING
  YESTERDAY        4                         6     -2        0
  MONTH TO DATE   83                       119    -36      109
  SINCE MAR 1    105                       172    -67      144
  SINCE JAN 1    106                       173    -67      144
..................................................................


WIND (MPH)
  HIGHEST WIND SPEED    24   HIGHEST WIND DIRECTION    SW (220)
  HIGHEST GUST SPEED    31   HIGHEST GUST DIRECTION    SW (220)
  AVERAGE WIND SPEED     5.1


SKY COVER
  AVERAGE SKY COVER 0.6


WEATHER CONDITIONS
 THE FOLLOWING WEATHER WAS RECORDED YESTERDAY.
  THUNDERSTORM
  HEAVY RAIN
  LIGHT RAIN
  FOG


RELATIVE HUMIDITY (PERCENT)
 HIGHEST   100           300 AM
 LOWEST     73           800 AM
 AVERAGE    87

..........................................................


THE JOPLIN MO CLIMATE NORMALS FOR TODAY
                         NORMAL    RECORD    YEAR
 MAXIMUM TEMPERATURE (F)   82        95      1949
 MINIMUM TEMPERATURE (F)   61        46      1983


SUNRISE AND SUNSET
MAY 31 2016...........SUNRISE   600 AM CDT   SUNSET   832 PM CDT
JUNE  1 2016..........SUNRISE   559 AM CDT   SUNSET   833 PM CDT


-  INDICATES NEGATIVE NUMBERS.
R  INDICATES RECORD WAS SET OR TIED.
MM INDICATES DATA IS MISSING.
T  INDICATES TRACE AMOUNT.




$$
