000
CDUS43 KSGF 180630
CLIJLN


CLIMATE REPORT
NATIONAL WEATHER SERVICE SPRINGFIELD MO
1230 AM CST SAT NOV 18 2017


...................................

...THE JOPLIN MO CLIMATE SUMMARY FOR NOVEMBER 17 2017...

CLIMATE NORMAL PERIOD 1981 TO 2010
CLIMATE RECORD PERIOD 1902 TO 2017


WEATHER ITEM   OBSERVED TIME   RECORD YEAR NORMAL DEPARTURE LAST
                VALUE   (LST)  VALUE       VALUE  FROM      YEAR
                                                  NORMAL
..................................................................
TEMPERATURE (F)
 YESTERDAY
  MAXIMUM         73    408 PM  79    2016  58     15       79
  MINIMUM         57    235 AM   8    1959  37     20       64
  AVERAGE         65                        48     17       72

PRECIPITATION (IN)
  YESTERDAY        0.00          3.34 2015   0.13  -0.13     0.00
  MONTH TO DATE    0.16                      2.23  -2.07     0.74
  SINCE SEP 1      5.96                     11.21  -5.25     8.73
  SINCE JAN 1     44.64                     42.18   2.46    38.51

DEGREE DAYS
 HEATING
  YESTERDAY        0                        17    -17        0
  MONTH TO DATE  226                       237    -11      125
  SINCE SEP 1    457                       488    -31      227
  SINCE JUL 1    457                       489    -32      227

 COOLING
  YESTERDAY        0                         0      0        7
  MONTH TO DATE    1                         5     -4       27
  SINCE SEP 1    318                       269     49      391
  SINCE JAN 1   1750                      1696     54     1878
..................................................................


WIND (MPH)
  HIGHEST WIND SPEED    28   HIGHEST WIND DIRECTION     S (190)
  HIGHEST GUST SPEED    39   HIGHEST GUST DIRECTION     S (200)
  AVERAGE WIND SPEED    18.4


SKY COVER
  AVERAGE SKY COVER 0.7


WEATHER CONDITIONS
 THE FOLLOWING WEATHER WAS RECORDED YESTERDAY.
  NO SIGNIFICANT WEATHER WAS OBSERVED.


RELATIVE HUMIDITY (PERCENT)
 HIGHEST    90           600 AM
 LOWEST     68           400 PM
 AVERAGE    79

..........................................................


THE JOPLIN MO CLIMATE NORMALS FOR TODAY
                         NORMAL    RECORD    YEAR
 MAXIMUM TEMPERATURE (F)   58        76      1999
 MINIMUM TEMPERATURE (F)   37         6      2014


SUNRISE AND SUNSET
NOVEMBER 18 2017......SUNRISE   700 AM CST   SUNSET   506 PM CST
NOVEMBER 19 2017......SUNRISE   701 AM CST   SUNSET   505 PM CST


-  INDICATES NEGATIVE NUMBERS.
R  INDICATES RECORD WAS SET OR TIED.
MM INDICATES DATA IS MISSING.
T  INDICATES TRACE AMOUNT.




$$
