000
CDUS43 KSGF 300626
CLIJLN


CLIMATE REPORT
NATIONAL WEATHER SERVICE SPRINGFIELD MO
125 AM CDT THU OCT 30 2014


...................................

...THE JOPLIN MO CLIMATE SUMMARY FOR OCTOBER 29 2014...

CLIMATE NORMAL PERIOD 1981 TO 2010
CLIMATE RECORD PERIOD 1902 TO 2014


WEATHER ITEM   OBSERVED TIME   RECORD YEAR NORMAL DEPARTURE LAST
                VALUE   (LST)  VALUE       VALUE  FROM      YEAR
                                                  NORMAL
..................................................................
TEMPERATURE (F)
 YESTERDAY
  MAXIMUM         66    420 PM  87    1950  67     -1       68
  MINIMUM         38    648 AM  25    1980  45     -7       55
  AVERAGE         52                        56     -4       62

PRECIPITATION (IN)
  YESTERDAY        0.00          2.14 2013   0.13  -0.13     2.14
  MONTH TO DATE    7.95                      3.77   4.18     3.68
  SINCE SEP 1     12.48                      8.72   3.76     3.68
  SINCE JAN 1     27.92                     39.69 -11.77    39.14

DEGREE DAYS
 HEATING
  YESTERDAY       13                        10      3        3
  MONTH TO DATE  153                       190    -37      257
  SINCE SEP 1    180                       231    -51      268
  SINCE JUL 1    181                       232    -51      268

 COOLING
  YESTERDAY        0                         1     -1        0
  MONTH TO DATE   54                        47      7       51
  SINCE SEP 1    250                       262    -12      302
  SINCE JAN 1   1583                      1689   -106     1566
..................................................................


WIND (MPH)
  HIGHEST WIND SPEED     9   HIGHEST WIND DIRECTION     S (160)
  HIGHEST GUST SPEED    10   HIGHEST GUST DIRECTION     S (160)
  AVERAGE WIND SPEED     2.4


SKY COVER
  AVERAGE SKY COVER 0.0


WEATHER CONDITIONS
 THE FOLLOWING WEATHER WAS RECORDED YESTERDAY.
  NO SIGNIFICANT WEATHER WAS OBSERVED.


RELATIVE HUMIDITY (PERCENT)
 HIGHEST    93           600 AM
 LOWEST     32           400 PM
 AVERAGE    63

..........................................................


THE JOPLIN MO CLIMATE NORMALS FOR TODAY
                         NORMAL    RECORD    YEAR
 MAXIMUM TEMPERATURE (F)   67        86      1950
                                             1968
 MINIMUM TEMPERATURE (F)   44        23      1993


SUNRISE AND SUNSET
OCTOBER 30 2014.......SUNRISE   740 AM CDT   SUNSET   622 PM CDT
OCTOBER 31 2014.......SUNRISE   741 AM CDT   SUNSET   621 PM CDT


-  INDICATES NEGATIVE NUMBERS.
R  INDICATES RECORD WAS SET OR TIED.
MM INDICATES DATA IS MISSING.
T  INDICATES TRACE AMOUNT.




$$
