000
CDUS43 KSGF 120704
CLIJLN


CLIMATE REPORT
NATIONAL WEATHER SERVICE SPRINGFIELD MO
104 AM CST FRI FEB 12 2016


...................................

...THE JOPLIN MO CLIMATE SUMMARY FOR FEBRUARY 11 2016...

CLIMATE NORMAL PERIOD 1981 TO 2010
CLIMATE RECORD PERIOD 1902 TO 2016


WEATHER ITEM   OBSERVED TIME   RECORD YEAR NORMAL DEPARTURE LAST
                VALUE   (LST)  VALUE       VALUE  FROM      YEAR
                                                  NORMAL
..................................................................
TEMPERATURE (F)
 YESTERDAY
  MAXIMUM         48    344 PM  72    1951  49     -1       44
  MINIMUM         25    741 AM  -8    1981  28     -3       24
  AVERAGE         37                        39     -2       34

PRECIPITATION (IN)
  YESTERDAY        0.00          1.33 2009   0.09  -0.09     0.00
  MONTH TO DATE    0.11                      0.81  -0.70     0.39
  SINCE DEC 1     10.18                      5.66   4.52     2.93
  SINCE JAN 1      0.41                      2.84  -2.43     1.09

DEGREE DAYS
 HEATING
  YESTERDAY       28                        26      2       31
  MONTH TO DATE  294                       303     -9      287
  SINCE DEC 1   1811                      2095   -284     1973
  SINCE JUL 1   2429                      2852   -423     2886

 COOLING
  YESTERDAY        0                         0      0        0
  MONTH TO DATE    0                         0      0        0
  SINCE DEC 1      3                         0      3        0
  SINCE JAN 1      0                         0      0        0
..................................................................


WIND (MPH)
  HIGHEST WIND SPEED    17   HIGHEST WIND DIRECTION    SW (210)
  HIGHEST GUST SPEED    21   HIGHEST GUST DIRECTION    SW (210)
  AVERAGE WIND SPEED     6.9


SKY COVER
  AVERAGE SKY COVER 0.0


WEATHER CONDITIONS
 THE FOLLOWING WEATHER WAS RECORDED YESTERDAY.
  NO SIGNIFICANT WEATHER WAS OBSERVED.


RELATIVE HUMIDITY (PERCENT)
 HIGHEST    81           600 AM
 LOWEST     37           200 PM
 AVERAGE    59

..........................................................


THE JOPLIN MO CLIMATE NORMALS FOR TODAY
                         NORMAL    RECORD    YEAR
 MAXIMUM TEMPERATURE (F)   50        82      1962
 MINIMUM TEMPERATURE (F)   28         3      1988


SUNRISE AND SUNSET
FEBRUARY 12 2016......SUNRISE   711 AM CST   SUNSET   554 PM CST
FEBRUARY 13 2016......SUNRISE   710 AM CST   SUNSET   555 PM CST


-  INDICATES NEGATIVE NUMBERS.
R  INDICATES RECORD WAS SET OR TIED.
MM INDICATES DATA IS MISSING.
T  INDICATES TRACE AMOUNT.




$$
