000
CDUS43 KBIS 200727
CLIJMS


CLIMATE REPORT
NATIONAL WEATHER SERVICE BISMARCK ND
227 AM CDT SAT SEP 20 2014


...................................

...THE JAMESTOWN ND CLIMATE SUMMARY FOR SEPTEMBER 19 2014...

CLIMATE NORMAL PERIOD 1981 TO 2010
CLIMATE RECORD PERIOD 1891 TO 2014


WEATHER ITEM   OBSERVED TIME   RECORD YEAR NORMAL DEPARTURE LAST
                VALUE   (LST)  VALUE       VALUE  FROM      YEAR
                                                  NORMAL
..................................................................
TEMPERATURE (F)
 YESTERDAY
  MAXIMUM         82    418 PM  96    1940  69     13       67
  MINIMUM         59   1159 PM  18    1929  43     16       51
  AVERAGE         71                        56     15       59

PRECIPITATION (IN)
  YESTERDAY        0.03          1.00 1961   0.06  -0.03      T
  MONTH TO DATE    1.49                      1.37   0.12     1.69
  SINCE SEP 1      1.49                      1.37   0.12     1.69
  SINCE JAN 1     20.17                     15.56   4.61    10.89

DEGREE DAYS
 HEATING
  YESTERDAY        0                        10    -10        6
  MONTH TO DATE  161                       122     39       56
  SINCE SEP 1    161                       122     39       56
  SINCE JUL 1    216                       188     28      100

 COOLING
  YESTERDAY        6                         1      5        0
  MONTH TO DATE   11                        27    -16       48
  SINCE SEP 1     11                        27    -16       48
  SINCE JAN 1    349                       442    -93      514
..................................................................


WIND (MPH)
  HIGHEST WIND SPEED    22   HIGHEST WIND DIRECTION     W (280)
  HIGHEST GUST SPEED    27   HIGHEST GUST DIRECTION     S (170)
  AVERAGE WIND SPEED    12.2


SKY COVER
  POSSIBLE SUNSHINE  MM
  AVERAGE SKY COVER 0.2


WEATHER CONDITIONS
 THE FOLLOWING WEATHER WAS RECORDED YESTERDAY.
  LIGHT RAIN
  FOG


RELATIVE HUMIDITY (PERCENT)
 HIGHEST    93           600 AM
 LOWEST     34           400 PM
 AVERAGE    64

..........................................................


THE JAMESTOWN ND CLIMATE NORMALS FOR TODAY
                         NORMAL    RECORD    YEAR
 MAXIMUM TEMPERATURE (F)   68        96      1937
 MINIMUM TEMPERATURE (F)   43        19      1918


SUNRISE AND SUNSET
SEPTEMBER 20 2014.....SUNRISE   719 AM CDT   SUNSET   736 PM CDT
SEPTEMBER 21 2014.....SUNRISE   720 AM CDT   SUNSET   734 PM CDT


-  INDICATES NEGATIVE NUMBERS.
R  INDICATES RECORD WAS SET OR TIED.
MM INDICATES DATA IS MISSING.
T  INDICATES TRACE AMOUNT.




$$
