000
CDUS43 KBIS 102224
CLIJMS


CLIMATE REPORT
NATIONAL WEATHER SERVICE BISMARCK ND
522 PM CDT THU JUL 10 2014


...................................

...THE JAMESTOWN ND CLIMATE SUMMARY FOR JULY 10 2014...
VALID TODAY AS OF 0500 PM LOCAL TIME.

CLIMATE NORMAL PERIOD 1981 TO 2010
CLIMATE RECORD PERIOD 1891 TO 2014


WEATHER ITEM   OBSERVED TIME   RECORD YEAR NORMAL DEPARTURE LAST
                VALUE   (LST)  VALUE       VALUE  FROM      YEAR
                                                  NORMAL
..................................................................
TEMPERATURE (F)
 TODAY
  MAXIMUM         77    141 PM 113    1936  82     -5       81
  MINIMUM         58    400 AM  40    1924  57      1       53
  AVERAGE         68                        70     -2       67

PRECIPITATION (IN)
  TODAY            T             1.11 1977   0.12  -0.12     0.00
  MONTH TO DATE    0.44                      1.22  -0.78     0.17
  SINCE JUN 1      6.80                      4.41   2.39     1.90
  SINCE JAN 1     15.24                      9.96   5.28     7.49

DEGREE DAYS
 HEATING
  TODAY            0                         1     -1        0
  MONTH TO DATE   17                        10      7        0
  SINCE JUN 1     76                       107    -31       85
  SINCE JUL 1     17                        10      7        0

 COOLING
  TODAY            3                         5     -2        2
  MONTH TO DATE   37                        50    -13       72
  SINCE JUN 1     93                       130    -37      172
  SINCE JAN 1    147                       150     -3      183
..................................................................


WIND (MPH)
  RESULTANT WIND SPEED  10   RESULTANT WIND DIRECTION   S (170)
  HIGHEST WIND SPEED    17   HIGHEST WIND DIRECTION     S (180)
  HIGHEST GUST SPEED    21   HIGHEST GUST DIRECTION     S (170)
  AVERAGE WIND SPEED     9.7


SKY COVER
  POSSIBLE SUNSHINE  MM
  AVERAGE SKY COVER 0.1


WEATHER CONDITIONS
 THE FOLLOWING WEATHER WAS RECORDED TODAY.
  NO SIGNIFICANT WEATHER WAS OBSERVED.


RELATIVE HUMIDITY (PERCENT)
 HIGHEST    93           400 AM
 LOWEST     60          1200 PM
 AVERAGE    77

..........................................................


THE JAMESTOWN ND CLIMATE NORMALS FOR TOMORROW
                         NORMAL    RECORD    YEAR
 MAXIMUM TEMPERATURE (F)   82       109      1936
 MINIMUM TEMPERATURE (F)   57        39      1900


SUNRISE AND SUNSET
JULY 10 2014..........SUNRISE   551 AM CDT   SUNSET   929 PM CDT
JULY 11 2014..........SUNRISE   551 AM CDT   SUNSET   928 PM CDT


-  INDICATES NEGATIVE NUMBERS.
R  INDICATES RECORD WAS SET OR TIED.
MM INDICATES DATA IS MISSING.
T  INDICATES TRACE AMOUNT.




$$
