000
CDUS43 KBIS 310056
CLIJMS


CLIMATE REPORT
NATIONAL WEATHER SERVICE BISMARCK ND
755 PM CDT MON MAR 30 2015


...................................

...THE JAMESTOWN ND CLIMATE SUMMARY FOR MARCH 30 2015...
VALID TODAY AS OF 0700 PM LOCAL TIME.

CLIMATE NORMAL PERIOD 1981 TO 2010
CLIMATE RECORD PERIOD 1891 TO 2015


WEATHER ITEM   OBSERVED TIME   RECORD YEAR NORMAL DEPARTURE LAST
                VALUE   (LST)  VALUE       VALUE  FROM      YEAR
                                                  NORMAL
..................................................................
TEMPERATURE (F)
 TODAY
  MAXIMUM         65    307 PM  74    2010  45     20       53
  MINIMUM         30    214 AM -12    1969  24      6       27
  AVERAGE         48                        34     14       40

PRECIPITATION (IN)
  TODAY            0.00          0.52 2007   0.04  -0.04     0.00
  MONTH TO DATE    0.61                      0.81  -0.20     0.03
  SINCE MAR 1      0.61                      0.81  -0.20     0.03
  SINCE JAN 1      1.03                      1.66  -0.63     0.42

DEGREE DAYS
 HEATING
  TODAY           17                        31    -14       25
  MONTH TO DATE  977                      1132   -155     1226
  SINCE MAR 1    977                      1132   -155     1226
  SINCE JUL 1   7714                      7891   -177     8494

 COOLING
  TODAY            0                         0      0        0
  MONTH TO DATE    0                         0      0        0
  SINCE MAR 1      0                         0      0        0
  SINCE JAN 1      0                         0      0        0
..................................................................


WIND (MPH)
  RESULTANT WIND SPEED   8   RESULTANT WIND DIRECTION  NW (310)
  HIGHEST WIND SPEED    30   HIGHEST WIND DIRECTION    NW (320)
  HIGHEST GUST SPEED    38   HIGHEST GUST DIRECTION    NW (320)
  AVERAGE WIND SPEED    11.6


SKY COVER
  POSSIBLE SUNSHINE  MM
  AVERAGE SKY COVER 0.3


WEATHER CONDITIONS
 THE FOLLOWING WEATHER WAS RECORDED TODAY.
  NO SIGNIFICANT WEATHER WAS OBSERVED.


RELATIVE HUMIDITY (PERCENT)
 HIGHEST    92           100 AM
 LOWEST     28           400 PM
 AVERAGE    60

..........................................................


THE JAMESTOWN ND CLIMATE NORMALS FOR TOMORROW
                         NORMAL    RECORD    YEAR
 MAXIMUM TEMPERATURE (F)   46        77      1963
 MINIMUM TEMPERATURE (F)   24        -5      1923


SUNRISE AND SUNSET
MARCH 30 2015.........SUNRISE   718 AM CDT   SUNSET   801 PM CDT
MARCH 31 2015.........SUNRISE   716 AM CDT   SUNSET   802 PM CDT


-  INDICATES NEGATIVE NUMBERS.
R  INDICATES RECORD WAS SET OR TIED.
MM INDICATES DATA IS MISSING.
T  INDICATES TRACE AMOUNT.




$$
