000
CDUS43 KBIS 300032
CLIJMS


CLIMATE REPORT
NATIONAL WEATHER SERVICE BISMARCK ND
731 PM CDT MON SEP 29 2014


...................................

...THE JAMESTOWN ND CLIMATE SUMMARY FOR SEPTEMBER 29 2014...
VALID TODAY AS OF 0700 PM LOCAL TIME.

CLIMATE NORMAL PERIOD 1981 TO 2010
CLIMATE RECORD PERIOD 1891 TO 2014


WEATHER ITEM   OBSERVED TIME   RECORD YEAR NORMAL DEPARTURE LAST
                VALUE   (LST)  VALUE       VALUE  FROM      YEAR
                                                  NORMAL
..................................................................
TEMPERATURE (F)
 TODAY
  MAXIMUM         57    348 PM  94    1905  64     -7       77
  MINIMUM         44    751 AM  17    1930  39      5       41
  AVERAGE         51                        52     -1       59

PRECIPITATION (IN)
  TODAY            T             0.94 1965   0.06  -0.06     0.00
  MONTH TO DATE    1.59                      1.95  -0.36     2.17
  SINCE SEP 1      1.59                      1.95  -0.36     2.17
  SINCE JAN 1     20.27                     16.14   4.13    11.37

DEGREE DAYS
 HEATING
  TODAY           14                        14      0        6
  MONTH TO DATE  207                       240    -33      116
  SINCE SEP 1    207                       240    -33      116
  SINCE JUL 1    262                       306    -44      160

 COOLING
  TODAY            0                         0      0        0
  MONTH TO DATE   29                        28      1       55
  SINCE SEP 1     29                        28      1       55
  SINCE JAN 1    367                       443    -76      521
..................................................................


WIND (MPH)
  RESULTANT WIND SPEED   8   RESULTANT WIND DIRECTION  NE (60)
  HIGHEST WIND SPEED    14   HIGHEST WIND DIRECTION     E (100)
  HIGHEST GUST SPEED    19   HIGHEST GUST DIRECTION     N (20)
  AVERAGE WIND SPEED     9.7


SKY COVER
  POSSIBLE SUNSHINE  MM
  AVERAGE SKY COVER 1.0


WEATHER CONDITIONS
 THE FOLLOWING WEATHER WAS RECORDED TODAY.
  FOG


RELATIVE HUMIDITY (PERCENT)
 HIGHEST    93          1200 AM
 LOWEST     72           300 PM
 AVERAGE    83

..........................................................


THE JAMESTOWN ND CLIMATE NORMALS FOR TOMORROW
                         NORMAL    RECORD    YEAR
 MAXIMUM TEMPERATURE (F)   64        91      1976
 MINIMUM TEMPERATURE (F)   39        17      1907


SUNRISE AND SUNSET
SEPTEMBER 29 2014.....SUNRISE   731 AM CDT   SUNSET   718 PM CDT
SEPTEMBER 30 2014.....SUNRISE   732 AM CDT   SUNSET   716 PM CDT


-  INDICATES NEGATIVE NUMBERS.
R  INDICATES RECORD WAS SET OR TIED.
MM INDICATES DATA IS MISSING.
T  INDICATES TRACE AMOUNT.




$$
