000
CDUS43 KBIS 260805
CLIJMS


CLIMATE REPORT
NATIONAL WEATHER SERVICE BISMARCK ND
305 AM CDT WED APR 26 2017


...................................

...THE JAMESTOWN ND CLIMATE SUMMARY FOR APRIL 25 2017...

CLIMATE NORMAL PERIOD 1981 TO 2010
CLIMATE RECORD PERIOD 1891 TO 2017


WEATHER ITEM   OBSERVED TIME   RECORD YEAR NORMAL DEPARTURE LAST
                VALUE   (LST)  VALUE       VALUE  FROM      YEAR
                                                  NORMAL
..................................................................
TEMPERATURE (F)
 YESTERDAY
  MAXIMUM         32   1159 PM  83    1962  60    -28       42
  MINIMUM         29    717 AM  17    1907  34     -5       38
  AVERAGE         31                        47    -16       40

PRECIPITATION (IN)
  YESTERDAY        0.00          2.07 1935   0.05  -0.05     0.65
  MONTH TO DATE    1.40                      0.90   0.50     2.57
  SINCE MAR 1      1.48                      1.74  -0.26     2.93
  SINCE JAN 1      1.90                      2.59  -0.69     3.04

DEGREE DAYS
 HEATING
  YESTERDAY       34                        18     16       25
  MONTH TO DATE  525                       594    -69      590
  SINCE MAR 1   1680                      1755    -75     1448
  SINCE JUL 1   7689                      8514   -825     7190

 COOLING
  YESTERDAY        0                         0      0        0
  MONTH TO DATE    0                         0      0        0
  SINCE MAR 1      0                         0      0        0
  SINCE JAN 1      0                         0      0        0
..................................................................


WIND (MPH)
  HIGHEST WIND SPEED    29   HIGHEST WIND DIRECTION     N (10)
  HIGHEST GUST SPEED    35   HIGHEST GUST DIRECTION     N (10)
  AVERAGE WIND SPEED    20.0


SKY COVER
  POSSIBLE SUNSHINE  MM
  AVERAGE SKY COVER 1.0


WEATHER CONDITIONS
 THE FOLLOWING WEATHER WAS RECORDED YESTERDAY.
  NO SIGNIFICANT WEATHER WAS OBSERVED.


RELATIVE HUMIDITY (PERCENT)
 HIGHEST   100           200 AM
 LOWEST     78          1100 AM
 AVERAGE    89

..........................................................


THE JAMESTOWN ND CLIMATE NORMALS FOR TODAY
                         NORMAL    RECORD    YEAR
 MAXIMUM TEMPERATURE (F)   61        90      1952
 MINIMUM TEMPERATURE (F)   35        18      1933
                                             1931


SUNRISE AND SUNSET
APRIL 26 2017.........SUNRISE   627 AM CDT   SUNSET   839 PM CDT
APRIL 27 2017.........SUNRISE   625 AM CDT   SUNSET   840 PM CDT


-  INDICATES NEGATIVE NUMBERS.
R  INDICATES RECORD WAS SET OR TIED.
MM INDICATES DATA IS MISSING.
T  INDICATES TRACE AMOUNT.




$$
