000
CDUS43 KBIS 020827
CLIJMS


CLIMATE REPORT
NATIONAL WEATHER SERVICE BISMARCK ND
326 AM CDT THU JUL 2 2015


...................................

...THE JAMESTOWN ND CLIMATE SUMMARY FOR JULY 1 2015...

CLIMATE NORMAL PERIOD 1981 TO 2010
CLIMATE RECORD PERIOD 1891 TO 2015


WEATHER ITEM   OBSERVED TIME   RECORD YEAR NORMAL DEPARTURE LAST
                VALUE   (LST)  VALUE       VALUE  FROM      YEAR
                                                  NORMAL
..................................................................
TEMPERATURE (F)
 YESTERDAY
  MAXIMUM         77    437 PM  98    1974  80     -3       62
  MINIMUM         63    648 AM  39    1918  56      7       51
  AVERAGE         70                        68      2       57

PRECIPITATION (IN)
  YESTERDAY        0.10          1.78 1955   0.12  -0.02     0.15
  MONTH TO DATE    0.10                      0.12  -0.02     0.15
  SINCE JUN 1      5.76                      3.31   2.45     6.51
  SINCE JAN 1     15.92                      8.86   7.06    14.95

DEGREE DAYS
 HEATING
  YESTERDAY        0                         1     -1        8
  MONTH TO DATE    0                         1     -1        8
  SINCE JUN 1     42                        98    -56       67
  SINCE JUL 1      0                         1     -1        8

 COOLING
  YESTERDAY        5                         5      0        0
  MONTH TO DATE    5                         5      0        0
  SINCE JUN 1    107                        85     22       56
  SINCE JAN 1    115                       105     10      110
..................................................................


WIND (MPH)
  HIGHEST WIND SPEED    12   HIGHEST WIND DIRECTION    SE (120)
  HIGHEST GUST SPEED    14   HIGHEST GUST DIRECTION    SE (130)
  AVERAGE WIND SPEED     6.6


SKY COVER
  POSSIBLE SUNSHINE  MM
  AVERAGE SKY COVER 0.7


WEATHER CONDITIONS
 THE FOLLOWING WEATHER WAS RECORDED YESTERDAY.
  LIGHT RAIN
  FOG


RELATIVE HUMIDITY (PERCENT)
 HIGHEST    93          1200 AM
 LOWEST     60           300 PM
 AVERAGE    77

..........................................................


THE JAMESTOWN ND CLIMATE NORMALS FOR TODAY
                         NORMAL    RECORD    YEAR
 MAXIMUM TEMPERATURE (F)   80       104      1949
 MINIMUM TEMPERATURE (F)   56        35      1945


SUNRISE AND SUNSET
JULY  2 2015..........SUNRISE   544 AM CDT   SUNSET   933 PM CDT
JULY  3 2015..........SUNRISE   545 AM CDT   SUNSET   932 PM CDT


-  INDICATES NEGATIVE NUMBERS.
R  INDICATES RECORD WAS SET OR TIED.
MM INDICATES DATA IS MISSING.
T  INDICATES TRACE AMOUNT.




$$
