000
CDUS43 KBIS 240841
CLIJMS


CLIMATE REPORT
NATIONAL WEATHER SERVICE BISMARCK ND
241 AM CST FRI FEB 24 2017


...................................

...THE JAMESTOWN ND CLIMATE SUMMARY FOR FEBRUARY 23 2017...

CLIMATE NORMAL PERIOD 1981 TO 2010
CLIMATE RECORD PERIOD 1891 TO 2017


WEATHER ITEM   OBSERVED TIME   RECORD YEAR NORMAL DEPARTURE LAST
                VALUE   (LST)  VALUE       VALUE  FROM      YEAR
                                                  NORMAL
..................................................................
TEMPERATURE (F)
 YESTERDAY
  MAXIMUM         31    315 PM  60    1905  27      4       36
  MINIMUM         20   1159 PM -26    1910   9     11       24
  AVERAGE         26                        18      8       30

PRECIPITATION (IN)
  YESTERDAY        0.00          0.46 1982   0.02  -0.02     0.03
  MONTH TO DATE    0.20                      0.30  -0.10     0.11
  SINCE DEC 1      1.71                      1.15   0.56     0.25
  SINCE JAN 1      0.42                      0.75  -0.33     0.11

DEGREE DAYS
 HEATING
  YESTERDAY       39                        47     -8       35
  MONTH TO DATE  976                      1168   -192      977
  SINCE DEC 1   4227                      4446   -219     3895
  SINCE JUL 1   5788                      6530   -742     5543

 COOLING
  YESTERDAY        0                         0      0        0
  MONTH TO DATE    0                         0      0        0
  SINCE DEC 1      0                         0      0        0
  SINCE JAN 1      0                         0      0        0
..................................................................


WIND (MPH)
  HIGHEST WIND SPEED    17   HIGHEST WIND DIRECTION     N (20)
  HIGHEST GUST SPEED    22   HIGHEST GUST DIRECTION    NE (40)
  AVERAGE WIND SPEED     9.7


SKY COVER
  POSSIBLE SUNSHINE  MM
  AVERAGE SKY COVER 0.7


WEATHER CONDITIONS
 THE FOLLOWING WEATHER WAS RECORDED YESTERDAY.
  NO SIGNIFICANT WEATHER WAS OBSERVED.


RELATIVE HUMIDITY (PERCENT)
 HIGHEST   100           400 AM
 LOWEST     72          1100 AM
 AVERAGE    86

..........................................................


THE JAMESTOWN ND CLIMATE NORMALS FOR TODAY
                         NORMAL    RECORD    YEAR
 MAXIMUM TEMPERATURE (F)   28        55      1905
 MINIMUM TEMPERATURE (F)    9       -27      1955


SUNRISE AND SUNSET
FEBRUARY 24 2017......SUNRISE   723 AM CST   SUNSET   613 PM CST
FEBRUARY 25 2017......SUNRISE   721 AM CST   SUNSET   615 PM CST


-  INDICATES NEGATIVE NUMBERS.
R  INDICATES RECORD WAS SET OR TIED.
MM INDICATES DATA IS MISSING.
T  INDICATES TRACE AMOUNT.




$$
