000
CDUS43 KBIS 260724
CLIJMS


CLIMATE REPORT
NATIONAL WEATHER SERVICE BISMARCK ND
124 AM CST MON JAN 26 2015


...................................

...THE JAMESTOWN ND CLIMATE SUMMARY FOR JANUARY 25 2015...

CLIMATE NORMAL PERIOD 1981 TO 2010
CLIMATE RECORD PERIOD 1891 TO 2015


WEATHER ITEM   OBSERVED TIME   RECORD YEAR NORMAL DEPARTURE LAST
                VALUE   (LST)  VALUE       VALUE  FROM      YEAR
                                                  NORMAL
..................................................................
TEMPERATURE (F)
 YESTERDAY
  MAXIMUM         36   1159 PM  49    2002  20     16       27
                                      1973
  MINIMUM         19    658 AM -35    1918   0     19        3
  AVERAGE         28                        10     18       15

PRECIPITATION (IN)
  YESTERDAY        0.01          0.24 1956   0.01   0.00     0.14
  MONTH TO DATE    0.27                      0.38  -0.11     0.29
  SINCE DEC 1      0.30                      0.78  -0.48     0.55
  SINCE JAN 1      0.27                      0.38  -0.11     0.29

DEGREE DAYS
 HEATING
  YESTERDAY       37                        55    -18       50
  MONTH TO DATE 1265                      1373   -108     1365
  SINCE DEC 1   2728                      2949   -221     3227
  SINCE JUL 1   4891                      5033   -142     5235

 COOLING
  YESTERDAY        0                         0      0        0
  MONTH TO DATE    0                         0      0        0
  SINCE DEC 1      0                         0      0        0
  SINCE JAN 1      0                         0      0        0
..................................................................


WIND (MPH)
  HIGHEST WIND SPEED    16   HIGHEST WIND DIRECTION     S (200)
  HIGHEST GUST SPEED    20   HIGHEST GUST DIRECTION     S (190)
  AVERAGE WIND SPEED     6.8


SKY COVER
  POSSIBLE SUNSHINE  MM
  AVERAGE SKY COVER 0.9


WEATHER CONDITIONS
 THE FOLLOWING WEATHER WAS RECORDED YESTERDAY.
  LIGHT SNOW
  FOG


RELATIVE HUMIDITY (PERCENT)
 HIGHEST    92          1200 AM
 LOWEST     77          1000 AM
 AVERAGE    85

..........................................................


THE JAMESTOWN ND CLIMATE NORMALS FOR TODAY
                         NORMAL    RECORD    YEAR
 MAXIMUM TEMPERATURE (F)   20        52      1990
 MINIMUM TEMPERATURE (F)    0       -37      1918


SUNRISE AND SUNSET
JANUARY 26 2015.......SUNRISE   807 AM CST   SUNSET   528 PM CST
JANUARY 27 2015.......SUNRISE   805 AM CST   SUNSET   530 PM CST


-  INDICATES NEGATIVE NUMBERS.
R  INDICATES RECORD WAS SET OR TIED.
MM INDICATES DATA IS MISSING.
T  INDICATES TRACE AMOUNT.




$$
