000
CDUS43 KBIS 180742
CLIJMS


CLIMATE REPORT
NATIONAL WEATHER SERVICE BISMARCK ND
242 AM CDT FRI AUG 18 2017


...................................

...THE JAMESTOWN ND CLIMATE SUMMARY FOR AUGUST 17 2017...

CLIMATE NORMAL PERIOD 1981 TO 2010
CLIMATE RECORD PERIOD 1891 TO 2017


WEATHER ITEM   OBSERVED TIME   RECORD YEAR NORMAL DEPARTURE LAST
                VALUE   (LST)  VALUE       VALUE  FROM      YEAR
                                                  NORMAL
..................................................................
TEMPERATURE (F)
 YESTERDAY
  MAXIMUM         81    335 PM 101    1973  82     -1       86
  MINIMUM         54    625 AM  37    1924  55     -1       56
  AVERAGE         68                        68      0       71

PRECIPITATION (IN)
  YESTERDAY        0.00          1.82 2005   0.07  -0.07     0.00
  MONTH TO DATE    3.35                      1.08   2.27     3.58
  SINCE JUN 1      6.02                      7.62  -1.60    11.91
  SINCE JAN 1      8.81                     13.17  -4.36    17.74

DEGREE DAYS
 HEATING
  YESTERDAY        0                         1     -1        0
  MONTH TO DATE   18                        16      2        0
  SINCE JUN 1     71                       135    -64       56
  SINCE JUL 1     21                        38    -17        7

 COOLING
  YESTERDAY        3                         5     -2        6
  MONTH TO DATE   22                        94    -72       83
  SINCE JUN 1    338                       346     -8      353
  SINCE JAN 1    338                       366    -28      367
..................................................................


WIND (MPH)
  HIGHEST WIND SPEED    10   HIGHEST WIND DIRECTION    NW (310)
  HIGHEST GUST SPEED    13   HIGHEST GUST DIRECTION    NW (310)
  AVERAGE WIND SPEED     4.8


SKY COVER
  POSSIBLE SUNSHINE  MM
  AVERAGE SKY COVER 0.0


WEATHER CONDITIONS
 THE FOLLOWING WEATHER WAS RECORDED YESTERDAY.
  THUNDERSTORM
  FOG


RELATIVE HUMIDITY (PERCENT)
 HIGHEST   100           200 AM
 LOWEST     45           200 PM
 AVERAGE    73

..........................................................


THE JAMESTOWN ND CLIMATE NORMALS FOR TODAY
                         NORMAL    RECORD    YEAR
 MAXIMUM TEMPERATURE (F)   82       104      1959
 MINIMUM TEMPERATURE (F)   55        38      2002


SUNRISE AND SUNSET
AUGUST 18 2017........SUNRISE   636 AM CDT   SUNSET   840 PM CDT
AUGUST 19 2017........SUNRISE   638 AM CDT   SUNSET   838 PM CDT


-  INDICATES NEGATIVE NUMBERS.
R  INDICATES RECORD WAS SET OR TIED.
MM INDICATES DATA IS MISSING.
T  INDICATES TRACE AMOUNT.




$$
