000
CDAK47 PAJK 030043
CLIJNU
AKZ025-031400-

438 PM AKDT SUN AUG 2 2015


...................................

...THE JUNEAU CLIMATE SUMMARY FOR AUGUST 2 2015...
VALID TODAY AS OF 0400 PM LOCAL TIME.

CLIMATE NORMAL PERIOD 1981 TO 2010
CLIMATE RECORD PERIOD 1936 TO 2015


WEATHER ITEM   OBSERVED TIME   RECORD YEAR NORMAL DEPARTURE LAST
                VALUE   (LST)  VALUE       VALUE  FROM      YEAR
                                                  NORMAL
..................................................................
TEMPERATURE (F)
 TODAY
  MAXIMUM         65    255 PM  83    1999  64      1       77
  MINIMUM         51    432 AM  41    1943  51      0       45
  AVERAGE         58                        58      0       61

PRECIPITATION (IN)
  TODAY            0.00          1.63 1971   0.15  -0.15     0.00
  MONTH TO DATE    0.03                      0.31  -0.28     0.00
  SINCE JUN 1     15.09                      8.15   6.94    15.74
  SINCE JAN 1     42.91                     27.75  15.16    35.66

DEGREE DAYS
 HEATING
  TODAY            7                         7      0        4
  MONTH TO DATE   13                        14     -1        9
  SINCE JUN 1    475                       580   -105      593
  SINCE JUL 1    241                       265    -24      239

 COOLING
  TODAY            0                         0      0        0
  MONTH TO DATE    0                         0      0        0
  SINCE JUN 1      7                         2      5        0
  SINCE JAN 1      7                         2      5        0
..................................................................


WIND (MPH)
  HIGHEST WIND SPEED    17   HIGHEST WIND DIRECTION    SW (240)
  HIGHEST GUST SPEED    19   HIGHEST GUST DIRECTION    SW (230)
  AVERAGE WIND SPEED     6.5


SKY COVER
  AVERAGE SKY COVER 0.9


WEATHER CONDITIONS
 THE FOLLOWING WEATHER WAS RECORDED TODAY.
  NO SIGNIFICANT WEATHER WAS OBSERVED.


RELATIVE HUMIDITY (PERCENT)
 HIGHEST    96           400 AM
 LOWEST     67          1200 PM
 AVERAGE    82

..........................................................


THE JUNEAU CLIMATE NORMALS FOR TOMORROW
                         NORMAL    RECORD    YEAR
 MAXIMUM TEMPERATURE (F)   64        79      1976
 MINIMUM TEMPERATURE (F)   51        38      1975


SUNRISE AND SUNSET
AUGUST  2 2015........SUNRISE   451 AM AKDT  SUNSET   916 PM AKDT
AUGUST  3 2015........SUNRISE   454 AM AKDT  SUNSET   914 PM AKDT


-  INDICATES NEGATIVE NUMBERS.
R  INDICATES RECORD WAS SET OR TIED.
MM INDICATES DATA IS MISSING.
T  INDICATES TRACE AMOUNT.




$$

&&
----------------------------
AMOUNT OF DAYLIGHT TODAY  (HOUR:MIN)........16:16
GAIN/LOSS SINCE YESTERDAY (HOUR:MIN:SEC)....-0:04:29
