000
CDAK47 PAJK 301211
CLIJNU
AKZ025-310000-
CLIMATE REPORT
NATIONAL WEATHER SERVICE JUNEAU, AK
311 AM AKST FRI JAN 30 2015


...................................

...THE JUNEAU CLIMATE SUMMARY FOR JANUARY 29 2015...

CLIMATE NORMAL PERIOD 1981 TO 2010
CLIMATE RECORD PERIOD 1943 TO 2015


WEATHER ITEM   OBSERVED TIME   RECORD YEAR NORMAL DEPARTURE LAST
                VALUE   (LST)  VALUE       VALUE  FROM      YEAR
                                                  NORMAL
..................................................................
TEMPERATURE (F)
 YESTERDAY
  MAXIMUM         37    226 AM  47    1993  33      4       39
  MINIMUM         33   1132 PM -15    1966  24      9       35
  AVERAGE         35                        29      6       37

PRECIPITATION (IN)
  YESTERDAY        0.23          1.54 1993   0.16   0.07     0.02
  MONTH TO DATE   11.98                      5.01   6.97    10.15
  SINCE DEC 1     15.27                     10.85   4.42    18.67
  SINCE JAN 1     11.98                      5.01   6.97    10.15

SNOWFALL (IN)
  YESTERDAY        T             6.3  2012   0.9   -0.9      0.0
  MONTH TO DATE   15.1                      25.8  -10.7      4.7
  SINCE DEC 1     18.6                      41.4  -22.8     44.8
  SINCE JUL 1     28.4                      55.3  -26.9     64.0
  SNOW DEPTH       4

DEGREE DAYS
 HEATING
  YESTERDAY       30                        36     -6       28
  MONTH TO DATE  847                      1070   -223      806
  SINCE DEC 1   1819                      2160   -341     1958
  SINCE JUL 1   4228                      4791   -563     4431
..................................................................


WIND (MPH)
  HIGHEST WIND SPEED    17   HIGHEST WIND DIRECTION     E (110)
  HIGHEST GUST SPEED    21   HIGHEST GUST DIRECTION     E (110)
  AVERAGE WIND SPEED     1.4


SKY COVER
  POSSIBLE SUNSHINE  MM
  AVERAGE SKY COVER 1.0


WEATHER CONDITIONS
 THE FOLLOWING WEATHER WAS RECORDED YESTERDAY.
  LIGHT RAIN
  SNOW
  FOG
  FOG W/VISIBILITY <= 1/4 MILE


RELATIVE HUMIDITY (PERCENT)
 HIGHEST   100           600 AM
 LOWEST     92          1200 AM
 AVERAGE    96

..........................................................


THE JUNEAU CLIMATE NORMALS FOR TODAY
                         NORMAL    RECORD    YEAR
 MAXIMUM TEMPERATURE (F)   34        48      2000
 MINIMUM TEMPERATURE (F)   24       -17      1947


SUNRISE AND SUNSET
JANUARY 30 2015.......SUNRISE   808 AM AKST  SUNSET   416 PM AKST
JANUARY 31 2015.......SUNRISE   806 AM AKST  SUNSET   418 PM AKST


-  INDICATES NEGATIVE NUMBERS.
R  INDICATES RECORD WAS SET OR TIED.
MM INDICATES DATA IS MISSING.
T  INDICATES TRACE AMOUNT.




$$


&&
----------------------------
AMOUNT OF DAYLIGHT TODAY  (HOUR:MIN)........ 8:08
GAIN/LOSS SINCE YESTERDAY (HOUR:MIN:SEC)....+0:04:27
