476
CDAK47 PAJK 151231
CLIJNU
CLIMATE REPORT
NATIONAL WEATHER SERVICE JUNEAU, AK
329 AM AKST MON JAN 15 2018


...................................

...THE JUNEAU CLIMATE SUMMARY FOR JANUARY 14 2018...

CLIMATE NORMAL PERIOD 1981 TO 2010
CLIMATE RECORD PERIOD 1936 TO 2018


WEATHER ITEM   OBSERVED RECORD YEAR NORMAL DEPARTURE LAST
                VALUE   VALUE       VALUE  FROM      YEAR
                                           NORMAL
...........................................................
TEMPERATURE (F)
 YESTERDAY
  MAXIMUM         52R    50    1981  33     19       42
  MINIMUM         42    -11    1950  24     18       39
  AVERAGE         47                 28     19       41

PRECIPITATION (IN)
  YESTERDAY        0.03   2.10 2014   0.18  -0.15     0.77
  MONTH TO DATE    5.20               2.42   2.78     1.98
  SINCE JAN 1      5.20               2.42   2.78     1.98

SNOWFALL (IN)
  YESTERDAY        0.0    8.2  1972   1.0   -1.0      0.0
  MONTH TO DATE    9.1               11.4   -2.3       T
  SINCE JUL 1     35.9               40.9   -5.0     25.2
  SNOW DEPTH       0

DEGREE DAYS
 HEATING
  YESTERDAY       18                 37    -19       24
  MONTH TO DATE  486                518    -32      544
...........................................................


WIND (MPH)
  HIGHEST WIND SPEED    29   HIGHEST WIND DIRECTION    SE (120)
  HIGHEST GUST SPEED    37   HIGHEST GUST DIRECTION    SE (120)
  AVERAGE WIND SPEED    15.3


SKY COVER
  AVERAGE SKY COVER 0.9


WEATHER CONDITIONS
 THE FOLLOWING WEATHER WAS RECORDED YESTERDAY.
  LIGHT RAIN


..........................................................


THE JUNEAU CLIMATE NORMALS FOR TODAY
                         NORMAL    RECORD    YEAR
 MAXIMUM TEMPERATURE (F)   33        55      1981
 MINIMUM TEMPERATURE (F)   24       -12      1950


SUNRISE AND SUNSET
JANUARY 15 2018.......SUNRISE   834 AM AKST  SUNSET   342 PM AKST
JANUARY 16 2018.......SUNRISE   832 AM AKST  SUNSET   345 PM AKST


-  INDICATES NEGATIVE NUMBERS.
R  INDICATES RECORD WAS SET OR TIED.
MM INDICATES DATA IS MISSING.
T  INDICATES TRACE AMOUNT.




$$
--------------------------------------------------------------

AMOUNT OF DAYLIGHT TODAY (HOUR:MIN)......... 7 HOURS 09 MINUTES
GAIN/LOSS SINCE YESTERDAY (HOUR:MIN:SEC).... +0:03:24

$$
