000
CDAK47 PAJK 240038
CLIJNU
AKZ025-241200-
CLIMATE REPORT
NATIONAL WEATHER SERVICE JUNEAU, AK
437 PM AKDT TUE SEP 23 2014


...................................

...THE JUNEAU CLIMATE SUMMARY FOR SEPTEMBER 23 2014...
VALID TODAY AS OF 0300 PM LOCAL TIME.

CLIMATE NORMAL PERIOD 1981 TO 2010
CLIMATE RECORD PERIOD 1943 TO 2014


WEATHER ITEM   OBSERVED TIME   RECORD YEAR NORMAL DEPARTURE LAST
                VALUE   (LST)  VALUE       VALUE  FROM      YEAR
                                                  NORMAL
..................................................................
TEMPERATURE (F)
 TODAY
  MAXIMUM         56    259 PM  64    1995  54      2       56
  MINIMUM         44    512 AM  26    1972  44      0       46
  AVERAGE         50                        49      1       51

PRECIPITATION (IN)
  TODAY            T             1.82 1991   0.31  -0.31      T
  MONTH TO DATE    6.50                      6.50   0.00     6.92
  SINCE SEP 1      6.50                      6.50   0.00     6.92
  SINCE JAN 1     50.60                     39.67  10.93    47.83

DEGREE DAYS
 HEATING
  TODAY           15                        16     -1       14
  MONTH TO DATE  288                       327    -39      258
  SINCE SEP 1    288                       327    -39      258
  SINCE JUL 1    764                       862    -98      693

 COOLING
  TODAY            0                         0      0        0
  MONTH TO DATE    0                         0      0        0
  SINCE SEP 1      0                         0      0        0
  SINCE JAN 1      0                         2     -2        9
..................................................................


WIND (MPH)
  HIGHEST WIND SPEED    14   HIGHEST WIND DIRECTION     W (250)
  HIGHEST GUST SPEED    17   HIGHEST GUST DIRECTION     E (100)
  AVERAGE WIND SPEED     5.0


SKY COVER
  POSSIBLE SUNSHINE  MM
  AVERAGE SKY COVER 0.7


WEATHER CONDITIONS
 THE FOLLOWING WEATHER WAS RECORDED TODAY.
  LIGHT RAIN
  FOG
  FOG W/VISIBILITY <= 1/4 MILE


RELATIVE HUMIDITY (PERCENT)
 HIGHEST   100           500 AM
 LOWEST     77           200 PM
 AVERAGE    89

..........................................................


THE JUNEAU CLIMATE NORMALS FOR TOMORROW
                         NORMAL    RECORD    YEAR
 MAXIMUM TEMPERATURE (F)   54        67      1995
 MINIMUM TEMPERATURE (F)   43        23      1972


SUNRISE AND SUNSET
SEPTEMBER 23 2014.....SUNRISE   646 AM AKDT  SUNSET   654 PM AKDT
SEPTEMBER 24 2014.....SUNRISE   648 AM AKDT  SUNSET   652 PM AKDT


-  INDICATES NEGATIVE NUMBERS.
R  INDICATES RECORD WAS SET OR TIED.
MM INDICATES DATA IS MISSING.
T  INDICATES TRACE AMOUNT.




$$


&&
----------------------------
AMOUNT OF DAYLIGHT TODAY  (HOUR:MIN)........12:09
GAIN/LOSS SINCE YESTERDAY (HOUR:MIN:SEC)....-0:05:03
