000
CDAK47 PAJK 300037
CLIJNU
AKZ025-301200-
CLIMATE REPORT
NATIONAL WEATHER SERVICE JUNEAU, AK

433 PM AKDT TUE JUL 29 2014


...................................

...THE JUNEAU CLIMATE SUMMARY FOR JULY 29 2014...
VALID TODAY AS OF 0300 PM LOCAL TIME.

CLIMATE NORMAL PERIOD 1981 TO 2010
CLIMATE RECORD PERIOD 1943 TO 2014


WEATHER ITEM   OBSERVED TIME   RECORD YEAR NORMAL DEPARTURE LAST

                VALUE   (LST)  VALUE       VALUE  FROM      YEAR

                                                  NORMAL

..................................................................
TEMPERATURE (F)

 TODAY

  MAXIMUM         58    236 PM  82    2009  64     -6       81

  MINIMUM         52    428 AM  40    1978  51      1       50

  AVERAGE         55                        58     -3       66



PRECIPITATION (IN)

  TODAY            0.44          0.96 1948   0.16   0.28     0.00

  MONTH TO DATE    8.00                      4.27   3.73     4.45

  SINCE JUN 1     15.39                      7.51   7.88     7.64

  SINCE JAN 1     35.31                     27.11   8.20    36.01



DEGREE DAYS

 HEATING

  TODAY           10                         7      3        0

  MONTH TO DATE  214                       237    -23      221

  SINCE JUN 1    564                       552     12      435

  SINCE JUL 1    214                       237    -23      221



 COOLING

  TODAY            0                         0      0        1

  MONTH TO DATE    0                         0      0        1

  SINCE JUN 1      0                         1     -1        8

  SINCE JAN 1      0                         1     -1        8

..................................................................


WIND (MPH)

  HIGHEST WIND SPEED     9   HIGHEST WIND DIRECTION     W (260)

  HIGHEST GUST SPEED    10   HIGHEST GUST DIRECTION     S (170)

  AVERAGE WIND SPEED     3.2




SKY COVER

  POSSIBLE SUNSHINE  MM

  AVERAGE SKY COVER 1.0




WEATHER CONDITIONS

 THE FOLLOWING WEATHER WAS RECORDED TODAY.

  RAIN

  LIGHT RAIN

  FOG




RELATIVE HUMIDITY (PERCENT)

 HIGHEST   100          1200 AM

 LOWEST     93           100 AM

 AVERAGE    97


..........................................................



THE JUNEAU CLIMATE NORMALS FOR TOMORROW
                         NORMAL    RECORD    YEAR

 MAXIMUM TEMPERATURE (F)   64        80      2009

 MINIMUM TEMPERATURE (F)   51        38      1972




SUNRISE AND SUNSET

JULY 29 2014..........SUNRISE   443 AM AKDT  SUNSET   925 PM AKDT
JULY 30 2014..........SUNRISE   446 AM AKDT  SUNSET   923 PM AKDT



-  INDICATES NEGATIVE NUMBERS.

R  INDICATES RECORD WAS SET OR TIED.

MM INDICATES DATA IS MISSING.

T  INDICATES TRACE AMOUNT.





$$


&&
----------------------------
AMOUNT OF DAYLIGHT TODAY  (HOUR:MIN)........16:41
GAIN/LOSS SINCE YESTERDAY (HOUR:MIN:SEC)....-0:04:14
