000
CDUS41 KCTP 052121
CLIJST


CLIMATE REPORT
NATIONAL WEATHER SERVICE STATE COLLEGE PA
521 PM EDT SUN JUL 5 2015


...................................

...THE JOHNSTOWN CLIMATE SUMMARY FOR JULY 5 2015...
VALID TODAY AS OF 0500 PM LOCAL TIME.

CLIMATE NORMAL PERIOD 1981 TO 2010
CLIMATE RECORD PERIOD 2000 TO 2015


WEATHER ITEM   OBSERVED TIME   RECORD YEAR NORMAL DEPARTURE LAST
                VALUE   (LST)  VALUE       VALUE  FROM      YEAR
                                                  NORMAL
..................................................................
TEMPERATURE (F)
 TODAY
  MAXIMUM         77    112 PM 101    1911  78     -1       73
  MINIMUM         57    532 AM  44    1940  60     -3       50
  AVERAGE         67                        69     -2       62

PRECIPITATION (IN)
  TODAY            0.00          2.20 1905   0.12  -0.12     0.00
  MONTH TO DATE    1.64                      0.60   1.04     0.01
  SINCE JUN 1     13.60                      0.60  13.00     4.85
  SINCE JAN 1     28.00                     17.24  10.76    18.41

DEGREE DAYS
 HEATING
  TODAY            0                         1     -1        3
  MONTH TO DATE    3                         5     -2        7
  SINCE JUN 1     64                        84    -20       47
  SINCE JUL 1      3                         5     -2        7

 COOLING
  TODAY            2                         4     -2        0
  MONTH TO DATE    5                        20    -15       25
  SINCE JUN 1     95                        95      0      109
  SINCE JAN 1    179                       113     66      135
..................................................................


WIND (MPH)
  HIGHEST WIND SPEED    10   HIGHEST WIND DIRECTION    SE (150)
  HIGHEST GUST SPEED    13   HIGHEST GUST DIRECTION    SE (150)
  AVERAGE WIND SPEED     4.2


SKY COVER
  POSSIBLE SUNSHINE  MM
  AVERAGE SKY COVER 0.1


WEATHER CONDITIONS
 THE FOLLOWING WEATHER WAS RECORDED TODAY.
  FOG
  HAZE


RELATIVE HUMIDITY (PERCENT)
 HIGHEST    93           400 AM
 LOWEST     46           100 PM
 AVERAGE    70

..........................................................


THE JOHNSTOWN CLIMATE NORMALS FOR TOMORROW
                         NORMAL    RECORD    YEAR
 MAXIMUM TEMPERATURE (F)   78        99      1949
 MINIMUM TEMPERATURE (F)   60        45      1936


SUNRISE AND SUNSET
JULY  5 2015..........SUNRISE   551 AM EDT   SUNSET   848 PM EDT
JULY  6 2015..........SUNRISE   552 AM EDT   SUNSET   848 PM EDT


-  INDICATES NEGATIVE NUMBERS.
R  INDICATES RECORD WAS SET OR TIED.
MM INDICATES DATA IS MISSING.
T  INDICATES TRACE AMOUNT.




$$
