257
CDUS41 KCTP 300620
CLIJST


CLIMATE REPORT
NATIONAL WEATHER SERVICE STATE COLLEGE PA
220 AM EDT TUE MAY 30 2017


...................................

...THE JOHNSTOWN CLIMATE SUMMARY FOR MAY 29 2017...

CLIMATE NORMAL PERIOD 1981 TO 2010
CLIMATE RECORD PERIOD 1892 TO 2017


WEATHER ITEM   OBSERVED TIME   RECORD YEAR NORMAL DEPARTURE LAST
                VALUE   (LST)  VALUE       VALUE  FROM      YEAR
                                                  NORMAL
..................................................................
TEMPERATURE (F)
 YESTERDAY
  MAXIMUM         72    554 PM  95    1987  69      3       80
  MINIMUM         57    615 AM  33    1894  51      6       61
  AVERAGE         65                        60      5       71

PRECIPITATION (IN)
  YESTERDAY        0.19          2.85 1911   0.15   0.04     0.19
  MONTH TO DATE    6.36                      4.21   2.15     4.15
  SINCE MAR 1     14.04                     11.09   2.95     7.95
  SINCE JAN 1     19.70                     16.32   3.38    10.80

DEGREE DAYS
 HEATING
  YESTERDAY        0                         6     -6        0
  MONTH TO DATE  294                       266     28      278
  SINCE MAR 1   1542                      1717   -175     1424
  SINCE JUL 1   5462                      6597  -1135     5487

 COOLING
  YESTERDAY        0                         1     -1        6
  MONTH TO DATE   26                        16     10       30
  SINCE MAR 1     29                        21      8       30
  SINCE JAN 1     29                        21      8       30
..................................................................


WIND (MPH)
  HIGHEST WIND SPEED    20   HIGHEST WIND DIRECTION    NW (300)
  HIGHEST GUST SPEED    24   HIGHEST GUST DIRECTION    NW (310)
  AVERAGE WIND SPEED     8.5


SKY COVER
  POSSIBLE SUNSHINE  MM
  AVERAGE SKY COVER 0.5


WEATHER CONDITIONS
 THE FOLLOWING WEATHER WAS RECORDED YESTERDAY.
  THUNDERSTORM
  HEAVY RAIN
  RAIN
  LIGHT RAIN
  FOG
  FOG W/VISIBILITY <= 1/4 MILE


RELATIVE HUMIDITY (PERCENT)
 HIGHEST   100           500 AM
 LOWEST     41           600 PM
 AVERAGE    71

..........................................................


THE JOHNSTOWN CLIMATE NORMALS FOR TODAY
                         NORMAL    RECORD    YEAR
 MAXIMUM TEMPERATURE (F)   69        97      1919
 MINIMUM TEMPERATURE (F)   51        35      1932


SUNRISE AND SUNSET
MAY 30 2017...........SUNRISE   548 AM EDT   SUNSET   838 PM EDT
MAY 31 2017...........SUNRISE   548 AM EDT   SUNSET   839 PM EDT


-  INDICATES NEGATIVE NUMBERS.
R  INDICATES RECORD WAS SET OR TIED.
MM INDICATES DATA IS MISSING.
T  INDICATES TRACE AMOUNT.




$$
