000
CDUS41 KCTP 220617
CLIJST


CLIMATE REPORT
NATIONAL WEATHER SERVICE STATE COLLEGE PA
217 AM EDT FRI AUG 22 2014


...................................

...THE JOHNSTOWN CLIMATE SUMMARY FOR AUGUST 21 2014...

CLIMATE NORMAL PERIOD 1981 TO 2010
CLIMATE RECORD PERIOD 2000 TO 2014


WEATHER ITEM   OBSERVED TIME   RECORD YEAR NORMAL DEPARTURE LAST
                VALUE   (LST)  VALUE       VALUE  FROM      YEAR
                                                  NORMAL
..................................................................
TEMPERATURE (F)
 YESTERDAY
  MAXIMUM         78   1241 PM  96    1916  76      2       78
  MINIMUM         64    346 AM  42    1922  59      5       58
  AVERAGE         71                        68      3       68

PRECIPITATION (IN)
  YESTERDAY        T             2.30 1900   0.13  -0.13      T
  MONTH TO DATE    2.22                      2.68  -0.46     4.77
  SINCE JUN 1     10.55                      6.53   4.02    13.24
  SINCE JAN 1     24.11                     23.17   0.94    24.16

DEGREE DAYS
 HEATING
  YESTERDAY        0                         1     -1        0
  MONTH TO DATE   27                        17     10       47
  SINCE JUN 1    116                       104     12      133
  SINCE JUL 1     76                        30     46       70

 COOLING
  YESTERDAY        6                         3      3        3
  MONTH TO DATE   48                        90    -42       33
  SINCE JUN 1    240                       315    -75      263
  SINCE JAN 1    266                       333    -67      304
..................................................................


WIND (MPH)
  HIGHEST WIND SPEED    16   HIGHEST WIND DIRECTION     W (250)
  HIGHEST GUST SPEED    20   HIGHEST GUST DIRECTION    SW (240)
  AVERAGE WIND SPEED     8.2


SKY COVER
  POSSIBLE SUNSHINE  MM
  AVERAGE SKY COVER 0.4


WEATHER CONDITIONS
 THE FOLLOWING WEATHER WAS RECORDED YESTERDAY.
  THUNDERSTORM
  LIGHT RAIN
  FOG


RELATIVE HUMIDITY (PERCENT)
 HIGHEST    93           100 AM
 LOWEST     60           100 PM
 AVERAGE    77

..........................................................


THE JOHNSTOWN CLIMATE NORMALS FOR TODAY
                         NORMAL    RECORD    YEAR
 MAXIMUM TEMPERATURE (F)   76        97      1916
 MINIMUM TEMPERATURE (F)   59        43      1956


SUNRISE AND SUNSET
AUGUST 22 2014........SUNRISE   633 AM EDT   SUNSET   803 PM EDT
AUGUST 23 2014........SUNRISE   634 AM EDT   SUNSET   801 PM EDT


-  INDICATES NEGATIVE NUMBERS.
R  INDICATES RECORD WAS SET OR TIED.
MM INDICATES DATA IS MISSING.
T  INDICATES TRACE AMOUNT.




$$
