394
CDUS41 KCTP 162235
CLIJST


CLIMATE REPORT
NATIONAL WEATHER SERVICE STATE COLLEGE PA
535 PM EST TUE JAN 16 2018


...................................

...THE JOHNSTOWN CLIMATE SUMMARY FOR JANUARY 16 2018...
VALID TODAY AS OF 0500 PM LOCAL TIME.

CLIMATE NORMAL PERIOD 1981 TO 2010
CLIMATE RECORD PERIOD 1892 TO 2018


WEATHER ITEM   OBSERVED TIME   RECORD YEAR NORMAL DEPARTURE LAST
                VALUE   (LST)  VALUE       VALUE  FROM      YEAR
                                                  NORMAL
..................................................................
TEMPERATURE (F)
 TODAY
  MAXIMUM         26    354 PM  67    1952  32     -6       39
  MINIMUM         20    303 AM  -7    2009  18      2       24
  AVERAGE         23                        25     -2       32

PRECIPITATION (IN)
  TODAY            0.05          0.94 1924   0.10  -0.05     0.02
  MONTH TO DATE    1.56                      1.69  -0.13     1.86
  SINCE DEC 1      2.66                      4.26  -1.60     6.04
  SINCE JAN 1      1.56                      1.69  -0.13     1.86

DEGREE DAYS
 HEATING
  TODAY           42                        40      2       33
  MONTH TO DATE  750                       633    117      588
  SINCE DEC 1   1927                      1760    167     1661
  SINCE JUL 1   3140                      3223    -83     2730

 COOLING
  TODAY            0                         0      0        0
  MONTH TO DATE    0                         0      0        0
  SINCE DEC 1      0                         0      0        0
  SINCE JAN 1      0                         0      0        0
..................................................................


WIND (MPH)
  HIGHEST WIND SPEED    12   HIGHEST WIND DIRECTION     S (180)
  HIGHEST GUST SPEED    13   HIGHEST GUST DIRECTION     S (190)
  AVERAGE WIND SPEED     4.7


SKY COVER
  POSSIBLE SUNSHINE  MM
  AVERAGE SKY COVER 1.0


WEATHER CONDITIONS
 THE FOLLOWING WEATHER WAS RECORDED TODAY.
  LIGHT SNOW
  FOG


RELATIVE HUMIDITY (PERCENT)
 HIGHEST    92           600 AM
 LOWEST     67          1200 AM
 AVERAGE    80

..........................................................


THE JOHNSTOWN CLIMATE NORMALS FOR TOMORROW
                         NORMAL    RECORD    YEAR
 MAXIMUM TEMPERATURE (F)   32        66      1990
 MINIMUM TEMPERATURE (F)   18       -15      1982


SUNRISE AND SUNSET
JANUARY 16 2018.......SUNRISE   736 AM EST   SUNSET   515 PM EST
JANUARY 17 2018.......SUNRISE   735 AM EST   SUNSET   516 PM EST


-  INDICATES NEGATIVE NUMBERS.
R  INDICATES RECORD WAS SET OR TIED.
MM INDICATES DATA IS MISSING.
T  INDICATES TRACE AMOUNT.




$$
