000
CDUS41 KCTP 190645
CLIJST


CLIMATE REPORT
NATIONAL WEATHER SERVICE STATE COLLEGE PA
144 AM EST SUN NOV 19 2017


...................................

...THE JOHNSTOWN CLIMATE SUMMARY FOR NOVEMBER 18 2017...

CLIMATE NORMAL PERIOD 1981 TO 2010
CLIMATE RECORD PERIOD 1892 TO 2017


WEATHER ITEM   OBSERVED TIME   RECORD YEAR NORMAL DEPARTURE LAST
                VALUE   (LST)  VALUE       VALUE  FROM      YEAR
                                                  NORMAL
..................................................................
TEMPERATURE (F)
 YESTERDAY
  MAXIMUM         56   1159 PM  77    1921  44     12       69
  MINIMUM         33    258 AM   9    2014  33      0       44
  AVERAGE         45                        39      6       57

PRECIPITATION (IN)
  YESTERDAY        1.22R         0.78 1986   0.13   1.09     0.00
  MONTH TO DATE    2.73                      2.15   0.58     0.37
  SINCE SEP 1      9.35                      8.63   0.72     7.01
  SINCE JAN 1     43.60                     36.98   6.62    31.66

DEGREE DAYS
 HEATING
  YESTERDAY       20                        26     -6        8
  MONTH TO DATE  463                       412     51      310
  SINCE SEP 1    878                      1069   -191      729
  SINCE JUL 1    919                      1111   -192      740

 COOLING
  YESTERDAY        0                         0      0        0
  MONTH TO DATE    0                         0      0        0
  SINCE SEP 1     95                        28     67      102
  SINCE JAN 1    497                       388    109      705
..................................................................


WIND (MPH)
  HIGHEST WIND SPEED    20   HIGHEST WIND DIRECTION     S (200)
  HIGHEST GUST SPEED    27   HIGHEST GUST DIRECTION     S (200)
  AVERAGE WIND SPEED     9.1


SKY COVER
  POSSIBLE SUNSHINE  MM
  AVERAGE SKY COVER 0.7


WEATHER CONDITIONS
 THE FOLLOWING WEATHER WAS RECORDED YESTERDAY.
  HEAVY RAIN
  RAIN
  LIGHT RAIN
  FOG


RELATIVE HUMIDITY (PERCENT)
 HIGHEST   100          1000 AM
 LOWEST     41           500 AM
 AVERAGE    71

..........................................................


THE JOHNSTOWN CLIMATE NORMALS FOR TODAY
                         NORMAL    RECORD    YEAR
 MAXIMUM TEMPERATURE (F)   44        80      1958
 MINIMUM TEMPERATURE (F)   32        10      2014


SUNRISE AND SUNSET
NOVEMBER 19 2017......SUNRISE   706 AM EST   SUNSET   455 PM EST
NOVEMBER 20 2017......SUNRISE   707 AM EST   SUNSET   454 PM EST


-  INDICATES NEGATIVE NUMBERS.
R  INDICATES RECORD WAS SET OR TIED.
MM INDICATES DATA IS MISSING.
T  INDICATES TRACE AMOUNT.




$$
