000
CDUS41 KCTP 200632
CLIJST


CLIMATE REPORT
NATIONAL WEATHER SERVICE STATE COLLEGE PA
232 AM EDT MON OCT 20 2014


...................................

...THE JOHNSTOWN CLIMATE SUMMARY FOR OCTOBER 19 2014...

CLIMATE NORMAL PERIOD 1981 TO 2010
CLIMATE RECORD PERIOD 2000 TO 2014


WEATHER ITEM   OBSERVED TIME   RECORD YEAR NORMAL DEPARTURE LAST
                VALUE   (LST)  VALUE       VALUE  FROM      YEAR
                                                  NORMAL
..................................................................
TEMPERATURE (F)
 YESTERDAY
  MAXIMUM         48    301 PM  87    1963  57     -9       52
  MINIMUM         34    650 AM  26    1940  41     -7       38
  AVERAGE         41                        49     -8       45

PRECIPITATION (IN)
  YESTERDAY        0.01          1.30 1927   0.10  -0.09     0.03
  MONTH TO DATE    2.34                      1.94   0.40     2.18
  SINCE SEP 1      3.54                      1.94   1.60     6.25
  SINCE JAN 1     29.44                     26.23   3.21    31.20

DEGREE DAYS
 HEATING
  YESTERDAY       24                        16      8       20
  MONTH TO DATE  213                       262    -49      159
  SINCE SEP 1    363                       442    -79      376
  SINCE JUL 1    446                       480    -34      447

 COOLING
  YESTERDAY        0                         0      0        0
  MONTH TO DATE    0                         0      0       16
  SINCE SEP 1     46                        22     24       47
  SINCE JAN 1    341                       382    -41      393
..................................................................


WIND (MPH)
  HIGHEST WIND SPEED    23   HIGHEST WIND DIRECTION    NW (300)
  HIGHEST GUST SPEED    30   HIGHEST GUST DIRECTION    NW (300)
  AVERAGE WIND SPEED    14.0


SKY COVER
  POSSIBLE SUNSHINE  MM
  AVERAGE SKY COVER 0.5


WEATHER CONDITIONS
 THE FOLLOWING WEATHER WAS RECORDED YESTERDAY.
  LIGHT RAIN
  FOG


RELATIVE HUMIDITY (PERCENT)
 HIGHEST    86          1200 AM
 LOWEST     49           500 PM
 AVERAGE    68

..........................................................


THE JOHNSTOWN CLIMATE NORMALS FOR TODAY
                         NORMAL    RECORD    YEAR
 MAXIMUM TEMPERATURE (F)   57        87      1910
 MINIMUM TEMPERATURE (F)   40        19      1972


SUNRISE AND SUNSET
OCTOBER 20 2014.......SUNRISE   731 AM EDT   SUNSET   628 PM EDT
OCTOBER 21 2014.......SUNRISE   733 AM EDT   SUNSET   627 PM EDT


-  INDICATES NEGATIVE NUMBERS.
R  INDICATES RECORD WAS SET OR TIED.
MM INDICATES DATA IS MISSING.
T  INDICATES TRACE AMOUNT.




$$
