000
CDUS43 KGRR 290518
CLIJXN


CLIMATE REPORT
NATIONAL WEATHER SERVICE GRAND RAPIDS, MI
117 AM EDT SUN MAY 29 2016


...................................

...THE JACKSON MI CLIMATE SUMMARY FOR MAY 28 2016...

CLIMATE NORMAL PERIOD 1981 TO 2010
CLIMATE RECORD PERIOD 1944 TO 9999


WEATHER ITEM   OBSERVED TIME   NORMAL DEPARTURE LAST
                VALUE   (LST)  VALUE  FROM      YEAR
                                      NORMAL
......................................................
TEMPERATURE (F)
 YESTERDAY
  MAXIMUM         85    350 PM  73     12       79
  MINIMUM         67    540 AM  50     17       48
  AVERAGE         76            62     14       64

PRECIPITATION (IN)
  YESTERDAY        0.02          0.11  -0.09     0.00
  MONTH TO DATE    1.69          2.98  -1.29     3.06
  SINCE MAR 1      7.61          7.49   0.12     6.13
  SINCE JAN 1      9.48         10.27  -0.79     8.21

DEGREE DAYS
 HEATING
  YESTERDAY        0             5     -5        1
  MONTH TO DATE  252           243      9      139
  SINCE MAR 1   1518          1675   -157     1643
  SINCE JUL 1   5640          6589   -949     7147

 COOLING
  YESTERDAY       11             2      9        0
  MONTH TO DATE   37            26     11       49
  SINCE MAR 1     37            32      5       49
  SINCE JAN 1     37            32      5       49
......................................................


WIND (MPH)
  RESULTANT WIND SPEED  10   RESULTANT WIND DIRECTION   S (190)
  HIGHEST WIND SPEED    20   HIGHEST WIND DIRECTION     S (190)
  HIGHEST GUST SPEED    29   HIGHEST GUST DIRECTION     S (190)
  AVERAGE WIND SPEED    10.2


SKY COVER
  AVERAGE SKY COVER 0.3


WEATHER CONDITIONS
 THE FOLLOWING WEATHER WAS RECORDED YESTERDAY.
  FOG


RELATIVE HUMIDITY (PERCENT)
 HIGHEST    84          1000 AM
 LOWEST     44           400 PM
 AVERAGE    64

..........................................................


THE JACKSON MI CLIMATE NORMALS FOR TODAY
                         NORMAL
 MAXIMUM TEMPERATURE (F)   73
 MINIMUM TEMPERATURE (F)   51


SUNRISE AND SUNSET
MAY 29 2016...........SUNRISE   605 AM EDT   SUNSET   906 PM EDT
MAY 30 2016...........SUNRISE   605 AM EDT   SUNSET   907 PM EDT


-  INDICATES NEGATIVE NUMBERS.
R  INDICATES RECORD WAS SET OR TIED.
MM INDICATES DATA IS MISSING.
T  INDICATES TRACE AMOUNT.




$$
