000
CDUS43 KGRR 230511
CLIJXN


CLIMATE REPORT
NATIONAL WEATHER SERVICE GRAND RAPIDS, MI
111 AM EDT WED JUL 23 2014


...................................

...THE JACKSON MI CLIMATE SUMMARY FOR JULY 22 2014...

CLIMATE NORMAL PERIOD 1981 TO 2010
CLIMATE RECORD PERIOD 9999 TO 9999


WEATHER ITEM   OBSERVED TIME   NORMAL DEPARTURE LAST
                VALUE   (LST)  VALUE  FROM      YEAR
                                      NORMAL
......................................................
TEMPERATURE (F)
 YESTERDAY
  MAXIMUM         86    456 PM  82      4       81
  MINIMUM         62    433 AM  60      2       66
  AVERAGE         74            71      3       74

PRECIPITATION (IN)
  YESTERDAY        0.00          0.12  -0.12     0.22
  MONTH TO DATE    3.09          2.47   0.62     1.44
  SINCE JUN 1      7.85          5.74   2.11     6.06
  SINCE JAN 1     20.18         16.34   3.84    18.68

DEGREE DAYS
 HEATING
  YESTERDAY        0             0      0        0
  MONTH TO DATE   17             1     16        1
  SINCE JUN 1     48            56     -8       58
  SINCE JUL 1     17             1     16        1

 COOLING
  YESTERDAY        9             6      3        9
  MONTH TO DATE   81           150    -69      203
  SINCE JUN 1    222           276    -54      320
  SINCE JAN 1    256           313    -57      387
......................................................


WIND (MPH)
  RESULTANT WIND SPEED   7   RESULTANT WIND DIRECTION  SW (210)
  HIGHEST WIND SPEED    17   HIGHEST WIND DIRECTION    SW (240)
  HIGHEST GUST SPEED    21   HIGHEST GUST DIRECTION    SW (240)
  AVERAGE WIND SPEED     8.2


SKY COVER
  AVERAGE SKY COVER 0.2


WEATHER CONDITIONS
 THE FOLLOWING WEATHER WAS RECORDED YESTERDAY.
  FOG
  HAZE


RELATIVE HUMIDITY (PERCENT)
 HIGHEST    93           500 AM
 LOWEST     51           200 PM
 AVERAGE    72

..........................................................


THE JACKSON MI CLIMATE NORMALS FOR TODAY
                         NORMAL
 MAXIMUM TEMPERATURE (F)   82
 MINIMUM TEMPERATURE (F)   60


SUNRISE AND SUNSET
JULY 23 2014..........SUNRISE   622 AM EDT   SUNSET   906 PM EDT
JULY 24 2014..........SUNRISE   623 AM EDT   SUNSET   905 PM EDT


-  INDICATES NEGATIVE NUMBERS.
R  INDICATES RECORD WAS SET OR TIED.
MM INDICATES DATA IS MISSING.
T  INDICATES TRACE AMOUNT.




$$
