000
CDUS43 KGRR 280516
CLIJXN


CLIMATE REPORT
NATIONAL WEATHER SERVICE GRAND RAPIDS, MI
116 AM EDT SAT MAR 28 2015


...................................

...THE JACKSON MI CLIMATE SUMMARY FOR MARCH 27 2015...

CLIMATE NORMAL PERIOD 1981 TO 2010
CLIMATE RECORD PERIOD 1944 TO 9999


WEATHER ITEM   OBSERVED TIME   NORMAL DEPARTURE LAST
                VALUE   (LST)  VALUE  FROM      YEAR
                                      NORMAL
......................................................
TEMPERATURE (F)
 YESTERDAY
  MAXIMUM         30   1257 AM  50    -20       46
  MINIMUM         16   1156 PM  30    -14       30
  AVERAGE         23            40    -17       38

PRECIPITATION (IN)
  YESTERDAY        T             0.07  -0.07     0.13
  MONTH TO DATE    0.32          1.61  -1.29     1.91
  SINCE MAR 1      0.32          1.61  -1.29     1.91
  SINCE JAN 1      2.40          4.39  -1.99     6.19

DEGREE DAYS
 HEATING
  YESTERDAY       42            25     17       27
  MONTH TO DATE  873           814     59     1072
  SINCE MAR 1    873           814     59     1072
  SINCE JUL 1   6377          5728    649     6636

 COOLING
  YESTERDAY        0             0      0        0
  MONTH TO DATE    0             0      0        0
  SINCE MAR 1      0             0      0        0
  SINCE JAN 1      0             0      0        0
......................................................


WIND (MPH)
  RESULTANT WIND SPEED  11   RESULTANT WIND DIRECTION   N (340)
  HIGHEST WIND SPEED    18   HIGHEST WIND DIRECTION     N (350)
  HIGHEST GUST SPEED    26   HIGHEST GUST DIRECTION     N (340)
  AVERAGE WIND SPEED    11.4


SKY COVER
  AVERAGE SKY COVER 0.7


WEATHER CONDITIONS
 THE FOLLOWING WEATHER WAS RECORDED YESTERDAY.
  LIGHT SNOW


RELATIVE HUMIDITY (PERCENT)
 HIGHEST    74           400 AM
 LOWEST     32           500 PM
 AVERAGE    53

..........................................................


THE JACKSON MI CLIMATE NORMALS FOR TODAY
                         NORMAL
 MAXIMUM TEMPERATURE (F)   51
 MINIMUM TEMPERATURE (F)   30


SUNRISE AND SUNSET
MARCH 28 2015.........SUNRISE   728 AM EDT   SUNSET   759 PM EDT
MARCH 29 2015.........SUNRISE   726 AM EDT   SUNSET   800 PM EDT


-  INDICATES NEGATIVE NUMBERS.
R  INDICATES RECORD WAS SET OR TIED.
MM INDICATES DATA IS MISSING.
T  INDICATES TRACE AMOUNT.




$$
