000
CDUS43 KGRR 231337
CLIJXN


CLIMATE REPORT
NATIONAL WEATHER SERVICE GRAND RAPIDS, MI
935 AM EDT SAT AUG 23 2014


...................................

...THE JACKSON MI CLIMATE SUMMARY FOR AUGUST 23 2014...
VALID AS OF 0900 AM LOCAL TIME.

CLIMATE NORMAL PERIOD 1981 TO 2010


WEATHER ITEM   OBSERVED TIME   RECORD YEAR NORMAL DEPARTURE LAST
                VALUE   (LST)  VALUE       VALUE  FROM      YEAR
                                                  NORMAL
..................................................................
TEMPERATURE (F)
 TODAY
  MAXIMUM         73   1243 AM  MM      MM  80     -7       80
  MINIMUM         67    404 AM  MM      MM  58      9       55
  AVERAGE         70                        69      1       68

PRECIPITATION (IN)
  TODAY            0.00         MM      MM   0.10  -0.10     0.00
  MONTH TO DATE    2.06                      2.60  -0.54     3.14
  SINCE JUN 1      9.96                      9.45   0.51     9.74
  SINCE JAN 1     22.29                     20.05   2.24    22.36

DEGREE DAYS
 HEATING
  TODAY            0                         1     -1        0
  MONTH TO DATE   12                        19     -7       27
  SINCE JUN 1     73                        85    -12      105

 COOLING
  TODAY            5                         5      0        3
  MONTH TO DATE  100                       130    -30       69
  SINCE JUN 1    339                       458   -119      401
..................................................................


WIND (MPH)
  HIGHEST WIND SPEED     9   HIGHEST WIND DIRECTION     E (110)
  HIGHEST GUST SPEED    12   HIGHEST GUST DIRECTION     E (110)



WEATHER CONDITIONS
 THE FOLLOWING WEATHER WAS RECORDED TODAY.
  FOG


..........................................................




SUNRISE AND SUNSET
AUGUST 23 2014........SUNRISE   654 AM EDT   SUNSET   827 PM EDT
AUGUST 24 2014........SUNRISE   655 AM EDT   SUNSET   825 PM EDT


-  INDICATES NEGATIVE NUMBERS.
R  INDICATES RECORD WAS SET OR TIED.
MM INDICATES DATA IS MISSING.
T  INDICATES TRACE AMOUNT.




$$

CAS
