000
CDUS43 KGRR 080515
CLIJXN


CLIMATE REPORT
NATIONAL WEATHER SERVICE GRAND RAPIDS, MI
115 AM EDT WED JUL 8 2015


...................................

...THE JACKSON MI CLIMATE SUMMARY FOR JULY 7 2015...

CLIMATE NORMAL PERIOD 1981 TO 2010
CLIMATE RECORD PERIOD 1944 TO 9999


WEATHER ITEM   OBSERVED TIME   NORMAL DEPARTURE LAST
                VALUE   (LST)  VALUE  FROM      YEAR
                                      NORMAL
......................................................
TEMPERATURE (F)
 YESTERDAY
  MAXIMUM         76   1213 AM  83     -7       84
  MINIMUM         54   1134 PM  60     -6       65
  AVERAGE         65            71     -6       75

PRECIPITATION (IN)
  YESTERDAY        0.24          0.11   0.13     1.15
  MONTH TO DATE    0.25          0.76  -0.51     1.97
  SINCE JUN 1      7.48          4.03   3.45     6.73
  SINCE JAN 1     18.11         14.63   3.48    19.06

DEGREE DAYS
 HEATING
  YESTERDAY        0             0      0        0
  MONTH TO DATE    6             1      5        6
  SINCE JUN 1     38            56    -18       37
  SINCE JUL 1      6             1      5        6

 COOLING
  YESTERDAY        0             7     -7       10
  MONTH TO DATE    9            47    -38       27
  SINCE JUN 1     95           173    -78      168
  SINCE JAN 1    150           210    -60      202
......................................................


WIND (MPH)
  RESULTANT WIND SPEED   3   RESULTANT WIND DIRECTION  NW (300)
  HIGHEST WIND SPEED    20   HIGHEST WIND DIRECTION    SW (240)
  HIGHEST GUST SPEED    25   HIGHEST GUST DIRECTION    SW (240)
  AVERAGE WIND SPEED     8.1


SKY COVER
  AVERAGE SKY COVER 0.7


WEATHER CONDITIONS
 THE FOLLOWING WEATHER WAS RECORDED YESTERDAY.
  RAIN
  LIGHT RAIN
  FOG


RELATIVE HUMIDITY (PERCENT)
 HIGHEST    93          1000 AM
 LOWEST     69          1200 AM
 AVERAGE    81

..........................................................


THE JACKSON MI CLIMATE NORMALS FOR TODAY
                         NORMAL
 MAXIMUM TEMPERATURE (F)   83
 MINIMUM TEMPERATURE (F)   60


SUNRISE AND SUNSET
JULY  8 2015..........SUNRISE   609 AM EDT   SUNSET   916 PM EDT
JULY  9 2015..........SUNRISE   610 AM EDT   SUNSET   916 PM EDT


-  INDICATES NEGATIVE NUMBERS.
R  INDICATES RECORD WAS SET OR TIED.
MM INDICATES DATA IS MISSING.
T  INDICATES TRACE AMOUNT.




$$
