000
CDUS43 KIND 200537
CLILAF


CLIMATE REPORT
NATIONAL WEATHER SERVICE INDIANAPOLIS IN
135 AM EDT SAT SEP 20 2014


...................................

...THE LAFAYETTE IN CLIMATE SUMMARY FOR SEPTEMBER 19 2014...

CLIMATE NORMAL PERIOD 1981 TO 2010
CLIMATE RECORD PERIOD 9999 TO 9999


WEATHER ITEM   OBSERVED TIME   NORMAL DEPARTURE LAST
                VALUE   (LST)  VALUE  FROM      YEAR
                                      NORMAL
......................................................
TEMPERATURE (F)
 YESTERDAY
  MAXIMUM         73    356 PM  77     -4       84
  MINIMUM         48    637 AM  53     -5       64
  AVERAGE         61            65     -4       74

PRECIPITATION (IN)
  YESTERDAY        0.00          0.09  -0.09     2.21
  MONTH TO DATE    3.08          1.69   1.39     3.32
  SINCE SEP 1      3.08          1.69   1.39     3.32
  SINCE JAN 1     28.40         27.24   1.16    30.95

DEGREE DAYS
 HEATING
  YESTERDAY        4             3      1        0
  MONTH TO DATE   91            27     64       30
  SINCE SEP 1     91            27     64       30
  SINCE JUL 1    115            33     82       50

 COOLING
  YESTERDAY        0             3     -3        9
  MONTH TO DATE   56            90    -34      124
  SINCE SEP 1     56            90    -34      124
  SINCE JAN 1    732           942   -210      850
......................................................


WIND (MPH)
  HIGHEST WIND SPEED    16   HIGHEST WIND DIRECTION    SE (150)
  HIGHEST GUST SPEED    21   HIGHEST GUST DIRECTION    SE (150)
  AVERAGE WIND SPEED     4.5


SKY COVER
  AVERAGE SKY COVER 0.0


WEATHER CONDITIONS
 THE FOLLOWING WEATHER WAS RECORDED YESTERDAY.
  NO SIGNIFICANT WEATHER WAS OBSERVED.


RELATIVE HUMIDITY (PERCENT)
 HIGHEST   100           700 AM
 LOWEST     38           200 PM
 AVERAGE    69

..........................................................


THE LAFAYETTE IN CLIMATE NORMALS FOR TODAY
                         NORMAL
 MAXIMUM TEMPERATURE (F)   76
 MINIMUM TEMPERATURE (F)   53


SUNRISE AND SUNSET
SEPTEMBER 20 2014.....SUNRISE   733 AM EDT   SUNSET   748 PM EDT
SEPTEMBER 21 2014.....SUNRISE   734 AM EDT   SUNSET   747 PM EDT


-  INDICATES NEGATIVE NUMBERS.
R  INDICATES RECORD WAS SET OR TIED.
MM INDICATES DATA IS MISSING.
T  INDICATES TRACE AMOUNT.




$$
