000
CDUS43 KIND 260535
CLILAF


CLIMATE REPORT
NATIONAL WEATHER SERVICE INDIANAPOLIS IN
135 AM EDT FRI MAY 26 2017


...................................

...THE LAFAYETTE IN CLIMATE SUMMARY FOR MAY 25 2017...

CLIMATE NORMAL PERIOD 1981 TO 2010
CLIMATE RECORD PERIOD 9999 TO 9999


WEATHER ITEM   OBSERVED TIME   NORMAL DEPARTURE LAST
                VALUE   (LST)  VALUE  FROM      YEAR
                                      NORMAL
......................................................
TEMPERATURE (F)
 YESTERDAY
  MAXIMUM         63    715 PM  76    -13       84
  MINIMUM         53   1159 PM  54     -1       61
  AVERAGE         58            65     -7       73

PRECIPITATION (IN)
  YESTERDAY        0.05          0.14  -0.09     0.00
  MONTH TO DATE    6.78          3.35   3.43     1.76
  SINCE MAR 1     15.05          9.56   5.49     9.19
  SINCE JAN 1     19.95         13.18   6.77    11.92

DEGREE DAYS
 HEATING
  YESTERDAY        7             3      4        0
  MONTH TO DATE  202           144     58      208
  SINCE MAR 1   1207          1300    -93     1211
  SINCE JUL 1   4895          5634   -739     5019

 COOLING
  YESTERDAY        0             3     -3        8
  MONTH TO DATE   36            44     -8       14
  SINCE MAR 1     50            57     -7       16
  SINCE JAN 1     50            57     -7       16
......................................................


WIND (MPH)
  HIGHEST WIND SPEED    22   HIGHEST WIND DIRECTION    NW (320)
  HIGHEST GUST SPEED    29   HIGHEST GUST DIRECTION    NW (330)
  AVERAGE WIND SPEED    11.8


SKY COVER
  AVERAGE SKY COVER 0.9


WEATHER CONDITIONS
 THE FOLLOWING WEATHER WAS RECORDED YESTERDAY.
  LIGHT RAIN
  FOG


RELATIVE HUMIDITY (PERCENT)
 HIGHEST   100          1200 AM
 LOWEST     78           300 PM
 AVERAGE    89

..........................................................


THE LAFAYETTE IN CLIMATE NORMALS FOR TODAY
                         NORMAL
 MAXIMUM TEMPERATURE (F)   76
 MINIMUM TEMPERATURE (F)   54


SUNRISE AND SUNSET
MAY 26 2017...........SUNRISE   623 AM EDT   SUNSET   907 PM EDT
MAY 27 2017...........SUNRISE   622 AM EDT   SUNSET   908 PM EDT


-  INDICATES NEGATIVE NUMBERS.
R  INDICATES RECORD WAS SET OR TIED.
MM INDICATES DATA IS MISSING.
T  INDICATES TRACE AMOUNT.




$$
