000
CDUS43 KIND 030619
CLILAF


CLIMATE REPORT
NATIONAL WEATHER SERVICE INDIANAPOLIS IN
219 AM EDT TUE MAY 3 2016


...................................

...THE LAFAYETTE IN CLIMATE SUMMARY FOR MAY 2 2016...

CLIMATE NORMAL PERIOD 1981 TO 2010
CLIMATE RECORD PERIOD 9999 TO 9999


WEATHER ITEM   OBSERVED TIME   NORMAL DEPARTURE LAST
                VALUE   (LST)  VALUE  FROM      YEAR
                                      NORMAL
......................................................
TEMPERATURE (F)
 YESTERDAY
  MAXIMUM         53    504 PM  69    -16       74
  MINIMUM         48    821 AM  46      2       44
  AVERAGE         51            57     -6       59

PRECIPITATION (IN)
  YESTERDAY        0.00          0.12  -0.12     0.00
  MONTH TO DATE    0.03          0.25  -0.22     0.00
  SINCE MAR 1      7.46          6.46   1.00     3.08
  SINCE JAN 1     10.19         10.08   0.11     4.81

DEGREE DAYS
 HEATING
  YESTERDAY       14             8      6        6
  MONTH TO DATE   19            17      2       20
  SINCE MAR 1   1022          1173   -151     1307
  SINCE JUL 1   4830          5507   -677     6385

 COOLING
  YESTERDAY        0             1     -1        0
  MONTH TO DATE    0             2     -2        0
  SINCE MAR 1      2            15    -13        2
  SINCE JAN 1      2            15    -13        2
......................................................


WIND (MPH)
  HIGHEST WIND SPEED    15   HIGHEST WIND DIRECTION     N (20)
  HIGHEST GUST SPEED    18   HIGHEST GUST DIRECTION     N (20)
  AVERAGE WIND SPEED     7.7


SKY COVER
  AVERAGE SKY COVER 1.0


WEATHER CONDITIONS
 THE FOLLOWING WEATHER WAS RECORDED YESTERDAY.
  FOG


RELATIVE HUMIDITY (PERCENT)
 HIGHEST   100          1200 AM
 LOWEST     77           300 PM
 AVERAGE    89

..........................................................


THE LAFAYETTE IN CLIMATE NORMALS FOR TODAY
                         NORMAL
 MAXIMUM TEMPERATURE (F)   69
 MINIMUM TEMPERATURE (F)   46


SUNRISE AND SUNSET
MAY  3 2016...........SUNRISE   644 AM EDT   SUNSET   846 PM EDT
MAY  4 2016...........SUNRISE   643 AM EDT   SUNSET   847 PM EDT


-  INDICATES NEGATIVE NUMBERS.
R  INDICATES RECORD WAS SET OR TIED.
MM INDICATES DATA IS MISSING.
T  INDICATES TRACE AMOUNT.




$$
