000
CDUS43 KIND 250546
CLILAF


CLIMATE REPORT
NATIONAL WEATHER SERVICE INDIANAPOLIS IN
1243 AM EST THU DEC 25 2014


...................................

...THE LAFAYETTE IN CLIMATE SUMMARY FOR DECEMBER 24 2014...

CLIMATE NORMAL PERIOD 1981 TO 2010
CLIMATE RECORD PERIOD 9999 TO 9999


WEATHER ITEM   OBSERVED TIME   NORMAL DEPARTURE LAST
                VALUE   (LST)  VALUE  FROM      YEAR
                                      NORMAL
......................................................
TEMPERATURE (F)
 YESTERDAY
  MAXIMUM         43    107 AM  35      8       19
  MINIMUM         35   1159 PM  21     14        2
  AVERAGE         39            28     11       11

PRECIPITATION (IN)
  YESTERDAY        0.46          0.08   0.38      T
  MONTH TO DATE    1.67          2.02  -0.35     2.58
  SINCE DEC 1      1.67          2.02  -0.35     2.58
  SINCE JAN 1     39.66         36.09   3.57    40.06

DEGREE DAYS
 HEATING
  YESTERDAY       26            37    -11       54
  MONTH TO DATE  761           810    -49      902
  SINCE DEC 1    761           810    -49      902
  SINCE JUL 1   2213          1911    302     2078

 COOLING
  YESTERDAY        0             0      0        0
  MONTH TO DATE    0             0      0        0
  SINCE DEC 1      0             0      0        0
  SINCE JAN 1    743           983   -240      884
......................................................


WIND (MPH)
  HIGHEST WIND SPEED    20   HIGHEST WIND DIRECTION     W (280)
  HIGHEST GUST SPEED    25   HIGHEST GUST DIRECTION     W (260)
  AVERAGE WIND SPEED     8.8


SKY COVER
  AVERAGE SKY COVER 1.0


WEATHER CONDITIONS
 THE FOLLOWING WEATHER WAS RECORDED YESTERDAY.
  MIXED PRECIP
  LIGHT RAIN
  FOG


RELATIVE HUMIDITY (PERCENT)
 HIGHEST   100           800 AM
 LOWEST     89          1200 AM
 AVERAGE    95

..........................................................


THE LAFAYETTE IN CLIMATE NORMALS FOR TODAY
                         NORMAL
 MAXIMUM TEMPERATURE (F)   35
 MINIMUM TEMPERATURE (F)   21


SUNRISE AND SUNSET
DECEMBER 25 2014......SUNRISE   809 AM EST   SUNSET   527 PM EST
DECEMBER 26 2014......SUNRISE   809 AM EST   SUNSET   527 PM EST


-  INDICATES NEGATIVE NUMBERS.
R  INDICATES RECORD WAS SET OR TIED.
MM INDICATES DATA IS MISSING.
T  INDICATES TRACE AMOUNT.




$$
