000
CDUS43 KIND 040545
CLILAF


CLIMATE REPORT
NATIONAL WEATHER SERVICE INDIANAPOLIS IN
144 AM EDT SAT JUL 4 2015


...................................

...THE LAFAYETTE IN CLIMATE SUMMARY FOR JULY 3 2015...

CLIMATE NORMAL PERIOD 1981 TO 2010
CLIMATE RECORD PERIOD 9999 TO 9999


WEATHER ITEM   OBSERVED TIME   NORMAL DEPARTURE LAST
                VALUE   (LST)  VALUE  FROM      YEAR
                                      NORMAL
......................................................
TEMPERATURE (F)
 YESTERDAY
  MAXIMUM         76    326 PM  85     -9       74
  MINIMUM         61   1100 PM  64     -3       56
  AVERAGE         69            75     -6       65

PRECIPITATION (IN)
  YESTERDAY        0.00          0.13  -0.13     0.01
  MONTH TO DATE    0.00          0.39  -0.39     0.65
  SINCE JUN 1      7.66          4.49   3.17     5.12
  SINCE JAN 1     16.60         18.51  -1.91    17.95

DEGREE DAYS
 HEATING
  YESTERDAY        0             0      0        0
  MONTH TO DATE    0             0      0        0
  SINCE JUN 1     20            22     -2        6
  SINCE JUL 1      0             0      0        0

 COOLING
  YESTERDAY        4            10     -6        0
  MONTH TO DATE    7            30    -23       12
  SINCE JUN 1    190           247    -57      237
  SINCE JAN 1    279           324    -45      334
......................................................


WIND (MPH)
  HIGHEST WIND SPEED    14   HIGHEST WIND DIRECTION    NE (60)
  HIGHEST GUST SPEED    17   HIGHEST GUST DIRECTION    NE (60)
  AVERAGE WIND SPEED     7.0


SKY COVER
  AVERAGE SKY COVER 0.3


WEATHER CONDITIONS
 THE FOLLOWING WEATHER WAS RECORDED YESTERDAY.
  FOG


RELATIVE HUMIDITY (PERCENT)
 HIGHEST    93          1000 PM
 LOWEST     64           500 PM
 AVERAGE    79

..........................................................


THE LAFAYETTE IN CLIMATE NORMALS FOR TODAY
                         NORMAL
 MAXIMUM TEMPERATURE (F)   85
 MINIMUM TEMPERATURE (F)   64


SUNRISE AND SUNSET
JULY  4 2015..........SUNRISE   623 AM EDT   SUNSET   921 PM EDT
JULY  5 2015..........SUNRISE   623 AM EDT   SUNSET   921 PM EDT


-  INDICATES NEGATIVE NUMBERS.
R  INDICATES RECORD WAS SET OR TIED.
MM INDICATES DATA IS MISSING.
T  INDICATES TRACE AMOUNT.




$$
