000
CDUS43 KIND 190538
CLILAF


CLIMATE REPORT
NATIONAL WEATHER SERVICE INDIANAPOLIS IN
138 AM EDT SAT APR 19 2014


...................................

...THE LAFAYETTE IN CLIMATE SUMMARY FOR APRIL 18 2014...

CLIMATE NORMAL PERIOD 1981 TO 2010
CLIMATE RECORD PERIOD 9999 TO 9999


WEATHER ITEM   OBSERVED TIME   NORMAL DEPARTURE LAST
                VALUE   (LST)  VALUE  FROM      YEAR
                                      NORMAL
......................................................
TEMPERATURE (F)
 YESTERDAY
  MAXIMUM         67    408 PM  64      3       73
  MINIMUM         42   1159 PM  42      0       44
  AVERAGE         55            53      2       59

PRECIPITATION (IN)
  YESTERDAY        0.00          0.13  -0.13     2.71
  MONTH TO DATE    3.53          2.02   1.51     6.73
  SINCE MAR 1      5.03          4.69   0.34     7.98
  SINCE JAN 1      8.37          8.31   0.06    13.93

DEGREE DAYS
 HEATING
  YESTERDAY       10            13     -3        6
  MONTH TO DATE  302           279     23      262
  SINCE MAR 1   1290          1030    260     1230
  SINCE JUL 1   6252          5364    888     5565

 COOLING
  YESTERDAY        0             0      0        0
  MONTH TO DATE    1             0      1        1
  SINCE MAR 1      1             1      0        1
  SINCE JAN 1      1             1      0        1
......................................................


WIND (MPH)
  HIGHEST WIND SPEED    18   HIGHEST WIND DIRECTION     N (10)
  HIGHEST GUST SPEED    23   HIGHEST GUST DIRECTION     N (20)
  AVERAGE WIND SPEED     6.2


SKY COVER
  AVERAGE SKY COVER 0.3


WEATHER CONDITIONS
 THE FOLLOWING WEATHER WAS RECORDED YESTERDAY.
  FOG


RELATIVE HUMIDITY (PERCENT)
 HIGHEST    89           700 AM
 LOWEST     32           500 PM
 AVERAGE    61

..........................................................


THE LAFAYETTE IN CLIMATE NORMALS FOR TODAY
                         NORMAL
 MAXIMUM TEMPERATURE (F)   64
 MINIMUM TEMPERATURE (F)   42


SUNRISE AND SUNSET
APRIL 19 2014.........SUNRISE   703 AM EDT   SUNSET   831 PM EDT
APRIL 20 2014.........SUNRISE   702 AM EDT   SUNSET   832 PM EDT


-  INDICATES NEGATIVE NUMBERS.
R  INDICATES RECORD WAS SET OR TIED.
MM INDICATES DATA IS MISSING.
T  INDICATES TRACE AMOUNT.




$$
