000
CDUS43 KIND 260532
CLILAF


CLIMATE REPORT
NATIONAL WEATHER SERVICE INDIANAPOLIS IN
131 AM EDT TUE SEP 26 2017


...................................

...THE LAFAYETTE IN CLIMATE SUMMARY FOR SEPTEMBER 25 2017...

CLIMATE NORMAL PERIOD 1981 TO 2010
CLIMATE RECORD PERIOD 9999 TO 9999


WEATHER ITEM   OBSERVED TIME   NORMAL DEPARTURE LAST
                VALUE   (LST)  VALUE  FROM      YEAR
                                      NORMAL
......................................................
TEMPERATURE (F)
 YESTERDAY
  MAXIMUM         89    312 PM  74     15       88
  MINIMUM         58    708 AM  51      7       60
  AVERAGE         74            62     12       74

PRECIPITATION (IN)
  YESTERDAY        0.00          0.09  -0.09     0.02
  MONTH TO DATE    1.46          2.21  -0.75     2.82
  SINCE SEP 1      1.46          2.21  -0.75     2.82
  SINCE JAN 1     37.85         27.76  10.09    30.16

DEGREE DAYS
 HEATING
  YESTERDAY        0             5     -5        0
  MONTH TO DATE   54            51      3        2
  SINCE SEP 1     54            51      3        2
  SINCE JUL 1     63            57      6       12

 COOLING
  YESTERDAY        9             2      7        9
  MONTH TO DATE  122           104     18      154
  SINCE SEP 1    122           104     18      154
  SINCE JAN 1    795           956   -161     1066
......................................................


WIND (MPH)
  HIGHEST WIND SPEED     9   HIGHEST WIND DIRECTION     E (70)
  HIGHEST GUST SPEED    13   HIGHEST GUST DIRECTION    NE (50)
  AVERAGE WIND SPEED     1.4


SKY COVER
  AVERAGE SKY COVER 0.0


WEATHER CONDITIONS
 THE FOLLOWING WEATHER WAS RECORDED YESTERDAY.
  NO SIGNIFICANT WEATHER WAS OBSERVED.


RELATIVE HUMIDITY (PERCENT)
 HIGHEST    97           600 AM
 LOWEST     36           400 PM
 AVERAGE    67

..........................................................


THE LAFAYETTE IN CLIMATE NORMALS FOR TODAY
                         NORMAL
 MAXIMUM TEMPERATURE (F)   74
 MINIMUM TEMPERATURE (F)   50


SUNRISE AND SUNSET
SEPTEMBER 26 2017.....SUNRISE   739 AM EDT   SUNSET   738 PM EDT
SEPTEMBER 27 2017.....SUNRISE   740 AM EDT   SUNSET   736 PM EDT


-  INDICATES NEGATIVE NUMBERS.
R  INDICATES RECORD WAS SET OR TIED.
MM INDICATES DATA IS MISSING.
T  INDICATES TRACE AMOUNT.




$$
