000
CDUS43 KIND 280536
CLILAF


CLIMATE REPORT
NATIONAL WEATHER SERVICE INDIANAPOLIS IN
133 AM EDT THU AUG 28 2014


...................................

...THE LAFAYETTE IN CLIMATE SUMMARY FOR AUGUST 27 2014...

CLIMATE NORMAL PERIOD 1981 TO 2010
CLIMATE RECORD PERIOD 9999 TO 9999


WEATHER ITEM   OBSERVED TIME   NORMAL DEPARTURE LAST
                VALUE   (LST)  VALUE  FROM      YEAR
                                      NORMAL
......................................................
TEMPERATURE (F)
 YESTERDAY
  MAXIMUM         84    333 PM  83      1       91
  MINIMUM         65   1151 PM  61      4       68
  AVERAGE         75            72      3       80

PRECIPITATION (IN)
  YESTERDAY        0.02          0.12  -0.10     0.00
  MONTH TO DATE    3.69          3.05   0.64     1.74
  SINCE JUN 1     12.15         11.12   1.03     8.66
  SINCE JAN 1     24.98         25.14  -0.16    27.28

DEGREE DAYS
 HEATING
  YESTERDAY        0             0      0        0
  MONTH TO DATE    6             0      6       11
  SINCE JUN 1     30            23      7       38
  SINCE JUL 1     24             1     23       20

 COOLING
  YESTERDAY       10             8      2       15
  MONTH TO DATE  186           234    -48      165
  SINCE JUN 1    537           748   -211      567
  SINCE JAN 1    634           825   -191      668
......................................................


WIND (MPH)
  HIGHEST WIND SPEED    13   HIGHEST WIND DIRECTION     N (350)
  HIGHEST GUST SPEED    16   HIGHEST GUST DIRECTION     N (10)
  AVERAGE WIND SPEED     4.5


SKY COVER
  AVERAGE SKY COVER 0.2


WEATHER CONDITIONS
 THE FOLLOWING WEATHER WAS RECORDED YESTERDAY.
  THUNDERSTORM
  RAIN
  FOG


RELATIVE HUMIDITY (PERCENT)
 HIGHEST   100           100 AM
 LOWEST     65           200 PM
 AVERAGE    83

..........................................................


THE LAFAYETTE IN CLIMATE NORMALS FOR TODAY
                         NORMAL
 MAXIMUM TEMPERATURE (F)   83
 MINIMUM TEMPERATURE (F)   61


SUNRISE AND SUNSET
AUGUST 28 2014........SUNRISE   711 AM EDT   SUNSET   826 PM EDT
AUGUST 29 2014........SUNRISE   712 AM EDT   SUNSET   824 PM EDT


-  INDICATES NEGATIVE NUMBERS.
R  INDICATES RECORD WAS SET OR TIED.
MM INDICATES DATA IS MISSING.
T  INDICATES TRACE AMOUNT.




$$
