000
CDUS43 KGRR 280520
CLILAN


CLIMATE REPORT
NATIONAL WEATHER SERVICE GRAND RAPIDS, MI
120 AM EDT SUN MAY 28 2017


...................................

...THE LANSING MI CLIMATE SUMMARY FOR MAY 27 2017...

CLIMATE NORMAL PERIOD 1981 TO 2010
CLIMATE RECORD PERIOD 1864 TO 2017


WEATHER ITEM   OBSERVED TIME   RECORD YEAR NORMAL DEPARTURE LAST
                VALUE   (LST)  VALUE       VALUE  FROM      YEAR
                                                  NORMAL
..................................................................
TEMPERATURE (F)
 YESTERDAY
  MAXIMUM         77    152 PM  93    1911  72      5       85
  MINIMUM         53    535 AM  27    1961  50      3       63
  AVERAGE         65                        61      4       74

PRECIPITATION (IN)
  YESTERDAY        0.00          1.92 2009   0.11  -0.11     0.00
  MONTH TO DATE    2.44                      2.90  -0.46     2.85
  SINCE MAR 1     10.73                      7.99   2.74     9.61
  SINCE JAN 1     17.01                     11.11   5.90    12.77

SNOWFALL (IN)
  YESTERDAY        0.0           0.0    MM   0.0    0.0      0.0
  MONTH TO DATE    0.0                       0.0    0.0       T
  SINCE MAR 1      2.6                       8.9   -6.3     16.4
  SINCE JUL 1     30.2                      51.1  -20.9     50.0
  SNOW DEPTH       0

DEGREE DAYS
 HEATING
  YESTERDAY        0                         5     -5        0
  MONTH TO DATE  236                       239     -3      247
  SINCE MAR 1   1535                      1702   -167     1612
  SINCE JUL 1   5580                      6637  -1057     5772

 COOLING
  YESTERDAY        0                         2     -2        9
  MONTH TO DATE   20                        26     -6       30
  SINCE MAR 1     28                        33     -5       31
  SINCE JAN 1     28                        33     -5       31
..................................................................


WIND (MPH)
  RESULTANT WIND SPEED   1   RESULTANT WIND DIRECTION  SE (130)
  HIGHEST WIND SPEED     9   HIGHEST WIND DIRECTION     E (110)
  HIGHEST GUST SPEED    13   HIGHEST GUST DIRECTION    SE (120)
  AVERAGE WIND SPEED     1.4


SKY COVER
  AVERAGE SKY COVER 0.5


WEATHER CONDITIONS
 THE FOLLOWING WEATHER WAS RECORDED YESTERDAY.
  FOG
  HAZE


RELATIVE HUMIDITY (PERCENT)
 HIGHEST    86           400 AM
 LOWEST     46          1200 PM
 AVERAGE    66

..........................................................


THE LANSING MI CLIMATE NORMALS FOR TODAY
                         NORMAL    RECORD    YEAR
 MAXIMUM TEMPERATURE (F)   73        96      1874
 MINIMUM TEMPERATURE (F)   51        28      1884


SUNRISE AND SUNSET
MAY 28 2017...........SUNRISE   605 AM EDT   SUNSET   907 PM EDT
MAY 29 2017...........SUNRISE   604 AM EDT   SUNSET   908 PM EDT


-  INDICATES NEGATIVE NUMBERS.
R  INDICATES RECORD WAS SET OR TIED.
MM INDICATES DATA IS MISSING.
T  INDICATES TRACE AMOUNT.




$$
