000
CDUS43 KGRR 020517
CLILAN


CLIMATE REPORT
NATIONAL WEATHER SERVICE GRAND RAPIDS, MI
117 AM EDT WED SEP 2 2015


...................................

...THE LANSING MI CLIMATE SUMMARY FOR SEPTEMBER 1 2015...

CLIMATE NORMAL PERIOD 1981 TO 2010
CLIMATE RECORD PERIOD 1864 TO 2015


WEATHER ITEM   OBSERVED TIME   RECORD YEAR NORMAL DEPARTURE LAST
                VALUE   (LST)  VALUE       VALUE  FROM      YEAR
                                                  NORMAL
..................................................................
TEMPERATURE (F)
 YESTERDAY
  MAXIMUM         87    410 PM  96    1953  78      9       81
                                      1898
  MINIMUM         63    504 AM  30    1867  57      6       65
  AVERAGE         75                        67      8       73

PRECIPITATION (IN)
  YESTERDAY        0.00          1.68 1914   0.11  -0.11     0.41
  MONTH TO DATE    0.00                      0.11  -0.11     0.41
  SINCE SEP 1      0.00                      0.11  -0.11     0.41
  SINCE JAN 1     26.33                     21.20   5.13    27.63

SNOWFALL (IN)
  YESTERDAY        0.0           0.0    MM   0.0    0.0      0.0
  MONTH TO DATE    0.0                       0.0    0.0      0.0
  SINCE SEP 1      0.0                       0.0    0.0      0.0
  SINCE JUL 1      0.0                       0.0    0.0      0.0
  SNOW DEPTH       0

DEGREE DAYS
 HEATING
  YESTERDAY        0                         2     -2        0
  MONTH TO DATE    0                         2     -2        0
  SINCE SEP 1      0                         2     -2        0
  SINCE JUL 1     31                        37     -6       40

 COOLING
  YESTERDAY       10                         4      6        8
  MONTH TO DATE   10                         4      6        8
  SINCE SEP 1     10                         4      6        8
  SINCE JAN 1    503                       561    -58      453
..................................................................


WIND (MPH)
  RESULTANT WIND SPEED   4   RESULTANT WIND DIRECTION  SW (230)
  HIGHEST WIND SPEED    13   HIGHEST WIND DIRECTION    SW (220)
  HIGHEST GUST SPEED    16   HIGHEST GUST DIRECTION    SW (220)
  AVERAGE WIND SPEED     4.4


SKY COVER
  AVERAGE SKY COVER 0.1


WEATHER CONDITIONS
 THE FOLLOWING WEATHER WAS RECORDED YESTERDAY.
  HAZE


RELATIVE HUMIDITY (PERCENT)
 HIGHEST   100           100 AM
 LOWEST     50           300 PM
 AVERAGE    75

..........................................................


THE LANSING MI CLIMATE NORMALS FOR TODAY
                         NORMAL    RECORD    YEAR
 MAXIMUM TEMPERATURE (F)   78        99      1894
 MINIMUM TEMPERATURE (F)   56        36      1867


SUNRISE AND SUNSET
SEPTEMBER  2 2015.....SUNRISE   704 AM EDT   SUNSET   812 PM EDT
SEPTEMBER  3 2015.....SUNRISE   705 AM EDT   SUNSET   810 PM EDT


-  INDICATES NEGATIVE NUMBERS.
R  INDICATES RECORD WAS SET OR TIED.
MM INDICATES DATA IS MISSING.
T  INDICATES TRACE AMOUNT.




$$
