000
CDUS43 KGRR 200519
CLILAN


CLIMATE REPORT
NATIONAL WEATHER SERVICE GRAND RAPIDS, MI
118 AM EDT SAT SEP 20 2014


...................................

...THE LANSING MI CLIMATE SUMMARY FOR SEPTEMBER 19 2014...

CLIMATE NORMAL PERIOD 1981 TO 2010
CLIMATE RECORD PERIOD 1864 TO 2014


WEATHER ITEM   OBSERVED TIME   RECORD YEAR NORMAL DEPARTURE LAST
                VALUE   (LST)  VALUE       VALUE  FROM      YEAR
                                                  NORMAL
..................................................................
TEMPERATURE (F)
 YESTERDAY
  MAXIMUM         69    359 PM  94    1895  72     -3       77
  MINIMUM         40    625 AM  27    1896  50    -10       61
  AVERAGE         55                        61     -6       69

PRECIPITATION (IN)
  YESTERDAY        0.00          1.58 1880   0.12  -0.12     0.02
  MONTH TO DATE    1.87                      2.19  -0.32     0.86
  SINCE SEP 1      1.87                      2.19  -0.32     0.86
  SINCE JAN 1     29.09                     23.28   5.81    33.78

SNOWFALL (IN)
  YESTERDAY        0.0           T    1962   0.0    0.0      0.0
  MONTH TO DATE    0.0                       0.0    0.0      0.0
  SINCE SEP 1      0.0                       0.0    0.0      0.0
  SINCE JUL 1      0.0                       0.0    0.0      0.0
  SNOW DEPTH       0

DEGREE DAYS
 HEATING
  YESTERDAY       10                         6      4        0
  MONTH TO DATE  107                        67     40       74
  SINCE SEP 1    107                        67     40       74
  SINCE JUL 1    147                       102     45      109

 COOLING
  YESTERDAY        0                         2     -2        4
  MONTH TO DATE   41                        51    -10       59
  SINCE SEP 1     41                        51    -10       59
  SINCE JAN 1    486                       608   -122      647
..................................................................


WIND (MPH)
  RESULTANT WIND SPEED   6   RESULTANT WIND DIRECTION  SE (150)
  HIGHEST WIND SPEED    15   HIGHEST WIND DIRECTION     S (170)
  HIGHEST GUST SPEED    19   HIGHEST GUST DIRECTION     S (170)
  AVERAGE WIND SPEED     7.6


SKY COVER
  AVERAGE SKY COVER 0.0


WEATHER CONDITIONS
 THE FOLLOWING WEATHER WAS RECORDED YESTERDAY.
  FOG


RELATIVE HUMIDITY (PERCENT)
 HIGHEST    93           100 AM
 LOWEST     49           200 PM
 AVERAGE    71

..........................................................


THE LANSING MI CLIMATE NORMALS FOR TODAY
                         NORMAL    RECORD    YEAR
 MAXIMUM TEMPERATURE (F)   71        94      1895
 MINIMUM TEMPERATURE (F)   49        22      1868


SUNRISE AND SUNSET
SEPTEMBER 20 2014.....SUNRISE   723 AM EDT   SUNSET   739 PM EDT
SEPTEMBER 21 2014.....SUNRISE   725 AM EDT   SUNSET   737 PM EDT


-  INDICATES NEGATIVE NUMBERS.
R  INDICATES RECORD WAS SET OR TIED.
MM INDICATES DATA IS MISSING.
T  INDICATES TRACE AMOUNT.




$$
