000
CDUS43 KGRR 022127
CLILAN


CLIMATE REPORT
NATIONAL WEATHER SERVICE GRAND RAPIDS, MI
527 PM EDT TUE SEP 2 2014


...................................

...THE LANSING MI CLIMATE SUMMARY FOR SEPTEMBER 2 2014...
VALID TODAY AS OF 0500 PM LOCAL TIME.

CLIMATE NORMAL PERIOD 1981 TO 2010
CLIMATE RECORD PERIOD 1864 TO 2014


WEATHER ITEM   OBSERVED TIME   RECORD YEAR NORMAL DEPARTURE LAST
                VALUE   (LST)  VALUE       VALUE  FROM      YEAR
                                                  NORMAL
..................................................................
TEMPERATURE (F)
 TODAY
  MAXIMUM         79    307 PM  99    1894  78      1       73
  MINIMUM         67    720 AM  36    1867  56     11       58
  AVERAGE         73                        67      6       66

PRECIPITATION (IN)
  TODAY            T             1.30 1870   0.12  -0.12     0.00
  MONTH TO DATE    0.41                      0.23   0.18      T
  SINCE SEP 1      0.41                      0.23   0.18      T
  SINCE JAN 1     27.63                     21.32   6.31    32.92

SNOWFALL (IN)
  TODAY            0.0           0.0    MM   0.0    0.0      0.0
  MONTH TO DATE    0.0                       0.0    0.0      0.0
  SINCE SEP 1      0.0                       0.0    0.0      0.0
  SINCE JUL 1      0.0                       0.0    0.0      0.0
  SNOW DEPTH       0

DEGREE DAYS
 HEATING
  TODAY            0                         2     -2        0
  MONTH TO DATE    0                         4     -4        0
  SINCE SEP 1      0                         4     -4        0
  SINCE JUL 1     40                        39      1       35

 COOLING
  TODAY            8                         4      4        1
  MONTH TO DATE   16                         8      8       10
  SINCE SEP 1     16                         8      8       10
  SINCE JAN 1    461                       565   -104      598
..................................................................


WIND (MPH)
  RESULTANT WIND SPEED   7   RESULTANT WIND DIRECTION   W (260)
  HIGHEST WIND SPEED    17   HIGHEST WIND DIRECTION     W (270)
  HIGHEST GUST SPEED    22   HIGHEST GUST DIRECTION     W (250)
  AVERAGE WIND SPEED     8.5


SKY COVER
  AVERAGE SKY COVER 0.4


WEATHER CONDITIONS
 THE FOLLOWING WEATHER WAS RECORDED TODAY.
  LIGHT RAIN
  FOG


RELATIVE HUMIDITY (PERCENT)
 HIGHEST    93           700 AM
 LOWEST     52           300 PM
 AVERAGE    73

..........................................................


THE LANSING MI CLIMATE NORMALS FOR TOMORROW
                         NORMAL    RECORD    YEAR
 MAXIMUM TEMPERATURE (F)   77        97      1973
 MINIMUM TEMPERATURE (F)   56        26      1863


SUNRISE AND SUNSET
SEPTEMBER  2 2014.....SUNRISE   704 AM EDT   SUNSET   811 PM EDT
SEPTEMBER  3 2014.....SUNRISE   705 AM EDT   SUNSET   809 PM EDT


-  INDICATES NEGATIVE NUMBERS.
R  INDICATES RECORD WAS SET OR TIED.
MM INDICATES DATA IS MISSING.
T  INDICATES TRACE AMOUNT.




$$
