000
CDUS43 KGRR 140520
CLILAN


CLIMATE REPORT
NATIONAL WEATHER SERVICE GRAND RAPIDS, MI
118 AM EDT MON JUL 14 2014


...................................

...THE LANSING MI CLIMATE SUMMARY FOR JULY 13 2014...

CLIMATE NORMAL PERIOD 1981 TO 2010
CLIMATE RECORD PERIOD 1864 TO 2014


WEATHER ITEM   OBSERVED TIME   RECORD YEAR NORMAL DEPARTURE LAST
                VALUE   (LST)  VALUE       VALUE  FROM      YEAR
                                                  NORMAL
..................................................................
TEMPERATURE (F)
 YESTERDAY
  MAXIMUM         80    453 PM  99    1936  83     -3       83
  MINIMUM         67   1157 PM  38    1865  61      6       59
  AVERAGE         74                        72      2       71

PRECIPITATION (IN)
  YESTERDAY        0.41          1.53 1992   0.09   0.32     0.00
  MONTH TO DATE    4.09                      1.20   2.89     0.54
  SINCE JUN 1     10.49                      4.65   5.84     8.94
  SINCE JAN 1     21.70                     16.22   5.48    26.94

SNOWFALL (IN)
  YESTERDAY        0.0           0.0    MM   0.0    0.0      0.0
  MONTH TO DATE    0.0                       0.0    0.0      0.0
  SINCE JUN 1      0.0                       0.0    0.0      0.0
  SINCE JUL 1      0.0                       0.0    0.0      0.0
  SNOW DEPTH       0

DEGREE DAYS
 HEATING
  YESTERDAY        0                         0      0        0
  MONTH TO DATE    6                         2      4        2
  SINCE JUN 1     30                        57    -27       52
  SINCE JUL 1      6                         2      4        2

 COOLING
  YESTERDAY        9                         7      2        6
  MONTH TO DATE   56                        91    -35       82
  SINCE JUN 1    203                       223    -20      215
  SINCE JAN 1    242                       264    -22      288
..................................................................


WIND (MPH)
  RESULTANT WIND SPEED   9   RESULTANT WIND DIRECTION   W (260)
  HIGHEST WIND SPEED    23   HIGHEST WIND DIRECTION    SW (220)
  HIGHEST GUST SPEED    36   HIGHEST GUST DIRECTION    SW (210)
  AVERAGE WIND SPEED    10.4


SKY COVER
  AVERAGE SKY COVER 0.3


WEATHER CONDITIONS
 THE FOLLOWING WEATHER WAS RECORDED YESTERDAY.
  HEAVY RAIN
  RAIN
  LIGHT RAIN
  FOG


RELATIVE HUMIDITY (PERCENT)
 HIGHEST    90           700 AM
 LOWEST     48           400 PM
 AVERAGE    69

..........................................................


THE LANSING MI CLIMATE NORMALS FOR TODAY
                         NORMAL    RECORD    YEAR
 MAXIMUM TEMPERATURE (F)   83       101      1936
 MINIMUM TEMPERATURE (F)   61        46      2001
                                             1950
                                             1926


SUNRISE AND SUNSET
JULY 14 2014..........SUNRISE   613 AM EDT   SUNSET   915 PM EDT
JULY 15 2014..........SUNRISE   614 AM EDT   SUNSET   915 PM EDT


-  INDICATES NEGATIVE NUMBERS.
R  INDICATES RECORD WAS SET OR TIED.
MM INDICATES DATA IS MISSING.
T  INDICATES TRACE AMOUNT.




$$
