000
CDUS45 KCYS 180733
CLILAR


CLIMATE REPORT
NATIONAL WEATHER SERVICE CHEYENNE WY
1232 AM MST THU DEC 18 2014


...................................

...THE LARAMIE WY AIRPORT CLIMATE SUMMARY FOR DECEMBER 17 2014...

CLIMATE NORMAL PERIOD 1981 TO 2010
CLIMATE RECORD PERIOD 1948 TO 2014


WEATHER ITEM   OBSERVED TIME   RECORD YEAR NORMAL DEPARTURE LAST
                VALUE   (LST)  VALUE       VALUE  FROM      YEAR
                                                  NORMAL
..................................................................
TEMPERATURE (F)
 YESTERDAY
  MAXIMUM         36    236 PM  60    1980  32      4       45
  MINIMUM          7   1159 PM -30    1964  10     -3       24
  AVERAGE         22                        20      2       35

PRECIPITATION (IN)
  YESTERDAY        0.00          0.11 1970   0.01  -0.01     0.00
  MONTH TO DATE    0.03                      0.19  -0.16     0.55
  SINCE JAN 1     13.73                     10.79   2.94    12.47

DEGREE DAYS
 HEATING
  YESTERDAY       43                        44     -1       30
  MONTH TO DATE  562                       740   -178      840
  SINCE DEC 1    562                       740   -178      840
  SINCE JUL 1   2690                      3052   -362     2962

 COOLING
  YESTERDAY        0                         0      0        0
  MONTH TO DATE    0                         0      0        0
  SINCE DEC 1      0                         0      0        0
  SINCE JAN 1     67                        67      0      162
..................................................................


WIND (MPH)
  HIGHEST WIND SPEED    16   HIGHEST WIND DIRECTION    SW (210)
  HIGHEST GUST SPEED    18   HIGHEST GUST DIRECTION    SW (230)
  AVERAGE WIND SPEED     7.9


SKY COVER
  AVERAGE SKY COVER 0.1


WEATHER CONDITIONS
 THE FOLLOWING WEATHER WAS RECORDED YESTERDAY.
  NO SIGNIFICANT WEATHER WAS OBSERVED.


RELATIVE HUMIDITY (PERCENT)
 HIGHEST    96           800 AM
 LOWEST     56           200 PM
 AVERAGE    76

..........................................................


THE LARAMIE WY AIRPORT CLIMATE NORMALS FOR TODAY
                         NORMAL    RECORD    YEAR
 MAXIMUM TEMPERATURE (F)   32        52      1980
 MINIMUM TEMPERATURE (F)   10       -20      1965


SUNRISE AND SUNSET
DECEMBER 18 2014......SUNRISE   723 AM MST   SUNSET   435 PM MST
DECEMBER 19 2014......SUNRISE   724 AM MST   SUNSET   436 PM MST


-  INDICATES NEGATIVE NUMBERS.
R  INDICATES RECORD WAS SET OR TIED.
MM INDICATES DATA IS MISSING.
T  INDICATES TRACE AMOUNT.




$$
