000
CDUS45 KCYS 200736
CLILAR


CLIMATE REPORT
NATIONAL WEATHER SERVICE CHEYENNE WY
134 AM MDT SAT SEP 20 2014


...................................

...THE LARAMIE WY AIRPORT CLIMATE SUMMARY FOR SEPTEMBER 19 2014...

CLIMATE NORMAL PERIOD 1981 TO 2010
CLIMATE RECORD PERIOD 1948 TO 2014


WEATHER ITEM   OBSERVED TIME   RECORD YEAR NORMAL DEPARTURE LAST
                VALUE   (LST)  VALUE       VALUE  FROM      YEAR
                                                  NORMAL
..................................................................
TEMPERATURE (F)
 YESTERDAY
  MAXIMUM         79    317 PM  86    2010  67     12       61
  MINIMUM         47    535 AM  18    1971  37     10       35
  AVERAGE         63                        52     11       48

PRECIPITATION (IN)
  YESTERDAY        0.00          0.92 1997   0.04  -0.04     0.00
  MONTH TO DATE    0.64                      0.72  -0.08     2.74
  SINCE JAN 1     11.43                      8.87   2.56     9.07

DEGREE DAYS
 HEATING
  YESTERDAY        2                        13    -11       17
  MONTH TO DATE  178                       181     -3       97
  SINCE SEP 1    178                       181     -3       97
  SINCE JUL 1    357                       353      4      168

 COOLING
  YESTERDAY        0                         0      0        0
  MONTH TO DATE    0                         0      0       24
  SINCE SEP 1      0                         0      0       24
  SINCE JAN 1     67                        66      1      162
..................................................................


WIND (MPH)
  HIGHEST WIND SPEED    23   HIGHEST WIND DIRECTION     W (290)
  HIGHEST GUST SPEED    29   HIGHEST GUST DIRECTION    NW (320)
  AVERAGE WIND SPEED     9.8


SKY COVER
  AVERAGE SKY COVER 0.2


WEATHER CONDITIONS
 THE FOLLOWING WEATHER WAS RECORDED YESTERDAY.
  NO SIGNIFICANT WEATHER WAS OBSERVED.


RELATIVE HUMIDITY (PERCENT)
 HIGHEST    61           300 AM
 LOWEST     26           300 PM
 AVERAGE    44

..........................................................


THE LARAMIE WY AIRPORT CLIMATE NORMALS FOR TODAY
                         NORMAL    RECORD    YEAR
 MAXIMUM TEMPERATURE (F)   67        83      1956
 MINIMUM TEMPERATURE (F)   36        20      1983


SUNRISE AND SUNSET
SEPTEMBER 20 2014.....SUNRISE   648 AM MDT   SUNSET   703 PM MDT
SEPTEMBER 21 2014.....SUNRISE   649 AM MDT   SUNSET   701 PM MDT


-  INDICATES NEGATIVE NUMBERS.
R  INDICATES RECORD WAS SET OR TIED.
MM INDICATES DATA IS MISSING.
T  INDICATES TRACE AMOUNT.




$$
