000
CDUS45 KCYS 310727
CLILAR


CLIMATE REPORT
NATIONAL WEATHER SERVICE CHEYENNE WY
1226 AM MST SAT JAN 31 2015


...................................

...THE LARAMIE WY AIRPORT CLIMATE SUMMARY FOR JANUARY 30 2015...

CLIMATE NORMAL PERIOD 1981 TO 2010
CLIMATE RECORD PERIOD 1948 TO 2015


WEATHER ITEM   OBSERVED TIME   RECORD YEAR NORMAL DEPARTURE LAST
                VALUE   (LST)  VALUE       VALUE  FROM      YEAR
                                                  NORMAL
..................................................................
TEMPERATURE (F)
 YESTERDAY
  MAXIMUM         38    235 PM  56    1986  33      5       32
  MINIMUM         25    759 AM -24    1980  10     15       22
  AVERAGE         32                        22     10       27

PRECIPITATION (IN)
  YESTERDAY        0.00          0.08 2014   0.01  -0.01     0.08
  MONTH TO DATE    0.05                      0.26  -0.21     0.68
  SINCE JAN 1      0.05                      0.26  -0.21     0.68

DEGREE DAYS
 HEATING
  YESTERDAY       33                        43    -10       38
  MONTH TO DATE 1149                      1291   -142     1288
  SINCE DEC 1   2462                      2652   -190     2689
  SINCE JUL 1   4590                      4964   -374     4811

 COOLING
  YESTERDAY        0                         0      0        0
  MONTH TO DATE    0                         0      0        0
  SINCE DEC 1      0                         0      0        0
  SINCE JAN 1      0                         0      0        0
..................................................................


WIND (MPH)
  HIGHEST WIND SPEED    10   HIGHEST WIND DIRECTION    NE (30)
  HIGHEST GUST SPEED    13   HIGHEST GUST DIRECTION    NE (30)
  AVERAGE WIND SPEED     4.5


SKY COVER
  AVERAGE SKY COVER 0.3


WEATHER CONDITIONS
 THE FOLLOWING WEATHER WAS RECORDED YESTERDAY.
  NO SIGNIFICANT WEATHER WAS OBSERVED.


RELATIVE HUMIDITY (PERCENT)
 HIGHEST    88           300 AM
 LOWEST     64          1100 AM
 AVERAGE    76

..........................................................


THE LARAMIE WY AIRPORT CLIMATE NORMALS FOR TODAY
                         NORMAL    RECORD    YEAR
 MAXIMUM TEMPERATURE (F)   33        55      1954
 MINIMUM TEMPERATURE (F)   10       -38      1951


SUNRISE AND SUNSET
JANUARY 31 2015.......SUNRISE   715 AM MST   SUNSET   518 PM MST
FEBRUARY  1 2015......SUNRISE   714 AM MST   SUNSET   519 PM MST


-  INDICATES NEGATIVE NUMBERS.
R  INDICATES RECORD WAS SET OR TIED.
MM INDICATES DATA IS MISSING.
T  INDICATES TRACE AMOUNT.




$$
