000
CDUS45 KCYS 290728
CLILAR


CLIMATE REPORT
NATIONAL WEATHER SERVICE CHEYENNE WY
127 AM MDT SUN MAR 29 2015


...................................

...THE LARAMIE WY AIRPORT CLIMATE SUMMARY FOR MARCH 28 2015...

CLIMATE NORMAL PERIOD 1981 TO 2010
CLIMATE RECORD PERIOD 1948 TO 2015


WEATHER ITEM   OBSERVED TIME   RECORD YEAR NORMAL DEPARTURE LAST
                VALUE   (LST)  VALUE       VALUE  FROM      YEAR
                                                  NORMAL
..................................................................
TEMPERATURE (F)
 YESTERDAY
  MAXIMUM         67R   233 PM  67    1986  46     21       42
                                      1953
  MINIMUM         30    448 AM -12    1975  21      9       22
  AVERAGE         49                        34     15       32

PRECIPITATION (IN)
  YESTERDAY        0.00          0.35 1980   0.02  -0.02     0.00
  MONTH TO DATE    0.15                      0.51  -0.36     0.51
  SINCE JAN 1      0.94                      1.12  -0.18     1.70

DEGREE DAYS
 HEATING
  YESTERDAY       16                        32    -16       33
  MONTH TO DATE  811                       966   -155      918
  SINCE MAR 1    811                       966   -155      918
  SINCE JUL 1   6488                      7142   -654     6962

 COOLING
  YESTERDAY        0                         0      0        0
  MONTH TO DATE    0                         0      0        0
  SINCE MAR 1      0                         0      0        0
  SINCE JAN 1      0                         0      0        0
..................................................................


WIND (MPH)
  HIGHEST WIND SPEED    40   HIGHEST WIND DIRECTION     W (270)
  HIGHEST GUST SPEED    48   HIGHEST GUST DIRECTION     W (280)
  AVERAGE WIND SPEED    18.4


SKY COVER
  AVERAGE SKY COVER 0.1


WEATHER CONDITIONS
 THE FOLLOWING WEATHER WAS RECORDED YESTERDAY.
  NO SIGNIFICANT WEATHER WAS OBSERVED.


RELATIVE HUMIDITY (PERCENT)
 HIGHEST    75          1200 AM
 LOWEST     16           100 PM
 AVERAGE    46

..........................................................


THE LARAMIE WY AIRPORT CLIMATE NORMALS FOR TODAY
                         NORMAL    RECORD    YEAR
 MAXIMUM TEMPERATURE (F)   46        67      1986
                                             1978
 MINIMUM TEMPERATURE (F)   21        -3      1961


SUNRISE AND SUNSET
MARCH 29 2015.........SUNRISE   651 AM MDT   SUNSET   724 PM MDT
MARCH 30 2015.........SUNRISE   650 AM MDT   SUNSET   726 PM MDT


-  INDICATES NEGATIVE NUMBERS.
R  INDICATES RECORD WAS SET OR TIED.
MM INDICATES DATA IS MISSING.
T  INDICATES TRACE AMOUNT.




$$
