000
CDUS45 KCYS 300731
CLILAR


CLIMATE REPORT
NATIONAL WEATHER SERVICE CHEYENNE WY
130 AM MDT SAT APR 30 2016


...................................

...THE LARAMIE WY AIRPORT CLIMATE SUMMARY FOR APRIL 29 2016...

CLIMATE NORMAL PERIOD 1981 TO 2010
CLIMATE RECORD PERIOD 1948 TO 2016


WEATHER ITEM   OBSERVED TIME   RECORD YEAR NORMAL DEPARTURE LAST
                VALUE   (LST)  VALUE       VALUE  FROM      YEAR
                                                  NORMAL
..................................................................
TEMPERATURE (F)
 YESTERDAY
  MAXIMUM         34   1154 AM  75    2007  56    -22       69
                                      1992
  MINIMUM         27   1159 PM   6    2005  28     -1       29
  AVERAGE         31                        42    -11       49

PRECIPITATION (IN)
  YESTERDAY        0.09          0.44 2001   0.04   0.05     0.00
  MONTH TO DATE    1.60                      1.02   0.58     1.70
  SINCE JAN 1      3.97                      2.21   1.76     2.66

DEGREE DAYS
 HEATING
  YESTERDAY       34                        23     11       16
  MONTH TO DATE  778                       792    -14      781
  SINCE MAR 1   1846                      1851     -5     1650
  SINCE JUL 1   7628                      8027   -399     7327

 COOLING
  YESTERDAY        0                         0      0        0
  MONTH TO DATE    0                         0      0        0
  SINCE MAR 1      0                         0      0        0
  SINCE JAN 1      0                         0      0        0
..................................................................


WIND (MPH)
  HIGHEST WIND SPEED    26   HIGHEST WIND DIRECTION    SE (140)
  HIGHEST GUST SPEED    29   HIGHEST GUST DIRECTION    SE (140)
  AVERAGE WIND SPEED    11.8


SKY COVER
  AVERAGE SKY COVER 1.0


WEATHER CONDITIONS
 THE FOLLOWING WEATHER WAS RECORDED YESTERDAY.
  SNOW
  LIGHT SNOW
  FOG


RELATIVE HUMIDITY (PERCENT)
 HIGHEST   100          1200 AM
 LOWEST     78          1000 AM
 AVERAGE    89

..........................................................


THE LARAMIE WY AIRPORT CLIMATE NORMALS FOR TODAY
                         NORMAL    RECORD    YEAR
 MAXIMUM TEMPERATURE (F)   56        76      1992
 MINIMUM TEMPERATURE (F)   29         6      1950


SUNRISE AND SUNSET
APRIL 30 2016.........SUNRISE   601 AM MDT   SUNSET   800 PM MDT
MAY  1 2016...........SUNRISE   559 AM MDT   SUNSET   801 PM MDT


-  INDICATES NEGATIVE NUMBERS.
R  INDICATES RECORD WAS SET OR TIED.
MM INDICATES DATA IS MISSING.
T  INDICATES TRACE AMOUNT.




$$
