000
CDUS45 KVEF 260028
CLILAS


CLIMATE REPORT
NATIONAL WEATHER SERVICE LAS VEGAS, NV
527 PM PDT THU MAY 25 2017


...................................

...THE LAS VEGAS NV CLIMATE SUMMARY FOR MAY 25 2017...
VALID TODAY AS OF 0500 PM LOCAL TIME.

CLIMATE NORMAL PERIOD 1981 TO 2010
CLIMATE RECORD PERIOD 1937 TO 2017


WEATHER ITEM   OBSERVED TIME   RECORD YEAR NORMAL DEPARTURE LAST
                VALUE   (LST)  VALUE       VALUE  FROM      YEAR
                                                  NORMAL
..................................................................
TEMPERATURE (F)
 TODAY
  MAXIMUM         99    256 PM 105    2001  92      7       82
                                      1951
  MINIMUM         77    533 AM  47    1977  68      9       61
                                      1965
  AVERAGE         88                        80      8       72

PRECIPITATION (IN)
  TODAY            0.00          T    2000   0.01  -0.01     0.00
                                      1996
                                      1995
  MONTH TO DATE    0.08                      0.10  -0.02     0.04
  SINCE OCT 1      2.65                      3.12  -0.47     4.26
  SINCE JAN 1      1.59                      1.99  -0.40     2.85

SNOWFALL (IN)
  TODAY            0.0           0.0    MM   0.0    0.0      0.0
  MONTH TO DATE    0.0                       0.0    0.0      0.0
  SINCE MAR 1      0.0                       0.0    0.0      0.0
  SINCE JUL 1      0.0                       0.3   -0.3       T
  SNOW DEPTH       0

DEGREE DAYS
 HEATING
  TODAY            0                         0      0        0
  MONTH TO DATE    7                         4      3        3
  SINCE MAR 1     98                       256   -158      117
  SINCE JUL 1   1470                      1947   -477     1696

 COOLING
  TODAY           23                        15      8        7
  MONTH TO DATE  282                       292    -10      235
  SINCE MAR 1    557                       451    106      432
  SINCE JAN 1    560                       452    108      441
..................................................................


WIND (MPH)
  RESULTANT WIND SPEED  12   RESULTANT WIND DIRECTION  SW (210)
  HIGHEST WIND SPEED    28   HIGHEST WIND DIRECTION    SW (230)
  HIGHEST GUST SPEED    39   HIGHEST GUST DIRECTION     W (260)
  AVERAGE WIND SPEED    14.1


SKY COVER
  POSSIBLE SUNSHINE  MM
  AVERAGE SKY COVER 0.4


WEATHER CONDITIONS
 THE FOLLOWING WEATHER WAS RECORDED TODAY.
  NO SIGNIFICANT WEATHER WAS OBSERVED.


RELATIVE HUMIDITY (PERCENT)
 HIGHEST    15          1200 AM
 LOWEST      4           200 PM
 AVERAGE    10

..........................................................


THE LAS VEGAS NV CLIMATE NORMALS FOR TOMORROW
                         NORMAL    RECORD    YEAR
 MAXIMUM TEMPERATURE (F)   92       109      1951
 MINIMUM TEMPERATURE (F)   69        50      1980


SUNRISE AND SUNSET
MAY 25 2017...........SUNRISE   528 AM PDT   SUNSET   748 PM PDT
MAY 26 2017...........SUNRISE   527 AM PDT   SUNSET   748 PM PDT


-  INDICATES NEGATIVE NUMBERS.
R  INDICATES RECORD WAS SET OR TIED.
MM INDICATES DATA IS MISSING.
T  INDICATES TRACE AMOUNT.




$$
