000
CDUS45 KVEF 300827
CLILAS


CLIMATE REPORT
NATIONAL WEATHER SERVICE LAS VEGAS, NV
127 AM PDT MON MAY 30 2016


...................................

...THE LAS VEGAS NV CLIMATE SUMMARY FOR MAY 29 2016...

CLIMATE NORMAL PERIOD 1981 TO 2010
CLIMATE RECORD PERIOD 1937 TO 2016


WEATHER ITEM   OBSERVED TIME   RECORD YEAR NORMAL DEPARTURE LAST
                VALUE   (LST)  VALUE       VALUE  FROM      YEAR
                                                  NORMAL
..................................................................
TEMPERATURE (F)
 YESTERDAY
  MAXIMUM         93    149 PM 108    1984  93      0       99
                                      1939
  MINIMUM         71    512 AM  46    1953  70      1       75
  AVERAGE         82                        81      1       87

PRECIPITATION (IN)
  YESTERDAY        0.00          0.21 1967   0.00   0.00     0.00
  MONTH TO DATE    0.04                      0.11  -0.07     0.24
  SINCE OCT 1      4.26                      3.13   1.13     2.49
  SINCE JAN 1      2.85                      2.00   0.85     2.19

SNOWFALL (IN)
  YESTERDAY        0.0           0.0    MM   0.0    0.0      0.0
  MONTH TO DATE    0.0                       0.0    0.0      0.0
  SINCE MAR 1      0.0                       0.0    0.0      0.0
  SINCE JUL 1      T                         0.3   -0.3       T
  SNOW DEPTH       0

DEGREE DAYS
 HEATING
  YESTERDAY        0                         0      0        0
  MONTH TO DATE    3                         4     -1       12
  SINCE MAR 1    117                       256   -139      114
  SINCE JUL 1   1696                      1947   -251     1221

 COOLING
  YESTERDAY       17                        16      1       22
  MONTH TO DATE  290                       356    -66      260
  SINCE MAR 1    487                       515    -28      545
  SINCE JAN 1    496                       516    -20      555
..................................................................


WIND (MPH)
  RESULTANT WIND SPEED   3   RESULTANT WIND DIRECTION   S (160)
  HIGHEST WIND SPEED    16   HIGHEST WIND DIRECTION     E (90)
  HIGHEST GUST SPEED    23   HIGHEST GUST DIRECTION    SE (150)
  AVERAGE WIND SPEED     5.3


SKY COVER
  POSSIBLE SUNSHINE  MM
  AVERAGE SKY COVER 0.2


WEATHER CONDITIONS
 THE FOLLOWING WEATHER WAS RECORDED YESTERDAY.
  NO SIGNIFICANT WEATHER WAS OBSERVED.


RELATIVE HUMIDITY (PERCENT)
 HIGHEST    19           500 AM
 LOWEST      7           500 PM
 AVERAGE    13

..........................................................


THE LAS VEGAS NV CLIMATE NORMALS FOR TODAY
                         NORMAL    RECORD    YEAR
 MAXIMUM TEMPERATURE (F)   94       106      2002
                                             1997
                                             1969
 MINIMUM TEMPERATURE (F)   70        48      1971
                                             1942


SUNRISE AND SUNSET
MAY 30 2016...........SUNRISE   526 AM PDT   SUNSET   751 PM PDT
MAY 31 2016...........SUNRISE   525 AM PDT   SUNSET   752 PM PDT


-  INDICATES NEGATIVE NUMBERS.
R  INDICATES RECORD WAS SET OR TIED.
MM INDICATES DATA IS MISSING.
T  INDICATES TRACE AMOUNT.




$$
