000
CDUS45 KVEF 240827
CLILAS


CLIMATE REPORT
NATIONAL WEATHER SERVICE LAS VEGAS, NV
1226 AM PST FRI NOV 24 2017


...................................

...THE LAS VEGAS NV CLIMATE SUMMARY FOR NOVEMBER 23 2017...

CLIMATE NORMAL PERIOD 1981 TO 2010
CLIMATE RECORD PERIOD 1937 TO 2017


WEATHER ITEM   OBSERVED TIME   RECORD YEAR NORMAL DEPARTURE LAST
                VALUE   (LST)  VALUE       VALUE  FROM      YEAR
                                                  NORMAL
..................................................................
TEMPERATURE (F)
 YESTERDAY
  MAXIMUM         80R   236 PM  76    1995  63     17       66
                                      1954
  MINIMUM         54    638 AM  24    1941  43     11       45
  AVERAGE         67                        53     14       56

PRECIPITATION (IN)
  YESTERDAY        0.00          0.44 1951   0.02  -0.02     0.00
  MONTH TO DATE    0.00                      0.27  -0.27      T
  SINCE OCT 1      0.00                      0.54  -0.54     0.23
  SINCE JAN 1      2.38                      3.60  -1.22     3.94

SNOWFALL (IN)
  YESTERDAY        0.0           0.0  2013   0.0    0.0      0.0
  MONTH TO DATE    0.0                       0.0    0.0      0.0
  SINCE SEP 1      0.0                       0.0    0.0      0.0
  SINCE JUL 1      0.0                       0.0    0.0      0.0
  SNOW DEPTH       0

DEGREE DAYS
 HEATING
  YESTERDAY        0                        12    -12        9
  MONTH TO DATE   64                       175   -111       65
  SINCE SEP 1     64                       214   -150       65
  SINCE JUL 1     64                       214   -150       65

 COOLING
  YESTERDAY        2                         0      2        0
  MONTH TO DATE   20                        10     10       45
  SINCE SEP 1    749                       717     32      856
  SINCE JAN 1   4041                      3566    475     4002
..................................................................


WIND (MPH)
  RESULTANT WIND SPEED   1   RESULTANT WIND DIRECTION  SW (210)
  HIGHEST WIND SPEED     8   HIGHEST WIND DIRECTION    SW (210)
  HIGHEST GUST SPEED    10   HIGHEST GUST DIRECTION     S (200)
  AVERAGE WIND SPEED     2.6


SKY COVER
  POSSIBLE SUNSHINE  MM
  AVERAGE SKY COVER 0.5


WEATHER CONDITIONS
 THE FOLLOWING WEATHER WAS RECORDED YESTERDAY.
  NO SIGNIFICANT WEATHER WAS OBSERVED.


RELATIVE HUMIDITY (PERCENT)
 HIGHEST    51           600 AM
 LOWEST     23           100 PM
 AVERAGE    37

..........................................................


THE LAS VEGAS NV CLIMATE NORMALS FOR TODAY
                         NORMAL    RECORD    YEAR
 MAXIMUM TEMPERATURE (F)   62        81      1949
 MINIMUM TEMPERATURE (F)   43        15      1938


SUNRISE AND SUNSET
NOVEMBER 24 2017......SUNRISE   627 AM PST   SUNSET   428 PM PST
NOVEMBER 25 2017......SUNRISE   628 AM PST   SUNSET   428 PM PST


-  INDICATES NEGATIVE NUMBERS.
R  INDICATES RECORD WAS SET OR TIED.
MM INDICATES DATA IS MISSING.
T  INDICATES TRACE AMOUNT.




$$
