000
CDUS45 KVEF 210826
CLILAS


CLIMATE REPORT
NATIONAL WEATHER SERVICE LAS VEGAS, NV
125 AM PDT SUN SEP 21 2014


...................................

...THE LAS VEGAS NV CLIMATE SUMMARY FOR SEPTEMBER 20 2014...

CLIMATE NORMAL PERIOD 1981 TO 2010
CLIMATE RECORD PERIOD 1937 TO 2014


WEATHER ITEM   OBSERVED TIME   RECORD YEAR NORMAL DEPARTURE LAST
                VALUE   (LST)  VALUE       VALUE  FROM      YEAR
                                                  NORMAL
..................................................................
TEMPERATURE (F)
 YESTERDAY
  MAXIMUM         97    321 PM 103    1951  92      5       96
                                      1943
  MINIMUM         77    546 AM  46    1965  69      8       69
  AVERAGE         87                        81      6       83

PRECIPITATION (IN)
  YESTERDAY        0.01          0.40 1952   0.01   0.00     0.00
  MONTH TO DATE    0.30                      0.19   0.11     0.35
  SINCE OCT 1      2.59                      4.13  -1.54     2.97
  SINCE JAN 1      1.17                      3.00  -1.83     1.54

SNOWFALL (IN)
  YESTERDAY        0.0           0.0    MM   0.0    0.0      0.0
  MONTH TO DATE    0.0                       0.0    0.0      0.0
  SINCE SEP 1      0.0                       0.0    0.0      0.0
  SINCE JUL 1      0.0                       0.0    0.0      0.0
  SNOW DEPTH       0

DEGREE DAYS
 HEATING
  YESTERDAY        0                         0      0        0
  MONTH TO DATE    0                         0      0        0
  SINCE SEP 1      0                         0      0        0
  SINCE JUL 1      0                         0      0        0

 COOLING
  YESTERDAY       22                        16      6       18
  MONTH TO DATE  464                       392     72      393
  SINCE SEP 1    464                       392     72      393
  SINCE JAN 1   3489                      3241    248     3565
..................................................................


WIND (MPH)
  RESULTANT WIND SPEED   4   RESULTANT WIND DIRECTION   S (200)
  HIGHEST WIND SPEED    17   HIGHEST WIND DIRECTION    NW (320)
  HIGHEST GUST SPEED    24   HIGHEST GUST DIRECTION     S (200)
  AVERAGE WIND SPEED     7.4


SKY COVER
  POSSIBLE SUNSHINE  MM
  AVERAGE SKY COVER 0.7


WEATHER CONDITIONS
 THE FOLLOWING WEATHER WAS RECORDED YESTERDAY.
  THUNDERSTORM
  LIGHT RAIN


RELATIVE HUMIDITY (PERCENT)
 HIGHEST    45          1100 PM
 LOWEST     16          1000 AM
 AVERAGE    31

..........................................................


THE LAS VEGAS NV CLIMATE NORMALS FOR TODAY
                         NORMAL    RECORD    YEAR
 MAXIMUM TEMPERATURE (F)   92       104      1943
 MINIMUM TEMPERATURE (F)   69        49      1978


SUNRISE AND SUNSET
SEPTEMBER 21 2014.....SUNRISE   628 AM PDT   SUNSET   639 PM PDT
SEPTEMBER 22 2014.....SUNRISE   629 AM PDT   SUNSET   637 PM PDT


-  INDICATES NEGATIVE NUMBERS.
R  INDICATES RECORD WAS SET OR TIED.
MM INDICATES DATA IS MISSING.
T  INDICATES TRACE AMOUNT.




$$
