000
CDUS45 KVEF 310836
CLILAS


CLIMATE REPORT
NATIONAL WEATHER SERVICE LAS VEGAS, NV
136 AM PDT MON AUG 31 2015


...................................

...THE LAS VEGAS NV CLIMATE SUMMARY FOR AUGUST 30 2015...

CLIMATE NORMAL PERIOD 1981 TO 2010
CLIMATE RECORD PERIOD 1937 TO 2015


WEATHER ITEM   OBSERVED TIME   RECORD YEAR NORMAL DEPARTURE LAST
                VALUE   (LST)  VALUE       VALUE  FROM      YEAR
                                                  NORMAL
..................................................................
TEMPERATURE (F)
 YESTERDAY
  MAXIMUM        101    336 PM 112    1948 100      1      106
  MINIMUM         85    509 AM  55    1947  77      8       80
  AVERAGE         93                        88      5       93

PRECIPITATION (IN)
  YESTERDAY        0.00          0.06 1992   0.01  -0.01     0.00
  MONTH TO DATE    0.68                      0.32   0.36     0.35
  SINCE OCT 1      3.36                      3.93  -0.57     2.29
  SINCE JAN 1      3.06                      2.80   0.26     0.87

SNOWFALL (IN)
  YESTERDAY        0.0           0.0    MM   0.0    0.0      0.0
  MONTH TO DATE    0.0                       0.0    0.0      0.0
  SINCE JUN 1      0.0                       0.0    0.0      0.0
  SINCE JUL 1      0.0                       0.0    0.0      0.0
  SNOW DEPTH       0

DEGREE DAYS
 HEATING
  YESTERDAY        0                         0      0        0
  MONTH TO DATE    0                         0      0        0
  SINCE JUN 1      0                         1     -1        0
  SINCE JUL 1      0                         0      0        0

 COOLING
  YESTERDAY       28                        23      5       28
  MONTH TO DATE  846                       771     75      701
  SINCE JUN 1   2462                      2275    187     2340
  SINCE JAN 1   3065                      2825    240     2998
..................................................................


WIND (MPH)
  RESULTANT WIND SPEED  10   RESULTANT WIND DIRECTION  SW (210)
  HIGHEST WIND SPEED    23   HIGHEST WIND DIRECTION    SW (230)
  HIGHEST GUST SPEED    31   HIGHEST GUST DIRECTION    SW (220)
  AVERAGE WIND SPEED    10.3


SKY COVER
  POSSIBLE SUNSHINE  MM
  AVERAGE SKY COVER 0.5


WEATHER CONDITIONS
 THE FOLLOWING WEATHER WAS RECORDED YESTERDAY.
  NO SIGNIFICANT WEATHER WAS OBSERVED.


RELATIVE HUMIDITY (PERCENT)
 HIGHEST    23           600 AM
 LOWEST      9           400 PM
 AVERAGE    16

..........................................................


THE LAS VEGAS NV CLIMATE NORMALS FOR TODAY
                         NORMAL    RECORD    YEAR
 MAXIMUM TEMPERATURE (F)   99       112      1948
 MINIMUM TEMPERATURE (F)   77        55      1942


SUNRISE AND SUNSET
AUGUST 31 2015........SUNRISE   611 AM PDT   SUNSET   710 PM PDT
SEPTEMBER  1 2015.....SUNRISE   612 AM PDT   SUNSET   709 PM PDT


-  INDICATES NEGATIVE NUMBERS.
R  INDICATES RECORD WAS SET OR TIED.
MM INDICATES DATA IS MISSING.
T  INDICATES TRACE AMOUNT.




$$
