000
CDUS45 KVEF 250826
CLILAS


CLIMATE REPORT
NATIONAL WEATHER SERVICE LAS VEGAS, NV
125 AM PDT TUE APR 25 2017


...................................

...THE LAS VEGAS NV CLIMATE SUMMARY FOR APRIL 24 2017...

CLIMATE NORMAL PERIOD 1981 TO 2010
CLIMATE RECORD PERIOD 1937 TO 2017


WEATHER ITEM   OBSERVED TIME   RECORD YEAR NORMAL DEPARTURE LAST
                VALUE   (LST)  VALUE       VALUE  FROM      YEAR
                                                  NORMAL
..................................................................
TEMPERATURE (F)
 YESTERDAY
  MAXIMUM         85    320 PM  99    1946  81      4       81
  MINIMUM         64    549 AM  38    1937  59      5       60
  AVERAGE         75                        70      5       71

PRECIPITATION (IN)
  YESTERDAY        0.00          0.15 1999   0.00   0.00     0.00
  MONTH TO DATE    0.04                      0.13  -0.09     1.03
  SINCE OCT 1      2.57                      3.00  -0.43     2.99
  SINCE JAN 1      1.51                      1.87  -0.36     1.58

SNOWFALL (IN)
  YESTERDAY        0.0           T    1964   0.0    0.0      0.0
  MONTH TO DATE    0.0                       0.0    0.0      0.0
  SINCE MAR 1      0.0                       0.0    0.0      0.0
  SINCE JUL 1      0.0                       0.3   -0.3       T
  SNOW DEPTH       0

DEGREE DAYS
 HEATING
  YESTERDAY        0                         1     -1        0
  MONTH TO DATE    9                        58    -49       17
  SINCE MAR 1     91                       247   -156       95
  SINCE JUL 1   1463                      1938   -475     1674

 COOLING
  YESTERDAY       10                         6      4        6
  MONTH TO DATE  129                        87     42      140
  SINCE MAR 1    237                       117    120      195
  SINCE JAN 1    240                       118    122      204
..................................................................


WIND (MPH)
  RESULTANT WIND SPEED   6   RESULTANT WIND DIRECTION   S (200)
  HIGHEST WIND SPEED    23   HIGHEST WIND DIRECTION    NW (310)
  HIGHEST GUST SPEED    30   HIGHEST GUST DIRECTION    NW (320)
  AVERAGE WIND SPEED     8.5


SKY COVER
  POSSIBLE SUNSHINE  MM
  AVERAGE SKY COVER 0.7


WEATHER CONDITIONS
 THE FOLLOWING WEATHER WAS RECORDED YESTERDAY.
  NO SIGNIFICANT WEATHER WAS OBSERVED.


RELATIVE HUMIDITY (PERCENT)
 HIGHEST    26           600 AM
 LOWEST     10           200 PM
 AVERAGE    18

..........................................................


THE LAS VEGAS NV CLIMATE NORMALS FOR TODAY
                         NORMAL    RECORD    YEAR
 MAXIMUM TEMPERATURE (F)   81        96      1946
 MINIMUM TEMPERATURE (F)   59        37      1960


SUNRISE AND SUNSET
APRIL 25 2017.........SUNRISE   554 AM PDT   SUNSET   723 PM PDT
APRIL 26 2017.........SUNRISE   553 AM PDT   SUNSET   724 PM PDT


-  INDICATES NEGATIVE NUMBERS.
R  INDICATES RECORD WAS SET OR TIED.
MM INDICATES DATA IS MISSING.
T  INDICATES TRACE AMOUNT.




$$
