000
CDUS45 KVEF 280832
CLILAS


CLIMATE REPORT
NATIONAL WEATHER SERVICE LAS VEGAS, NV
132 AM PDT THU MAY 28 2015


...................................

...THE LAS VEGAS NV CLIMATE SUMMARY FOR MAY 27 2015...

CLIMATE NORMAL PERIOD 1981 TO 2010
CLIMATE RECORD PERIOD 1937 TO 2015


WEATHER ITEM   OBSERVED TIME   RECORD YEAR NORMAL DEPARTURE LAST
                VALUE   (LST)  VALUE       VALUE  FROM      YEAR
                                                  NORMAL
..................................................................
TEMPERATURE (F)
 YESTERDAY
  MAXIMUM         93    513 PM 108    1974  93      0      105
  MINIMUM         70    501 AM  44    1953  69      1       82
  AVERAGE         82                        81      1       94

PRECIPITATION (IN)
  YESTERDAY        0.00          0.33 1981   0.00   0.00     0.00
  MONTH TO DATE    0.24                      0.10   0.14      T
  SINCE OCT 1      2.49                      3.12  -0.63     1.72
  SINCE JAN 1      2.19                      1.99   0.20     0.30

SNOWFALL (IN)
  YESTERDAY        0.0           0.0    MM   0.0    0.0      0.0
  MONTH TO DATE    0.0                       0.0    0.0      0.0
  SINCE MAR 1      0.0                       0.0    0.0      0.0
  SINCE JUL 1      T                         0.3   -0.3      0.0
  SNOW DEPTH       0

DEGREE DAYS
 HEATING
  YESTERDAY        0                         0      0        0
  MONTH TO DATE   12                         4      8        1
  SINCE MAR 1    114                       256   -142      126
  SINCE JUL 1   1221                      1947   -726     1512

 COOLING
  YESTERDAY       17                        16      1       29
  MONTH TO DATE  219                       324   -105      337
  SINCE MAR 1    504                       483     21      561
  SINCE JAN 1    514                       484     30      564
..................................................................


WIND (MPH)
  RESULTANT WIND SPEED   7   RESULTANT WIND DIRECTION   S (180)
  HIGHEST WIND SPEED    18   HIGHEST WIND DIRECTION     S (170)
  HIGHEST GUST SPEED    25   HIGHEST GUST DIRECTION     S (160)
  AVERAGE WIND SPEED     8.4


SKY COVER
  POSSIBLE SUNSHINE  MM
  AVERAGE SKY COVER 0.5


WEATHER CONDITIONS
 THE FOLLOWING WEATHER WAS RECORDED YESTERDAY.
  NO SIGNIFICANT WEATHER WAS OBSERVED.


RELATIVE HUMIDITY (PERCENT)
 HIGHEST    27           400 AM
 LOWEST     11           300 PM
 AVERAGE    19

..........................................................


THE LAS VEGAS NV CLIMATE NORMALS FOR TODAY
                         NORMAL    RECORD    YEAR
 MAXIMUM TEMPERATURE (F)   93       109      2003
 MINIMUM TEMPERATURE (F)   69        50      1971
                                             1964
                                             1946


SUNRISE AND SUNSET
MAY 28 2015...........SUNRISE   527 AM PDT   SUNSET   749 PM PDT
MAY 29 2015...........SUNRISE   526 AM PDT   SUNSET   750 PM PDT


-  INDICATES NEGATIVE NUMBERS.
R  INDICATES RECORD WAS SET OR TIED.
MM INDICATES DATA IS MISSING.
T  INDICATES TRACE AMOUNT.




$$
