000
CDUS45 KVEF 300825
CLILAS


CLIMATE REPORT
NATIONAL WEATHER SERVICE LAS VEGAS, NV
125 AM PDT WED JUL 30 2014


...................................

...THE LAS VEGAS NV CLIMATE SUMMARY FOR JULY 29 2014...

CLIMATE NORMAL PERIOD 1981 TO 2010
CLIMATE RECORD PERIOD 1937 TO 2014


WEATHER ITEM   OBSERVED TIME   RECORD YEAR NORMAL DEPARTURE LAST
                VALUE   (LST)  VALUE       VALUE  FROM      YEAR
                                                  NORMAL
..................................................................
TEMPERATURE (F)
 YESTERDAY
  MAXIMUM        101    302 PM 115    1995 104     -3      102
  MINIMUM         79    548 AM  64    1984  81     -2       76
                                      1944
                                      1938
  AVERAGE         90                        93     -3       89

PRECIPITATION (IN)
  YESTERDAY        0.00          0.35 1976   0.02  -0.02     0.00
  MONTH TO DATE    0.22                      0.37  -0.15     0.30
  SINCE OCT 1      1.94                      3.58  -1.64     2.34
  SINCE JAN 1      0.52                      2.45  -1.93     0.91

SNOWFALL (IN)
  YESTERDAY        0.0           0.0  2013   0.0    0.0      0.0
  MONTH TO DATE    0.0                       0.0    0.0      0.0
  SINCE JUN 1      0.0                       0.0    0.0      0.0
  SINCE JUL 1      0.0                       0.0    0.0      0.0
  SNOW DEPTH       0

DEGREE DAYS
 HEATING
  YESTERDAY        0                         0      0        0
  MONTH TO DATE    0                         0      0        0
  SINCE JUN 1      0                         1     -1        0
  SINCE JUL 1      0                         0      0        0

 COOLING
  YESTERDAY       25                        28     -3       24
  MONTH TO DATE  837                       799     38      857
  SINCE JUN 1   1578                      1449    129     1661
  SINCE JAN 1   2236                      1999    237     2351
..................................................................


WIND (MPH)
  RESULTANT WIND SPEED   7   RESULTANT WIND DIRECTION  SW (220)
  HIGHEST WIND SPEED    18   HIGHEST WIND DIRECTION    SW (220)
  HIGHEST GUST SPEED    25   HIGHEST GUST DIRECTION     W (250)
  AVERAGE WIND SPEED     8.0


SKY COVER
  POSSIBLE SUNSHINE  MM
  AVERAGE SKY COVER 0.5


WEATHER CONDITIONS
 THE FOLLOWING WEATHER WAS RECORDED YESTERDAY.
  NO SIGNIFICANT WEATHER WAS OBSERVED.


RELATIVE HUMIDITY (PERCENT)
 HIGHEST    58           500 AM
 LOWEST     18           400 PM
 AVERAGE    38

..........................................................


THE LAS VEGAS NV CLIMATE NORMALS FOR TODAY
                         NORMAL    RECORD    YEAR
 MAXIMUM TEMPERATURE (F)  104       114      1978
                                             1977
 MINIMUM TEMPERATURE (F)   81        64      1941


SUNRISE AND SUNSET
JULY 30 2014..........SUNRISE   546 AM PDT   SUNSET   747 PM PDT
JULY 31 2014..........SUNRISE   547 AM PDT   SUNSET   746 PM PDT


-  INDICATES NEGATIVE NUMBERS.
R  INDICATES RECORD WAS SET OR TIED.
MM INDICATES DATA IS MISSING.
T  INDICATES TRACE AMOUNT.




$$
