000
CDUS46 KLOX 010913
CLILAX


CLIMATE REPORT
NATIONAL WEATHER SERVICE LOS ANGELES/OXNARD CA
212 AM PDT SUN MAY 1 2016


...................................

...THE LOS ANGELES INTL AIRPORT CA CLIMATE SUMMARY FOR APRIL 30 2016...

CLIMATE NORMAL PERIOD 1981 TO 2010
CLIMATE RECORD PERIOD 1944 TO 2016


WEATHER ITEM   OBSERVED TIME   RECORD YEAR NORMAL DEPARTURE LAST
                VALUE   (LST)  VALUE       VALUE  FROM      YEAR
                                                  NORMAL
..................................................................
TEMPERATURE (F)
 YESTERDAY
  MAXIMUM         65    226 PM  89    2014  68     -3       73
  MINIMUM         55   1215 AM  47    1967  56     -1       59
  AVERAGE         60                        62     -2       66

PRECIPITATION (IN)
  YESTERDAY        0.00          0.60 1955   0.02  -0.02     0.00
  MONTH TO DATE    0.29                      0.70  -0.41     0.11
  SINCE OCT 1      6.66                     12.23  -5.57     6.82
  SINCE JAN 1      5.42                      8.51  -3.09     2.12

SNOWFALL (IN)
  YESTERDAY        0.0
  MONTH TO DATE    0.0
  SINCE MAR 1      0.0
  SINCE JUL 1      0.0

DEGREE DAYS
 HEATING
  YESTERDAY        5                         4      1        0
  MONTH TO DATE   70                       157    -87       92
  SINCE MAR 1    202                       379   -177      167
  SINCE JUL 1    898                      1308   -410      700

 COOLING
  YESTERDAY        0                         1     -1        1
  MONTH TO DATE   34                        11     23       18
  SINCE MAR 1     35                        17     18       86
  SINCE JAN 1     92                        26     66      113
..................................................................


WIND (MPH)
  HIGHEST WIND SPEED    18   HIGHEST WIND DIRECTION     W (260)
  HIGHEST GUST SPEED    23   HIGHEST GUST DIRECTION     W (260)
  AVERAGE WIND SPEED     7.8


SKY COVER
  POSSIBLE SUNSHINE  MM
  AVERAGE SKY COVER 0.5


WEATHER CONDITIONS
 THE FOLLOWING WEATHER WAS RECORDED YESTERDAY.
  NO SIGNIFICANT WEATHER WAS OBSERVED.


RELATIVE HUMIDITY (PERCENT)
 HIGHEST    83          1200 AM
 LOWEST     56          1000 AM
 AVERAGE    70

..........................................................


THE LOS ANGELES INTL AIRPORT CA CLIMATE NORMALS FOR TODAY
                         NORMAL    RECORD    YEAR
 MAXIMUM TEMPERATURE (F)   68        89      2014
 MINIMUM TEMPERATURE (F)   56        48      1967
                                             1955
                                             1948


SUNRISE AND SUNSET
MAY  1 2016...........SUNRISE   604 AM PDT   SUNSET   738 PM PDT
MAY  2 2016...........SUNRISE   603 AM PDT   SUNSET   738 PM PDT


-  INDICATES NEGATIVE NUMBERS.
R  INDICATES RECORD WAS SET OR TIED.
MM INDICATES DATA IS MISSING.
T  INDICATES TRACE AMOUNT.




$$
