000
CDUS46 KLOX 240909
CLILAX


CLIMATE REPORT
NATIONAL WEATHER SERVICE LOS ANGELES/OXNARD CA
209 AM PDT SUN MAY 24 2015


...................................

...THE LOS ANGELES INTL AIRPORT CA CLIMATE SUMMARY FOR MAY 23 2015...

CLIMATE NORMAL PERIOD 1981 TO 2010
CLIMATE RECORD PERIOD 1944 TO 2015


WEATHER ITEM   OBSERVED TIME   RECORD YEAR NORMAL DEPARTURE LAST
                VALUE   (LST)  VALUE       VALUE  FROM      YEAR
                                                  NORMAL
..................................................................
TEMPERATURE (F)
 YESTERDAY
  MAXIMUM         66    146 PM  81    1949  68     -2       69
  MINIMUM         57    955 PM  49    1960  58     -1       62
  AVERAGE         62                        63     -1       66

PRECIPITATION (IN)
  YESTERDAY        0.00          0.11 2008   0.00   0.00     0.00
  MONTH TO DATE    0.43                      0.18   0.25     0.00
  SINCE OCT 1      7.25                     12.41  -5.16     4.42
  SINCE JAN 1      2.55                      8.69  -6.14     3.41

SNOWFALL (IN)
  YESTERDAY        0.0
  MONTH TO DATE    0.0
  SINCE MAR 1      0.0
  SINCE JUL 1      0.0

DEGREE DAYS
 HEATING
  YESTERDAY        3                         2      1        0
  MONTH TO DATE   92                        70     22       20
  SINCE MAR 1    259                       449   -190      203
  SINCE JUL 1    792                      1378   -586      758

 COOLING
  YESTERDAY        0                         0      0        1
  MONTH TO DATE    0                         4     -4      123
  SINCE MAR 1     86                        21     65      170
  SINCE JAN 1    113                        30     83      186
..................................................................


WIND (MPH)
  HIGHEST WIND SPEED    18   HIGHEST WIND DIRECTION     W (270)
  HIGHEST GUST SPEED    23   HIGHEST GUST DIRECTION     W (280)
  AVERAGE WIND SPEED     8.7


SKY COVER
  POSSIBLE SUNSHINE  MM
  AVERAGE SKY COVER 0.6


WEATHER CONDITIONS
 THE FOLLOWING WEATHER WAS RECORDED YESTERDAY.
  NO SIGNIFICANT WEATHER WAS OBSERVED.


RELATIVE HUMIDITY (PERCENT)
 HIGHEST    86           100 AM
 LOWEST     58          1200 PM
 AVERAGE    72

..........................................................


THE LOS ANGELES INTL AIRPORT CA CLIMATE NORMALS FOR TODAY
                         NORMAL    RECORD    YEAR
 MAXIMUM TEMPERATURE (F)   68        80      1949
 MINIMUM TEMPERATURE (F)   58        50      1980
                                             1945


SUNRISE AND SUNSET
MAY 24 2015...........SUNRISE   547 AM PDT   SUNSET   754 PM PDT
MAY 25 2015...........SUNRISE   546 AM PDT   SUNSET   755 PM PDT


-  INDICATES NEGATIVE NUMBERS.
R  INDICATES RECORD WAS SET OR TIED.
MM INDICATES DATA IS MISSING.
T  INDICATES TRACE AMOUNT.




$$
