000
CDUS46 KLOX 280915
CLILAX


CLIMATE REPORT
NATIONAL WEATHER SERVICE LOS ANGELES/OXNARD CA
215 AM PDT SAT MAR 28 2015


...................................

...THE LOS ANGELES INTL AIRPORT CA CLIMATE SUMMARY FOR MARCH 27 2015...

CLIMATE NORMAL PERIOD 1981 TO 2010
CLIMATE RECORD PERIOD 1944 TO 2015


WEATHER ITEM   OBSERVED TIME   RECORD YEAR NORMAL DEPARTURE LAST
                VALUE   (LST)  VALUE       VALUE  FROM      YEAR
                                                  NORMAL
..................................................................
TEMPERATURE (F)
 YESTERDAY
  MAXIMUM         83   1018 AM  87    1952  65     18       65
  MINIMUM         60    616 AM  40    1945  52      8       53
  AVERAGE         72                        58     14       59

PRECIPITATION (IN)
  YESTERDAY        0.00          1.61 1979   0.04  -0.04     0.00
  MONTH TO DATE    0.49                      1.69  -1.20     0.36
  SINCE OCT 1      6.71                     11.37  -4.66     4.16
  SINCE JAN 1      2.01                      7.65  -5.64     3.15

SNOWFALL (IN)
  YESTERDAY        0.0
  MONTH TO DATE    0.0
  SINCE MAR 1      0.0
  SINCE JUL 1      0.0

DEGREE DAYS
 HEATING
  YESTERDAY        0                         7     -7        6
  MONTH TO DATE   64                       192   -128       73
  SINCE MAR 1     64                       192   -128       73
  SINCE JUL 1    597                      1121   -524      628

 COOLING
  YESTERDAY        7                         0      7        0
  MONTH TO DATE   68                         0     68       19
  SINCE MAR 1     68                         0     68       19
  SINCE JAN 1     95                         9     86       35
..................................................................


WIND (MPH)
  HIGHEST WIND SPEED    16   HIGHEST WIND DIRECTION     W (260)
  HIGHEST GUST SPEED    24   HIGHEST GUST DIRECTION    SW (210)
  AVERAGE WIND SPEED     5.8


SKY COVER
  POSSIBLE SUNSHINE  MM
  AVERAGE SKY COVER 0.1


WEATHER CONDITIONS
 THE FOLLOWING WEATHER WAS RECORDED YESTERDAY.
  NO SIGNIFICANT WEATHER WAS OBSERVED.


RELATIVE HUMIDITY (PERCENT)
 HIGHEST    90          1100 PM
 LOWEST     32          1000 AM
 AVERAGE    61

..........................................................


THE LOS ANGELES INTL AIRPORT CA CLIMATE NORMALS FOR TODAY
                         NORMAL    RECORD    YEAR
 MAXIMUM TEMPERATURE (F)   65        83      2004
 MINIMUM TEMPERATURE (F)   52        42      1945


SUNRISE AND SUNSET
MARCH 28 2015.........SUNRISE   647 AM PDT   SUNSET   711 PM PDT
MARCH 29 2015.........SUNRISE   645 AM PDT   SUNSET   712 PM PDT


-  INDICATES NEGATIVE NUMBERS.
R  INDICATES RECORD WAS SET OR TIED.
MM INDICATES DATA IS MISSING.
T  INDICATES TRACE AMOUNT.




$$
