000
CDUS46 KLOX 210908
CLILAX


CLIMATE REPORT
NATIONAL WEATHER SERVICE LOS ANGELES/OXNARD CA
107 AM PST SUN DEC 21 2014


...................................

...THE LOS ANGELES INTL AIRPORT CA CLIMATE SUMMARY FOR DECEMBER 20 2014...

CLIMATE NORMAL PERIOD 1981 TO 2010
CLIMATE RECORD PERIOD 1944 TO 2014


WEATHER ITEM   OBSERVED TIME   RECORD YEAR NORMAL DEPARTURE LAST
                VALUE   (LST)  VALUE       VALUE  FROM      YEAR
                                                  NORMAL
..................................................................
TEMPERATURE (F)
 YESTERDAY
  MAXIMUM         62    134 PM  82    1960  64     -2       64
  MINIMUM         50    403 AM  38    1967  48      2       45
  AVERAGE         56                        56      0       55

PRECIPITATION (IN)
  YESTERDAY        0.00          1.17 2010   0.07  -0.07     0.00
  MONTH TO DATE    3.73                      1.17   2.56     0.30
  SINCE JUL 1      4.58                      3.13   1.45     1.04
  SINCE JAN 1      7.99                     11.94  -3.95     3.65

SNOWFALL (IN)
  YESTERDAY        0.0
  MONTH TO DATE    0.0
  SINCE DEC 1      0.0
  SINCE JUL 1      0.0

DEGREE DAYS
 HEATING
  YESTERDAY        9                         9      0       10
  MONTH TO DATE  104                       165    -61      150
  SINCE DEC 1    104                       165    -61      150
  SINCE JUL 1    146                       347   -201      250

 COOLING
  YESTERDAY        0                         0      0        0
  MONTH TO DATE    1                         0      1       12
  SINCE DEC 1      1                         0      1       12
  SINCE JAN 1   1175                       550    625      714
..................................................................


WIND (MPH)
  HIGHEST WIND SPEED    10   HIGHEST WIND DIRECTION     W (270)
  HIGHEST GUST SPEED    14   HIGHEST GUST DIRECTION    SW (230)
  AVERAGE WIND SPEED     3.7


SKY COVER
  POSSIBLE SUNSHINE  MM
  AVERAGE SKY COVER 0.6


WEATHER CONDITIONS
 THE FOLLOWING WEATHER WAS RECORDED YESTERDAY.
  NO SIGNIFICANT WEATHER WAS OBSERVED.


RELATIVE HUMIDITY (PERCENT)
 HIGHEST    89           400 AM
 LOWEST     65          1200 PM
 AVERAGE    77

..........................................................


THE LOS ANGELES INTL AIRPORT CA CLIMATE NORMALS FOR TODAY
                         NORMAL    RECORD    YEAR
 MAXIMUM TEMPERATURE (F)   64        79      2005
                                             1954
 MINIMUM TEMPERATURE (F)   48        32      1968


SUNRISE AND SUNSET
DECEMBER 21 2014......SUNRISE   655 AM PST   SUNSET   449 PM PST
DECEMBER 22 2014......SUNRISE   655 AM PST   SUNSET   449 PM PST


-  INDICATES NEGATIVE NUMBERS.
R  INDICATES RECORD WAS SET OR TIED.
MM INDICATES DATA IS MISSING.
T  INDICATES TRACE AMOUNT.




$$
