000
CDUS46 KLOX 280120
CLILAX


CLIMATE REPORT
NATIONAL WEATHER SERVICE LOS ANGELES/OXNARD CA
620 PM PDT THU JUL 27 2017


...................................

...THE LOS ANGELES AIRPORT CLIMATE SUMMARY FOR JULY 27 2017...
VALID TODAY AS OF 0600 PM LOCAL TIME.

CLIMATE NORMAL PERIOD 1981 TO 2010
CLIMATE RECORD PERIOD 1944 TO 2017


WEATHER ITEM   OBSERVED TIME   RECORD YEAR NORMAL DEPARTURE LAST
                VALUE   (LST)  VALUE       VALUE  FROM      YEAR
                                                  NORMAL
..................................................................
TEMPERATURE (F)
 TODAY
  MAXIMUM         77    145 PM  88    1967  74      3       80
                                      1947
  MINIMUM         67    554 AM  57    1965  64      3       68
  AVERAGE         72                        69      3       74

PRECIPITATION (IN)
  TODAY            0.00          0.14 2014   0.00   0.00     0.00
  MONTH TO DATE    0.00                      0.03  -0.03     0.00
  SINCE OCT 1     16.32                     12.56   3.76     7.25
  SINCE JAN 1     12.07                      8.84   3.23     6.01

SNOWFALL (IN)
  TODAY            0.0
  MONTH TO DATE    0.0
  SINCE JUN 1      0.0
  SINCE JUL 1      0.0

DEGREE DAYS
 HEATING
  TODAY            0                         0      0        0
  MONTH TO DATE    0                         0      0        0
  SINCE JUN 1      4                        25    -21       16
  SINCE JUL 1      0                         0      0        0

 COOLING
  TODAY            7                         4      3        9
  MONTH TO DATE  194                       100     94      175
  SINCE JUN 1    257                       142    115      268
  SINCE JAN 1    315                       182    133      361
..................................................................


WIND (MPH)
  HIGHEST WIND SPEED    21   HIGHEST WIND DIRECTION     W (260)
  HIGHEST GUST SPEED    25   HIGHEST GUST DIRECTION     W (270)
  AVERAGE WIND SPEED     9.8


SKY COVER
  POSSIBLE SUNSHINE  MM
  AVERAGE SKY COVER 0.5


WEATHER CONDITIONS
 THE FOLLOWING WEATHER WAS RECORDED TODAY.
  NO SIGNIFICANT WEATHER WAS OBSERVED.


RELATIVE HUMIDITY (PERCENT)
 HIGHEST    93           100 AM
 LOWEST     69          1100 AM
 AVERAGE    81

..........................................................


THE LOS ANGELES AIRPORT CLIMATE NORMALS FOR TOMORROW
                         NORMAL    RECORD    YEAR
 MAXIMUM TEMPERATURE (F)   74        85      1947
 MINIMUM TEMPERATURE (F)   64        58      1965


SUNRISE AND SUNSET
JULY 27 2017..........SUNRISE   602 AM PDT   SUNSET   758 PM PDT
JULY 28 2017..........SUNRISE   603 AM PDT   SUNSET   757 PM PDT


-  INDICATES NEGATIVE NUMBERS.
R  INDICATES RECORD WAS SET OR TIED.
MM INDICATES DATA IS MISSING.
T  INDICATES TRACE AMOUNT.




$$
