000
CDUS46 KLOX 020120
CLILAX


CLIMATE REPORT
NATIONAL WEATHER SERVICE LOS ANGELES/OXNARD CA
620 PM PDT WED OCT 1 2014


...................................

...THE LOS ANGELES AIRPORT CLIMATE SUMMARY FOR OCTOBER 1 2014...
VALID TODAY AS OF 0600 PM LOCAL TIME.

CLIMATE NORMAL PERIOD 1981 TO 2010
CLIMATE RECORD PERIOD 1944 TO 2014


WEATHER ITEM   OBSERVED TIME   RECORD YEAR NORMAL DEPARTURE LAST
                VALUE   (LST)  VALUE       VALUE  FROM      YEAR
                                                  NORMAL
..................................................................
TEMPERATURE (F)
 TODAY
  MAXIMUM         75   1229 PM  95    2008  73      2       76
                                      1965
  MINIMUM         63    538 AM  53    1955  62      1       60
  AVERAGE         69                        68      1       68

PRECIPITATION (IN)
  TODAY            0.00          0.49 1983   0.01  -0.01     0.00
  MONTH TO DATE    0.00                      0.01  -0.01     0.00
  SINCE JUL 1      0.19                      0.30  -0.11     0.03
  SINCE JAN 1      3.60                      9.11  -5.51     2.64

SNOWFALL (IN)
  TODAY            0.0
  MONTH TO DATE    0.0
  SINCE SEP 1      0.0
  SINCE JUL 1      0.0

DEGREE DAYS
 HEATING
  TODAY            0                         0      0        0
  MONTH TO DATE    0                         0      0        0
  SINCE SEP 1      0                         5     -5        0
  SINCE JUL 1      0                         9     -9        1

 COOLING
  TODAY            4                         3      1        3
  MONTH TO DATE    4                         3      1        3
  SINCE SEP 1    251                       125    126      164
  SINCE JAN 1    969                       471    498      594
..................................................................


WIND (MPH)
  HIGHEST WIND SPEED    15   HIGHEST WIND DIRECTION     W (260)
  HIGHEST GUST SPEED    20   HIGHEST GUST DIRECTION     W (270)
  AVERAGE WIND SPEED     6.3


SKY COVER
  POSSIBLE SUNSHINE  MM
  AVERAGE SKY COVER 0.3


WEATHER CONDITIONS
 THE FOLLOWING WEATHER WAS RECORDED TODAY.
  FOG
  HAZE


RELATIVE HUMIDITY (PERCENT)
 HIGHEST    93           400 AM
 LOWEST     64          1000 AM
 AVERAGE    79

..........................................................


THE LOS ANGELES AIRPORT CLIMATE NORMALS FOR TOMORROW
                         NORMAL    RECORD    YEAR
 MAXIMUM TEMPERATURE (F)   73        97      1945
 MINIMUM TEMPERATURE (F)   62        50      1999


SUNRISE AND SUNSET
OCTOBER  1 2014.......SUNRISE   648 AM PDT   SUNSET   638 PM PDT
OCTOBER  2 2014.......SUNRISE   649 AM PDT   SUNSET   636 PM PDT


-  INDICATES NEGATIVE NUMBERS.
R  INDICATES RECORD WAS SET OR TIED.
MM INDICATES DATA IS MISSING.
T  INDICATES TRACE AMOUNT.




$$
