065
CDUS46 KLOX 260915
CLILAX


CLIMATE REPORT
NATIONAL WEATHER SERVICE LOS ANGELES/OXNARD CA
115 AM PST SUN FEB 26 2017


...................................

...THE LOS ANGELES INTL AIRPORT CA CLIMATE SUMMARY FOR FEBRUARY 25 2017...

CLIMATE NORMAL PERIOD 1981 TO 2010
CLIMATE RECORD PERIOD 1944 TO 2017


WEATHER ITEM   OBSERVED TIME   RECORD YEAR NORMAL DEPARTURE LAST
                VALUE   (LST)  VALUE       VALUE  FROM      YEAR
                                                  NORMAL
..................................................................
TEMPERATURE (F)
 YESTERDAY
  MAXIMUM         60   1229 PM  84    1989  64     -4       79
  MINIMUM         43    614 AM  39    1962  51     -8       55
                                      1945
  AVERAGE         52                        57     -5       67

PRECIPITATION (IN)
  YESTERDAY        0.00          1.86 2001   0.11  -0.11     0.00
  MONTH TO DATE    3.97                      2.93   1.04     0.73
  SINCE OCT 1     15.66                      9.36   6.30     4.91
  SINCE JAN 1     11.41                      5.64   5.77     3.67

SNOWFALL (IN)
  YESTERDAY        0.0
  MONTH TO DATE    0.0
  SINCE DEC 1      0.0
  SINCE JUL 1      0.0

DEGREE DAYS
 HEATING
  YESTERDAY       13                         8      5        0
  MONTH TO DATE  176                       200    -24       91
  SINCE DEC 1    659                       722    -63      570
  SINCE JUL 1    738                       904   -166      681

 COOLING
  YESTERDAY        0                         0      0        2
  MONTH TO DATE    0                         0      0       57
  SINCE DEC 1      2                         5     -3       63
  SINCE JAN 1      0                         4     -4       57
..................................................................


WIND (MPH)
  HIGHEST WIND SPEED    18   HIGHEST WIND DIRECTION     W (260)
  HIGHEST GUST SPEED    25   HIGHEST GUST DIRECTION     W (290)
  AVERAGE WIND SPEED     7.8


SKY COVER
  POSSIBLE SUNSHINE  MM
  AVERAGE SKY COVER 0.5


WEATHER CONDITIONS
 THE FOLLOWING WEATHER WAS RECORDED YESTERDAY.
  NO SIGNIFICANT WEATHER WAS OBSERVED.


RELATIVE HUMIDITY (PERCENT)
 HIGHEST    83           300 AM
 LOWEST     47          1100 AM
 AVERAGE    65

..........................................................


THE LOS ANGELES INTL AIRPORT CA CLIMATE NORMALS FOR TODAY
                         NORMAL    RECORD    YEAR
 MAXIMUM TEMPERATURE (F)   64        83      1980
 MINIMUM TEMPERATURE (F)   51        38      1964


SUNRISE AND SUNSET
FEBRUARY 26 2017......SUNRISE   625 AM PST   SUNSET   548 PM PST
FEBRUARY 27 2017......SUNRISE   624 AM PST   SUNSET   549 PM PST


-  INDICATES NEGATIVE NUMBERS.
R  INDICATES RECORD WAS SET OR TIED.
MM INDICATES DATA IS MISSING.
T  INDICATES TRACE AMOUNT.




$$
