000
CDUS46 KLOX 120908
CLILAX


CLIMATE REPORT
NATIONAL WEATHER SERVICE LOS ANGELES/OXNARD CA
107 AM PST FRI FEB 12 2016


...................................

...THE LOS ANGELES INTL AIRPORT CA CLIMATE SUMMARY FOR FEBRUARY 11 2016...

CLIMATE NORMAL PERIOD 1981 TO 2010
CLIMATE RECORD PERIOD 1944 TO 2016


WEATHER ITEM   OBSERVED TIME   RECORD YEAR NORMAL DEPARTURE LAST
                VALUE   (LST)  VALUE       VALUE  FROM      YEAR
                                                  NORMAL
..................................................................
TEMPERATURE (F)
 YESTERDAY
  MAXIMUM         79   1206 PM  88    1988  64     15       83
  MINIMUM         57    500 AM  37    1999  50      7       55
  AVERAGE         68                        57     11       69

PRECIPITATION (IN)
  YESTERDAY        0.00          1.98 2005   0.12  -0.12     0.00
  MONTH TO DATE    0.00                      1.21  -1.21      T
  SINCE OCT 1      4.18                      7.64  -3.46     5.95
  SINCE JAN 1      2.94                      3.92  -0.98     1.25

SNOWFALL (IN)
  YESTERDAY        0.0
  MONTH TO DATE    0.0
  SINCE DEC 1      0.0
  SINCE JUL 1      0.0

DEGREE DAYS
 HEATING
  YESTERDAY        0                         8     -8        0
  MONTH TO DATE   48                        88    -40       48
  SINCE DEC 1    527                       610    -83      415
  SINCE JUL 1    638                       792   -154      457

 COOLING
  YESTERDAY        3                         0      3        4
  MONTH TO DATE   28                         0     28        4
  SINCE DEC 1     34                         5     29       13
  SINCE JAN 1     28                         4     24       11
..................................................................


WIND (MPH)
  HIGHEST WIND SPEED    13   HIGHEST WIND DIRECTION     W (270)
  HIGHEST GUST SPEED    16   HIGHEST GUST DIRECTION    SW (220)
  AVERAGE WIND SPEED     4.2


SKY COVER
  POSSIBLE SUNSHINE  MM
  AVERAGE SKY COVER 0.1


WEATHER CONDITIONS
 THE FOLLOWING WEATHER WAS RECORDED YESTERDAY.
  NO SIGNIFICANT WEATHER WAS OBSERVED.


RELATIVE HUMIDITY (PERCENT)
 HIGHEST    48           600 PM
 LOWEST     25           900 AM
 AVERAGE    37

..........................................................


THE LOS ANGELES INTL AIRPORT CA CLIMATE NORMALS FOR TODAY
                         NORMAL    RECORD    YEAR
 MAXIMUM TEMPERATURE (F)   64        88      1977
 MINIMUM TEMPERATURE (F)   50        34      1948


SUNRISE AND SUNSET
FEBRUARY 12 2016......SUNRISE   642 AM PST   SUNSET   535 PM PST
FEBRUARY 13 2016......SUNRISE   641 AM PST   SUNSET   535 PM PST


-  INDICATES NEGATIVE NUMBERS.
R  INDICATES RECORD WAS SET OR TIED.
MM INDICATES DATA IS MISSING.
T  INDICATES TRACE AMOUNT.




$$
