000
CDUS46 KLOX 260915
CLILAX


CLIMATE REPORT
NATIONAL WEATHER SERVICE LOS ANGELES/OXNARD CA
215 AM PDT THU MAY 26 2016


...................................

...THE LOS ANGELES INTL AIRPORT CA CLIMATE SUMMARY FOR MAY 25 2016...

CLIMATE NORMAL PERIOD 1981 TO 2010
CLIMATE RECORD PERIOD 1944 TO 2016


WEATHER ITEM   OBSERVED TIME   RECORD YEAR NORMAL DEPARTURE LAST
                VALUE   (LST)  VALUE       VALUE  FROM      YEAR
                                                  NORMAL
..................................................................
TEMPERATURE (F)
 YESTERDAY
  MAXIMUM         67    242 PM  79    1986  68     -1       66
  MINIMUM         57   1144 PM  49    1980  58     -1       57
                                      1945
  AVERAGE         62                        63     -1       62

PRECIPITATION (IN)
  YESTERDAY        0.00          0.04 2004   0.00   0.00     0.00
  MONTH TO DATE    0.59                      0.19   0.40     0.43
  SINCE OCT 1      7.25                     12.42  -5.17     7.25
  SINCE JAN 1      6.01                      8.70  -2.69     2.55

SNOWFALL (IN)
  YESTERDAY        0.0
  MONTH TO DATE    0.0
  SINCE MAR 1      0.0
  SINCE JUL 1      0.0

DEGREE DAYS
 HEATING
  YESTERDAY        3                         2      1        3
  MONTH TO DATE   54                        74    -20       98
  SINCE MAR 1    256                       453   -197      265
  SINCE JUL 1    952                      1382   -430      798

 COOLING
  YESTERDAY        0                         0      0        0
  MONTH TO DATE    1                         4     -3        0
  SINCE MAR 1     36                        21     15       86
  SINCE JAN 1     93                        30     63      113
..................................................................


WIND (MPH)
  HIGHEST WIND SPEED    17   HIGHEST WIND DIRECTION     W (250)
  HIGHEST GUST SPEED    23   HIGHEST GUST DIRECTION    SW (230)
  AVERAGE WIND SPEED     9.2


SKY COVER
  POSSIBLE SUNSHINE  MM
  AVERAGE SKY COVER 0.5


WEATHER CONDITIONS
 THE FOLLOWING WEATHER WAS RECORDED YESTERDAY.
  NO SIGNIFICANT WEATHER WAS OBSERVED.


RELATIVE HUMIDITY (PERCENT)
 HIGHEST    86          1000 PM
 LOWEST     58           300 PM
 AVERAGE    72

..........................................................


THE LOS ANGELES INTL AIRPORT CA CLIMATE NORMALS FOR TODAY
                         NORMAL    RECORD    YEAR
 MAXIMUM TEMPERATURE (F)   68        85      1968
 MINIMUM TEMPERATURE (F)   58        49      1980
                                             1953


SUNRISE AND SUNSET
MAY 26 2016...........SUNRISE   546 AM PDT   SUNSET   756 PM PDT
MAY 27 2016...........SUNRISE   545 AM PDT   SUNSET   757 PM PDT


-  INDICATES NEGATIVE NUMBERS.
R  INDICATES RECORD WAS SET OR TIED.
MM INDICATES DATA IS MISSING.
T  INDICATES TRACE AMOUNT.




$$
