000
CDUS46 KLOX 300938
CLILAX


CLIMATE REPORT
NATIONAL WEATHER SERVICE LOS ANGELES/OXNARD CA
238 AM PDT FRI SEP 30 2016


...................................

...THE LOS ANGELES INTL AIRPORT CA CLIMATE SUMMARY FOR SEPTEMBER 29 2016...

CLIMATE NORMAL PERIOD 1981 TO 2010
CLIMATE RECORD PERIOD 1944 TO 2016


WEATHER ITEM   OBSERVED TIME   RECORD YEAR NORMAL DEPARTURE LAST
                VALUE   (LST)  VALUE       VALUE  FROM      YEAR
                                                  NORMAL
..................................................................
TEMPERATURE (F)
 YESTERDAY
  MAXIMUM         84    938 AM 101    1963  74     10       80
  MINIMUM         69   1159 PM  52    1948  62      7       65
  AVERAGE         77                        68      9       73

PRECIPITATION (IN)
  YESTERDAY        0.00          0.18 1983   0.02  -0.02     0.00
  MONTH TO DATE    0.01                      0.20  -0.19     1.81
  SINCE OCT 1      7.26                     12.81  -5.55     9.42
  SINCE JAN 1      6.02                      9.09  -3.07     4.72

SNOWFALL (IN)
  YESTERDAY        0.0
  MONTH TO DATE    0.0
  SINCE SEP 1      0.0
  SINCE JUL 1      0.0

DEGREE DAYS
 HEATING
  YESTERDAY        0                         0      0        0
  MONTH TO DATE    0                         0      0        0
  SINCE SEP 1      0                         0      0        0
  SINCE JUL 1      0                         4     -4        0

 COOLING
  YESTERDAY       12                         3      9        8
  MONTH TO DATE  181                       119     62      300
  SINCE SEP 1    181                       119     62      300
  SINCE JAN 1    763                       465    298      887
..................................................................


WIND (MPH)
  HIGHEST WIND SPEED    18   HIGHEST WIND DIRECTION     W (260)
  HIGHEST GUST SPEED    22   HIGHEST GUST DIRECTION     W (270)
  AVERAGE WIND SPEED     8.1


SKY COVER
  POSSIBLE SUNSHINE  MM
  AVERAGE SKY COVER 0.2


WEATHER CONDITIONS
 THE FOLLOWING WEATHER WAS RECORDED YESTERDAY.
  NO SIGNIFICANT WEATHER WAS OBSERVED.


RELATIVE HUMIDITY (PERCENT)
 HIGHEST    78           200 AM
 LOWEST     42           800 AM
 AVERAGE    60

..........................................................


THE LOS ANGELES INTL AIRPORT CA CLIMATE NORMALS FOR TODAY
                         NORMAL    RECORD    YEAR
 MAXIMUM TEMPERATURE (F)   74        90      2005
                                             1999
 MINIMUM TEMPERATURE (F)   62        52      1948


SUNRISE AND SUNSET
SEPTEMBER 30 2016.....SUNRISE   648 AM PDT   SUNSET   638 PM PDT
OCTOBER  1 2016.......SUNRISE   648 AM PDT   SUNSET   637 PM PDT


-  INDICATES NEGATIVE NUMBERS.
R  INDICATES RECORD WAS SET OR TIED.
MM INDICATES DATA IS MISSING.
T  INDICATES TRACE AMOUNT.




$$
