000
CDUS44 KLUB 270628
CLILBB


CLIMATE REPORT
NATIONAL WEATHER SERVICE LUBBOCK, TX
1226 AM CST MON FEB 27 2017


...................................

...THE LUBBOCK CLIMATE SUMMARY FOR FEBRUARY 26 2017...

CLIMATE NORMAL PERIOD 1981 TO 2010
CLIMATE RECORD PERIOD 1911 TO 2017


WEATHER ITEM   OBSERVED TIME   RECORD YEAR NORMAL DEPARTURE LAST
                VALUE   (LST)  VALUE       VALUE  FROM      YEAR
                                                  NORMAL
..................................................................
TEMPERATURE (F)
 YESTERDAY
  MAXIMUM         68    256 PM  85    1918  62      6       66
  MINIMUM         31    730 AM   8    1935  33     -2       25
  AVERAGE         50                        47      3       46

PRECIPITATION (IN)
  YESTERDAY        0.00          1.08 1915   0.03  -0.03     0.00
  MONTH TO DATE    0.89                      0.69   0.20     0.09
  SINCE DEC 1      3.41                      2.10   1.31     1.96
  SINCE JAN 1      2.92                      1.34   1.58     0.39

SNOWFALL (IN)
  YESTERDAY        0.0           1.7  1984   0.1   -0.1      0.0
  MONTH TO DATE    T                         1.6   -1.6       T
  SINCE DEC 1      0.2                       6.5   -6.3     13.3
  SINCE JUL 1      0.2                       7.4   -7.2     13.3
  SNOW DEPTH       0

DEGREE DAYS
 HEATING
  YESTERDAY       15                        18     -3       19
  MONTH TO DATE  349                       540   -191      461
  SINCE DEC 1   1708                      2063   -355     1855
  SINCE JUL 1   2072                      2705   -633     2374

 COOLING
  YESTERDAY        0                         0      0        0
  MONTH TO DATE    4                         0      4        4
  SINCE DEC 1      4                         0      4        4
  SINCE JAN 1      4                         0      4        4
..................................................................


WIND (MPH)
  RESULTANT WIND SPEED   6   RESULTANT WIND DIRECTION   W (280)
  HIGHEST WIND SPEED    23   HIGHEST WIND DIRECTION     W (280)
  HIGHEST GUST SPEED    30   HIGHEST GUST DIRECTION    NW (300)
  AVERAGE WIND SPEED     9.5


SKY COVER
  AVERAGE SKY COVER 0.5


WEATHER CONDITIONS
 THE FOLLOWING WEATHER WAS RECORDED YESTERDAY.
  NO SIGNIFICANT WEATHER WAS OBSERVED.


RELATIVE HUMIDITY (PERCENT)
 HIGHEST    75           700 AM
 LOWEST     11           200 PM
 AVERAGE    43

..........................................................


THE LUBBOCK CLIMATE NORMALS FOR TODAY
                         NORMAL    RECORD    YEAR
 MAXIMUM TEMPERATURE (F)   62        81      2006
                                             1932
 MINIMUM TEMPERATURE (F)   33        10      1934


SUNRISE AND SUNSET
FEBRUARY 27 2017......SUNRISE   718 AM CST   SUNSET   642 PM CST
FEBRUARY 28 2017......SUNRISE   717 AM CST   SUNSET   643 PM CST


-  INDICATES NEGATIVE NUMBERS.
R  INDICATES RECORD WAS SET OR TIED.
MM INDICATES DATA IS MISSING.
T  INDICATES TRACE AMOUNT.




$$
