000
CDUS44 KLUB 210626
CLILBB


CLIMATE REPORT
NATIONAL WEATHER SERVICE LUBBOCK, TX
1225 AM CST SUN JAN 21 2018


...................................

...THE LUBBOCK CLIMATE SUMMARY FOR JANUARY 20 2018...

CLIMATE NORMAL PERIOD 1981 TO 2010
CLIMATE RECORD PERIOD 1911 TO 2018


WEATHER ITEM   OBSERVED TIME   RECORD YEAR NORMAL DEPARTURE LAST
                VALUE   (LST)  VALUE       VALUE  FROM      YEAR
                                                  NORMAL
..................................................................
TEMPERATURE (F)
 YESTERDAY
  MAXIMUM         77    418 PM  78    1986  54     23       63
  MINIMUM         29    717 AM   7    1940  27      2       39
  AVERAGE         53                        40     13       51

PRECIPITATION (IN)
  YESTERDAY        0.00          1.13 1983   0.02  -0.02     0.00
  MONTH TO DATE    T                         0.38  -0.38     2.02
  SINCE DEC 1      T                         1.14  -1.14     2.51
  SINCE JAN 1      T                         0.38  -0.38     2.02

SNOWFALL (IN)
  YESTERDAY        0.0          11.4  1983   0.1   -0.1      0.0
  MONTH TO DATE    T                         1.6   -1.6      0.2
  SINCE DEC 1      0.3                       3.9   -3.6      0.2
  SINCE JUL 1      0.3                       4.8   -4.5      0.2
  SNOW DEPTH       0

DEGREE DAYS
 HEATING
  YESTERDAY       12                        25    -13       14
  MONTH TO DATE  546                       504     42      437
  SINCE DEC 1   1252                      1260     -8     1143
  SINCE JUL 1   1758                      1902   -144     1507

 COOLING
  YESTERDAY        0                         0      0        0
  MONTH TO DATE    0                         0      0        0
  SINCE DEC 1      0                         0      0        0
  SINCE JAN 1      0                         0      0        0
..................................................................


WIND (MPH)
  RESULTANT WIND SPEED  11   RESULTANT WIND DIRECTION  SW (230)
  HIGHEST WIND SPEED    18   HIGHEST WIND DIRECTION     S (200)
  HIGHEST GUST SPEED    25   HIGHEST GUST DIRECTION    SW (210)
  AVERAGE WIND SPEED    11.8


SKY COVER
  AVERAGE SKY COVER 0.1


WEATHER CONDITIONS
 THE FOLLOWING WEATHER WAS RECORDED YESTERDAY.
  NO SIGNIFICANT WEATHER WAS OBSERVED.


RELATIVE HUMIDITY (PERCENT)
 HIGHEST    47           600 AM
 LOWEST      7           300 PM
 AVERAGE    27

..........................................................


THE LUBBOCK CLIMATE NORMALS FOR TODAY
                         NORMAL    RECORD    YEAR
 MAXIMUM TEMPERATURE (F)   55        81      1950
 MINIMUM TEMPERATURE (F)   27        -4      1918


SUNRISE AND SUNSET
JANUARY 21 2018.......SUNRISE   750 AM CST   SUNSET   608 PM CST
JANUARY 22 2018.......SUNRISE   749 AM CST   SUNSET   609 PM CST


-  INDICATES NEGATIVE NUMBERS.
R  INDICATES RECORD WAS SET OR TIED.
MM INDICATES DATA IS MISSING.
T  INDICATES TRACE AMOUNT.




$$
