000
CDUS44 KLUB 280626
CLILBB


CLIMATE REPORT
NATIONAL WEATHER SERVICE LUBBOCK, TX
126 AM CDT THU MAY 28 2015


...................................

...THE LUBBOCK CLIMATE SUMMARY FOR MAY 27 2015...

CLIMATE NORMAL PERIOD 1981 TO 2010
CLIMATE RECORD PERIOD 1911 TO 2015


WEATHER ITEM   OBSERVED TIME   RECORD YEAR NORMAL DEPARTURE LAST
                VALUE   (LST)  VALUE       VALUE  FROM      YEAR
                                                  NORMAL
..................................................................
TEMPERATURE (F)
 YESTERDAY
  MAXIMUM         86    245 PM 103    1984  87     -1       82
  MINIMUM         60    439 AM  48    1961  59      1       54
                                      1950
  AVERAGE         73                        73      0       68

PRECIPITATION (IN)
  YESTERDAY        0.02          2.00 1923   0.08  -0.06     0.00
  MONTH TO DATE    8.43                      1.91   6.52     5.23
  SINCE MAR 1      9.97                      4.42   5.55     5.97
  SINCE JAN 1     12.24                      5.82   6.42     6.13

SNOWFALL (IN)
  YESTERDAY        0.0           T    1992   0.0    0.0      0.0
  MONTH TO DATE    0.0                       0.0    0.0      0.0
  SINCE MAR 1      1.1                       0.8    0.3       T
  SINCE JUL 1     14.7                       8.2    6.5      4.2
  SNOW DEPTH       0

DEGREE DAYS
 HEATING
  YESTERDAY        0                         0      0        0
  MONTH TO DATE   42                        39      3       51
  SINCE MAR 1    554                       637    -83      661
  SINCE JUL 1   3273                      3376   -103     3513

 COOLING
  YESTERDAY        8                         8      0        3
  MONTH TO DATE   76                       153    -77      181
  SINCE MAR 1    131                       209    -78      239
  SINCE JAN 1    131                       209    -78      239
..................................................................


WIND (MPH)
  RESULTANT WIND SPEED  12   RESULTANT WIND DIRECTION   S (160)
  HIGHEST WIND SPEED    30   HIGHEST WIND DIRECTION    SE (150)
  HIGHEST GUST SPEED    35   HIGHEST GUST DIRECTION    SE (150)
  AVERAGE WIND SPEED    13.9


SKY COVER
  AVERAGE SKY COVER 0.7


WEATHER CONDITIONS
 THE FOLLOWING WEATHER WAS RECORDED YESTERDAY.
  THUNDERSTORM
  RAIN
  LIGHT RAIN
  FOG
  HAZE


RELATIVE HUMIDITY (PERCENT)
 HIGHEST    93           400 AM
 LOWEST     47           500 PM
 AVERAGE    70

..........................................................


THE LUBBOCK CLIMATE NORMALS FOR TODAY
                         NORMAL    RECORD    YEAR
 MAXIMUM TEMPERATURE (F)   87       104      2011
 MINIMUM TEMPERATURE (F)   60        43      1917


SUNRISE AND SUNSET
MAY 28 2015...........SUNRISE   639 AM CDT   SUNSET   850 PM CDT
MAY 29 2015...........SUNRISE   639 AM CDT   SUNSET   851 PM CDT


-  INDICATES NEGATIVE NUMBERS.
R  INDICATES RECORD WAS SET OR TIED.
MM INDICATES DATA IS MISSING.
T  INDICATES TRACE AMOUNT.




$$
