000
CDUS44 KLUB 230644
CLILBB


CLIMATE REPORT
NATIONAL WEATHER SERVICE LUBBOCK, TX
1244 AM CST SUN NOV 23 2014


...................................

...THE LUBBOCK CLIMATE SUMMARY FOR NOVEMBER 22 2014...

CLIMATE NORMAL PERIOD 1981 TO 2010
CLIMATE RECORD PERIOD 1911 TO 2014


WEATHER ITEM   OBSERVED TIME   RECORD YEAR NORMAL DEPARTURE LAST
                VALUE   (LST)  VALUE       VALUE  FROM      YEAR
                                                  NORMAL
..................................................................
TEMPERATURE (F)
 YESTERDAY
  MAXIMUM         67    419 PM  82    2006  61      6       29
  MINIMUM         40   1139 PM   6    1957  33      7       24
  AVERAGE         54                        47      7       27

PRECIPITATION (IN)
  YESTERDAY        0.00          0.49 1922   0.02  -0.02     0.05
  MONTH TO DATE    2.95                      0.64   2.31     0.06
  SINCE SEP 1     10.27                      5.08   5.19     1.75
  SINCE JAN 1     22.17                     18.15   4.02    11.53

SNOWFALL (IN)
  YESTERDAY        0.0           1.5  1957   0.1   -0.1       T
  MONTH TO DATE    0.5                       0.6   -0.1       T
  SINCE SEP 1      0.5                       0.6   -0.1       T
  SINCE JUL 1      0.5                       0.6   -0.1       T
  SNOW DEPTH       0

DEGREE DAYS
 HEATING
  YESTERDAY       11                        18     -7       38
  MONTH TO DATE  423                       301    122      276
  SINCE SEP 1    550                       483     67      439
  SINCE JUL 1    550                       483     67      439

 COOLING
  YESTERDAY        0                         0      0        0
  MONTH TO DATE    0                         0      0        3
  SINCE SEP 1    288                       275     13      395
  SINCE JAN 1   1917                      1801    116     2123
..................................................................


WIND (MPH)
  RESULTANT WIND SPEED   4   RESULTANT WIND DIRECTION   S (180)
  HIGHEST WIND SPEED    14   HIGHEST WIND DIRECTION    SE (150)
  HIGHEST GUST SPEED    17   HIGHEST GUST DIRECTION    SE (150)
  AVERAGE WIND SPEED     6.1


SKY COVER
  AVERAGE SKY COVER 0.6


WEATHER CONDITIONS
 THE FOLLOWING WEATHER WAS RECORDED YESTERDAY.
  FOG
  HAZE


RELATIVE HUMIDITY (PERCENT)
 HIGHEST    93           700 PM
 LOWEST     52           400 PM
 AVERAGE    73

..........................................................


THE LUBBOCK CLIMATE NORMALS FOR TODAY
                         NORMAL    RECORD    YEAR
 MAXIMUM TEMPERATURE (F)   60        84      1965
 MINIMUM TEMPERATURE (F)   33        -1      1957


SUNRISE AND SUNSET
NOVEMBER 23 2014......SUNRISE   727 AM CST   SUNSET   541 PM CST
NOVEMBER 24 2014......SUNRISE   727 AM CST   SUNSET   540 PM CST


-  INDICATES NEGATIVE NUMBERS.
R  INDICATES RECORD WAS SET OR TIED.
MM INDICATES DATA IS MISSING.
T  INDICATES TRACE AMOUNT.




$$
