373
CDUS44 KLUB 290626
CLILBB


CLIMATE REPORT
NATIONAL WEATHER SERVICE LUBBOCK, TX
126 AM CDT THU JUN 29 2017


...................................

...THE LUBBOCK CLIMATE SUMMARY FOR JUNE 28 2017...

CLIMATE NORMAL PERIOD 1981 TO 2010
CLIMATE RECORD PERIOD 1911 TO 2017


WEATHER ITEM   OBSERVED TIME   RECORD YEAR NORMAL DEPARTURE LAST
                VALUE   (LST)  VALUE       VALUE  FROM      YEAR
                                                  NORMAL
..................................................................
TEMPERATURE (F)
 YESTERDAY
  MAXIMUM         96    507 PM 108    1980  92      4       95
                                      1928
  MINIMUM         72    702 AM  56    1946  67      5       64
  AVERAGE         84                        80      4       80

PRECIPITATION (IN)
  YESTERDAY        0.00          1.56 1946   0.08  -0.08      T
  MONTH TO DATE    1.63                      2.86  -1.23     1.04
  SINCE JUN 1      1.63                      2.86  -1.23     1.04
  SINCE JAN 1      7.12                      9.07  -1.95     6.31

SNOWFALL (IN)
  YESTERDAY        0.0           T    1992   0.0    0.0      0.0
  MONTH TO DATE    T                         0.0    0.0      0.0
  SINCE JUN 1      T                         0.0    0.0      0.0
  SINCE JUL 1      0.2                       8.2   -8.0     13.3
  SNOW DEPTH       0

DEGREE DAYS
 HEATING
  YESTERDAY        0                         0      0        0
  MONTH TO DATE    0                         0      0        3
  SINCE JUN 1      0                         0      0        3
  SINCE JUL 1   2468                      3377   -909     2857

 COOLING
  YESTERDAY       19                        14      5       15
  MONTH TO DATE  434                       345     89      395
  SINCE JUN 1    434                       345     89      395
  SINCE JAN 1    736                       591    145      622
..................................................................


WIND (MPH)
  RESULTANT WIND SPEED  19   RESULTANT WIND DIRECTION   S (190)
  HIGHEST WIND SPEED    26   HIGHEST WIND DIRECTION     S (200)
  HIGHEST GUST SPEED    33   HIGHEST GUST DIRECTION     S (170)
  AVERAGE WIND SPEED    19.4


SKY COVER
  AVERAGE SKY COVER 0.3


WEATHER CONDITIONS
 THE FOLLOWING WEATHER WAS RECORDED YESTERDAY.
  HAZE
  SANDSTORM


RELATIVE HUMIDITY (PERCENT)
 HIGHEST    79           700 AM
 LOWEST     27           400 PM
 AVERAGE    53

..........................................................


THE LUBBOCK CLIMATE NORMALS FOR TODAY
                         NORMAL    RECORD    YEAR
 MAXIMUM TEMPERATURE (F)   92       107      1957
 MINIMUM TEMPERATURE (F)   67        57      1948


SUNRISE AND SUNSET
JUNE 29 2017..........SUNRISE   640 AM CDT   SUNSET   902 PM CDT
JUNE 30 2017..........SUNRISE   640 AM CDT   SUNSET   902 PM CDT


-  INDICATES NEGATIVE NUMBERS.
R  INDICATES RECORD WAS SET OR TIED.
MM INDICATES DATA IS MISSING.
T  INDICATES TRACE AMOUNT.




$$
