896
CDUS44 KLUB 230642
CLILBB


CLIMATE REPORT
NATIONAL WEATHER SERVICE LUBBOCK, TX
141 AM CDT MON OCT 23 2017


...................................

...THE LUBBOCK CLIMATE SUMMARY FOR OCTOBER 22 2017...

CLIMATE NORMAL PERIOD 1981 TO 2010
CLIMATE RECORD PERIOD 1911 TO 2017


WEATHER ITEM   OBSERVED TIME   RECORD YEAR NORMAL DEPARTURE LAST
                VALUE   (LST)  VALUE       VALUE  FROM      YEAR
                                                  NORMAL
..................................................................
TEMPERATURE (F)
 YESTERDAY
  MAXIMUM         71    407 PM  89    1961  74     -3       83
  MINIMUM         39    713 AM  28    1945  46     -7       47
  AVERAGE         55                        60     -5       65

PRECIPITATION (IN)
  YESTERDAY        0.00          2.64 1953   0.06  -0.06     0.00
  MONTH TO DATE    0.43                      1.48  -1.05     1.05
  SINCE SEP 1      3.89                      3.99  -0.10     2.52
  SINCE JAN 1     21.85                     17.06   4.79    12.44

SNOWFALL (IN)
  YESTERDAY        0.0           0.0  2002   0.0    0.0      0.0
  MONTH TO DATE    0.0                       0.0    0.0      0.0
  SINCE SEP 1      0.0                       0.0    0.0      0.0
  SINCE JUL 1      0.0                       0.0    0.0      0.0
  SNOW DEPTH       0

DEGREE DAYS
 HEATING
  YESTERDAY       10                         6      4        0
  MONTH TO DATE   60                        90    -30       44
  SINCE SEP 1     85                       113    -28       46
  SINCE JUL 1     85                       113    -28       46

 COOLING
  YESTERDAY        0                         1     -1        0
  MONTH TO DATE   85                        47     38       93
  SINCE SEP 1    335                       270     65      347
  SINCE JAN 1   1980                      1796    184     2073
..................................................................


WIND (MPH)
  RESULTANT WIND SPEED   2   RESULTANT WIND DIRECTION  SW (240)
  HIGHEST WIND SPEED    14   HIGHEST WIND DIRECTION    SW (210)
  HIGHEST GUST SPEED    18   HIGHEST GUST DIRECTION     W (250)
  AVERAGE WIND SPEED     7.4


SKY COVER
  AVERAGE SKY COVER 0.3


WEATHER CONDITIONS
 THE FOLLOWING WEATHER WAS RECORDED YESTERDAY.
  NO SIGNIFICANT WEATHER WAS OBSERVED.


RELATIVE HUMIDITY (PERCENT)
 HIGHEST    85           500 AM
 LOWEST     20           400 PM
 AVERAGE    53

..........................................................


THE LUBBOCK CLIMATE NORMALS FOR TODAY
                         NORMAL    RECORD    YEAR
 MAXIMUM TEMPERATURE (F)   73        91      2003
 MINIMUM TEMPERATURE (F)   46        22      1917


SUNRISE AND SUNSET
OCTOBER 23 2017.......SUNRISE   759 AM CDT   SUNSET   704 PM CDT
OCTOBER 24 2017.......SUNRISE   800 AM CDT   SUNSET   703 PM CDT


-  INDICATES NEGATIVE NUMBERS.
R  INDICATES RECORD WAS SET OR TIED.
MM INDICATES DATA IS MISSING.
T  INDICATES TRACE AMOUNT.




$$
