000
CDUS44 KLUB 020132
CLILBB


CLIMATE REPORT
NATIONAL WEATHER SERVICE LUBBOCK, TX
831 PM CDT FRI AUG 1 2014


...................................

...THE LUBBOCK CLIMATE SUMMARY FOR AUGUST 1 2014...
VALID TODAY AS OF 0800 PM LOCAL TIME.

CLIMATE NORMAL PERIOD 1981 TO 2010
CLIMATE RECORD PERIOD 1911 TO 2014


WEATHER ITEM   OBSERVED TIME   RECORD YEAR NORMAL DEPARTURE LAST
                VALUE   (LST)  VALUE       VALUE  FROM      YEAR
                                                  NORMAL
..................................................................
TEMPERATURE (F)
 TODAY
  MAXIMUM         85   1220 PM 106    1966  93     -8       94
  MINIMUM         60    619 AM  55    1925  68     -8       70
  AVERAGE         73                        80     -7       82

PRECIPITATION (IN)
  TODAY            0.00          1.36 1975   0.05  -0.05     0.09
  MONTH TO DATE    0.00                      0.05  -0.05     0.09
  SINCE JUN 1      5.23                      5.00   0.23     5.13
  SINCE JAN 1     11.36                     11.21   0.15     8.55

SNOWFALL (IN)
  TODAY            0.0           0.0  2002   0.0    0.0      0.0
  MONTH TO DATE    0.0                       0.0    0.0      0.0
  SINCE JUN 1      0.0                       0.0    0.0      0.0
  SINCE JUL 1      0.0                       0.0    0.0      0.0
  SNOW DEPTH       0

DEGREE DAYS
 HEATING
  TODAY            0                         0      0        0
  MONTH TO DATE    0                         0      0        0
  SINCE JUN 1      0                         2     -2        0
  SINCE JUL 1      0                         0      0        0

 COOLING
  TODAY            8                        15     -7       17
  MONTH TO DATE    8                        15     -7       17
  SINCE JUN 1    858                       862     -4      941
  SINCE JAN 1   1137                      1108     29     1256
..................................................................


WIND (MPH)
  RESULTANT WIND SPEED   4   RESULTANT WIND DIRECTION  NE (30)
  HIGHEST WIND SPEED    14   HIGHEST WIND DIRECTION    NE (30)
  HIGHEST GUST SPEED    17   HIGHEST GUST DIRECTION     N (20)
  AVERAGE WIND SPEED     5.6


SKY COVER
  AVERAGE SKY COVER 0.7


WEATHER CONDITIONS
 THE FOLLOWING WEATHER WAS RECORDED TODAY.
  NO SIGNIFICANT WEATHER WAS OBSERVED.


RELATIVE HUMIDITY (PERCENT)
 HIGHEST    84           500 AM
 LOWEST     34           100 PM
 AVERAGE    59

..........................................................


THE LUBBOCK CLIMATE NORMALS FOR TOMORROW
                         NORMAL    RECORD    YEAR
 MAXIMUM TEMPERATURE (F)   93       105      2012
                                             1943
 MINIMUM TEMPERATURE (F)   68        54      1936
                                             1925


SUNRISE AND SUNSET
AUGUST  1 2014........SUNRISE   659 AM CDT   SUNSET   847 PM CDT
AUGUST  2 2014........SUNRISE   700 AM CDT   SUNSET   846 PM CDT


-  INDICATES NEGATIVE NUMBERS.
R  INDICATES RECORD WAS SET OR TIED.
MM INDICATES DATA IS MISSING.
T  INDICATES TRACE AMOUNT.




$$
