000
CDUS44 KLUB 222326
CLILBB


CLIMATE REPORT
NATIONAL WEATHER SERVICE LUBBOCK, TX
526 PM CST MON DEC 22 2014


...................................

...THE LUBBOCK CLIMATE SUMMARY FOR DECEMBER 22 2014...
VALID TODAY AS OF 0500 PM LOCAL TIME.

CLIMATE NORMAL PERIOD 1981 TO 2010
CLIMATE RECORD PERIOD 1911 TO 2014


WEATHER ITEM   OBSERVED TIME   RECORD YEAR NORMAL DEPARTURE LAST
                VALUE   (LST)  VALUE       VALUE  FROM      YEAR
                                                  NORMAL
..................................................................
TEMPERATURE (F)
 TODAY
  MAXIMUM         59    125 PM  79    1969  53      6       44
                                      1955
  MINIMUM         44    818 AM  -2    1989  26     18       27
  AVERAGE         52                        40     12       36

PRECIPITATION (IN)
  TODAY            0.00          0.48 1991   0.02  -0.02      T
  MONTH TO DATE    0.02                      0.56  -0.54     0.60
  SINCE DEC 1      0.02                      0.56  -0.54     0.60
  SINCE JAN 1     22.19                     18.92   3.27    12.61

SNOWFALL (IN)
  TODAY            0.0           3.0  2004   0.1   -0.1       T
  MONTH TO DATE    0.0                       1.6   -1.6      0.2
  SINCE DEC 1      0.0                       1.6   -1.6      0.2
  SINCE JUL 1      0.5                       2.5   -2.0      2.4
  SNOW DEPTH       0

DEGREE DAYS
 HEATING
  TODAY           13                        25    -12       29
  MONTH TO DATE  383                       525   -142      554
  SINCE DEC 1    383                       525   -142      554
  SINCE JUL 1   1058                      1167   -109     1207

 COOLING
  TODAY            0                         0      0        0
  MONTH TO DATE    0                         0      0        0
  SINCE DEC 1      0                         0      0        0
  SINCE JAN 1   1917                      1804    113     2123
..................................................................


WIND (MPH)
  RESULTANT WIND SPEED  12   RESULTANT WIND DIRECTION  NW (330)
  HIGHEST WIND SPEED    24   HIGHEST WIND DIRECTION     N (350)
  HIGHEST GUST SPEED    30   HIGHEST GUST DIRECTION     W (290)
  AVERAGE WIND SPEED    14.5


SKY COVER
  AVERAGE SKY COVER 0.5


WEATHER CONDITIONS
 THE FOLLOWING WEATHER WAS RECORDED TODAY.
  NO SIGNIFICANT WEATHER WAS OBSERVED.


RELATIVE HUMIDITY (PERCENT)
 HIGHEST    60           900 AM
 LOWEST     35           300 PM
 AVERAGE    48

..........................................................


THE LUBBOCK CLIMATE NORMALS FOR TOMORROW
                         NORMAL    RECORD    YEAR
 MAXIMUM TEMPERATURE (F)   53        80      1964
                                             1955
 MINIMUM TEMPERATURE (F)   26        -1      1989


SUNRISE AND SUNSET
DECEMBER 22 2014......SUNRISE   748 AM CST   SUNSET   544 PM CST
DECEMBER 23 2014......SUNRISE   749 AM CST   SUNSET   544 PM CST


-  INDICATES NEGATIVE NUMBERS.
R  INDICATES RECORD WAS SET OR TIED.
MM INDICATES DATA IS MISSING.
T  INDICATES TRACE AMOUNT.




$$
