000
CDUS43 KLBF 302217
CLILBF

CLIMATE REPORT
NATIONAL WEATHER SERVICE NORTH PLATTE
516 PM CDT SAT MAY 30 2015


...................................

...THE NORTH PLATTE NE CLIMATE SUMMARY FOR MAY 30 2015...
VALID TODAY AS OF 0500 PM LOCAL TIME.

CLIMATE NORMAL PERIOD 1981 TO 2010
CLIMATE RECORD PERIOD 1874 TO 2015


WEATHER ITEM   OBSERVED TIME   RECORD YEAR NORMAL DEPARTURE LAST
                VALUE   (LST)  VALUE       VALUE  FROM      YEAR
                                                  NORMAL
..................................................................
TEMPERATURE (F)
 TODAY
  MAXIMUM         64    409 PM  97    1934  76    -12       88
  MINIMUM         36    541 AM  35    1883  49    -13       60
  AVERAGE         50                        62    -12       74

PRECIPITATION (IN)
  TODAY            0.00          1.83 1977   0.12  -0.12     0.00
  MONTH TO DATE    4.34                      3.15   1.19     1.77
  SINCE MAR 1      7.36                      6.47   0.89     3.20
  SINCE JAN 1      8.10                      7.31   0.79     4.25

SNOWFALL (IN)
  TODAY            0.0           0.0    MM   0.0    0.0      0.0
  MONTH TO DATE    T                         0.0    0.0       T
  SINCE MAR 1      2.4                       7.6   -5.2      7.4
  SINCE JUL 1     21.3                      28.5   -7.2     29.8
  SNOW DEPTH       0

DEGREE DAYS
 HEATING
  TODAY           15                         4     11        0
  MONTH TO DATE  281                       239     42      263
  SINCE MAR 1   1376                      1601   -225     1639
  SINCE JUL 1   6265                      6629   -364     6830

 COOLING
  TODAY            0                         2     -2        9
  MONTH TO DATE    0                        21    -21       39
  SINCE MAR 1      2                        24    -22       41
  SINCE JAN 1      2                        24    -22       41
..................................................................


WIND (MPH)
  HIGHEST WIND SPEED    16   HIGHEST WIND DIRECTION     N (20)
  HIGHEST GUST SPEED    21   HIGHEST GUST DIRECTION     N (20)
  AVERAGE WIND SPEED     7.9


SKY COVER
  POSSIBLE SUNSHINE  MM
  AVERAGE SKY COVER 0.1


WEATHER CONDITIONS
 THE FOLLOWING WEATHER WAS RECORDED TODAY.
  NO SIGNIFICANT WEATHER WAS OBSERVED.


RELATIVE HUMIDITY (PERCENT)
 HIGHEST   100           200 AM
 LOWEST     31           300 PM
 AVERAGE    66

..........................................................


THE NORTH PLATTE NE CLIMATE NORMALS FOR TOMORROW
                         NORMAL    RECORD    YEAR
 MAXIMUM TEMPERATURE (F)   76        94      2002
 MINIMUM TEMPERATURE (F)   49        31      1964


SUNRISE AND SUNSET
MAY 30 2015...........SUNRISE   614 AM CDT   SUNSET   907 PM CDT
MAY 31 2015...........SUNRISE   613 AM CDT   SUNSET   908 PM CDT


-  INDICATES NEGATIVE NUMBERS.
R  INDICATES RECORD WAS SET OR TIED.
MM INDICATES DATA IS MISSING.
T  INDICATES TRACE AMOUNT.

$$
