000
CDUS43 KLBF 030931 RRB
CLILBF

CLIMATE REPORT
NATIONAL WEATHER SERVICE NORTH PLATTE
427 AM CDT THU SEP 3 2015

...................................

...THE NORTH PLATTE NE CLIMATE SUMMARY FOR SEPTEMBER 2 2015...

CLIMATE NORMAL PERIOD 1981 TO 2010
CLIMATE RECORD PERIOD 1874 TO 2015


WEATHER ITEM   OBSERVED TIME   RECORD YEAR NORMAL DEPARTURE LAST
                VALUE   (LST)  VALUE       VALUE  FROM      YEAR
                                                  NORMAL
..................................................................
TEMPERATURE (F)
 YESTERDAY
  MAXIMUM         98    241 PM 101    1947  83     15       83
  MINIMUM         58    637 AM  34    1974  53      5       44
  AVERAGE         78                        68     10       64

PRECIPITATION (IN)
  YESTERDAY        0.00          2.99 1942   0.05  -0.05     0.00
  MONTH TO DATE    0.01                      0.10  -0.09     0.08
  SINCE SEP 1      0.01                      0.10  -0.09     0.08
  SINCE JAN 1     16.58                     16.32   0.26    18.36

SNOWFALL (IN)
  YESTERDAY        0.0           0.0  2002   0.0    0.0      0.0
                                      2001
  MONTH TO DATE    0.0                       0.0    0.0      0.0
  SINCE SEP 1      0.0                       0.0    0.0      0.0
  SINCE JUL 1      0.0                       0.0    0.0      0.0
  SNOW DEPTH       0

DEGREE DAYS
 HEATING
  YESTERDAY        0                         2     -2        1
  MONTH TO DATE    0                         4     -4        3
  SINCE SEP 1      0                         4     -4        3
  SINCE JUL 1     29                        24      5       20

 COOLING
  YESTERDAY       13                         5      8        0
  MONTH TO DATE   26                        10     16        0
  SINCE SEP 1     26                        10     16        0
  SINCE JAN 1    694                       705    -11      669
..................................................................


WIND (MPH)
  HIGHEST WIND SPEED    15   HIGHEST WIND DIRECTION     S (170)
  HIGHEST GUST SPEED    19   HIGHEST GUST DIRECTION     S (160)
  AVERAGE WIND SPEED     5.0


SKY COVER
  POSSIBLE SUNSHINE  MM
  AVERAGE SKY COVER 0.0


WEATHER CONDITIONS
 THE FOLLOWING WEATHER WAS RECORDED YESTERDAY.
  FOG


RELATIVE HUMIDITY (PERCENT)
 HIGHEST    90           300 AM
 LOWEST     22           200 PM
 AVERAGE    56

..........................................................


THE NORTH PLATTE NE CLIMATE NORMALS FOR TODAY
                         NORMAL    RECORD    YEAR
 MAXIMUM TEMPERATURE (F)   83        99      1960
                                             1954
 MINIMUM TEMPERATURE (F)   53        26      1974


SUNRISE AND SUNSET
SEPTEMBER  3 2015.....SUNRISE   711 AM CDT   SUNSET   812 PM CDT
SEPTEMBER  4 2015.....SUNRISE   712 AM CDT   SUNSET   811 PM CDT


-  INDICATES NEGATIVE NUMBERS.
R  INDICATES RECORD WAS SET OR TIED.
MM INDICATES DATA IS MISSING.
T  INDICATES TRACE AMOUNT.

$$
