000
CDUS43 KLBF 300930
CLILBF


CLIMATE REPORT
NATIONAL WEATHER SERVICE NORTH PLATTE
429 AM CDT MON MAY 30 2016


...................................

...THE NORTH PLATTE NE CLIMATE SUMMARY FOR MAY 29 2016...

CLIMATE NORMAL PERIOD 1981 TO 2010
CLIMATE RECORD PERIOD 1874 TO 2016


WEATHER ITEM   OBSERVED TIME   RECORD YEAR NORMAL DEPARTURE LAST
                VALUE   (LST)  VALUE       VALUE  FROM      YEAR
                                                  NORMAL
..................................................................
TEMPERATURE (F)
 YESTERDAY
  MAXIMUM         83    435 PM  98    1934  76      7       70
  MINIMUM         46    535 AM  28    1947  49     -3       45
  AVERAGE         65                        62      3       58

PRECIPITATION (IN)
  YESTERDAY        0.52          2.95 2007   0.13   0.39     0.11
  MONTH TO DATE    3.73                      3.03   0.70     4.34
  SINCE MAR 1      9.75                      6.35   3.40     7.36
  SINCE JAN 1     11.01                      7.19   3.82     8.10

SNOWFALL (IN)
  YESTERDAY        0.0           0.0    MM   0.0    0.0      0.0
  MONTH TO DATE    T                         0.0    0.0       T
  SINCE MAR 1      6.8                       7.6   -0.8      2.4
  SINCE JUL 1     32.4                      28.5    3.9     21.3
  SNOW DEPTH       0

DEGREE DAYS
 HEATING
  YESTERDAY        0                         4     -4        7
  MONTH TO DATE  260                       235     25      266
  SINCE MAR 1   1424                      1597   -173     1361
  SINCE JUL 1   5701                      6625   -924     6250

 COOLING
  YESTERDAY        0                         1     -1        0
  MONTH TO DATE    8                        19    -11        0
  SINCE MAR 1      9                        22    -13        2
  SINCE JAN 1      9                        22    -13        2
..................................................................


WIND (MPH)
  HIGHEST WIND SPEED    24   HIGHEST WIND DIRECTION     S (160)
  HIGHEST GUST SPEED    31   HIGHEST GUST DIRECTION     S (170)
  AVERAGE WIND SPEED     6.0


SKY COVER
  POSSIBLE SUNSHINE  MM
  AVERAGE SKY COVER 0.1


WEATHER CONDITIONS
 THE FOLLOWING WEATHER WAS RECORDED YESTERDAY.
  THUNDERSTORM
  HEAVY RAIN
  RAIN
  LIGHT RAIN
  FOG


RELATIVE HUMIDITY (PERCENT)
 HIGHEST   100           500 AM
 LOWEST     40           300 PM
 AVERAGE    70

..........................................................


THE NORTH PLATTE NE CLIMATE NORMALS FOR TODAY
                         NORMAL    RECORD    YEAR
 MAXIMUM TEMPERATURE (F)   76        97      1934
 MINIMUM TEMPERATURE (F)   49        35      1883


SUNRISE AND SUNSET
MAY 30 2016...........SUNRISE   613 AM CDT   SUNSET   908 PM CDT
MAY 31 2016...........SUNRISE   613 AM CDT   SUNSET   909 PM CDT


-  INDICATES NEGATIVE NUMBERS.
R  INDICATES RECORD WAS SET OR TIED.
MM INDICATES DATA IS MISSING.
T  INDICATES TRACE AMOUNT.




$$
