000
CDUS43 KLBF 200911
CLILBF

CLIMATE REPORT
NATIONAL WEATHER SERVICE NORTH PLATTE
410 AM CDT SAT SEP 20 2014


...................................

...THE NORTH PLATTE NE CLIMATE SUMMARY FOR SEPTEMBER 19 2014...

CLIMATE NORMAL PERIOD 1981 TO 2010
CLIMATE RECORD PERIOD 1874 TO 2014


WEATHER ITEM   OBSERVED TIME   RECORD YEAR NORMAL DEPARTURE LAST
                VALUE   (LST)  VALUE       VALUE  FROM      YEAR
                                                  NORMAL
..................................................................
TEMPERATURE (F)
 YESTERDAY
  MAXIMUM         93    259 PM  96    1895  77     16       66
  MINIMUM         53    631 AM  26    2003  45      8       46
                                      1991
                                      1971
  AVERAGE         73                        61     12       56

PRECIPITATION (IN)
  YESTERDAY        0.00          1.69 1996   0.05  -0.05     0.10
  MONTH TO DATE    0.82                      0.89  -0.07     3.83
  SINCE SEP 1      0.82                      0.89  -0.07     3.83
  SINCE JAN 1     19.10                     17.11   1.99    18.19

SNOWFALL (IN)
  YESTERDAY        0.0           T    1983   0.0    0.0      0.0
  MONTH TO DATE    T                         0.0    0.0      0.0
  SINCE SEP 1      T                         0.0    0.0      0.0
  SINCE JUL 1      T                         0.0    0.0      0.0
  SNOW DEPTH       0

DEGREE DAYS
 HEATING
  YESTERDAY        0                         6     -6        9
  MONTH TO DATE  112                        65     47       23
  SINCE SEP 1    112                        65     47       23
  SINCE JUL 1    129                        85     44       36

 COOLING
  YESTERDAY        8                         2      6        0
  MONTH TO DATE   39                        61    -22      154
  SINCE SEP 1     39                        61    -22      154
  SINCE JAN 1    708                       756    -48      991
..................................................................


WIND (MPH)
  HIGHEST WIND SPEED    22   HIGHEST WIND DIRECTION     S (200)
  HIGHEST GUST SPEED    29   HIGHEST GUST DIRECTION    SW (210)
  AVERAGE WIND SPEED     7.7


SKY COVER
  POSSIBLE SUNSHINE  MM
  AVERAGE SKY COVER 0.2


WEATHER CONDITIONS
 THE FOLLOWING WEATHER WAS RECORDED YESTERDAY.
  THUNDERSTORM
  FOG
  FOG W/VISIBILITY <= 1/4 MILE


RELATIVE HUMIDITY (PERCENT)
 HIGHEST   100          1200 AM
 LOWEST     28           200 PM
 AVERAGE    64

..........................................................


THE NORTH PLATTE NE CLIMATE NORMALS FOR TODAY
                         NORMAL    RECORD    YEAR
 MAXIMUM TEMPERATURE (F)   76        95      2010
                                             2005
                                             1937
 MINIMUM TEMPERATURE (F)   45        25      1918


SUNRISE AND SUNSET
SEPTEMBER 20 2014.....SUNRISE   728 AM CDT   SUNSET   743 PM CDT
SEPTEMBER 21 2014.....SUNRISE   729 AM CDT   SUNSET   742 PM CDT


-  INDICATES NEGATIVE NUMBERS.
R  INDICATES RECORD WAS SET OR TIED.
MM INDICATES DATA IS MISSING.
T  INDICATES TRACE AMOUNT.

$$
