000
CDUS43 KLBF 282257
CLILBF


CLIMATE REPORT
NATIONAL WEATHER SERVICE NORTH PLATTE
556 PM CDT FRI APR 28 2017


...................................

...THE NORTH PLATTE NE CLIMATE SUMMARY FOR APRIL 28 2017...
VALID TODAY AS OF 0500 PM LOCAL TIME.

CLIMATE NORMAL PERIOD 1981 TO 2010
CLIMATE RECORD PERIOD 1874 TO 2017


WEATHER ITEM   OBSERVED TIME   RECORD YEAR NORMAL DEPARTURE LAST
                VALUE   (LST)  VALUE       VALUE  FROM      YEAR
                                                  NORMAL
..................................................................
TEMPERATURE (F)
 TODAY
  MAXIMUM         44    228 AM  95    1910  66    -22       48
  MINIMUM         35   1021 AM  21    1965  38     -3       30
  AVERAGE         40                        52    -12       39

PRECIPITATION (IN)
  TODAY            1.06          2.74 1875   0.09   0.97     0.05
  MONTH TO DATE    2.15                      2.09   0.06     4.01
  SINCE MAR 1      3.97                      3.14   0.83     4.67
  SINCE JAN 1      5.16                      3.98   1.18     5.93

SNOWFALL (IN)
  TODAY            T             5.1  1994   0.0    0.0      0.0
  MONTH TO DATE    T                         3.1   -3.1       T
  SINCE MAR 1      T                         7.5   -7.5      4.3
  SINCE JUL 1     20.3                      28.4   -8.1     29.9
  SNOW DEPTH       0

DEGREE DAYS
 HEATING
  TODAY           25                        13     12       26
  MONTH TO DATE  374                       499   -125      422
  SINCE MAR 1   1025                      1336   -311     1108
  SINCE JUL 1   5347                      6364  -1017     5385

 COOLING
  TODAY            0                         0      0        0
  MONTH TO DATE    2                         0      2        1
  SINCE MAR 1      2                         0      2        1
  SINCE JAN 1      2                         0      2        1
..................................................................


WIND (MPH)
  HIGHEST WIND SPEED    23   HIGHEST WIND DIRECTION    NE (60)
  HIGHEST GUST SPEED    32   HIGHEST GUST DIRECTION    NE (60)
  AVERAGE WIND SPEED    13.3


SKY COVER
  POSSIBLE SUNSHINE  MM
  AVERAGE SKY COVER 1.0


WEATHER CONDITIONS
 THE FOLLOWING WEATHER WAS RECORDED TODAY.
  RAIN
  LIGHT RAIN
  LIGHT SNOW
  FOG


RELATIVE HUMIDITY (PERCENT)
 HIGHEST   100           200 AM
 LOWEST     79           300 PM
 AVERAGE    90

..........................................................


THE NORTH PLATTE NE CLIMATE NORMALS FOR TOMORROW
                         NORMAL    RECORD    YEAR
 MAXIMUM TEMPERATURE (F)   67        93      1887
 MINIMUM TEMPERATURE (F)   38        19      1908


SUNRISE AND SUNSET
APRIL 28 2017.........SUNRISE   644 AM CDT   SUNSET   837 PM CDT
APRIL 29 2017.........SUNRISE   643 AM CDT   SUNSET   838 PM CDT


-  INDICATES NEGATIVE NUMBERS.
R  INDICATES RECORD WAS SET OR TIED.
MM INDICATES DATA IS MISSING.
T  INDICATES TRACE AMOUNT.




$$
