000
CDUS43 KLBF 010931
CLILBF


CLIMATE REPORT
NATIONAL WEATHER SERVICE NORTH PLATTE
429 AM CDT SAT OCT 1 2016


...................................

...THE NORTH PLATTE NE CLIMATE SUMMARY FOR SEPTEMBER 30 2016...

CLIMATE NORMAL PERIOD 1981 TO 2010
CLIMATE RECORD PERIOD 1874 TO 2016


WEATHER ITEM   OBSERVED TIME   RECORD YEAR NORMAL DEPARTURE LAST
                VALUE   (LST)  VALUE       VALUE  FROM      YEAR
                                                  NORMAL
..................................................................
TEMPERATURE (F)
 YESTERDAY
  MAXIMUM         71   1259 PM  92    1942  71      0       67
  MINIMUM         41    351 AM  18    1984  40      1       56
  AVERAGE         56                        56      0       62

PRECIPITATION (IN)
  YESTERDAY        0.00          1.38 1904   0.05  -0.05     0.00
  MONTH TO DATE    0.94                      1.41  -0.47     1.25
  SINCE SEP 1      0.94                      1.41  -0.47     1.25
  SINCE JAN 1     20.10                     17.63   2.47    17.82

SNOWFALL (IN)
  YESTERDAY        0.0           T    1985   0.0    0.0      0.0
                                      1965
                                      1961
  MONTH TO DATE    0.0                       0.2   -0.2      0.0
  SINCE SEP 1      0.0                       0.2   -0.2      0.0
  SINCE JUL 1      0.0                       0.2   -0.2      0.0
  SNOW DEPTH       0

DEGREE DAYS
 HEATING
  YESTERDAY        9                        10     -1        3
  MONTH TO DATE   79                       152    -73       31
  SINCE SEP 1     79                       151    -72       31
  SINCE JUL 1     91                       171    -80       60

 COOLING
  YESTERDAY        0                         0      0        0
  MONTH TO DATE  101                        70     31      150
  SINCE SEP 1    101                        70     31      150
  SINCE JAN 1    908                       765    143      818
..................................................................


WIND (MPH)
  HIGHEST WIND SPEED    17   HIGHEST WIND DIRECTION     S (160)
  HIGHEST GUST SPEED    23   HIGHEST GUST DIRECTION     S (160)
  AVERAGE WIND SPEED     7.8


SKY COVER
  POSSIBLE SUNSHINE  MM
  AVERAGE SKY COVER 0.0


WEATHER CONDITIONS
 THE FOLLOWING WEATHER WAS RECORDED YESTERDAY.
  NO SIGNIFICANT WEATHER WAS OBSERVED.


RELATIVE HUMIDITY (PERCENT)
 HIGHEST    96           500 AM
 LOWEST     41           100 PM
 AVERAGE    69

..........................................................


THE NORTH PLATTE NE CLIMATE NORMALS FOR TODAY
                         NORMAL    RECORD    YEAR
 MAXIMUM TEMPERATURE (F)   71        94      1899
 MINIMUM TEMPERATURE (F)   40        21      1985


SUNRISE AND SUNSET
OCTOBER  1 2016.......SUNRISE   740 AM CDT   SUNSET   724 PM CDT
OCTOBER  2 2016.......SUNRISE   741 AM CDT   SUNSET   722 PM CDT


-  INDICATES NEGATIVE NUMBERS.
R  INDICATES RECORD WAS SET OR TIED.
MM INDICATES DATA IS MISSING.
T  INDICATES TRACE AMOUNT.

$$
