000
CDUS43 KLBF 131045
CLILBF


CLIMATE REPORT
NATIONAL WEATHER SERVICE NORTH PLATTE
444 AM CST SAT FEB 13 2016


...................................

...THE NORTH PLATTE NE CLIMATE SUMMARY FOR FEBRUARY 12 2016...

CLIMATE NORMAL PERIOD 1981 TO 2010
CLIMATE RECORD PERIOD 1874 TO 2016


WEATHER ITEM   OBSERVED TIME   RECORD YEAR NORMAL DEPARTURE LAST
                VALUE   (LST)  VALUE       VALUE  FROM      YEAR
                                                  NORMAL
..................................................................
TEMPERATURE (F)
 YESTERDAY
  MAXIMUM         36    108 PM  76    1962  42     -6       32
  MINIMUM         22    538 AM -35    1899  14      8       19
  AVERAGE         29                        28      1       26

PRECIPITATION (IN)
  YESTERDAY        T             0.59 1978   0.02  -0.02     0.00
  MONTH TO DATE    0.75                      0.16   0.59     0.43
  SINCE DEC 1      1.51                      0.91   0.60     1.75
  SINCE JAN 1      1.23                      0.50   0.73     0.71

SNOWFALL (IN)
  YESTERDAY        T             6.0  1950   0.2   -0.2      0.0
  MONTH TO DATE   12.0                       2.2    9.8      6.1
  SINCE DEC 1     21.0                      11.6    9.4     18.3
  SINCE JUL 1     25.6                      17.8    7.8     18.7
  SNOW DEPTH       2

DEGREE DAYS
 HEATING
  YESTERDAY       36                        37     -1       39
  MONTH TO DATE  451                       456     -5      388
  SINCE DEC 1   2659                      2925   -266     2720
  SINCE JUL 1   3845                      4476   -631     4240

 COOLING
  YESTERDAY        0                         0      0        0
  MONTH TO DATE    0                         0      0        0
  SINCE DEC 1      0                         0      0        0
  SINCE JAN 1      0                         0      0        0
..................................................................


WIND (MPH)
  HIGHEST WIND SPEED    17   HIGHEST WIND DIRECTION     N (10)
  HIGHEST GUST SPEED    22   HIGHEST GUST DIRECTION     N (10)
  AVERAGE WIND SPEED     7.8


SKY COVER
  POSSIBLE SUNSHINE  MM
  AVERAGE SKY COVER 0.7


WEATHER CONDITIONS
 THE FOLLOWING WEATHER WAS RECORDED YESTERDAY.
  NO SIGNIFICANT WEATHER WAS OBSERVED.


RELATIVE HUMIDITY (PERCENT)
 HIGHEST    96           500 AM
 LOWEST     69           400 PM
 AVERAGE    83

..........................................................


THE NORTH PLATTE NE CLIMATE NORMALS FOR TODAY
                         NORMAL    RECORD    YEAR
 MAXIMUM TEMPERATURE (F)   42        70      1967
                                             1934
 MINIMUM TEMPERATURE (F)   14       -27      1905


SUNRISE AND SUNSET
FEBRUARY 13 2016......SUNRISE   740 AM CST   SUNSET   614 PM CST
FEBRUARY 14 2016......SUNRISE   739 AM CST   SUNSET   615 PM CST


-  INDICATES NEGATIVE NUMBERS.
R  INDICATES RECORD WAS SET OR TIED.
MM INDICATES DATA IS MISSING.
T  INDICATES TRACE AMOUNT.




$$
