000
CDUS43 KLBF 051032
CLILBF


CLIMATE REPORT
NATIONAL WEATHER SERVICE NORTH PLATTE
431 AM CST MON DEC 5 2016


...................................

...THE NORTH PLATTE NE CLIMATE SUMMARY FOR DECEMBER 4 2016...

CLIMATE NORMAL PERIOD 1981 TO 2010
CLIMATE RECORD PERIOD 1874 TO 2016


WEATHER ITEM   OBSERVED TIME   RECORD YEAR NORMAL DEPARTURE LAST
                VALUE   (LST)  VALUE       VALUE  FROM      YEAR
                                                  NORMAL
..................................................................
TEMPERATURE (F)
 YESTERDAY
  MAXIMUM         50    414 PM  69    1918  41      9       52
  MINIMUM         17    526 AM  -9    1897  14      3       21
  AVERAGE         34                        27      7       37

PRECIPITATION (IN)
  YESTERDAY        0.00          0.69 1924   0.01  -0.01     0.00
  MONTH TO DATE    0.00                      0.05  -0.05     0.09
  SINCE DEC 1      0.00                      0.05  -0.05     0.09
  SINCE JAN 1     22.43                     19.87   2.56    20.64

SNOWFALL (IN)
  YESTERDAY        0.0           6.3  1924   0.1   -0.1      0.0
  MONTH TO DATE    0.0                       0.5   -0.5      1.6
  SINCE DEC 1      0.0                       0.5   -0.5      1.6
  SINCE JUL 1      5.0                       6.7   -1.7      6.2
  SNOW DEPTH       0

DEGREE DAYS
 HEATING
  YESTERDAY       31                        38     -7       28
  MONTH TO DATE  133                       149    -16      136
  SINCE DEC 1    133                       149    -16      136
  SINCE JUL 1   1174                      1700   -526     1322

 COOLING
  YESTERDAY        0                         0      0        0
  MONTH TO DATE    0                         0      0        0
  SINCE DEC 1      0                         0      0        0
  SINCE JAN 1    911                       768    143      823
..................................................................


WIND (MPH)
  HIGHEST WIND SPEED    18   HIGHEST WIND DIRECTION     S (200)
  HIGHEST GUST SPEED    25   HIGHEST GUST DIRECTION     S (190)
  AVERAGE WIND SPEED     9.1


SKY COVER
  POSSIBLE SUNSHINE  MM
  AVERAGE SKY COVER 0.1


WEATHER CONDITIONS
 THE FOLLOWING WEATHER WAS RECORDED YESTERDAY.
  FOG


RELATIVE HUMIDITY (PERCENT)
 HIGHEST    92          1200 AM
 LOWEST     24           300 PM
 AVERAGE    58

..........................................................


THE NORTH PLATTE NE CLIMATE NORMALS FOR TODAY
                         NORMAL    RECORD    YEAR
 MAXIMUM TEMPERATURE (F)   41        72      1939
 MINIMUM TEMPERATURE (F)   13       -13      1972


SUNRISE AND SUNSET
DECEMBER  5 2016......SUNRISE   753 AM CST   SUNSET   514 PM CST
DECEMBER  6 2016......SUNRISE   754 AM CST   SUNSET   514 PM CST


-  INDICATES NEGATIVE NUMBERS.
R  INDICATES RECORD WAS SET OR TIED.
MM INDICATES DATA IS MISSING.
T  INDICATES TRACE AMOUNT.




$$
