000
CDUS43 KLBF 182246
CLILBF


CLIMATE REPORT
NATIONAL WEATHER SERVICE NORTH PLATTE
545 PM CDT WED OCT 18 2017


...................................

...THE NORTH PLATTE NE CLIMATE SUMMARY FOR OCTOBER 18 2017...
VALID TODAY AS OF 0500 PM LOCAL TIME.

CLIMATE NORMAL PERIOD 1981 TO 2010
CLIMATE RECORD PERIOD 1874 TO 2017


WEATHER ITEM   OBSERVED TIME   RECORD YEAR NORMAL DEPARTURE LAST
                VALUE   (LST)  VALUE       VALUE  FROM      YEAR
                                                  NORMAL
..................................................................
TEMPERATURE (F)
 TODAY
  MAXIMUM         76    104 PM  89    1927  64     12       68
  MINIMUM         37    729 AM  18    1917  33      4       38
  AVERAGE         57                        48      9       53

PRECIPITATION (IN)
  TODAY            0.00          0.86 1904   0.06  -0.06     0.00
  MONTH TO DATE    3.05                      0.97   2.08     1.46
  SINCE SEP 1      7.80                      2.38   5.42     2.40
  SINCE JAN 1     25.56                     18.60   6.96    21.56

SNOWFALL (IN)
  TODAY            0.0           1.2  1916   0.1   -0.1      0.0
  MONTH TO DATE    0.0                       0.9   -0.9       T
  SINCE SEP 1      0.0                       1.1   -1.1       T
  SINCE JUL 1      T                         1.1   -1.1       T
  SNOW DEPTH       0

DEGREE DAYS
 HEATING
  TODAY            8                        17     -9       12
  MONTH TO DATE  187                       244    -57      160
  SINCE SEP 1    292                       395   -103      239
  SINCE JUL 1    296                       415   -119      251

 COOLING
  TODAY            0                         0      0        0
  MONTH TO DATE    0                         0      0        3
  SINCE SEP 1    130                        70     60      104
  SINCE JAN 1    953                       765    188      911
..................................................................


WIND (MPH)
  HIGHEST WIND SPEED    23   HIGHEST WIND DIRECTION     N (10)
  HIGHEST GUST SPEED    31   HIGHEST GUST DIRECTION    NE (30)
  AVERAGE WIND SPEED    10.2


SKY COVER
  POSSIBLE SUNSHINE  MM
  AVERAGE SKY COVER 0.0


WEATHER CONDITIONS
 THE FOLLOWING WEATHER WAS RECORDED TODAY.
  NO SIGNIFICANT WEATHER WAS OBSERVED.


RELATIVE HUMIDITY (PERCENT)
 HIGHEST    85           700 AM
 LOWEST     19          1100 AM
 AVERAGE    52

..........................................................


THE NORTH PLATTE NE CLIMATE NORMALS FOR TOMORROW
                         NORMAL    RECORD    YEAR
 MAXIMUM TEMPERATURE (F)   63        89      2003
 MINIMUM TEMPERATURE (F)   32        11      1989


SUNRISE AND SUNSET
OCTOBER 18 2017.......SUNRISE   758 AM CDT   SUNSET   657 PM CDT
OCTOBER 19 2017.......SUNRISE   759 AM CDT   SUNSET   656 PM CDT


-  INDICATES NEGATIVE NUMBERS.
R  INDICATES RECORD WAS SET OR TIED.
MM INDICATES DATA IS MISSING.
T  INDICATES TRACE AMOUNT.




$$
