000
CDUS43 KLBF 262139
CLILBF

CLIMATE REPORT
NATIONAL WEATHER SERVICE NORTH PLATTE
437 PM CDT SUN MAR 26 2017


...................................

...THE NORTH PLATTE NE CLIMATE SUMMARY FOR MARCH 26 2017...
VALID TODAY AS OF 0400 PM LOCAL TIME.

CLIMATE NORMAL PERIOD 1981 TO 2010
CLIMATE RECORD PERIOD 1874 TO 2017


WEATHER ITEM   OBSERVED TIME   RECORD YEAR NORMAL DEPARTURE LAST
                VALUE   (LST)  VALUE       VALUE  FROM      YEAR
                                                  NORMAL
..................................................................
TEMPERATURE (F)
 TODAY
  MAXIMUM         61    405 PM  86    2012  56      5       38
  MINIMUM         40    553 AM  -5    1965  27     13       14
  AVERAGE         51                        41     10       26

PRECIPITATION (IN)
  TODAY            0.00          1.10 1949   0.04  -0.04      T
  MONTH TO DATE    1.19                      0.82   0.37     0.64
  SINCE MAR 1      1.19                      0.82   0.37     0.64
  SINCE JAN 1      2.38                      1.66   0.72     1.90

SNOWFALL (IN)
  TODAY            0.0           5.0  1944   0.2   -0.2       T
  MONTH TO DATE    T                         3.7   -3.7      4.3
  SINCE MAR 1      T                         3.7   -3.7      4.3
  SINCE JUL 1     20.3                      24.6   -4.3     29.9
  SNOW DEPTH       0

DEGREE DAYS
 HEATING
  TODAY           14                        24    -10       39
  MONTH TO DATE  551                       721   -170      581
  SINCE MAR 1    551                       721   -170      581
  SINCE JUL 1   4873                      5749   -876     4858

 COOLING
  TODAY            0                         0      0        0
  MONTH TO DATE    0                         0      0        0
  SINCE MAR 1      0                         0      0        0
  SINCE JAN 1      0                         0      0        0
..................................................................


WIND (MPH)
  HIGHEST WIND SPEED     7   HIGHEST WIND DIRECTION     S (180)
  HIGHEST GUST SPEED    MM   HIGHEST GUST DIRECTION    MM
  AVERAGE WIND SPEED     3.5


SKY COVER
  POSSIBLE SUNSHINE  MM
  AVERAGE SKY COVER 0.8


WEATHER CONDITIONS
 THE FOLLOWING WEATHER WAS RECORDED TODAY.
  NO SIGNIFICANT WEATHER WAS OBSERVED.


RELATIVE HUMIDITY (PERCENT)
 HIGHEST    92           300 AM
 LOWEST     53           300 PM
 AVERAGE    73

..........................................................


THE NORTH PLATTE NE CLIMATE NORMALS FOR TOMORROW
                         NORMAL    RECORD    YEAR
 MAXIMUM TEMPERATURE (F)   56        86      1879
 MINIMUM TEMPERATURE (F)   27        -4      1888


SUNRISE AND SUNSET
MARCH 26 2017.........SUNRISE   736 AM CDT   SUNSET   802 PM CDT
MARCH 27 2017.........SUNRISE   734 AM CDT   SUNSET   803 PM CDT


-  INDICATES NEGATIVE NUMBERS.
R  INDICATES RECORD WAS SET OR TIED.
MM INDICATES DATA IS MISSING.
T  INDICATES TRACE AMOUNT.




$$
