862
CDUS43 KLBF 300934
CLILBF


CLIMATE REPORT
NATIONAL WEATHER SERVICE NORTH PLATTE
433 AM CDT SAT JUL 30 2016


...................................

...THE NORTH PLATTE NE CLIMATE SUMMARY FOR JULY 29 2016...

CLIMATE NORMAL PERIOD 1981 TO 2010
CLIMATE RECORD PERIOD 1874 TO 2016


WEATHER ITEM   OBSERVED TIME   RECORD YEAR NORMAL DEPARTURE LAST
                VALUE   (LST)  VALUE       VALUE  FROM      YEAR
                                                  NORMAL
..................................................................
TEMPERATURE (F)
 YESTERDAY
  MAXIMUM         83    354 PM 106    1980  88     -5       83
  MINIMUM         56    347 AM  49    1971  61     -5       52
                                      1892
  AVERAGE         70                        75     -5       68

PRECIPITATION (IN)
  YESTERDAY        0.00          1.30 1915   0.10  -0.10     0.00
  MONTH TO DATE    3.84                      2.86   0.98     2.55
  SINCE JUN 1      7.10                      6.28   0.82     5.28
  SINCE JAN 1     18.28                     13.72   4.56    13.38

SNOWFALL (IN)
  YESTERDAY        0.0           0.0  2002   0.0    0.0      0.0
                                      2001
  MONTH TO DATE    0.0                       0.0    0.0      0.0
  SINCE JUN 1      0.0                       0.0    0.0      0.0
  SINCE JUL 1      0.0                       0.0    0.0      0.0
  SNOW DEPTH       0

DEGREE DAYS
 HEATING
  YESTERDAY        0                         0      0        0
  MONTH TO DATE    6                         0      6        6
  SINCE JUN 1     16                        51    -35       11
  SINCE JUL 1      6                         0      6        6

 COOLING
  YESTERDAY        5                        10     -5        3
  MONTH TO DATE  282                       276      6      278
  SINCE JUN 1    530                       414    116      456
  SINCE JAN 1    540                       442     98      458
..................................................................


WIND (MPH)
  HIGHEST WIND SPEED    10   HIGHEST WIND DIRECTION    SE (120)
  HIGHEST GUST SPEED    13   HIGHEST GUST DIRECTION    SE (130)
  AVERAGE WIND SPEED     3.0


SKY COVER
  POSSIBLE SUNSHINE  MM
  AVERAGE SKY COVER 0.3


WEATHER CONDITIONS
 THE FOLLOWING WEATHER WAS RECORDED YESTERDAY.
  FOG
  FOG W/VISIBILITY <= 1/4 MILE


RELATIVE HUMIDITY (PERCENT)
 HIGHEST   100           200 AM
 LOWEST     43           300 PM
 AVERAGE    72

..........................................................


THE NORTH PLATTE NE CLIMATE NORMALS FOR TODAY
                         NORMAL    RECORD    YEAR
 MAXIMUM TEMPERATURE (F)   88       105      2005
                                             2002
 MINIMUM TEMPERATURE (F)   61        41      1971


SUNRISE AND SUNSET
JULY 30 2016..........SUNRISE   637 AM CDT   SUNSET   901 PM CDT
JULY 31 2016..........SUNRISE   638 AM CDT   SUNSET   900 PM CDT


-  INDICATES NEGATIVE NUMBERS.
R  INDICATES RECORD WAS SET OR TIED.
MM INDICATES DATA IS MISSING.
T  INDICATES TRACE AMOUNT.

$$
