717
CDUS43 KLBF 152240
CLILBF


CLIMATE REPORT
NATIONAL WEATHER SERVICE NORTH PLATTE
439 PM CST FRI DEC 15 2017


...................................

...THE NORTH PLATTE NE CLIMATE SUMMARY FOR DECEMBER 15 2017...
VALID TODAY AS OF 0400 PM LOCAL TIME.

CLIMATE NORMAL PERIOD 1981 TO 2010
CLIMATE RECORD PERIOD 1874 TO 2017


WEATHER ITEM   OBSERVED TIME   RECORD YEAR NORMAL DEPARTURE LAST
                VALUE   (LST)  VALUE       VALUE  FROM      YEAR
                                                  NORMAL
..................................................................
TEMPERATURE (F)
 TODAY
  MAXIMUM         58    350 PM  66    2002  39     19       31
  MINIMUM         13    751 AM -26    1901  11      2       15
  AVERAGE         36                        25     11       23

PRECIPITATION (IN)
  TODAY            0.00          0.25 1874   0.01  -0.01      T
  MONTH TO DATE    T                         0.20  -0.20     0.01
  SINCE DEC 1      T                         0.20  -0.20     0.01
  SINCE JAN 1     25.69                     20.02   5.67    22.44

SNOWFALL (IN)
  TODAY            0.0           2.3  2014   0.1   -0.1       T
  MONTH TO DATE    T                         2.1   -2.1      0.2
  SINCE DEC 1      T                         2.1   -2.1      0.2
  SINCE JUL 1      1.0                       8.3   -7.3      5.2
  SNOW DEPTH       0

DEGREE DAYS
 HEATING
  TODAY           29                        40    -11       42
  MONTH TO DATE  458                       579   -121      611
  SINCE DEC 1    458                       579   -121      611
  SINCE JUL 1   1749                      2130   -381     1652

 COOLING
  TODAY            0                         0      0        0
  MONTH TO DATE    0                         0      0        0
  SINCE DEC 1      0                         0      0        0
  SINCE JAN 1    954                       768    186      911
..................................................................


WIND (MPH)
  HIGHEST WIND SPEED    18   HIGHEST WIND DIRECTION     W (280)
  HIGHEST GUST SPEED    23   HIGHEST GUST DIRECTION     W (260)
  AVERAGE WIND SPEED     8.0


SKY COVER
  POSSIBLE SUNSHINE  MM
  AVERAGE SKY COVER 0.0


WEATHER CONDITIONS
 THE FOLLOWING WEATHER WAS RECORDED TODAY.
  NO SIGNIFICANT WEATHER WAS OBSERVED.


RELATIVE HUMIDITY (PERCENT)
 HIGHEST    96           400 AM
 LOWEST     17           400 PM
 AVERAGE    57

..........................................................


THE NORTH PLATTE NE CLIMATE NORMALS FOR TOMORROW
                         NORMAL    RECORD    YEAR
 MAXIMUM TEMPERATURE (F)   38        73      1962
 MINIMUM TEMPERATURE (F)   11       -12      1972


SUNRISE AND SUNSET
DECEMBER 15 2017......SUNRISE   801 AM CST   SUNSET   515 PM CST
DECEMBER 16 2017......SUNRISE   802 AM CST   SUNSET   515 PM CST


-  INDICATES NEGATIVE NUMBERS.
R  INDICATES RECORD WAS SET OR TIED.
MM INDICATES DATA IS MISSING.
T  INDICATES TRACE AMOUNT.




$$
