000
CDUS43 KLBF 271036
CLILBF

CLIMATE REPORT
NATIONAL WEATHER SERVICE NORTH PLATTE
435 AM CST FRI FEB 27 2015


...................................

...THE NORTH PLATTE NE CLIMATE SUMMARY FOR FEBRUARY 26 2015...

CLIMATE NORMAL PERIOD 1981 TO 2010
CLIMATE RECORD PERIOD 1874 TO 2015


WEATHER ITEM   OBSERVED TIME   RECORD YEAR NORMAL DEPARTURE LAST
                VALUE   (LST)  VALUE       VALUE  FROM      YEAR
                                                  NORMAL
..................................................................
TEMPERATURE (F)
 YESTERDAY
  MAXIMUM         21    356 PM  74    1896  46    -25       30
  MINIMUM         -1   1159 PM -14    1934  18    -19       -7
  AVERAGE         10                        32    -22       12

PRECIPITATION (IN)
  YESTERDAY        0.00          0.57 1895   0.02  -0.02     0.00
  MONTH TO DATE    0.46                      0.45   0.01     0.73
  SINCE DEC 1      1.78                      1.20   0.58     1.21
  SINCE JAN 1      0.74                      0.79  -0.05     1.05

SNOWFALL (IN)
  YESTERDAY        0.0           2.7  1937   0.2   -0.2      0.0
  MONTH TO DATE    6.3                       4.9    1.4     11.6
  SINCE DEC 1     18.5                      14.3    4.2     19.3
  SINCE JUL 1     18.9                      20.5   -1.6     22.4
  SNOW DEPTH       0

DEGREE DAYS
 HEATING
  YESTERDAY       55                        33     22       53
  MONTH TO DATE  939                       943     -4     1148
  SINCE DEC 1   3271                      3412   -141     3611
  SINCE JUL 1   4791                      4963   -172     5096

 COOLING
  YESTERDAY        0                         0      0        0
  MONTH TO DATE    0                         0      0        0
  SINCE DEC 1      0                         0      0        0
  SINCE JAN 1      0                         0      0        0
..................................................................


WIND (MPH)
  HIGHEST WIND SPEED    22   HIGHEST WIND DIRECTION     N (350)
  HIGHEST GUST SPEED    29   HIGHEST GUST DIRECTION     N (350)
  AVERAGE WIND SPEED    10.8


SKY COVER
  POSSIBLE SUNSHINE  MM
  AVERAGE SKY COVER 0.3


WEATHER CONDITIONS
 THE FOLLOWING WEATHER WAS RECORDED YESTERDAY.
  NO SIGNIFICANT WEATHER WAS OBSERVED.


RELATIVE HUMIDITY (PERCENT)
 HIGHEST    79           700 AM
 LOWEST     31           400 PM
 AVERAGE    55

..........................................................


THE NORTH PLATTE NE CLIMATE NORMALS FOR TODAY
                         NORMAL    RECORD    YEAR
 MAXIMUM TEMPERATURE (F)   47        75      2006
 MINIMUM TEMPERATURE (F)   18       -16      1962


SUNRISE AND SUNSET
FEBRUARY 27 2015......SUNRISE   720 AM CST   SUNSET   631 PM CST
FEBRUARY 28 2015......SUNRISE   719 AM CST   SUNSET   632 PM CST


-  INDICATES NEGATIVE NUMBERS.
R  INDICATES RECORD WAS SET OR TIED.
MM INDICATES DATA IS MISSING.
T  INDICATES TRACE AMOUNT.

$$
