095
CDUS43 KLBF 230834
CLILBF


CLIMATE REPORT
NATIONAL WEATHER SERVICE NORTH PLATTE
332 AM CDT FRI JUN 23 2017


...................................

...THE NORTH PLATTE NE CLIMATE SUMMARY FOR JUNE 22 2017...

CLIMATE NORMAL PERIOD 1981 TO 2010
CLIMATE RECORD PERIOD 1874 TO 2017


WEATHER ITEM   OBSERVED TIME   RECORD YEAR NORMAL DEPARTURE LAST
                VALUE   (LST)  VALUE       VALUE  FROM      YEAR
                                                  NORMAL
..................................................................
TEMPERATURE (F)
 YESTERDAY
  MAXIMUM         92    938 AM 104    1937  84      8       87
  MINIMUM         63   1148 PM  41    1985  56      7       56
  AVERAGE         78                        70      8       72

PRECIPITATION (IN)
  YESTERDAY        0.00          1.80 1908   0.10  -0.10     0.00
  MONTH TO DATE    0.01                      2.60  -2.59     1.72
  SINCE JUN 1      0.01                      2.60  -2.59     1.72
  SINCE JAN 1      8.55                     10.04  -1.49    12.90

SNOWFALL (IN)
  YESTERDAY        0.0           0.0    MM   0.0    0.0      0.0
  MONTH TO DATE    0.0                       0.0    0.0      0.0
  SINCE JUN 1      0.0                       0.0    0.0      0.0
  SINCE JUL 1     21.3                      28.5   -7.2     32.4
  SNOW DEPTH       0

DEGREE DAYS
 HEATING
  YESTERDAY        0                         1     -1        0
  MONTH TO DATE    0                        47    -47       10
  SINCE JUN 1      0                        47    -47       10
  SINCE JUL 1   5665                      6682  -1017     5716

 COOLING
  YESTERDAY       13                         6      7        7
  MONTH TO DATE  183                        82    101      184
  SINCE JUN 1    183                        82    101      184
  SINCE JAN 1    200                       110     90      194
..................................................................


WIND (MPH)
  HIGHEST WIND SPEED    29   HIGHEST WIND DIRECTION     N (20)
  HIGHEST GUST SPEED    38   HIGHEST GUST DIRECTION    NE (50)
  AVERAGE WIND SPEED    13.4


SKY COVER
  POSSIBLE SUNSHINE  MM
  AVERAGE SKY COVER 0.1


WEATHER CONDITIONS
 THE FOLLOWING WEATHER WAS RECORDED YESTERDAY.
  NO SIGNIFICANT WEATHER WAS OBSERVED.


RELATIVE HUMIDITY (PERCENT)
 HIGHEST    79          1200 AM
 LOWEST     31          1000 AM
 AVERAGE    55

..........................................................


THE NORTH PLATTE NE CLIMATE NORMALS FOR TODAY
                         NORMAL    RECORD    YEAR
 MAXIMUM TEMPERATURE (F)   85       104      1954
 MINIMUM TEMPERATURE (F)   56        40      1989


SUNRISE AND SUNSET
JUNE 23 2017..........SUNRISE   611 AM CDT   SUNSET   919 PM CDT
JUNE 24 2017..........SUNRISE   611 AM CDT   SUNSET   919 PM CDT


-  INDICATES NEGATIVE NUMBERS.
R  INDICATES RECORD WAS SET OR TIED.
MM INDICATES DATA IS MISSING.
T  INDICATES TRACE AMOUNT.




$$
