000
CDUS42 KILM 250949
CLILBT


CLIMATE REPORT
NATIONAL WEATHER SERVICE WILMINGTON NC
446 AM EST SUN FEB 25 2018


...................................

...THE LUMBERTON NORTH CAROLINA CLIMATE SUMMARY FOR FEBRUARY 24 2018...

CLIMATE NORMAL PERIOD 1981 TO 2010
CLIMATE RECORD PERIOD 1903 TO 2018


WEATHER ITEM   OBSERVED TIME   RECORD YEAR NORMAL DEPARTURE LAST
                VALUE   (LST)  VALUE       VALUE  FROM      YEAR
                                                  NORMAL
..................................................................
TEMPERATURE (F)
 YESTERDAY
  MAXIMUM         80    420 PM  82    1975  60     20       80
  MINIMUM         61   1253 AM  18    1978  37     24       49
  AVERAGE         71                        49     22       65

PRECIPITATION (IN)
  YESTERDAY        0.00          1.58 1979   0.11  -0.11     0.00
  MONTH TO DATE    0.82                      2.46  -1.64     1.09
  SINCE DEC 1      6.80                      8.32  -1.52     7.79
  SINCE JAN 1      2.72                      5.43  -2.71     3.49

SNOWFALL (IN)
  YESTERDAY       MM             3.0  1942  MM
  MONTH TO DATE   MM                        MM
  SINCE DEC 1     MM                        MM
  SINCE JUL 1     MM                        MM
  SNOW DEPTH      MM

DEGREE DAYS
 HEATING
  YESTERDAY        0                        16    -16        0
  MONTH TO DATE  230                       448   -218      242
  SINCE DEC 1   1591                      1701   -110     1253
  SINCE JUL 1   2051                      2167   -116     1615

 COOLING
  YESTERDAY        6                         0      6        0
  MONTH TO DATE   37                         0     37        7
  SINCE DEC 1     38                         3     35        7
  SINCE JAN 1     38                         1     37        7
..................................................................


WIND (MPH)
  RESULTANT WIND SPEED   8   RESULTANT WIND DIRECTION  SW (210)
  HIGHEST WIND SPEED    20   HIGHEST WIND DIRECTION    SW (230)
  HIGHEST GUST SPEED    23   HIGHEST GUST DIRECTION    SW (230)
  AVERAGE WIND SPEED     8.8


SKY COVER
  POSSIBLE SUNSHINE  MM
  AVERAGE SKY COVER 0.4


WEATHER CONDITIONS
 THE FOLLOWING WEATHER WAS RECORDED YESTERDAY.
  FOG


RELATIVE HUMIDITY (PERCENT)
 HIGHEST   100           200 AM
 LOWEST     45           400 PM
 AVERAGE    73

..........................................................


THE LUMBERTON NORTH CAROLINA CLIMATE NORMALS FOR TODAY
                         NORMAL    RECORD    YEAR
 MAXIMUM TEMPERATURE (F)   61        83      1930
 MINIMUM TEMPERATURE (F)   37        10      1968


SUNRISE AND SUNSET
FEBRUARY 25 2018......SUNRISE   650 AM EST   SUNSET   609 PM EST
FEBRUARY 26 2018......SUNRISE   649 AM EST   SUNSET   610 PM EST


-  INDICATES NEGATIVE NUMBERS.
R  INDICATES RECORD WAS SET OR TIED.
MM INDICATES DATA IS MISSING.
T  INDICATES TRACE AMOUNT.




$$
