000
CDUS42 KILM 140943
CLILBT


CLIMATE REPORT
NATIONAL WEATHER SERVICE WILMINGTON NC
443 AM EST THU DEC 14 2017


...................................

...THE LUMBERTON NC CLIMATE SUMMARY FOR DECEMBER 13 2017...

CLIMATE NORMAL PERIOD 1981 TO 2010
CLIMATE RECORD PERIOD 9999 TO 9999


WEATHER ITEM   OBSERVED TIME   NORMAL DEPARTURE LAST
                VALUE   (LST)  VALUE  FROM      YEAR
                                      NORMAL
......................................................
TEMPERATURE (F)
 YESTERDAY
  MAXIMUM         47    318 PM  57    -10       49
  MINIMUM         22    729 AM  36    -14       40
  AVERAGE         35            47    -12       45

PRECIPITATION (IN)
  YESTERDAY        0.00          0.11  -0.11     0.54
  MONTH TO DATE    3.27          1.36   1.91     2.08
  SINCE DEC 1      3.27          1.36   1.91     2.08
  SINCE JAN 1     43.02         41.99   1.03    55.43

SNOWFALL (IN)
  YESTERDAY       MM
  MONTH TO DATE   MM
  SINCE DEC 1     MM
  SINCE JUL 1     MM
  SNOW DEPTH      MM

DEGREE DAYS
 HEATING
  YESTERDAY       30            18     12       20
  MONTH TO DATE  231           220     11      246
  SINCE DEC 1    231           220     11      246
  SINCE JUL 1    691           686      5      608

 COOLING
  YESTERDAY        0             0      0        0
  MONTH TO DATE    0             0      0        0
  SINCE DEC 1      0             0      0        0
  SINCE JAN 1   2105          1907    198     2371
......................................................


WIND (MPH)
  HIGHEST WIND SPEED    16   HIGHEST WIND DIRECTION    NW (330)
  HIGHEST GUST SPEED    22   HIGHEST GUST DIRECTION     N (340)
  AVERAGE WIND SPEED     7.0


SKY COVER
  POSSIBLE SUNSHINE  MM
  AVERAGE SKY COVER 0.0


WEATHER CONDITIONS
 THE FOLLOWING WEATHER WAS RECORDED YESTERDAY.
  HAZE


RELATIVE HUMIDITY (PERCENT)
 HIGHEST    88           800 AM
 LOWEST     25           300 PM
 AVERAGE    57

..........................................................


THE LUMBERTON NC CLIMATE NORMALS FOR TODAY
                         NORMAL
 MAXIMUM TEMPERATURE (F)   57
 MINIMUM TEMPERATURE (F)   36


SUNRISE AND SUNSET
DECEMBER 14 2017......SUNRISE   715 AM EST   SUNSET   507 PM EST
DECEMBER 15 2017......SUNRISE   716 AM EST   SUNSET   507 PM EST


-  INDICATES NEGATIVE NUMBERS.
R  INDICATES RECORD WAS SET OR TIED.
MM INDICATES DATA IS MISSING.
T  INDICATES TRACE AMOUNT.




$$
