000
CDUS44 KLCH 181245
CLILCH


CLIMATE REPORT
NATIONAL WEATHER SERVICE LAKE CHARLES, LA
645 AM CST WED JAN 18 2017


...................................

...THE LAKE CHARLES CLIMATE SUMMARY FOR JANUARY 17 2017...

CLIMATE NORMAL PERIOD 1981 TO 2010
CLIMATE RECORD PERIOD 1895 TO 2017


WEATHER ITEM   OBSERVED TIME   RECORD YEAR NORMAL DEPARTURE LAST
                VALUE   (LST)  VALUE       VALUE  FROM      YEAR
                                                  NORMAL
..................................................................
TEMPERATURE (F)
 YESTERDAY
  MAXIMUM         76    150 PM  80    1911  61     15       56
  MINIMUM         68   1028 PM  20    1982  42     26       36
  AVERAGE         72                        52     20       46

PRECIPITATION (IN)
  YESTERDAY        0.00          2.85 1987   0.18  -0.18     0.00
  MONTH TO DATE    1.33                      2.98  -1.65     2.48
  SINCE DEC 1     13.38                      7.66   5.72     5.72
  SINCE JAN 1      1.33                      2.98  -1.65     2.48

SNOWFALL (IN)
  YESTERDAY        0.0           T    1964   0.0    0.0      0.0
  MONTH TO DATE    T                         0.0    0.0      0.0
  SINCE DEC 1      T                         T      0.0      0.0
  SINCE JUL 1      T                         T      0.0      0.0
  SNOW DEPTH       0

DEGREE DAYS
 HEATING
  YESTERDAY        0                        14    -14       19
  MONTH TO DATE  136                       238   -102      257
  SINCE DEC 1    389                       605   -216      463
  SINCE JUL 1    483                       812   -329      539

 COOLING
  YESTERDAY        7                         0      7        0
  MONTH TO DATE   39                         0     39        0
  SINCE DEC 1     95                        20     75       57
  SINCE JAN 1     39                         0     39        0
..................................................................


WIND (MPH)
  HIGHEST WIND SPEED    18   HIGHEST WIND DIRECTION    SW (210)
  HIGHEST GUST SPEED    27   HIGHEST GUST DIRECTION    SW (220)
  AVERAGE WIND SPEED     8.2


SKY COVER
  POSSIBLE SUNSHINE  MM
  AVERAGE SKY COVER 0.8


WEATHER CONDITIONS
 THE FOLLOWING WEATHER WAS RECORDED YESTERDAY.
  FOG
  HAZE


RELATIVE HUMIDITY (PERCENT)
 HIGHEST   100           100 AM
 LOWEST     74          1200 PM
 AVERAGE    87

..........................................................


THE LAKE CHARLES CLIMATE NORMALS FOR TODAY
                         NORMAL    RECORD    YEAR
 MAXIMUM TEMPERATURE (F)   61        79      1952
                                             1950
                                             1935
 MINIMUM TEMPERATURE (F)   42        13      1930


SUNRISE AND SUNSET
JANUARY 18 2017.......SUNRISE   709 AM CST   SUNSET   538 PM CST
JANUARY 19 2017.......SUNRISE   709 AM CST   SUNSET   539 PM CST


-  INDICATES NEGATIVE NUMBERS.
R  INDICATES RECORD WAS SET OR TIED.
MM INDICATES DATA IS MISSING.
T  INDICATES TRACE AMOUNT.




$$
