000
CDUS44 KLCH 030840
CLILCH


CLIMATE REPORT
NATIONAL WEATHER SERVICE LAKE CHARLES, LA
339 AM CDT FRI JUL 3 2015


...................................

...THE LAKE CHARLES CLIMATE SUMMARY FOR JULY 2 2015...

CLIMATE NORMAL PERIOD 1981 TO 2010
CLIMATE RECORD PERIOD 1895 TO 2015


WEATHER ITEM   OBSERVED TIME   RECORD YEAR NORMAL DEPARTURE LAST
                VALUE   (LST)  VALUE       VALUE  FROM      YEAR
                                                  NORMAL
..................................................................
TEMPERATURE (F)
 YESTERDAY
  MAXIMUM         89    226 PM 100    1980  90     -1       92
                                      1909
  MINIMUM         75    355 AM  63    1924  74      1       74
  AVERAGE         82                        82      0       83

PRECIPITATION (IN)
  YESTERDAY        0.00          2.73 1968   0.21  -0.21      T
  MONTH TO DATE    0.13                      0.42  -0.29      T
  SINCE JUN 1      7.21                      7.27  -0.06    14.54
  SINCE JAN 1     41.64                     28.15  13.49    29.71

SNOWFALL (IN)
  YESTERDAY        0.0           0.0    MM   0.0    0.0      0.0
  MONTH TO DATE    0.0                       0.0    0.0      0.0
  SINCE JUN 1      0.0                       0.0    0.0      0.0
  SINCE JUL 1      0.0                       0.0    0.0      0.0
  SNOW DEPTH       0

DEGREE DAYS
 HEATING
  YESTERDAY        0                         0      0        0
  MONTH TO DATE    0                         0      0        0
  SINCE JUN 1      0                         0      0        0
  SINCE JUL 1      0                         0      0        0

 COOLING
  YESTERDAY       17                        17      0       18
  MONTH TO DATE   31                        34     -3       37
  SINCE JUN 1    543                       514     29      513
  SINCE JAN 1   1187                      1052    135      952
..................................................................


WIND (MPH)
  HIGHEST WIND SPEED    14   HIGHEST WIND DIRECTION    SW (210)
  HIGHEST GUST SPEED    18   HIGHEST GUST DIRECTION     S (200)
  AVERAGE WIND SPEED     4.4


SKY COVER
  POSSIBLE SUNSHINE  MM
  AVERAGE SKY COVER 0.0


WEATHER CONDITIONS
 THE FOLLOWING WEATHER WAS RECORDED YESTERDAY.
  FOG


RELATIVE HUMIDITY (PERCENT)
 HIGHEST    94           100 AM
 LOWEST     59           200 PM
 AVERAGE    77

..........................................................


THE LAKE CHARLES CLIMATE NORMALS FOR TODAY
                         NORMAL    RECORD    YEAR
 MAXIMUM TEMPERATURE (F)   91       100      1926
 MINIMUM TEMPERATURE (F)   75        61      1924


SUNRISE AND SUNSET
JULY  3 2015..........SUNRISE   616 AM CDT   SUNSET   818 PM CDT
JULY  4 2015..........SUNRISE   616 AM CDT   SUNSET   818 PM CDT


-  INDICATES NEGATIVE NUMBERS.
R  INDICATES RECORD WAS SET OR TIED.
MM INDICATES DATA IS MISSING.
T  INDICATES TRACE AMOUNT.




$$
