000
CDUS44 KLCH 240814
CLILCH


CLIMATE REPORT
NATIONAL WEATHER SERVICE LAKE CHARLES, LA
313 AM CDT WED MAY 24 2017


...................................

...THE LAKE CHARLES CLIMATE SUMMARY FOR MAY 23 2017...

CLIMATE NORMAL PERIOD 1981 TO 2010
CLIMATE RECORD PERIOD 1895 TO 2017


WEATHER ITEM   OBSERVED TIME   RECORD YEAR NORMAL DEPARTURE LAST
                VALUE   (LST)  VALUE       VALUE  FROM      YEAR
                                                  NORMAL
..................................................................
TEMPERATURE (F)
 YESTERDAY
  MAXIMUM         82    343 PM  95    1911  86     -4       86
  MINIMUM         67    659 AM  51    2001  68     -1       68
  AVERAGE         75                        77     -2       77

PRECIPITATION (IN)
  YESTERDAY        0.05          2.20 1907   0.18  -0.13     0.00
  MONTH TO DATE    9.48                      3.68   5.80     8.91
  SINCE MAR 1     16.95                     10.67   6.28    22.24
  SINCE JAN 1     23.90                     19.36   4.54    27.41

SNOWFALL (IN)
  YESTERDAY        0.0           0.0    MM   0.0    0.0      0.0
  MONTH TO DATE    0.0                       0.0    0.0      0.0
  SINCE MAR 1      0.0                       0.0    0.0      0.0
  SINCE JUL 1      T                         0.1   -0.1      0.0
  SNOW DEPTH       0

DEGREE DAYS
 HEATING
  YESTERDAY        0                         0      0        0
  MONTH TO DATE    1                         0      1        0
  SINCE MAR 1     85                       207   -122       85
  SINCE JUL 1    743                      1489   -746     1034

 COOLING
  YESTERDAY       10                        12     -2       12
  MONTH TO DATE  196                       224    -28      211
  SINCE MAR 1    480                       409     71      485
  SINCE JAN 1    611                       432    179      500
..................................................................


WIND (MPH)
  HIGHEST WIND SPEED    15   HIGHEST WIND DIRECTION    NW (310)
  HIGHEST GUST SPEED    21   HIGHEST GUST DIRECTION    NW (310)
  AVERAGE WIND SPEED     7.8


SKY COVER
  POSSIBLE SUNSHINE  MM
  AVERAGE SKY COVER 0.7


WEATHER CONDITIONS
 THE FOLLOWING WEATHER WAS RECORDED YESTERDAY.
  THUNDERSTORM
  LIGHT RAIN
  FOG


RELATIVE HUMIDITY (PERCENT)
 HIGHEST   100           200 AM
 LOWEST     58           300 PM
 AVERAGE    79

..........................................................


THE LAKE CHARLES CLIMATE NORMALS FOR TODAY
                         NORMAL    RECORD    YEAR
 MAXIMUM TEMPERATURE (F)   86        95      1911
 MINIMUM TEMPERATURE (F)   69        52      1913


SUNRISE AND SUNSET
MAY 24 2017...........SUNRISE   614 AM CDT   SUNSET   805 PM CDT
MAY 25 2017...........SUNRISE   614 AM CDT   SUNSET   806 PM CDT


-  INDICATES NEGATIVE NUMBERS.
R  INDICATES RECORD WAS SET OR TIED.
MM INDICATES DATA IS MISSING.
T  INDICATES TRACE AMOUNT.




$$
