000
CDUS44 KLCH 160812
CLILCH


CLIMATE REPORT
NATIONAL WEATHER SERVICE LAKE CHARLES, LA
312 AM CDT TUE SEP 16 2014


...................................

...THE LAKE CHARLES CLIMATE SUMMARY FOR SEPTEMBER 15 2014...

CLIMATE NORMAL PERIOD 1981 TO 2010
CLIMATE RECORD PERIOD 1895 TO 2014


WEATHER ITEM   OBSERVED TIME   RECORD YEAR NORMAL DEPARTURE LAST
                VALUE   (LST)  VALUE       VALUE  FROM      YEAR
                                                  NORMAL
..................................................................
TEMPERATURE (F)
 YESTERDAY
  MAXIMUM         92    321 PM  98    1906  89      3       93
  MINIMUM         70    626 AM  51    1902  70      0       74
  AVERAGE         81                        79      2       84

PRECIPITATION (IN)
  YESTERDAY        T             3.10 1930   0.18  -0.18     0.00
  MONTH TO DATE    2.90                      2.88   0.02     0.77
  SINCE SEP 1      2.90                      2.88   0.02     0.77
  SINCE JAN 1     54.97                     41.10  13.87    39.77

SNOWFALL (IN)
  YESTERDAY        0.0           0.0    MM   0.0    0.0      0.0
  MONTH TO DATE    0.0                       0.0    0.0      0.0
  SINCE SEP 1      0.0                       0.0    0.0      0.0
  SINCE JUL 1      0.0                       0.0    0.0      0.0
  SNOW DEPTH       0

DEGREE DAYS
 HEATING
  YESTERDAY        0                         0      0        0
  MONTH TO DATE    0                         0      0        0
  SINCE SEP 1      0                         0      0        0
  SINCE JUL 1      0                         0      0        0

 COOLING
  YESTERDAY       16                        14      2       19
  MONTH TO DATE  251                       233     18      282
  SINCE SEP 1    251                       233     18      282
  SINCE JAN 1   2261                      2362   -101     2487
..................................................................


WIND (MPH)
  HIGHEST WIND SPEED    13   HIGHEST WIND DIRECTION     E (80)
  HIGHEST GUST SPEED    18   HIGHEST GUST DIRECTION    NE (50)
  AVERAGE WIND SPEED     6.3


SKY COVER
  POSSIBLE SUNSHINE  MM
  AVERAGE SKY COVER 0.3


WEATHER CONDITIONS
 THE FOLLOWING WEATHER WAS RECORDED YESTERDAY.
  THUNDERSTORM
  LIGHT RAIN
  FOG


RELATIVE HUMIDITY (PERCENT)
 HIGHEST    97           400 AM
 LOWEST     52           200 PM
 AVERAGE    75

..........................................................


THE LAKE CHARLES CLIMATE NORMALS FOR TODAY
                         NORMAL    RECORD    YEAR
 MAXIMUM TEMPERATURE (F)   88        99      2004
 MINIMUM TEMPERATURE (F)   69        53      1902


SUNRISE AND SUNSET
SEPTEMBER 16 2014.....SUNRISE   658 AM CDT   SUNSET   717 PM CDT
SEPTEMBER 17 2014.....SUNRISE   658 AM CDT   SUNSET   716 PM CDT


-  INDICATES NEGATIVE NUMBERS.
R  INDICATES RECORD WAS SET OR TIED.
MM INDICATES DATA IS MISSING.
T  INDICATES TRACE AMOUNT.




$$
