000
CDUS44 KLCH 040831
CLILCH


CLIMATE REPORT
NATIONAL WEATHER SERVICE LAKE CHARLES, LA
229 AM CST WED MAR 4 2015


...................................

...THE LAKE CHARLES CLIMATE SUMMARY FOR MARCH 3 2015...

CLIMATE NORMAL PERIOD 1981 TO 2010
CLIMATE RECORD PERIOD 1895 TO 2015


WEATHER ITEM   OBSERVED TIME   RECORD YEAR NORMAL DEPARTURE LAST
                VALUE   (LST)  VALUE       VALUE  FROM      YEAR
                                                  NORMAL
..................................................................
TEMPERATURE (F)
 YESTERDAY
  MAXIMUM         76    320 PM  85    1911  68      8       45
  MINIMUM         53    536 AM  23    1913  49      4       34
  AVERAGE         65                        58      7       40

PRECIPITATION (IN)
  YESTERDAY        0.01          5.50 1934   0.13  -0.12     0.13
  MONTH TO DATE    3.48                      0.37   3.11     0.24
  SINCE MAR 1      3.48                      0.37   3.11     0.24
  SINCE JAN 1     11.96                      9.06   2.90     7.03

SNOWFALL (IN)
  YESTERDAY        0.0           T    1965   0.0    0.0      0.0
  MONTH TO DATE    0.0                       0.0    0.0      0.0
  SINCE MAR 1      0.0                       0.0    0.0      0.0
  SINCE JUL 1      0.0                       0.1   -0.1      0.1
  SNOW DEPTH       0

DEGREE DAYS
 HEATING
  YESTERDAY        0                         7     -7       25
  MONTH TO DATE    8                        23    -15       29
  SINCE MAR 1      8                        23    -15       29
  SINCE JUL 1   1446                      1305    141     1680

 COOLING
  YESTERDAY        0                         1     -1        0
  MONTH TO DATE    0                         3     -3        3
  SINCE MAR 1      0                         3     -3        3
  SINCE JAN 1      6                        26    -20       18
..................................................................


WIND (MPH)
  HIGHEST WIND SPEED    20   HIGHEST WIND DIRECTION    SW (210)
  HIGHEST GUST SPEED    26   HIGHEST GUST DIRECTION     S (200)
  AVERAGE WIND SPEED     8.8


SKY COVER
  POSSIBLE SUNSHINE  MM
  AVERAGE SKY COVER 0.9


WEATHER CONDITIONS
 THE FOLLOWING WEATHER WAS RECORDED YESTERDAY.
  LIGHT RAIN
  FOG
  FOG W/VISIBILITY <= 1/4 MILE


RELATIVE HUMIDITY (PERCENT)
 HIGHEST   100          1200 AM
 LOWEST     74           200 PM
 AVERAGE    87

..........................................................


THE LAKE CHARLES CLIMATE NORMALS FOR TODAY
                         NORMAL    RECORD    YEAR
 MAXIMUM TEMPERATURE (F)   69        84      1910
 MINIMUM TEMPERATURE (F)   49        23      2002
                                             1914


SUNRISE AND SUNSET
MARCH  4 2015.........SUNRISE   636 AM CST   SUNSET   614 PM CST
MARCH  5 2015.........SUNRISE   635 AM CST   SUNSET   614 PM CST


-  INDICATES NEGATIVE NUMBERS.
R  INDICATES RECORD WAS SET OR TIED.
MM INDICATES DATA IS MISSING.
T  INDICATES TRACE AMOUNT.




$$
