000
CDUS43 KLMK 190642
CLILEX


CLIMATE REPORT
NATIONAL WEATHER SERVICE LOUISVILLE KY
142 AM EST FRI JAN 19 2018


...................................

...THE LEXINGTON KY CLIMATE SUMMARY FOR JANUARY 18 2018...

CLIMATE NORMAL PERIOD 1981 TO 2010
CLIMATE RECORD PERIOD 1872 TO 2018


WEATHER ITEM   OBSERVED TIME   RECORD YEAR NORMAL DEPARTURE LAST
                VALUE   (LST)  VALUE       VALUE  FROM      YEAR
                                                  NORMAL
..................................................................
TEMPERATURE (F)
 YESTERDAY
  MAXIMUM         28    505 PM  72    1929  41    -13       45
  MINIMUM          6    549 AM -17    1994  25    -19       36
  AVERAGE         17                        33    -16       41

PRECIPITATION (IN)
  YESTERDAY        0.00          1.08 1910   0.10  -0.10     0.01
  MONTH TO DATE    0.99                      1.85  -0.86     3.53
  SINCE DEC 1      3.36                      5.78  -2.42     9.71
  SINCE JAN 1      0.99                      1.85  -0.86     3.53

SNOWFALL (IN)
  YESTERDAY        0.0           5.5  1984   0.1   -0.1      0.0
  MONTH TO DATE    6.1                       2.1    4.0      2.5
  SINCE DEC 1      6.3                       4.6    1.7      2.6
  SINCE JUL 1      6.3                       4.9    1.4      2.6
  SNOW DEPTH       4

DEGREE DAYS
 HEATING
  YESTERDAY       48                        32     16       24
  MONTH TO DATE  738                       576    162      479
  SINCE DEC 1   1662                      1477    185     1336
  SINCE JUL 1   2442                      2364     78     1922

 COOLING
  YESTERDAY        0                         0      0        0
  MONTH TO DATE    0                         0      0        0
  SINCE DEC 1      0                         0      0        0
  SINCE JAN 1      0                         0      0        0
..................................................................


WIND (MPH)
  HIGHEST WIND SPEED    20   HIGHEST WIND DIRECTION    SW (210)
  HIGHEST GUST SPEED    26   HIGHEST GUST DIRECTION    SW (230)
  AVERAGE WIND SPEED    10.7


SKY COVER
  POSSIBLE SUNSHINE  MM
  AVERAGE SKY COVER 0.0


WEATHER CONDITIONS
 THE FOLLOWING WEATHER WAS RECORDED YESTERDAY.
  NO SIGNIFICANT WEATHER WAS OBSERVED.


RELATIVE HUMIDITY (PERCENT)
 HIGHEST    80           100 AM
 LOWEST     50           500 PM
 AVERAGE    65

..........................................................


THE LEXINGTON KY CLIMATE NORMALS FOR TODAY
                         NORMAL    RECORD    YEAR
 MAXIMUM TEMPERATURE (F)   41        68      1907
 MINIMUM TEMPERATURE (F)   25       -20      1994


SUNRISE AND SUNSET
JANUARY 19 2018.......SUNRISE   752 AM EST   SUNSET   547 PM EST
JANUARY 20 2018.......SUNRISE   751 AM EST   SUNSET   548 PM EST


-  INDICATES NEGATIVE NUMBERS.
R  INDICATES RECORD WAS SET OR TIED.
MM INDICATES DATA IS MISSING.
T  INDICATES TRACE AMOUNT.




$$
