000
CDUS43 KLMK 290626
CLILEX


CLIMATE REPORT
NATIONAL WEATHER SERVICE LOUISVILLE KY
226 AM EDT THU SEP 29 2016


...................................

...THE LEXINGTON KY CLIMATE SUMMARY FOR SEPTEMBER 28 2016...

CLIMATE NORMAL PERIOD 1981 TO 2010
CLIMATE RECORD PERIOD 1872 TO 2016


WEATHER ITEM   OBSERVED TIME   RECORD YEAR NORMAL DEPARTURE LAST
                VALUE   (LST)  VALUE       VALUE  FROM      YEAR
                                                  NORMAL
..................................................................
TEMPERATURE (F)
 YESTERDAY
  MAXIMUM         76   1152 AM  94    1939  74      2       83
  MINIMUM         53   1159 PM  33    1942  53      0       64
  AVERAGE         65                        63      2       74

PRECIPITATION (IN)
  YESTERDAY        0.54          2.49 1964   0.09   0.45     0.00
  MONTH TO DATE    1.30                      2.70  -1.40     1.36
  SINCE SEP 1      1.30                      2.70  -1.40     1.36
  SINCE JAN 1     35.67                     34.37   1.30    44.65

SNOWFALL (IN)
  YESTERDAY        0.0          MM      MM   0.0    0.0      0.0
  MONTH TO DATE    0.0                       0.0    0.0      0.0
  SINCE SEP 1      0.0                       0.0    0.0      0.0
  SINCE JUL 1      0.0                       0.0    0.0      0.0
  SNOW DEPTH       0

DEGREE DAYS
 HEATING
  YESTERDAY        0                         4     -4        0
  MONTH TO DATE    4                        42    -38       15
  SINCE SEP 1      4                        42    -38       15
  SINCE JUL 1      4                        44    -40       15

 COOLING
  YESTERDAY        0                         2     -2        9
  MONTH TO DATE  271                       141    130      195
  SINCE SEP 1    271                       141    130      195
  SINCE JAN 1   1547                      1158    389     1256
..................................................................


WIND (MPH)
  HIGHEST WIND SPEED    22   HIGHEST WIND DIRECTION     S (180)
  HIGHEST GUST SPEED    30   HIGHEST GUST DIRECTION     S (200)
  AVERAGE WIND SPEED     8.8


SKY COVER
  POSSIBLE SUNSHINE  MM
  AVERAGE SKY COVER 0.6


WEATHER CONDITIONS
 THE FOLLOWING WEATHER WAS RECORDED YESTERDAY.
  HEAVY RAIN
  RAIN
  LIGHT RAIN
  FOG


RELATIVE HUMIDITY (PERCENT)
 HIGHEST    93           400 PM
 LOWEST     44           100 PM
 AVERAGE    69

..........................................................


THE LEXINGTON KY CLIMATE NORMALS FOR TODAY
                         NORMAL    RECORD    YEAR
 MAXIMUM TEMPERATURE (F)   74        97      1953
 MINIMUM TEMPERATURE (F)   52        33      1942


SUNRISE AND SUNSET
SEPTEMBER 29 2016.....SUNRISE   733 AM EDT   SUNSET   724 PM EDT
SEPTEMBER 30 2016.....SUNRISE   734 AM EDT   SUNSET   722 PM EDT


-  INDICATES NEGATIVE NUMBERS.
R  INDICATES RECORD WAS SET OR TIED.
MM INDICATES DATA IS MISSING.
T  INDICATES TRACE AMOUNT.




$$
