000
CDUS43 KLMK 160634
CLILEX


CLIMATE REPORT
NATIONAL WEATHER SERVICE LOUISVILLE KY
232 AM EDT WED APR 16 2014

...................................

...THE LEXINGTON KY CLIMATE SUMMARY FOR APRIL 15 2014...

CLIMATE NORMAL PERIOD 1981 TO 2010
CLIMATE RECORD PERIOD 1872 TO 2014


WEATHER ITEM   OBSERVED TIME   RECORD YEAR NORMAL DEPARTURE LAST
                VALUE   (LST)  VALUE       VALUE  FROM      YEAR
                                                  NORMAL
..................................................................
TEMPERATURE (F)
 YESTERDAY
  MAXIMUM         46   1204 AM  84    2010  66    -20       70
  MINIMUM         29   1159 PM  25    1943  45    -16       56
  AVERAGE         38                        55    -17       63

PRECIPITATION (IN)
  YESTERDAY        0.21          1.22 1994   0.12   0.09     0.00
  MONTH TO DATE    2.00                      1.69   0.31     1.20
  SINCE MAR 1      4.89                      5.76  -0.87     6.55
  SINCE JAN 1     11.93                     12.16  -0.23    12.53

SNOWFALL (IN)
  YESTERDAY        0.3 R         0.3  1980   0.0    0.3      0.0
  MONTH TO DATE    0.3                       0.3    0.0      0.0
  SINCE MAR 1      7.8                       1.7    6.1      4.0
  SINCE JUL 1     27.1                      13.0   14.1     12.5
  SNOW DEPTH       T

DEGREE DAYS
 HEATING
  YESTERDAY       27                        10     17        2
  MONTH TO DATE  118                       188    -70      162
  SINCE MAR 1    834                       793     41      945
  SINCE JUL 1   4677                      4364    313     4453

 COOLING
  YESTERDAY        0                         1     -1        0
  MONTH TO DATE   11                         6      5       15
  SINCE MAR 1     11                         8      3       15
  SINCE JAN 1     11                         8      3       15
..................................................................


WIND (MPH)
  HIGHEST WIND SPEED    22   HIGHEST WIND DIRECTION    NW (320)
  HIGHEST GUST SPEED    30   HIGHEST GUST DIRECTION    NW (310)
  AVERAGE WIND SPEED    11.1


SKY COVER
  POSSIBLE SUNSHINE  MM
  AVERAGE SKY COVER 0.8


WEATHER CONDITIONS
 THE FOLLOWING WEATHER WAS RECORDED YESTERDAY.
  RAIN
  LIGHT RAIN
  LIGHT SNOW
  FOG


RELATIVE HUMIDITY (PERCENT)
 HIGHEST    92           300 AM
 LOWEST     48           500 PM
 AVERAGE    70

..........................................................


THE LEXINGTON KY CLIMATE NORMALS FOR TODAY
                         NORMAL    RECORD    YEAR
 MAXIMUM TEMPERATURE (F)   66        85      1896
 MINIMUM TEMPERATURE (F)   45        20      1875


SUNRISE AND SUNSET
APRIL 16 2014.........SUNRISE   702 AM EDT   SUNSET   815 PM EDT
APRIL 17 2014.........SUNRISE   700 AM EDT   SUNSET   816 PM EDT


-  INDICATES NEGATIVE NUMBERS.
R  INDICATES RECORD WAS SET OR TIED.
MM INDICATES DATA IS MISSING.
T  INDICATES TRACE AMOUNT.

$$
04
