000
CDUS43 KLMK 262036
CLILEX


CLIMATE REPORT
NATIONAL WEATHER SERVICE LOUISVILLE KY
435 PM EDT FRI AUG 26 2016


...................................

...THE LEXINGTON KY CLIMATE SUMMARY FOR AUGUST 26 2016...
VALID TODAY AS OF 0400 PM LOCAL TIME.

CLIMATE NORMAL PERIOD 1981 TO 2010
CLIMATE RECORD PERIOD 1872 TO 2016


WEATHER ITEM   OBSERVED TIME   RECORD YEAR NORMAL DEPARTURE LAST
                VALUE   (LST)  VALUE       VALUE  FROM      YEAR
                                                  NORMAL
..................................................................
TEMPERATURE (F)
 TODAY
  MAXIMUM         94    248 PM  99    1948  85      9       77
                                      1936
  MINIMUM         69    349 AM  48    1945  64      5       54
  AVERAGE         82                        74      8       66

PRECIPITATION (IN)
  TODAY            0.00          1.66 1944   0.10  -0.10     0.00
  MONTH TO DATE    6.53                      2.79   3.74     1.73
  SINCE JUN 1     16.07                     11.88   4.19    17.03
  SINCE JAN 1     34.36                     31.21   3.15    42.82

SNOWFALL (IN)
  TODAY            0.0          MM      MM   0.0    0.0      0.0
  MONTH TO DATE    0.0                       0.0    0.0      0.0
  SINCE JUN 1      0.0                       0.0    0.0      0.0
  SINCE JUL 1      0.0                       0.0    0.0      0.0
  SNOW DEPTH       0

DEGREE DAYS
 HEATING
  TODAY            0                         0      0        0
  MONTH TO DATE    0                         0      0        0
  SINCE JUN 1      1                        11    -10       18
  SINCE JUL 1      0                         0      0        0

 COOLING
  TODAY           17                        10      7        1
  MONTH TO DATE  352                       277     75      215
  SINCE JUN 1   1082                       866    216      853
  SINCE JAN 1   1196                       973    223     1021
..................................................................


WIND (MPH)
  HIGHEST WIND SPEED     7   HIGHEST WIND DIRECTION     S (190)
  HIGHEST GUST SPEED    14   HIGHEST GUST DIRECTION     N (360)
  AVERAGE WIND SPEED     1.8


SKY COVER
  POSSIBLE SUNSHINE  MM
  AVERAGE SKY COVER 0.2


WEATHER CONDITIONS
 THE FOLLOWING WEATHER WAS RECORDED TODAY.
  FOG


RELATIVE HUMIDITY (PERCENT)
 HIGHEST    97           400 AM
 LOWEST     44           100 PM
 AVERAGE    71

..........................................................


THE LEXINGTON KY CLIMATE NORMALS FOR TOMORROW
                         NORMAL    RECORD    YEAR
 MAXIMUM TEMPERATURE (F)   85       101      1936
 MINIMUM TEMPERATURE (F)   64        49      1968


SUNRISE AND SUNSET
AUGUST 26 2016........SUNRISE   703 AM EDT   SUNSET   816 PM EDT
AUGUST 27 2016........SUNRISE   704 AM EDT   SUNSET   814 PM EDT


-  INDICATES NEGATIVE NUMBERS.
R  INDICATES RECORD WAS SET OR TIED.
MM INDICATES DATA IS MISSING.
T  INDICATES TRACE AMOUNT.




$$
