000
CDUS43 KLMK 300634
CLILEX


CLIMATE REPORT
NATIONAL WEATHER SERVICE LOUISVILLE KY
229 AM EDT SAT APR 30 2016


...................................

...THE LEXINGTON KY CLIMATE SUMMARY FOR APRIL 29 2016...

CLIMATE NORMAL PERIOD 1981 TO 2010
CLIMATE RECORD PERIOD 1872 TO 2016


WEATHER ITEM   OBSERVED TIME   RECORD YEAR NORMAL DEPARTURE LAST
                VALUE   (LST)  VALUE       VALUE  FROM      YEAR
                                                  NORMAL
..................................................................
TEMPERATURE (F)
 YESTERDAY
  MAXIMUM         71    148 PM  86    1899  70      1       69
  MINIMUM         51    512 AM  28    1874  49      2       39
  AVERAGE         61                        59      2       54

PRECIPITATION (IN)
  YESTERDAY        T             1.31 2014   0.14  -0.14     0.00
  MONTH TO DATE    2.87                      3.47  -0.60    11.24
  SINCE MAR 1      5.66                      7.54  -1.88    18.70
  SINCE JAN 1     11.36                     13.94  -2.58    23.55

SNOWFALL (IN)
  YESTERDAY        0.0           0.0    MM   0.0    0.0      0.0
  MONTH TO DATE    T                         0.3   -0.3      0.0
  SINCE MAR 1      0.7                       1.7   -1.0     17.1
  SINCE JUL 1     15.3                      13.0    2.3     40.0
  SNOW DEPTH       0

DEGREE DAYS
 HEATING
  YESTERDAY        4                         7     -3       11
  MONTH TO DATE  258                       306    -48      250
  SINCE MAR 1    652                       911   -259      899
  SINCE JUL 1   3623                      4482   -859     4877

 COOLING
  YESTERDAY        0                         1     -1        0
  MONTH TO DATE   25                        20      5       12
  SINCE MAR 1     28                        22      6       12
  SINCE JAN 1     28                        22      6       12
..................................................................


WIND (MPH)
  HIGHEST WIND SPEED    20   HIGHEST WIND DIRECTION    NE (30)
  HIGHEST GUST SPEED    24   HIGHEST GUST DIRECTION     N (20)
  AVERAGE WIND SPEED     6.2


SKY COVER
  POSSIBLE SUNSHINE  MM
  AVERAGE SKY COVER 0.0


WEATHER CONDITIONS
 THE FOLLOWING WEATHER WAS RECORDED YESTERDAY.
  LIGHT RAIN


RELATIVE HUMIDITY (PERCENT)
 HIGHEST    89           500 AM
 LOWEST     44           200 PM
 AVERAGE    67

..........................................................


THE LEXINGTON KY CLIMATE NORMALS FOR TODAY
                         NORMAL    RECORD    YEAR
 MAXIMUM TEMPERATURE (F)   70        91      1942
 MINIMUM TEMPERATURE (F)   49        32      1908


SUNRISE AND SUNSET
APRIL 30 2016.........SUNRISE   643 AM EDT   SUNSET   829 PM EDT
MAY  1 2016...........SUNRISE   642 AM EDT   SUNSET   830 PM EDT


-  INDICATES NEGATIVE NUMBERS.
R  INDICATES RECORD WAS SET OR TIED.
MM INDICATES DATA IS MISSING.
T  INDICATES TRACE AMOUNT.




$$
