000
CDUS43 KLMK 280630
CLILEX


CLIMATE REPORT
NATIONAL WEATHER SERVICE LOUISVILLE KY
129 AM EST TUE FEB 28 2017


...................................

...THE LEXINGTON KY CLIMATE SUMMARY FOR FEBRUARY 27 2017...

CLIMATE NORMAL PERIOD 1981 TO 2010
CLIMATE RECORD PERIOD 1872 TO 2017


WEATHER ITEM   OBSERVED TIME   RECORD YEAR NORMAL DEPARTURE LAST
                VALUE   (LST)  VALUE       VALUE  FROM      YEAR
                                                  NORMAL
..................................................................
TEMPERATURE (F)
 YESTERDAY
  MAXIMUM         59    535 PM  73    1996  49     10       53
  MINIMUM         42    848 AM  -3    1934  31     11       26
  AVERAGE         51                        40     11       40

PRECIPITATION (IN)
  YESTERDAY        0.15          2.90 1962   0.12   0.03     0.00
  MONTH TO DATE    2.18                      3.09  -0.91     4.36
  SINCE DEC 1     13.07                     10.22   2.85    12.81
  SINCE JAN 1      6.89                      6.29   0.60     5.60

SNOWFALL (IN)
  YESTERDAY        0.0           7.0  1906   0.1   -0.1      0.0
  MONTH TO DATE    T                         4.5   -4.5      5.0
  SINCE DEC 1      3.4                      10.9   -7.5     14.6
  SINCE JUL 1      3.4                      11.2   -7.8     14.6
  SNOW DEPTH       0

DEGREE DAYS
 HEATING
  YESTERDAY       14                        25    -11       25
  MONTH TO DATE  496                       763   -267      740
  SINCE DEC 1   2114                      2659   -545     2258
  SINCE JUL 1   2700                      3546   -846     2944

 COOLING
  YESTERDAY        0                         0      0        0
  MONTH TO DATE    4                         0      4        0
  SINCE DEC 1      4                         0      4        0
  SINCE JAN 1      4                         0      4        0
..................................................................


WIND (MPH)
  HIGHEST WIND SPEED    21   HIGHEST WIND DIRECTION     W (250)
  HIGHEST GUST SPEED    29   HIGHEST GUST DIRECTION     W (250)
  AVERAGE WIND SPEED     7.8


SKY COVER
  POSSIBLE SUNSHINE  MM
  AVERAGE SKY COVER 0.8


WEATHER CONDITIONS
 THE FOLLOWING WEATHER WAS RECORDED YESTERDAY.
  LIGHT RAIN
  FOG


RELATIVE HUMIDITY (PERCENT)
 HIGHEST    89           800 AM
 LOWEST     33          1200 AM
 AVERAGE    61

..........................................................


THE LEXINGTON KY CLIMATE NORMALS FOR TODAY
                         NORMAL    RECORD    YEAR
 MAXIMUM TEMPERATURE (F)   50        75      1918
 MINIMUM TEMPERATURE (F)   31         4      1888


SUNRISE AND SUNSET
FEBRUARY 28 2017......SUNRISE   711 AM EST   SUNSET   631 PM EST
MARCH  1 2017.........SUNRISE   710 AM EST   SUNSET   632 PM EST


-  INDICATES NEGATIVE NUMBERS.
R  INDICATES RECORD WAS SET OR TIED.
MM INDICATES DATA IS MISSING.
T  INDICATES TRACE AMOUNT.




$$
