000
CDUS43 KLMK 180627
CLILEX


CLIMATE REPORT
NATIONAL WEATHER SERVICE LOUISVILLE KY
127 AM EST SAT NOV 18 2017


...................................

...THE LEXINGTON KY CLIMATE SUMMARY FOR NOVEMBER 17 2017...

CLIMATE NORMAL PERIOD 1981 TO 2010
CLIMATE RECORD PERIOD 1872 TO 2017


WEATHER ITEM   OBSERVED TIME   RECORD YEAR NORMAL DEPARTURE LAST
                VALUE   (LST)  VALUE       VALUE  FROM      YEAR
                                                  NORMAL
..................................................................
TEMPERATURE (F)
 YESTERDAY
  MAXIMUM         55   1159 PM  80    1958  55      0       77
  MINIMUM         33    832 AM  12    1959  37     -4       44
  AVERAGE         44                        46     -2       61

PRECIPITATION (IN)
  YESTERDAY        T             2.50 1921   0.12  -0.12     0.00
  MONTH TO DATE    1.84                      1.89  -0.05     0.28
  SINCE SEP 1     11.35                      7.93   3.42     2.78
  SINCE JAN 1     46.29                     39.60   6.69    37.15

SNOWFALL (IN)
  YESTERDAY        0.0           3.0  1920   0.0    0.0      0.0
  MONTH TO DATE    0.0                       0.1   -0.1      0.0
  SINCE SEP 1      T                         0.1   -0.1      0.0
  SINCE JUL 1      T                         0.1   -0.1      0.0
  SNOW DEPTH       0

DEGREE DAYS
 HEATING
  YESTERDAY       21                        19      2        4
  MONTH TO DATE  262                       274    -12      207
  SINCE SEP 1    514                       598    -84      340
  SINCE JUL 1    514                       600    -86      340

 COOLING
  YESTERDAY        0                         0      0        0
  MONTH TO DATE    6                         0      6       14
  SINCE SEP 1    209                       171     38      363
  SINCE JAN 1   1290                      1188    102     1639
..................................................................


WIND (MPH)
  HIGHEST WIND SPEED    16   HIGHEST WIND DIRECTION     S (170)
  HIGHEST GUST SPEED    23   HIGHEST GUST DIRECTION    SE (150)
  AVERAGE WIND SPEED     8.6


SKY COVER
  POSSIBLE SUNSHINE  MM
  AVERAGE SKY COVER 0.4


WEATHER CONDITIONS
 THE FOLLOWING WEATHER WAS RECORDED YESTERDAY.
  LIGHT RAIN


RELATIVE HUMIDITY (PERCENT)
 HIGHEST    82           300 AM
 LOWEST     50          1100 PM
 AVERAGE    66

..........................................................


THE LEXINGTON KY CLIMATE NORMALS FOR TODAY
                         NORMAL    RECORD    YEAR
 MAXIMUM TEMPERATURE (F)   54        78      2016
 MINIMUM TEMPERATURE (F)   37        12      2014
                                             1959


SUNRISE AND SUNSET
NOVEMBER 18 2017......SUNRISE   723 AM EST   SUNSET   524 PM EST
NOVEMBER 19 2017......SUNRISE   724 AM EST   SUNSET   524 PM EST


-  INDICATES NEGATIVE NUMBERS.
R  INDICATES RECORD WAS SET OR TIED.
MM INDICATES DATA IS MISSING.
T  INDICATES TRACE AMOUNT.




$$
