000
CDUS44 KSHV 232151
CLILFK


CLIMATE REPORT
NATIONAL WEATHER SERVICE SHREVEPORT, LA
451 PM CDT MON OCT 23 2017


...................................

...THE LUFKIN CLIMATE SUMMARY FOR OCTOBER 23 2017...
VALID TODAY AS OF 0400 PM LOCAL TIME.

CLIMATE NORMAL PERIOD 1981 TO 2010
CLIMATE RECORD PERIOD 1906 TO 2017


WEATHER ITEM   OBSERVED TIME   RECORD YEAR NORMAL DEPARTURE LAST
                VALUE   (LST)  VALUE       VALUE  FROM      YEAR
                                                  NORMAL
..................................................................
TEMPERATURE (F)
 TODAY
  MAXIMUM         77    252 PM  91    1932  78     -1       79
  MINIMUM         45    637 AM  33    1937  54     -9       42
  AVERAGE         61                        66     -5       61

PRECIPITATION (IN)
  TODAY            0.00          1.76 1970   0.19  -0.19     0.00
  MONTH TO DATE    1.64                      3.44  -1.80     0.15
  SINCE DEC 1     54.58                     42.55  12.03    46.63
  SINCE JAN 1     49.67                     38.11  11.56    42.58

SNOWFALL (IN)
  TODAY            0.0
  MONTH TO DATE    0.0
  SINCE SEP 1      0.0
  SINCE JUL 1      0.0
  SNOW DEPTH       0

DEGREE DAYS
 HEATING
  TODAY            4                         3      1        4
  MONTH TO DATE   18                        35    -17       17
  SINCE SEP 1     18                        39    -21       17
  SINCE JUL 1     18                        39    -21       17

 COOLING
  TODAY            0                         3     -3        0
  MONTH TO DATE  180                       124     56      191
  SINCE SEP 1    541                       498     43      638
  SINCE JAN 1   2564                      2521     43     2726
..................................................................


WIND (MPH)
  HIGHEST WIND SPEED     8   HIGHEST WIND DIRECTION    SW (240)
  HIGHEST GUST SPEED    12   HIGHEST GUST DIRECTION     W (290)
  AVERAGE WIND SPEED     1.4


SKY COVER
  POSSIBLE SUNSHINE  MM
  AVERAGE SKY COVER 0.0


WEATHER CONDITIONS
 THE FOLLOWING WEATHER WAS RECORDED TODAY.
  FOG


RELATIVE HUMIDITY (PERCENT)
 HIGHEST   100          1200 AM
 LOWEST     33           100 PM
 AVERAGE    67

..........................................................


THE LUFKIN CLIMATE NORMALS FOR TOMORROW
                         NORMAL    RECORD    YEAR
 MAXIMUM TEMPERATURE (F)   77        91      1931
 MINIMUM TEMPERATURE (F)   53        31      1908


SUNRISE AND SUNSET
OCTOBER 23 2017.......SUNRISE   728 AM CDT   SUNSET   638 PM CDT
OCTOBER 24 2017.......SUNRISE   729 AM CDT   SUNSET   637 PM CDT


-  INDICATES NEGATIVE NUMBERS.
R  INDICATES RECORD WAS SET OR TIED.
MM INDICATES DATA IS MISSING.
T  INDICATES TRACE AMOUNT.




$$
