000
CDUS44 KSHV 122141
CLILFK


CLIMATE REPORT
NATIONAL WEATHER SERVICE SHREVEPORT, LA
441 PM CDT SAT JUL 12 2014


...................................

...THE LUFKIN CLIMATE SUMMARY FOR JULY 12 2014...
VALID TODAY AS OF 0400 PM LOCAL TIME.

CLIMATE NORMAL PERIOD 1981 TO 2010
CLIMATE RECORD PERIOD 1906 TO 2014


WEATHER ITEM   OBSERVED TIME   RECORD YEAR NORMAL DEPARTURE LAST
                VALUE   (LST)  VALUE       VALUE  FROM      YEAR
                                                  NORMAL
..................................................................
TEMPERATURE (F)
 TODAY
  MAXIMUM         98    319 PM 104    1998  93      5       99
  MINIMUM         75    559 AM  61    1953  72      3       73
  AVERAGE         87                        83      4       86

PRECIPITATION (IN)
  TODAY            0.00          2.46 1941   0.10  -0.10     0.00
  MONTH TO DATE    1.12                      1.40  -0.28     0.57
  SINCE DEC 1     23.51                     30.04  -6.53    25.88
  SINCE JAN 1     21.30                     25.60  -4.30    21.57

DEGREE DAYS
 HEATING
  TODAY            0                         0      0        0
  MONTH TO DATE    0                         0      0        0
  SINCE JUN 1      0                         0      0        0
  SINCE JUL 1      0                         0      0        0

 COOLING
  TODAY           22                        18      4       21
  MONTH TO DATE  237                       207     30      198
  SINCE JUN 1    776                       659    117      721
  SINCE JAN 1   1272                      1128    144     1235
..................................................................


WIND (MPH)
  HIGHEST WIND SPEED     9   HIGHEST WIND DIRECTION    SE (120)
  HIGHEST GUST SPEED    13   HIGHEST GUST DIRECTION    SE (120)
  AVERAGE WIND SPEED     2.1


SKY COVER
  POSSIBLE SUNSHINE  MM
  AVERAGE SKY COVER 0.1


WEATHER CONDITIONS
 THE FOLLOWING WEATHER WAS RECORDED TODAY.
  FOG


RELATIVE HUMIDITY (PERCENT)
 HIGHEST    87           300 AM
 LOWEST     38           300 PM
 AVERAGE    63

..........................................................


THE LUFKIN CLIMATE NORMALS FOR TOMORROW
                         NORMAL    RECORD    YEAR
 MAXIMUM TEMPERATURE (F)   93       106      1930
 MINIMUM TEMPERATURE (F)   72        62      1990


SUNRISE AND SUNSET
JULY 12 2014..........SUNRISE   624 AM CDT   SUNSET   825 PM CDT
JULY 13 2014..........SUNRISE   624 AM CDT   SUNSET   825 PM CDT


-  INDICATES NEGATIVE NUMBERS.
R  INDICATES RECORD WAS SET OR TIED.
MM INDICATES DATA IS MISSING.
T  INDICATES TRACE AMOUNT.




$$
