000
CDUS44 KSHV 260748
CLILFK


CLIMATE REPORT
NATIONAL WEATHER SERVICE SHREVEPORT, LA
248 AM CDT THU MAY 26 2016


...................................

...THE LUFKIN CLIMATE SUMMARY FOR MAY 25 2016...

CLIMATE NORMAL PERIOD 1981 TO 2010
CLIMATE RECORD PERIOD 1906 TO 2016


WEATHER ITEM   OBSERVED TIME   RECORD YEAR NORMAL DEPARTURE LAST
                VALUE   (LST)  VALUE       VALUE  FROM      YEAR
                                                  NORMAL
..................................................................
TEMPERATURE (F)
 YESTERDAY
  MAXIMUM         90    258 PM  95    1996  87      3       89
  MINIMUM         75    442 AM  53    1910  66      9       66
  AVERAGE         83                        76      7       78

PRECIPITATION (IN)
  YESTERDAY        0.00          2.34 2015   0.16  -0.16     2.34
  MONTH TO DATE    1.91                      3.65  -1.74    14.26
  SINCE DEC 1     25.80                     22.97   2.83    36.64
  SINCE JAN 1     21.75                     18.53   3.22    34.59

SNOWFALL (IN)
  YESTERDAY        0.0
  MONTH TO DATE    0.0
  SINCE MAR 1      0.0
  SINCE JUL 1      0.0
  SNOW DEPTH       0

DEGREE DAYS
 HEATING
  YESTERDAY        0                         0      0        0
  MONTH TO DATE    2                         1      1        0
  SINCE MAR 1    150                       280   -130      171
  SINCE JUL 1   1472                      1914   -442     1691

 COOLING
  YESTERDAY       18                        11      7       13
  MONTH TO DATE  185                       218    -33      293
  SINCE MAR 1    373                       375     -2      590
  SINCE JAN 1    387                       394     -7      596
..................................................................


WIND (MPH)
  HIGHEST WIND SPEED    16   HIGHEST WIND DIRECTION     S (180)
  HIGHEST GUST SPEED    21   HIGHEST GUST DIRECTION    SE (150)
  AVERAGE WIND SPEED     9.2


SKY COVER
  POSSIBLE SUNSHINE  MM
  AVERAGE SKY COVER 0.7


WEATHER CONDITIONS
 THE FOLLOWING WEATHER WAS RECORDED YESTERDAY.
  NO SIGNIFICANT WEATHER WAS OBSERVED.


RELATIVE HUMIDITY (PERCENT)
 HIGHEST    94          1200 AM
 LOWEST     59           200 PM
 AVERAGE    77

..........................................................


THE LUFKIN CLIMATE NORMALS FOR TODAY
                         NORMAL    RECORD    YEAR
 MAXIMUM TEMPERATURE (F)   87        96      2010
 MINIMUM TEMPERATURE (F)   66        51      1979


SUNRISE AND SUNSET
MAY 26 2016...........SUNRISE   617 AM CDT   SUNSET   815 PM CDT
MAY 27 2016...........SUNRISE   617 AM CDT   SUNSET   816 PM CDT


-  INDICATES NEGATIVE NUMBERS.
R  INDICATES RECORD WAS SET OR TIED.
MM INDICATES DATA IS MISSING.
T  INDICATES TRACE AMOUNT.




$$
