000
CDUS44 KSHV 230849
CLILFK


CLIMATE REPORT
NATIONAL WEATHER SERVICE SHREVEPORT, LA
249 AM CST THU FEB 23 2017


...................................

...THE LUFKIN CLIMATE SUMMARY FOR FEBRUARY 22 2017...

CLIMATE NORMAL PERIOD 1981 TO 2010
CLIMATE RECORD PERIOD 1906 TO 2017


WEATHER ITEM   OBSERVED TIME   RECORD YEAR NORMAL DEPARTURE LAST
                VALUE   (LST)  VALUE       VALUE  FROM      YEAR
                                                  NORMAL
..................................................................
TEMPERATURE (F)
 YESTERDAY
  MAXIMUM         80    421 PM  92    1996  65     15       66
  MINIMUM         48    637 AM  16    1978  43      5       56
  AVERAGE         64                        54     10       61

PRECIPITATION (IN)
  YESTERDAY        0.00          1.82 1992   0.14  -0.14     1.50
  MONTH TO DATE    2.13                      3.08  -0.95     3.08
  SINCE DEC 1     12.69                     11.70   0.99     9.60
  SINCE JAN 1      7.78                      7.26   0.52     5.55

SNOWFALL (IN)
  YESTERDAY        0.0
  MONTH TO DATE    0.0
  SINCE DEC 1      T
  SINCE JUL 1      T
  SNOW DEPTH       0

DEGREE DAYS
 HEATING
  YESTERDAY        1                        11    -10        4
  MONTH TO DATE  120                       291   -171      221
  SINCE DEC 1    806                      1264   -458     1054
  SINCE JUL 1    954                      1571   -617     1239

 COOLING
  YESTERDAY        0                         0      0        0
  MONTH TO DATE   35                         0     35       11
  SINCE DEC 1     91                        21     70       47
  SINCE JAN 1     60                         8     52       14
..................................................................


WIND (MPH)
  HIGHEST WIND SPEED     8   HIGHEST WIND DIRECTION     N (350)
  HIGHEST GUST SPEED    11   HIGHEST GUST DIRECTION     N (340)
  AVERAGE WIND SPEED     2.9


SKY COVER
  POSSIBLE SUNSHINE  MM
  AVERAGE SKY COVER 0.0


WEATHER CONDITIONS
 THE FOLLOWING WEATHER WAS RECORDED YESTERDAY.
  NO SIGNIFICANT WEATHER WAS OBSERVED.


RELATIVE HUMIDITY (PERCENT)
 HIGHEST   100           100 AM
 LOWEST     42           400 PM
 AVERAGE    71

..........................................................


THE LUFKIN CLIMATE NORMALS FOR TODAY
                         NORMAL    RECORD    YEAR
 MAXIMUM TEMPERATURE (F)   66        88      2012
 MINIMUM TEMPERATURE (F)   43        23      1967


SUNRISE AND SUNSET
FEBRUARY 23 2017......SUNRISE   652 AM CST   SUNSET   613 PM CST
FEBRUARY 24 2017......SUNRISE   651 AM CST   SUNSET   614 PM CST


-  INDICATES NEGATIVE NUMBERS.
R  INDICATES RECORD WAS SET OR TIED.
MM INDICATES DATA IS MISSING.
T  INDICATES TRACE AMOUNT.




$$
