000
CDUS44 KLCH 311245
CLILFT


CLIMATE REPORT
NATIONAL WEATHER SERVICE LAKE CHARLES, LA
745 AM CDT WED AUG 31 2016


...................................

...THE LAFAYETTE CLIMATE SUMMARY FOR AUGUST 30 2016...

CLIMATE NORMAL PERIOD 1981 TO 2010
CLIMATE RECORD PERIOD 1893 TO 2016


WEATHER ITEM   OBSERVED TIME   RECORD YEAR NORMAL DEPARTURE LAST
                VALUE   (LST)  VALUE       VALUE  FROM      YEAR
                                                  NORMAL
..................................................................
TEMPERATURE (F)
 YESTERDAY
  MAXIMUM         94    400 PM 104    2000  92      2       91
  MINIMUM         74    621 AM  59    1906  74      0       68
  AVERAGE         84                        83      1       80

PRECIPITATION (IN)
  YESTERDAY        0.00          1.40 1974   0.15  -0.15     0.00
  MONTH TO DATE   24.74                      4.47  20.27     2.87
  SINCE JUN 1     36.70                     17.85  18.85    12.51
  SINCE JAN 1     65.09                     40.47  24.62    43.11

DEGREE DAYS
 COOLING
  YESTERDAY       19                        18      1       15
  MONTH TO DATE  558                       562     -4      579
  SINCE JUN 1   1711                      1632     79     1720
  SINCE JAN 1   2368                      2246    122     2412
..................................................................


WIND (MPH)
  HIGHEST WIND SPEED    15   HIGHEST WIND DIRECTION     N (20)
  HIGHEST GUST SPEED    19   HIGHEST GUST DIRECTION     N (20)
  AVERAGE WIND SPEED     5.1


SKY COVER
  POSSIBLE SUNSHINE  MM
  AVERAGE SKY COVER 0.2


WEATHER CONDITIONS
 THE FOLLOWING WEATHER WAS RECORDED YESTERDAY.
  NO SIGNIFICANT WEATHER WAS OBSERVED.


RELATIVE HUMIDITY (PERCENT)
 HIGHEST    93           300 AM
 LOWEST     49           400 PM
 AVERAGE    71

..........................................................


THE LAFAYETTE CLIMATE NORMALS FOR TODAY
                         NORMAL    RECORD    YEAR
 MAXIMUM TEMPERATURE (F)   92       103      2000
 MINIMUM TEMPERATURE (F)   74        60      1946


SUNRISE AND SUNSET
AUGUST 31 2016........SUNRISE   645 AM CDT   SUNSET   731 PM CDT
SEPTEMBER  1 2016.....SUNRISE   645 AM CDT   SUNSET   730 PM CDT


-  INDICATES NEGATIVE NUMBERS.
R  INDICATES RECORD WAS SET OR TIED.
MM INDICATES DATA IS MISSING.
T  INDICATES TRACE AMOUNT.




$$
