000
CDUS44 KLCH 292245
CLILFT


CLIMATE REPORT
NATIONAL WEATHER SERVICE LAKE CHARLES, LA
545 PM CDT FRI JUL 29 2016


...................................

...THE LAFAYETTE CLIMATE SUMMARY FOR JULY 29 2016...
VALID TODAY AS OF 0500 PM LOCAL TIME.

CLIMATE NORMAL PERIOD 1981 TO 2010
CLIMATE RECORD PERIOD 1893 TO 2016


WEATHER ITEM   OBSERVED TIME   RECORD YEAR NORMAL DEPARTURE LAST
                VALUE   (LST)  VALUE       VALUE  FROM      YEAR
                                                  NORMAL
..................................................................
TEMPERATURE (F)
 TODAY
  MAXIMUM         94    249 PM  98    2015  93      1       98
                                      1986
                                      1925
  MINIMUM         75    542 AM  64    1897  75      0       79
  AVERAGE         85                        84      1       89

PRECIPITATION (IN)
  TODAY            0.27          5.66 1954   0.17   0.10      T
  MONTH TO DATE    4.91                      5.96  -1.05     1.94
  SINCE JUN 1     11.90                     13.04  -1.14     9.55
  SINCE JAN 1     40.29                     35.66   4.63    40.15

DEGREE DAYS
 COOLING
  TODAY           20                        19      1       24
  MONTH TO DATE  585                       535     50      595
  SINCE JUN 1   1112                      1033     79     1097
  SINCE JAN 1   1769                      1647    122     1789
..................................................................


WIND (MPH)
  HIGHEST WIND SPEED    17   HIGHEST WIND DIRECTION     S (170)
  HIGHEST GUST SPEED    23   HIGHEST GUST DIRECTION     S (170)
  AVERAGE WIND SPEED     2.0


SKY COVER
  POSSIBLE SUNSHINE  MM
  AVERAGE SKY COVER 0.2


WEATHER CONDITIONS
 THE FOLLOWING WEATHER WAS RECORDED TODAY.
  THUNDERSTORM
  HEAVY RAIN
  LIGHT RAIN
  FOG


RELATIVE HUMIDITY (PERCENT)
 HIGHEST    94          1200 AM
 LOWEST     49           100 PM
 AVERAGE    72

..........................................................


THE LAFAYETTE CLIMATE NORMALS FOR TOMORROW
                         NORMAL    RECORD    YEAR
 MAXIMUM TEMPERATURE (F)   93       101      2015
 MINIMUM TEMPERATURE (F)   75        65      1897


SUNRISE AND SUNSET
JULY 29 2016..........SUNRISE   625 AM CDT   SUNSET   803 PM CDT
JULY 30 2016..........SUNRISE   626 AM CDT   SUNSET   803 PM CDT


-  INDICATES NEGATIVE NUMBERS.
R  INDICATES RECORD WAS SET OR TIED.
MM INDICATES DATA IS MISSING.
T  INDICATES TRACE AMOUNT.




$$
