000
CDUS44 KLCH 292212
CLILFT


CLIMATE REPORT
NATIONAL WEATHER SERVICE LAKE CHARLES, LA
512 PM CDT TUE JUL 29 2014


...................................

...THE LAFAYETTE CLIMATE SUMMARY FOR JULY 29 2014...
VALID TODAY AS OF 0500 PM LOCAL TIME.

CLIMATE NORMAL PERIOD 1981 TO 2010
CLIMATE RECORD PERIOD 1893 TO 2014


WEATHER ITEM   OBSERVED TIME   RECORD YEAR NORMAL DEPARTURE LAST
                VALUE   (LST)  VALUE       VALUE  FROM      YEAR
                                                  NORMAL
..................................................................
TEMPERATURE (F)
 TODAY
  MAXIMUM         90    301 PM  98    1986  93     -3       94
                                      1925
                                      1922
  MINIMUM         79    546 AM  64    1897  75      4       77
  AVERAGE         85                        84      1       86

PRECIPITATION (IN)
  TODAY            0.00          5.66 1954   0.17  -0.17     0.00
  MONTH TO DATE    5.98                      5.96   0.02     3.84
  SINCE JUN 1     14.57                     13.04   1.53     7.00
  SINCE JAN 1     37.61                     35.66   1.95    39.12

DEGREE DAYS
 COOLING
  TODAY           20                        19      1       21
  MONTH TO DATE  498                       535    -37      495
  SINCE JUN 1   1005                      1033    -28     1036
  SINCE JAN 1   1474                      1647   -173     1500
..................................................................


WIND (MPH)
  HIGHEST WIND SPEED    13   HIGHEST WIND DIRECTION     N (10)
  HIGHEST GUST SPEED    17   HIGHEST GUST DIRECTION     N (340)
  AVERAGE WIND SPEED     6.8


SKY COVER
  POSSIBLE SUNSHINE  MM
  AVERAGE SKY COVER 0.5


WEATHER CONDITIONS
 THE FOLLOWING WEATHER WAS RECORDED TODAY.
  NO SIGNIFICANT WEATHER WAS OBSERVED.


RELATIVE HUMIDITY (PERCENT)
 HIGHEST    94           700 AM
 LOWEST     46           100 PM
 AVERAGE    70

..........................................................


THE LAFAYETTE CLIMATE NORMALS FOR TOMORROW
                         NORMAL    RECORD    YEAR
 MAXIMUM TEMPERATURE (F)   93        99      1986
                                             1923
                                             1922
 MINIMUM TEMPERATURE (F)   75        65      1897


SUNRISE AND SUNSET
JULY 29 2014..........SUNRISE   625 AM CDT   SUNSET   804 PM CDT
JULY 30 2014..........SUNRISE   625 AM CDT   SUNSET   803 PM CDT


-  INDICATES NEGATIVE NUMBERS.
R  INDICATES RECORD WAS SET OR TIED.
MM INDICATES DATA IS MISSING.
T  INDICATES TRACE AMOUNT.




$$
