000
CDUS44 KLCH 302205
CLILFT


CLIMATE REPORT
NATIONAL WEATHER SERVICE LAKE CHARLES, LA
504 PM CDT SAT MAY 30 2015


...................................

...THE LAFAYETTE CLIMATE SUMMARY FOR MAY 30 2015...
VALID TODAY AS OF 0500 PM LOCAL TIME.

CLIMATE NORMAL PERIOD 1981 TO 2010
CLIMATE RECORD PERIOD 1893 TO 2015


WEATHER ITEM   OBSERVED TIME   RECORD YEAR NORMAL DEPARTURE LAST
                VALUE   (LST)  VALUE       VALUE  FROM      YEAR
                                                  NORMAL
..................................................................
TEMPERATURE (F)
 TODAY
  MAXIMUM         87   1127 AM  98    1998  89     -2       87
  MINIMUM         72    212 PM  52    1984  70      2       70
  AVERAGE         80                        80      0       79

PRECIPITATION (IN)
  TODAY            1.39          4.46 1979   0.17   1.22     0.03
  MONTH TO DATE    6.80                      4.60   2.20    10.85
  SINCE MAR 1     21.84                     12.32   9.52    15.61
  SINCE JAN 1     28.94                     22.44   6.50    22.86

DEGREE DAYS
 COOLING
  TODAY           15                        14      1       14
  MONTH TO DATE  354                       345      9      273
  SINCE MAR 1    660                       567     93      439
  SINCE JAN 1    665                       599     66      453
..................................................................


WIND (MPH)
  HIGHEST WIND SPEED    23   HIGHEST WIND DIRECTION     N (340)
  HIGHEST GUST SPEED    29   HIGHEST GUST DIRECTION    NW (330)
  AVERAGE WIND SPEED     2.0


SKY COVER
  POSSIBLE SUNSHINE  MM
  AVERAGE SKY COVER 0.4


WEATHER CONDITIONS
 THE FOLLOWING WEATHER WAS RECORDED TODAY.
  THUNDERSTORM
  HEAVY RAIN
  RAIN
  LIGHT RAIN


RELATIVE HUMIDITY (PERCENT)
 HIGHEST    94           700 AM
 LOWEST     57          1100 AM
 AVERAGE    76

..........................................................


THE LAFAYETTE CLIMATE NORMALS FOR TOMORROW
                         NORMAL    RECORD    YEAR
 MAXIMUM TEMPERATURE (F)   89        98      1998
                                             1977
 MINIMUM TEMPERATURE (F)   70        50      1984


SUNRISE AND SUNSET
MAY 30 2015...........SUNRISE   608 AM CDT   SUNSET   804 PM CDT
MAY 31 2015...........SUNRISE   607 AM CDT   SUNSET   804 PM CDT


-  INDICATES NEGATIVE NUMBERS.
R  INDICATES RECORD WAS SET OR TIED.
MM INDICATES DATA IS MISSING.
T  INDICATES TRACE AMOUNT.




$$
