599
CDUS44 KLCH 240918
CLILFT


CLIMATE REPORT
NATIONAL WEATHER SERVICE LAKE CHARLES, LA
417 AM CDT FRI MAR 24 2017


...................................

...THE LAFAYETTE CLIMATE SUMMARY FOR MARCH 23 2017...

CLIMATE NORMAL PERIOD 1981 TO 2010
CLIMATE RECORD PERIOD 1893 TO 2017


WEATHER ITEM   OBSERVED TIME   RECORD YEAR NORMAL DEPARTURE LAST
                VALUE   (LST)  VALUE       VALUE  FROM      YEAR
                                                  NORMAL
..................................................................
TEMPERATURE (F)
 YESTERDAY
  MAXIMUM         87    252 PM  88    1935  74     13       74
                                      1929
  MINIMUM         66    631 AM  32    1955  53     13       60
                                      1915
                                      1914
  AVERAGE         77                        64     13       67

PRECIPITATION (IN)
  YESTERDAY        0.00          2.59 1969   0.11  -0.11      T
  MONTH TO DATE    0.77                      2.84  -2.07     5.16
  SINCE MAR 1      0.77                      2.84  -2.07     5.16
  SINCE JAN 1      4.29                     12.96  -8.67    14.29

SNOWFALL (IN)
  YESTERDAY        0.0           0.0    MM   0.0    0.0      0.0
  MONTH TO DATE    0.0                       0.0    0.0      0.0
  SINCE MAR 1      0.0                       0.0    0.0      0.0
  SINCE JUL 1      0.0                       T      0.0      0.0
  SNOW DEPTH       0

DEGREE DAYS
 HEATING
  YESTERDAY        0                         4     -4        0
  MONTH TO DATE   60                       125    -65       55
  SINCE MAR 1     60                       125    -65       55
  SINCE JUL 1    637                      1355   -718      973

 COOLING
  YESTERDAY       12                         2     10        2
  MONTH TO DATE   87                        40     47       75
  SINCE MAR 1     87                        40     47       75
  SINCE JAN 1    271                        72    199       85
..................................................................


WIND (MPH)
  HIGHEST WIND SPEED    17   HIGHEST WIND DIRECTION     S (200)
  HIGHEST GUST SPEED    21   HIGHEST GUST DIRECTION     S (190)
  AVERAGE WIND SPEED     5.9


SKY COVER
  POSSIBLE SUNSHINE  MM
  AVERAGE SKY COVER 0.2


WEATHER CONDITIONS
 THE FOLLOWING WEATHER WAS RECORDED YESTERDAY.
  FOG
  FOG W/VISIBILITY <= 1/4 MILE


RELATIVE HUMIDITY (PERCENT)
 HIGHEST   100           600 AM
 LOWEST     35           300 PM
 AVERAGE    68

..........................................................


THE LAFAYETTE CLIMATE NORMALS FOR TODAY
                         NORMAL    RECORD    YEAR
 MAXIMUM TEMPERATURE (F)   74        86      1910
                                             1907
 MINIMUM TEMPERATURE (F)   54        30      1915


SUNRISE AND SUNSET
MARCH 24 2017.........SUNRISE   707 AM CDT   SUNSET   722 PM CDT
MARCH 25 2017.........SUNRISE   705 AM CDT   SUNSET   723 PM CDT


-  INDICATES NEGATIVE NUMBERS.
R  INDICATES RECORD WAS SET OR TIED.
MM INDICATES DATA IS MISSING.
T  INDICATES TRACE AMOUNT.




$$
