000
CDUS44 KLCH 301245
CLILFT


CLIMATE REPORT
NATIONAL WEATHER SERVICE LAKE CHARLES, LA
745 AM CDT FRI SEP 30 2016


...................................

...THE LAFAYETTE CLIMATE SUMMARY FOR SEPTEMBER 29 2016...

CLIMATE NORMAL PERIOD 1981 TO 2010
CLIMATE RECORD PERIOD 1893 TO 2016


WEATHER ITEM   OBSERVED TIME   RECORD YEAR NORMAL DEPARTURE LAST
                VALUE   (LST)  VALUE       VALUE  FROM      YEAR
                                                  NORMAL
..................................................................
TEMPERATURE (F)
 YESTERDAY
  MAXIMUM         84    309 PM  95    1953  85     -1       89
                                      1910
  MINIMUM         62   1159 PM  42    1896  65     -3       73
  AVERAGE         73                        75     -2       81

PRECIPITATION (IN)
  YESTERDAY        0.00          2.27 1905   0.16  -0.16      T
  MONTH TO DATE    3.49                      4.57  -1.08     3.31
  SINCE SEP 1      3.49                      4.57  -1.08     3.31
  SINCE JAN 1     68.58                     45.19  23.39    46.42

DEGREE DAYS
 HEATING
  YESTERDAY        0                         0      0        0
  MONTH TO DATE    0                         0      0        0
  SINCE SEP 1      0                         0      0        0
  SINCE JUL 1      0                         0      0        0

 COOLING
  YESTERDAY        8                        11     -3       16
  MONTH TO DATE  516                       417     99      436
  SINCE SEP 1    516                       417     99      436
  SINCE JAN 1   2905                      2678    227     2862
..................................................................


WIND (MPH)
  HIGHEST WIND SPEED    16   HIGHEST WIND DIRECTION     N (360)
  HIGHEST GUST SPEED    20   HIGHEST GUST DIRECTION     N (10)
  AVERAGE WIND SPEED     8.3


SKY COVER
  POSSIBLE SUNSHINE  MM
  AVERAGE SKY COVER 0.0


WEATHER CONDITIONS
 THE FOLLOWING WEATHER WAS RECORDED YESTERDAY.
  NO SIGNIFICANT WEATHER WAS OBSERVED.


RELATIVE HUMIDITY (PERCENT)
 HIGHEST    90           300 AM
 LOWEST     37           400 PM
 AVERAGE    64

..........................................................


THE LAFAYETTE CLIMATE NORMALS FOR TODAY
                         NORMAL    RECORD    YEAR
 MAXIMUM TEMPERATURE (F)   85        97      1928
 MINIMUM TEMPERATURE (F)   65        45      1967
                                             1920
                                             1916


SUNRISE AND SUNSET
SEPTEMBER 30 2016.....SUNRISE   701 AM CDT   SUNSET   654 PM CDT
OCTOBER  1 2016.......SUNRISE   702 AM CDT   SUNSET   653 PM CDT


-  INDICATES NEGATIVE NUMBERS.
R  INDICATES RECORD WAS SET OR TIED.
MM INDICATES DATA IS MISSING.
T  INDICATES TRACE AMOUNT.




$$
