000
CDUS44 KLCH 290812
CLILFT


CLIMATE REPORT
NATIONAL WEATHER SERVICE LAKE CHARLES, LA
312 AM CDT WED JUL 29 2015


...................................

...THE LAFAYETTE CLIMATE SUMMARY FOR JULY 28 2015...

CLIMATE NORMAL PERIOD 1981 TO 2010
CLIMATE RECORD PERIOD 1893 TO 2015


WEATHER ITEM   OBSERVED TIME   RECORD YEAR NORMAL DEPARTURE LAST
                VALUE   (LST)  VALUE       VALUE  FROM      YEAR
                                                  NORMAL
..................................................................
TEMPERATURE (F)
 YESTERDAY
  MAXIMUM         97    259 PM 100    1960  93      4       90
                                      1925
  MINIMUM         76    422 AM  67    1911  75      1       77
                                      1897
  AVERAGE         87                        84      3       84

PRECIPITATION (IN)
  YESTERDAY        0.00          2.27 1951   0.18  -0.18     0.00
  MONTH TO DATE    1.94                      5.79  -3.85     5.98
  SINCE JUN 1      9.55                     12.87  -3.32    14.57
  SINCE JAN 1     40.15                     35.49   4.66    37.61

DEGREE DAYS
 COOLING
  YESTERDAY       22                        19      3       19
  MONTH TO DATE  571                       516     55      478
  SINCE JUN 1   1073                      1014     59      985
  SINCE JAN 1   1765                      1628    137     1454
..................................................................


WIND (MPH)
  HIGHEST WIND SPEED    12   HIGHEST WIND DIRECTION    SW (220)
  HIGHEST GUST SPEED    14   HIGHEST GUST DIRECTION    SW (210)
  AVERAGE WIND SPEED     3.3


SKY COVER
  POSSIBLE SUNSHINE  MM
  AVERAGE SKY COVER 0.1


WEATHER CONDITIONS
 THE FOLLOWING WEATHER WAS RECORDED YESTERDAY.
  NO SIGNIFICANT WEATHER WAS OBSERVED.


RELATIVE HUMIDITY (PERCENT)
 HIGHEST    94           500 AM
 LOWEST     40           300 PM
 AVERAGE    67

..........................................................


THE LAFAYETTE CLIMATE NORMALS FOR TODAY
                         NORMAL    RECORD    YEAR
 MAXIMUM TEMPERATURE (F)   93        98      1986
                                             1925
                                             1922
 MINIMUM TEMPERATURE (F)   75        64      1897


SUNRISE AND SUNSET
JULY 29 2015..........SUNRISE   625 AM CDT   SUNSET   804 PM CDT
JULY 30 2015..........SUNRISE   625 AM CDT   SUNSET   803 PM CDT


-  INDICATES NEGATIVE NUMBERS.
R  INDICATES RECORD WAS SET OR TIED.
MM INDICATES DATA IS MISSING.
T  INDICATES TRACE AMOUNT.




$$
