000
CDUS44 KLCH 210847
CLILFT


CLIMATE REPORT
NATIONAL WEATHER SERVICE LAKE CHARLES, LA
247 AM CST SUN JAN 21 2018


...................................

...THE LAFAYETTE CLIMATE SUMMARY FOR JANUARY 20 2018...

CLIMATE NORMAL PERIOD 1981 TO 2010
CLIMATE RECORD PERIOD 1893 TO 2018


WEATHER ITEM   OBSERVED TIME   RECORD YEAR NORMAL DEPARTURE LAST
                VALUE   (LST)  VALUE       VALUE  FROM      YEAR
                                                  NORMAL
..................................................................
TEMPERATURE (F)
 YESTERDAY
  MAXIMUM         68    412 PM  87    1916  62      6       79
  MINIMUM         46    539 AM  16    1985  43      3       63
  AVERAGE         57                        52      5       71

PRECIPITATION (IN)
  YESTERDAY        0.08          9.99 1993   0.19  -0.11     0.01
  MONTH TO DATE    1.56                      3.69  -2.13     2.46
  SINCE DEC 1      7.85                      9.27  -1.42    11.55
  SINCE JAN 1      1.56                      3.69  -2.13     2.46

SNOWFALL (IN)
  YESTERDAY       MM             T    1985   0.0   MM        0.0
                                      1978
  MONTH TO DATE    0.3                       0.0    0.3      0.0
  SINCE DEC 1      2.0                       0.0    2.0      0.0
  SINCE JUL 1      2.0                       0.0    2.0      0.0
  SNOW DEPTH       0

DEGREE DAYS
 HEATING
  YESTERDAY        8                        13     -5        0
  MONTH TO DATE  444                       260    184      123
  SINCE DEC 1    814                       615    199      358
  SINCE JUL 1    981                       814    167      444
..................................................................


WIND (MPH)
  HIGHEST WIND SPEED    13   HIGHEST WIND DIRECTION     S (160)
  HIGHEST GUST SPEED    19   HIGHEST GUST DIRECTION     S (170)
  AVERAGE WIND SPEED     4.6


SKY COVER
  POSSIBLE SUNSHINE  MM
  AVERAGE SKY COVER 0.7


WEATHER CONDITIONS
 THE FOLLOWING WEATHER WAS RECORDED YESTERDAY.
  RAIN
  LIGHT RAIN
  FOG


RELATIVE HUMIDITY (PERCENT)
 HIGHEST    97          1000 PM
 LOWEST     71          1200 AM
 AVERAGE    84

..........................................................


THE LAFAYETTE CLIMATE NORMALS FOR TODAY
                         NORMAL    RECORD    YEAR
 MAXIMUM TEMPERATURE (F)   62        81      1927
 MINIMUM TEMPERATURE (F)   43        13      1985


SUNRISE AND SUNSET
JANUARY 21 2018.......SUNRISE   704 AM CST   SUNSET   535 PM CST
JANUARY 22 2018.......SUNRISE   703 AM CST   SUNSET   536 PM CST


-  INDICATES NEGATIVE NUMBERS.
R  INDICATES RECORD WAS SET OR TIED.
MM INDICATES DATA IS MISSING.
T  INDICATES TRACE AMOUNT.




$$
