000
CDUS44 KLCH 200850
CLILFT


CLIMATE REPORT
NATIONAL WEATHER SERVICE LAKE CHARLES, LA
350 AM CDT MON OCT 20 2014


...................................

...THE LAFAYETTE CLIMATE SUMMARY FOR OCTOBER 19 2014...

CLIMATE NORMAL PERIOD 1981 TO 2010
CLIMATE RECORD PERIOD 1893 TO 2014


WEATHER ITEM   OBSERVED TIME   RECORD YEAR NORMAL DEPARTURE LAST
                VALUE   (LST)  VALUE       VALUE  FROM      YEAR
                                                  NORMAL
..................................................................
TEMPERATURE (F)
 YESTERDAY
  MAXIMUM         79    310 PM  93    1921  80     -1       75
  MINIMUM         57    646 AM  33    1948  59     -2       56
  AVERAGE         68                        69     -1       66

PRECIPITATION (IN)
  YESTERDAY        0.00          1.14 2013   0.19  -0.19     1.14
  MONTH TO DATE    2.13                      3.10  -0.97     3.55
  SINCE SEP 1      7.76                      7.82  -0.06     7.24
  SINCE JAN 1     53.85                     48.44   5.41    50.12

SNOWFALL (IN)
  YESTERDAY        0.0           0.0    MM   0.0    0.0      0.0
  MONTH TO DATE    0.0                       0.0    0.0      0.0
  SINCE SEP 1      0.0                       0.0    0.0      0.0
  SINCE JUL 1      0.0                       0.0    0.0      0.0
  SNOW DEPTH       0

DEGREE DAYS
 HEATING
  YESTERDAY        0                         1     -1        0
  MONTH TO DATE    0                        10    -10        0
  SINCE SEP 1      0                        11    -11        0
  SINCE JUL 1      0                        11    -11        0

 COOLING
  YESTERDAY        3                         6     -3        1
  MONTH TO DATE  174                       146     28      174
  SINCE SEP 1    627                       573     54      677
  SINCE JAN 1   2684                      2834   -150     2779
..................................................................


WIND (MPH)
  HIGHEST WIND SPEED    12   HIGHEST WIND DIRECTION    NE (60)
  HIGHEST GUST SPEED    16   HIGHEST GUST DIRECTION    NE (60)
  AVERAGE WIND SPEED     5.9


SKY COVER
  POSSIBLE SUNSHINE  MM
  AVERAGE SKY COVER 0.0


WEATHER CONDITIONS
 THE FOLLOWING WEATHER WAS RECORDED YESTERDAY.
  NO SIGNIFICANT WEATHER WAS OBSERVED.


RELATIVE HUMIDITY (PERCENT)
 HIGHEST    93           500 AM
 LOWEST     48           200 PM
 AVERAGE    71

..........................................................


THE LAFAYETTE CLIMATE NORMALS FOR TODAY
                         NORMAL    RECORD    YEAR
 MAXIMUM TEMPERATURE (F)   80        91      1926
 MINIMUM TEMPERATURE (F)   58        33      1989


SUNRISE AND SUNSET
OCTOBER 20 2014.......SUNRISE   713 AM CDT   SUNSET   632 PM CDT
OCTOBER 21 2014.......SUNRISE   714 AM CDT   SUNSET   631 PM CDT


-  INDICATES NEGATIVE NUMBERS.
R  INDICATES RECORD WAS SET OR TIED.
MM INDICATES DATA IS MISSING.
T  INDICATES TRACE AMOUNT.




$$
