000
CDUS44 KLCH 190811
CLILFT


CLIMATE REPORT
NATIONAL WEATHER SERVICE LAKE CHARLES, LA
311 AM CDT FRI SEP 19 2014


...................................

...THE LAFAYETTE CLIMATE SUMMARY FOR SEPTEMBER 18 2014...

CLIMATE NORMAL PERIOD 1981 TO 2010
CLIMATE RECORD PERIOD 1893 TO 2014


WEATHER ITEM   OBSERVED TIME   RECORD YEAR NORMAL DEPARTURE LAST
                VALUE   (LST)  VALUE       VALUE  FROM      YEAR
                                                  NORMAL
..................................................................
TEMPERATURE (F)
 YESTERDAY
  MAXIMUM         84    225 PM 100    1933  88     -4       94
                                      1912
  MINIMUM         73   1159 PM  47    1903  69      4       74
  AVERAGE         79                        79      0       84

PRECIPITATION (IN)
  YESTERDAY        0.08          1.44 1943   0.15  -0.07      T
  MONTH TO DATE    5.21                      2.95   2.26     0.46
  SINCE SEP 1      5.21                      2.95   2.26     0.46
  SINCE JAN 1     51.30                     43.57   7.73    43.34

DEGREE DAYS
 HEATING
  YESTERDAY        0                         0      0        0
  MONTH TO DATE    0                         0      0        0
  SINCE SEP 1      0                         0      0        0
  SINCE JUL 1      0                         0      0        0

 COOLING
  YESTERDAY       14                        14      0       19
  MONTH TO DATE  283                       285     -2      334
  SINCE SEP 1    283                       285     -2      334
  SINCE JAN 1   2340                      2546   -206     2436
..................................................................


WIND (MPH)
  HIGHEST WIND SPEED     9   HIGHEST WIND DIRECTION     E (100)
  HIGHEST GUST SPEED    14   HIGHEST GUST DIRECTION     E (100)
  AVERAGE WIND SPEED     1.1


SKY COVER
  POSSIBLE SUNSHINE  MM
  AVERAGE SKY COVER 0.4


WEATHER CONDITIONS
 THE FOLLOWING WEATHER WAS RECORDED YESTERDAY.
  THUNDERSTORM
  RAIN
  LIGHT RAIN
  FOG


RELATIVE HUMIDITY (PERCENT)
 HIGHEST   100          1200 AM
 LOWEST     74           100 PM
 AVERAGE    87

..........................................................


THE LAFAYETTE CLIMATE NORMALS FOR TODAY
                         NORMAL    RECORD    YEAR
 MAXIMUM TEMPERATURE (F)   88        99      1933
                                             1912
 MINIMUM TEMPERATURE (F)   69        46      1901


SUNRISE AND SUNSET
SEPTEMBER 19 2014.....SUNRISE   655 AM CDT   SUNSET   708 PM CDT
SEPTEMBER 20 2014.....SUNRISE   655 AM CDT   SUNSET   707 PM CDT


-  INDICATES NEGATIVE NUMBERS.
R  INDICATES RECORD WAS SET OR TIED.
MM INDICATES DATA IS MISSING.
T  INDICATES TRACE AMOUNT.




$$
