000
CDUS44 KLCH 070845
CLILFT


CLIMATE REPORT
NATIONAL WEATHER SERVICE LAKE CHARLES, LA
345 AM CDT TUE JUL 7 2015


...................................

...THE LAFAYETTE CLIMATE SUMMARY FOR JULY 6 2015...

CLIMATE NORMAL PERIOD 1981 TO 2010
CLIMATE RECORD PERIOD 1893 TO 2015


WEATHER ITEM   OBSERVED TIME   RECORD YEAR NORMAL DEPARTURE LAST
                VALUE   (LST)  VALUE       VALUE  FROM      YEAR
                                                  NORMAL
..................................................................
TEMPERATURE (F)
 YESTERDAY
  MAXIMUM         92    105 PM 102    1921  92      0       92
  MINIMUM         72    344 AM  61    1924  75     -3       69
  AVERAGE         82                        83     -1       81

PRECIPITATION (IN)
  YESTERDAY        0.00          2.94 1987   0.25  -0.25     0.00
  MONTH TO DATE    0.74                      1.45  -0.71     0.00
  SINCE JUN 1      8.35                      8.53  -0.18     8.59
  SINCE JAN 1     38.95                     31.15   7.80    31.63

DEGREE DAYS
 COOLING
  YESTERDAY       17                        18     -1       16
  MONTH TO DATE  101                       108     -7      102
  SINCE JUN 1    603                       606     -3      609
  SINCE JAN 1   1295                      1220     75     1078
..................................................................


WIND (MPH)
  HIGHEST WIND SPEED    15   HIGHEST WIND DIRECTION    SW (210)
  HIGHEST GUST SPEED    20   HIGHEST GUST DIRECTION    SW (220)
  AVERAGE WIND SPEED     6.0


SKY COVER
  POSSIBLE SUNSHINE  MM
  AVERAGE SKY COVER 0.1


WEATHER CONDITIONS
 THE FOLLOWING WEATHER WAS RECORDED YESTERDAY.
  NO SIGNIFICANT WEATHER WAS OBSERVED.


RELATIVE HUMIDITY (PERCENT)
 HIGHEST    94           600 AM
 LOWEST     52          1200 PM
 AVERAGE    73

..........................................................


THE LAFAYETTE CLIMATE NORMALS FOR TODAY
                         NORMAL    RECORD    YEAR
 MAXIMUM TEMPERATURE (F)   92        99      1921
 MINIMUM TEMPERATURE (F)   75        57      1924


SUNRISE AND SUNSET
JULY  7 2015..........SUNRISE   613 AM CDT   SUNSET   813 PM CDT
JULY  8 2015..........SUNRISE   613 AM CDT   SUNSET   813 PM CDT


-  INDICATES NEGATIVE NUMBERS.
R  INDICATES RECORD WAS SET OR TIED.
MM INDICATES DATA IS MISSING.
T  INDICATES TRACE AMOUNT.




$$
