000
CDUS41 KOKX 170622
CLILGA


CLIMATE REPORT
NATIONAL WEATHER SERVICE NEW YORK NY
222 AM EDT THU APR 17 2014


...................................

...THE LAGUARDIA NY CLIMATE SUMMARY FOR APRIL 16 2014...

CLIMATE NORMAL PERIOD 1981 TO 2010
CLIMATE RECORD PERIOD 1948 TO 2014


WEATHER ITEM   OBSERVED TIME   RECORD YEAR NORMAL DEPARTURE LAST
                VALUE   (LST)  VALUE       VALUE  FROM      YEAR
                                                  NORMAL
..................................................................
TEMPERATURE (F)
 YESTERDAY
  MAXIMUM         47    540 PM  89    2002  61    -14       62
  MINIMUM         32    700 AM  31    1943  45    -13       47
  AVERAGE         40                        53    -13       55

PRECIPITATION (IN)
  YESTERDAY        0.05          2.45 1983   0.13  -0.08     0.00
  MONTH TO DATE    2.18                      2.24  -0.06     1.01
  SINCE MAR 1      5.84                      6.21  -0.37     3.44
  SINCE JAN 1     13.13                     12.14   0.99     9.28

SNOWFALL (IN)
  YESTERDAY        T            MM      MM   0.0    0.0      0.0
  MONTH TO DATE    0.1                       0.4   -0.3      0.0
  SINCE OCT 1     52.2                      26.8   25.4     22.2
  SINCE JUL 1     52.2                      26.8   25.4     22.2
  SNOW DEPTH       0

DEGREE DAYS
 HEATING
  YESTERDAY       25                        12     13       10
  MONTH TO DATE  214                       239    -25      231
  SINCE MAR 1   1072                       946    126      983
  SINCE JUL 1   4729                      4375    354     4178

 COOLING
  YESTERDAY        0                         0      0        0
  MONTH TO DATE    0                         0      0        0
  SINCE MAR 1      0                         0      0        0
  SINCE JAN 1      0                         0      0        0
..................................................................


WIND (MPH)
  HIGHEST WIND SPEED    26   HIGHEST WIND DIRECTION    NW (320)
  HIGHEST GUST SPEED    35   HIGHEST GUST DIRECTION    NW (320)
  AVERAGE WIND SPEED    14.4


SKY COVER
  AVERAGE SKY COVER 0.2


WEATHER CONDITIONS
 THE FOLLOWING WEATHER WAS RECORDED YESTERDAY.
  MIXED PRECIP
  RAIN
  LIGHT SNOW
  SLEET
  FOG


RELATIVE HUMIDITY (PERCENT)
 HIGHEST    64           300 AM
 LOWEST     28           600 PM
 AVERAGE    46

..........................................................


THE LAGUARDIA NY CLIMATE NORMALS FOR TODAY
                         NORMAL    RECORD    YEAR
 MAXIMUM TEMPERATURE (F)   62        94      2002
 MINIMUM TEMPERATURE (F)   45        32      1980


SUNRISE AND SUNSET
APRIL 17 2014.........SUNRISE   614 AM EDT   SUNSET   737 PM EDT
APRIL 18 2014.........SUNRISE   612 AM EDT   SUNSET   738 PM EDT


-  INDICATES NEGATIVE NUMBERS.
R  INDICATES RECORD WAS SET OR TIED.
MM INDICATES DATA IS MISSING.
T  INDICATES TRACE AMOUNT.




$$
