000
CDUS41 KOKX 250617
CLILGA


CLIMATE REPORT
NATIONAL WEATHER SERVICE NEW YORK NY
117 AM EST TUE NOV 25 2014


...................................

...THE LAGUARDIA NY CLIMATE SUMMARY FOR NOVEMBER 24 2014...

CLIMATE NORMAL PERIOD 1981 TO 2010
CLIMATE RECORD PERIOD 1945 TO 2014


WEATHER ITEM   OBSERVED TIME   RECORD YEAR NORMAL DEPARTURE LAST
                VALUE   (LST)  VALUE       VALUE  FROM      YEAR
                                                  NORMAL
..................................................................
TEMPERATURE (F)
 YESTERDAY
  MAXIMUM         66   1159 PM  68    1999  52     14       32
  MINIMUM         49    120 AM  22    1956  39     10       24
  AVERAGE         58                        46     12       28

PRECIPITATION (IN)
  YESTERDAY        0.61          1.05 1959   0.12   0.49     0.00
  MONTH TO DATE    2.84                      2.69   0.15     0.56
  SINCE SEP 1      7.97                     10.20  -2.23     4.28
  SINCE JAN 1     43.03                     40.45   2.58    31.62

SNOWFALL (IN)
  YESTERDAY        0.0          MM      MM   0.0    0.0      0.0
  MONTH TO DATE    0.0                       0.1   -0.1      0.2
  SINCE OCT 1      0.0                       0.1   -0.1      0.2
  SINCE JUL 1      0.0                       0.1   -0.1      0.2
  SNOW DEPTH       0

DEGREE DAYS
 HEATING
  YESTERDAY        7                        20    -13       37
  MONTH TO DATE  446                       381     65      409
  SINCE SEP 1    622                       652    -30      611
  SINCE JUL 1    622                       653    -31      611

 COOLING
  YESTERDAY        0                         0      0        0
  MONTH TO DATE    0                         0      0        0
  SINCE SEP 1    205                       180     25      183
  SINCE JAN 1   1192                      1213    -21     1402
..................................................................


WIND (MPH)
  HIGHEST WIND SPEED    33   HIGHEST WIND DIRECTION     S (170)
  HIGHEST GUST SPEED    46   HIGHEST GUST DIRECTION     S (160)
  AVERAGE WIND SPEED    14.2


SKY COVER
  AVERAGE SKY COVER 0.6


WEATHER CONDITIONS
 THE FOLLOWING WEATHER WAS RECORDED YESTERDAY.
  RAIN
  LIGHT RAIN
  FOG


RELATIVE HUMIDITY (PERCENT)
 HIGHEST    97           600 AM
 LOWEST     72           600 PM
 AVERAGE    85

..........................................................


THE LAGUARDIA NY CLIMATE NORMALS FOR TODAY
                         NORMAL    RECORD    YEAR
 MAXIMUM TEMPERATURE (F)   51        68      1979
 MINIMUM TEMPERATURE (F)   39        23      2005


SUNRISE AND SUNSET
NOVEMBER 25 2014......SUNRISE   654 AM EST   SUNSET   431 PM EST
NOVEMBER 26 2014......SUNRISE   655 AM EST   SUNSET   431 PM EST


-  INDICATES NEGATIVE NUMBERS.
R  INDICATES RECORD WAS SET OR TIED.
MM INDICATES DATA IS MISSING.
T  INDICATES TRACE AMOUNT.




$$
