486
CDUS41 KOKX 260618
CLILGA


CLIMATE REPORT
NATIONAL WEATHER SERVICE NEW YORK NY
217 AM EDT TUE SEP 26 2017


...................................

...THE LAGUARDIA NY CLIMATE SUMMARY FOR SEPTEMBER 25 2017...

CLIMATE NORMAL PERIOD 1981 TO 2010
CLIMATE RECORD PERIOD 1939 TO 2017


WEATHER ITEM   OBSERVED TIME   RECORD YEAR NORMAL DEPARTURE LAST
                VALUE   (LST)  VALUE       VALUE  FROM      YEAR
                                                  NORMAL
..................................................................
TEMPERATURE (F)
 YESTERDAY
  MAXIMUM         86    440 PM  90    2010  73     13       71
                                      1970
  MINIMUM         71   1159 PM  42    1950  59     12       58
  AVERAGE         79                        66     13       65

PRECIPITATION (IN)
  YESTERDAY        0.00          2.84 1940   0.13  -0.13     0.00
  MONTH TO DATE    1.84                      3.06  -1.22     1.99
  SINCE SEP 1      1.84                      3.06  -1.22     1.99
  SINCE JAN 1     34.83                     33.31   1.52    25.71

SNOWFALL (IN)
  YESTERDAY        0.0          MM      MM   0.0    0.0      0.0
  MONTH TO DATE    0.0                       0.0    0.0      0.0
  SINCE OCT 1     33.2                      26.9    6.3     36.2
  SINCE JUL 1      0.0                       0.0    0.0      0.0
  SNOW DEPTH       0

DEGREE DAYS
 HEATING
  YESTERDAY        0                         2     -2        0
  MONTH TO DATE    5                        18    -13        0
  SINCE SEP 1      5                        18    -13        0
  SINCE JUL 1      5                        19    -14        0

 COOLING
  YESTERDAY       14                         3     11        0
  MONTH TO DATE  186                       147     39      269
  SINCE SEP 1    186                       147     39      269
  SINCE JAN 1   1317                      1180    137     1686
..................................................................


WIND (MPH)
  HIGHEST WIND SPEED    13   HIGHEST WIND DIRECTION    SE (150)
  HIGHEST GUST SPEED    23   HIGHEST GUST DIRECTION    NE (60)
  AVERAGE WIND SPEED     6.4


SKY COVER
  AVERAGE SKY COVER 0.1


WEATHER CONDITIONS
 THE FOLLOWING WEATHER WAS RECORDED YESTERDAY.
  NO SIGNIFICANT WEATHER WAS OBSERVED.


RELATIVE HUMIDITY (PERCENT)
 HIGHEST    90           300 AM
 LOWEST     55           300 PM
 AVERAGE    73

..........................................................


THE LAGUARDIA NY CLIMATE NORMALS FOR TODAY
                         NORMAL    RECORD    YEAR
 MAXIMUM TEMPERATURE (F)   73        90      2007
 MINIMUM TEMPERATURE (F)   58        44      1947
                                             1940


SUNRISE AND SUNSET
SEPTEMBER 26 2017.....SUNRISE   647 AM EDT   SUNSET   646 PM EDT
SEPTEMBER 27 2017.....SUNRISE   648 AM EDT   SUNSET   644 PM EDT


-  INDICATES NEGATIVE NUMBERS.
R  INDICATES RECORD WAS SET OR TIED.
MM INDICATES DATA IS MISSING.
T  INDICATES TRACE AMOUNT.




$$
