000
CDUS41 KOKX 070623
CLILGA


CLIMATE REPORT
NATIONAL WEATHER SERVICE NEW YORK NY
123 AM EST WED DEC 7 2016


...................................

...THE LAGUARDIA NY CLIMATE SUMMARY FOR DECEMBER 6 2016...

CLIMATE NORMAL PERIOD 1981 TO 2010
CLIMATE RECORD PERIOD 1939 TO 2016


WEATHER ITEM   OBSERVED TIME   RECORD YEAR NORMAL DEPARTURE LAST
                VALUE   (LST)  VALUE       VALUE  FROM      YEAR
                                                  NORMAL
..................................................................
TEMPERATURE (F)
 YESTERDAY
  MAXIMUM         47    611 PM  72    2001  47      0       53
  MINIMUM         41    705 AM  18    1954  35      6       40
  AVERAGE         44                        41      3       47

PRECIPITATION (IN)
  YESTERDAY        0.35          1.29 2014   0.12   0.23     0.00
  MONTH TO DATE    0.58                      0.75  -0.17     0.47
  SINCE DEC 1      0.58                      0.75  -0.17     0.47
  SINCE JAN 1     37.02                     41.92  -4.90    33.34

SNOWFALL (IN)
  YESTERDAY        0.0           5.9  2003   0.1   -0.1      0.0
  MONTH TO DATE    0.0                       0.5   -0.5      0.0
  SINCE OCT 1      T                         0.8   -0.8      0.0
  SINCE JUL 1      T                         0.8   -0.8      0.0
  SNOW DEPTH       0

DEGREE DAYS
 HEATING
  YESTERDAY       21                        24     -3       18
  MONTH TO DATE  109                       137    -28       96
  SINCE DEC 1    109                       137    -28       96
  SINCE JUL 1    647                       912   -265      658

 COOLING
  YESTERDAY        0                         0      0        0
  MONTH TO DATE    0                         0      0        0
  SINCE DEC 1      0                         0      0        0
  SINCE JAN 1   1745                      1214    531     1554
..................................................................


WIND (MPH)
  HIGHEST WIND SPEED    21   HIGHEST WIND DIRECTION     E (70)
  HIGHEST GUST SPEED    27   HIGHEST GUST DIRECTION     E (90)
  AVERAGE WIND SPEED    10.4


SKY COVER
  AVERAGE SKY COVER 0.8


WEATHER CONDITIONS
 THE FOLLOWING WEATHER WAS RECORDED YESTERDAY.
  RAIN
  LIGHT RAIN
  FOG


RELATIVE HUMIDITY (PERCENT)
 HIGHEST    82           900 PM
 LOWEST     53           100 AM
 AVERAGE    68

..........................................................


THE LAGUARDIA NY CLIMATE NORMALS FOR TODAY
                         NORMAL    RECORD    YEAR
 MAXIMUM TEMPERATURE (F)   47        75      1998
 MINIMUM TEMPERATURE (F)   35        17      1954


SUNRISE AND SUNSET
DECEMBER  7 2016......SUNRISE   707 AM EST   SUNSET   428 PM EST
DECEMBER  8 2016......SUNRISE   707 AM EST   SUNSET   428 PM EST


-  INDICATES NEGATIVE NUMBERS.
R  INDICATES RECORD WAS SET OR TIED.
MM INDICATES DATA IS MISSING.
T  INDICATES TRACE AMOUNT.




$$
