000
CDUS41 KOKX 220618
CLILGA


CLIMATE REPORT
NATIONAL WEATHER SERVICE NEW YORK NY
217 AM EDT FRI AUG 22 2014


...................................

...THE LAGUARDIA NY CLIMATE SUMMARY FOR AUGUST 21 2014...

CLIMATE NORMAL PERIOD 1981 TO 2010
CLIMATE RECORD PERIOD 1945 TO 2014


WEATHER ITEM   OBSERVED TIME   RECORD YEAR NORMAL DEPARTURE LAST
                VALUE   (LST)  VALUE       VALUE  FROM      YEAR
                                                  NORMAL
..................................................................
TEMPERATURE (F)
 YESTERDAY
  MAXIMUM         81    128 PM  97    1955  83     -2       90
  MINIMUM         64   1122 PM  57    1977  69     -5       74
                                      1940
  AVERAGE         73                        76     -3       82

PRECIPITATION (IN)
  YESTERDAY        1.24R         1.17 2007   0.13   1.11     0.00
  MONTH TO DATE    2.64                      2.91  -0.27     1.62
  SINCE JUN 1     10.32                     11.35  -1.03    12.58
  SINCE JAN 1     34.20                     29.04   5.16    26.99

SNOWFALL (IN)
  YESTERDAY        0.0          MM      MM   0.0    0.0      0.0
  MONTH TO DATE    0.0                       0.0    0.0      0.0
  SINCE OCT 1     52.4                      26.9   25.5     22.2
  SINCE JUL 1      0.0                       0.0    0.0      0.0
  SNOW DEPTH       0

DEGREE DAYS
 HEATING
  YESTERDAY        0                         0      0        0
  MONTH TO DATE    0                         0      0        0
  SINCE JUN 1      0                        16    -16        4
  SINCE JUL 1      0                         0      0        0

 COOLING
  YESTERDAY        8                        11     -3       17
  MONTH TO DATE  219                       251    -32      222
  SINCE JUN 1    833                       867    -34     1012
  SINCE JAN 1    883                       933    -50     1100
..................................................................


WIND (MPH)
  HIGHEST WIND SPEED    16   HIGHEST WIND DIRECTION    SW (210)
  HIGHEST GUST SPEED    21   HIGHEST GUST DIRECTION     S (200)
  AVERAGE WIND SPEED     7.4


SKY COVER
  AVERAGE SKY COVER 0.8


WEATHER CONDITIONS
 THE FOLLOWING WEATHER WAS RECORDED YESTERDAY.
  THUNDERSTORM
  HEAVY RAIN
  RAIN
  LIGHT RAIN
  FOG


RELATIVE HUMIDITY (PERCENT)
 HIGHEST    73           700 AM
 LOWEST     42           500 PM
 AVERAGE    58

..........................................................


THE LAGUARDIA NY CLIMATE NORMALS FOR TODAY
                         NORMAL    RECORD    YEAR
 MAXIMUM TEMPERATURE (F)   83        93      2003
 MINIMUM TEMPERATURE (F)   68        55      1982


SUNRISE AND SUNSET
AUGUST 22 2014........SUNRISE   613 AM EDT   SUNSET   744 PM EDT
AUGUST 23 2014........SUNRISE   614 AM EDT   SUNSET   742 PM EDT


-  INDICATES NEGATIVE NUMBERS.
R  INDICATES RECORD WAS SET OR TIED.
MM INDICATES DATA IS MISSING.
T  INDICATES TRACE AMOUNT.




$$
