000
CDUS41 KOKX 240633
CLILGA


CLIMATE REPORT
NATIONAL WEATHER SERVICE NEW YORK NY
233 AM EDT SUN JUL 24 2016


...................................

...THE LAGUARDIA NY CLIMATE SUMMARY FOR JULY 23 2016...

CLIMATE NORMAL PERIOD 1981 TO 2010
CLIMATE RECORD PERIOD 1939 TO 2016


WEATHER ITEM   OBSERVED TIME   RECORD YEAR NORMAL DEPARTURE LAST
                VALUE   (LST)  VALUE       VALUE  FROM      YEAR
                                                  NORMAL
..................................................................
TEMPERATURE (F)
 YESTERDAY
  MAXIMUM         99    512 PM 100    1955  86     13       85
  MINIMUM         82    415 AM  59    1992  70     12       71
  AVERAGE         91                        78     13       78

PRECIPITATION (IN)
  YESTERDAY        0.00          3.51 2004   0.14  -0.14     0.00
  MONTH TO DATE    2.42                      3.25  -0.83     1.87
  SINCE JUN 1      4.66                      7.19  -2.53     6.67
  SINCE JAN 1     20.03                     24.88  -4.85    21.72

SNOWFALL (IN)
  YESTERDAY        0.0          MM      MM   0.0    0.0      0.0
  MONTH TO DATE    0.0                       0.0    0.0      0.0
  SINCE OCT 1     36.2                      26.9    9.3     53.8
  SINCE JUL 1      0.0                       0.0    0.0      0.0
  SNOW DEPTH       0

DEGREE DAYS
 HEATING
  YESTERDAY        0                         0      0        0
  MONTH TO DATE    0                         0      0        0
  SINCE JUN 1      2                        16    -14       34
  SINCE JUL 1      0                         0      0        0

 COOLING
  YESTERDAY       26                        13     13       13
  MONTH TO DATE  362                       284     78      311
  SINCE JUN 1    632                       515    117      539
  SINCE JAN 1    751                       581    170      661
..................................................................


WIND (MPH)
  HIGHEST WIND SPEED    25   HIGHEST WIND DIRECTION    NW (310)
  HIGHEST GUST SPEED    32   HIGHEST GUST DIRECTION    NW (310)
  AVERAGE WIND SPEED    11.5


SKY COVER
  AVERAGE SKY COVER 0.3


WEATHER CONDITIONS
 THE FOLLOWING WEATHER WAS RECORDED YESTERDAY.
  HAZE


RELATIVE HUMIDITY (PERCENT)
 HIGHEST    55          1200 AM
 LOWEST     25           500 PM
 AVERAGE    40

..........................................................


THE LAGUARDIA NY CLIMATE NORMALS FOR TODAY
                         NORMAL    RECORD    YEAR
 MAXIMUM TEMPERATURE (F)   86        98      2010
                                             1999
 MINIMUM TEMPERATURE (F)   70        59      1992


SUNRISE AND SUNSET
JULY 24 2016..........SUNRISE   545 AM EDT   SUNSET   819 PM EDT
JULY 25 2016..........SUNRISE   546 AM EDT   SUNSET   818 PM EDT


-  INDICATES NEGATIVE NUMBERS.
R  INDICATES RECORD WAS SET OR TIED.
MM INDICATES DATA IS MISSING.
T  INDICATES TRACE AMOUNT.




$$
