089
CDUS41 KOKX 220626
CLILGA


CLIMATE REPORT
NATIONAL WEATHER SERVICE NEW YORK NY
126 AM EST WED FEB 22 2017


...................................

...THE LAGUARDIA NY CLIMATE SUMMARY FOR FEBRUARY 21 2017...

CLIMATE NORMAL PERIOD 1981 TO 2010
CLIMATE RECORD PERIOD 1939 TO 2017


WEATHER ITEM   OBSERVED TIME   RECORD YEAR NORMAL DEPARTURE LAST
                VALUE   (LST)  VALUE       VALUE  FROM      YEAR
                                                  NORMAL
..................................................................
TEMPERATURE (F)
 YESTERDAY
  MAXIMUM         47        MM  68    1953  43      4       57
  MINIMUM         36        MM   6    1968  29      7       42
                                      1950
  AVERAGE         42                        36      6       50

PRECIPITATION (IN)
  YESTERDAY        0.00          1.65 1951   0.10  -0.10     0.05
  MONTH TO DATE    1.55                      2.01  -0.46     2.51
  SINCE DEC 1      8.63                      8.74  -0.11    11.01
  SINCE JAN 1      5.68                      5.18   0.50     6.68

SNOWFALL (IN)
  YESTERDAY        0.0           4.3  2005   0.3   -0.3      0.0
  MONTH TO DATE   10.3                       7.0    3.3      5.6
  SINCE OCT 1     23.4                      19.9    3.5     34.4
  SINCE JUL 1     23.4                      19.9    3.5     34.4
  SNOW DEPTH       0

DEGREE DAYS
 HEATING
  YESTERDAY       23                        29     -6       15
  MONTH TO DATE  520                       636   -116      601
  SINCE DEC 1   2056                      2460   -404     1936
  SINCE JUL 1   2594                      3235   -641     2498

 COOLING
  YESTERDAY        0                         0      0        0
  MONTH TO DATE    0                         0      0        0
  SINCE DEC 1      0                         0      0        1
  SINCE JAN 1      0                         0      0        0
..................................................................


WIND (MPH)
  HIGHEST WIND SPEED    13   HIGHEST WIND DIRECTION     S (170)
  HIGHEST GUST SPEED    MM   HIGHEST GUST DIRECTION    MM
  AVERAGE WIND SPEED     9.0


SKY COVER
  AVERAGE SKY COVER 0.7


WEATHER CONDITIONS
 THE FOLLOWING WEATHER WAS RECORDED YESTERDAY.
  NO SIGNIFICANT WEATHER WAS OBSERVED.


RELATIVE HUMIDITY (PERCENT)
 HIGHEST    65           800 PM
 LOWEST     32          1200 AM
 AVERAGE    49

..........................................................


THE LAGUARDIA NY CLIMATE NORMALS FOR TODAY
                         NORMAL    RECORD    YEAR
 MAXIMUM TEMPERATURE (F)   44        70      1997
 MINIMUM TEMPERATURE (F)   30         9      1963


SUNRISE AND SUNSET
FEBRUARY 22 2017......SUNRISE   640 AM EST   SUNSET   539 PM EST
FEBRUARY 23 2017......SUNRISE   638 AM EST   SUNSET   540 PM EST


-  INDICATES NEGATIVE NUMBERS.
R  INDICATES RECORD WAS SET OR TIED.
MM INDICATES DATA IS MISSING.
T  INDICATES TRACE AMOUNT.




$$
