000
CDUS41 KOKX 230619
CLILGA


CLIMATE REPORT
NATIONAL WEATHER SERVICE NEW YORK NY
118 AM EST MON JAN 23 2017


...................................

...THE LAGUARDIA NY CLIMATE SUMMARY FOR JANUARY 22 2017...

CLIMATE NORMAL PERIOD 1981 TO 2010
CLIMATE RECORD PERIOD 1939 TO 2017


WEATHER ITEM   OBSERVED TIME   RECORD YEAR NORMAL DEPARTURE LAST
                VALUE   (LST)  VALUE       VALUE  FROM      YEAR
                                                  NORMAL
..................................................................
TEMPERATURE (F)
 YESTERDAY
  MAXIMUM         50    844 PM  57    1973  39     11       30
                                      1967
                                      1959
  MINIMUM         43   1236 PM   5    2005  26     17       22
  AVERAGE         47                        33     14       26

PRECIPITATION (IN)
  YESTERDAY        0.03          1.25 1987   0.10  -0.07      T
  MONTH TO DATE    2.15                      2.28  -0.13     1.73
  SINCE DEC 1      5.10                      5.84  -0.74     6.06
  SINCE JAN 1      2.15                      2.28  -0.13     1.73

SNOWFALL (IN)
  YESTERDAY        0.0          11.3  1987   0.2   -0.2       T
  MONTH TO DATE    8.9                       5.2    3.7      0.6
  SINCE OCT 1     11.9                      10.7    1.2      0.6
  SINCE JUL 1     11.9                      10.7    1.2      0.6
  SNOW DEPTH       0

DEGREE DAYS
 HEATING
  YESTERDAY       18                        32    -14       39
  MONTH TO DATE  560                       700   -140      647
  SINCE DEC 1   1318                      1531   -213     1080
  SINCE JUL 1   1856                      2306   -450     1642

 COOLING
  YESTERDAY        0                         0      0        0
  MONTH TO DATE    0                         0      0        0
  SINCE DEC 1      0                         0      0        1
  SINCE JAN 1      0                         0      0        0
..................................................................


WIND (MPH)
  HIGHEST WIND SPEED    30   HIGHEST WIND DIRECTION    NE (60)
  HIGHEST GUST SPEED    39   HIGHEST GUST DIRECTION    NE (60)
  AVERAGE WIND SPEED    10.6


SKY COVER
  AVERAGE SKY COVER 1.0


WEATHER CONDITIONS
 THE FOLLOWING WEATHER WAS RECORDED YESTERDAY.
  RAIN
  LIGHT RAIN
  FOG
  FOG W/VISIBILITY <= 1/4 MILE
  HAZE


RELATIVE HUMIDITY (PERCENT)
 HIGHEST   100           800 AM
 LOWEST     71          1000 PM
 AVERAGE    86

..........................................................


THE LAGUARDIA NY CLIMATE NORMALS FOR TODAY
                         NORMAL    RECORD    YEAR
 MAXIMUM TEMPERATURE (F)   39        62      1967
                                             1957
 MINIMUM TEMPERATURE (F)   26         3      1976


SUNRISE AND SUNSET
JANUARY 23 2017.......SUNRISE   713 AM EST   SUNSET   502 PM EST
JANUARY 24 2017.......SUNRISE   712 AM EST   SUNSET   504 PM EST


-  INDICATES NEGATIVE NUMBERS.
R  INDICATES RECORD WAS SET OR TIED.
MM INDICATES DATA IS MISSING.
T  INDICATES TRACE AMOUNT.




$$
