000
CDUS46 KLOX 190857
CLILGB


CLIMATE REPORT
NATIONAL WEATHER SERVICE LOS ANGELES/OXNARD CA
157 AM PDT THU OCT 19 2017


...................................

...THE LONG BEACH AIRPORT CA CLIMATE SUMMARY FOR OCTOBER 18 2017...

CLIMATE NORMAL PERIOD 1981 TO 2010
CLIMATE RECORD PERIOD 1958 TO 2017


WEATHER ITEM   OBSERVED TIME   RECORD YEAR NORMAL DEPARTURE LAST
                VALUE   (LST)  VALUE       VALUE  FROM      YEAR
                                                  NORMAL
..................................................................
TEMPERATURE (F)
 YESTERDAY
  MAXIMUM         83    422 PM  95    1966  77      6       76
  MINIMUM         65    422 AM  47    1980  58      7       59
  AVERAGE         74                        68      6       68

PRECIPITATION (IN)
  YESTERDAY        0.00          0.30 2005   0.02  -0.02     0.00
  MONTH TO DATE    0.00                      0.30  -0.30     0.29
  SINCE OCT 1      0.00                      0.30  -0.30     0.29
  SINCE JAN 1     14.90                      8.98   5.92     4.28

SNOWFALL (IN)
  YESTERDAY        0.0
  MONTH TO DATE    0.0
  SINCE SEP 1      0.0
  SINCE JUL 1      0.0

DEGREE DAYS
 HEATING
  YESTERDAY        0                         1     -1        0
  MONTH TO DATE    0                         2     -2        1
  SINCE SEP 1      0                         3     -3        1
  SINCE JUL 1      0                         3     -3        1

 COOLING
  YESTERDAY        9                         3      6        3
  MONTH TO DATE  129                        73     56       85
  SINCE SEP 1    395                       304     91      348
  SINCE JAN 1   1361                      1072    289     1292
..................................................................


WIND (MPH)
  HIGHEST WIND SPEED    13   HIGHEST WIND DIRECTION     W (290)
  HIGHEST GUST SPEED    15   HIGHEST GUST DIRECTION     W (290)
  AVERAGE WIND SPEED     3.9


SKY COVER
  POSSIBLE SUNSHINE  MM
  AVERAGE SKY COVER 0.0


WEATHER CONDITIONS
 THE FOLLOWING WEATHER WAS RECORDED YESTERDAY.
  NO SIGNIFICANT WEATHER WAS OBSERVED.


RELATIVE HUMIDITY (PERCENT)
 HIGHEST    87           200 AM
 LOWEST     30           500 PM
 AVERAGE    59

..........................................................


THE LONG BEACH AIRPORT CA CLIMATE NORMALS FOR TODAY
                         NORMAL    RECORD    YEAR
 MAXIMUM TEMPERATURE (F)   77        95      1981
                                             1964
 MINIMUM TEMPERATURE (F)   58        49      1980


SUNRISE AND SUNSET
OCTOBER 19 2017.......SUNRISE   701 AM PDT   SUNSET   613 PM PDT
OCTOBER 20 2017.......SUNRISE   702 AM PDT   SUNSET   612 PM PDT


-  INDICATES NEGATIVE NUMBERS.
R  INDICATES RECORD WAS SET OR TIED.
MM INDICATES DATA IS MISSING.
T  INDICATES TRACE AMOUNT.




$$
