000
CDUS46 KLOX 220859
CLILGB


CLIMATE REPORT
NATIONAL WEATHER SERVICE LOS ANGELES/OXNARD CA
1259 AM PST MON DEC 22 2014


...................................

...THE LONG BEACH AIRPORT CA CLIMATE SUMMARY FOR DECEMBER 21 2014...

CLIMATE NORMAL PERIOD 1981 TO 2010
CLIMATE RECORD PERIOD 1958 TO 2014


WEATHER ITEM   OBSERVED TIME   RECORD YEAR NORMAL DEPARTURE LAST
                VALUE   (LST)  VALUE       VALUE  FROM      YEAR
                                                  NORMAL
..................................................................
TEMPERATURE (F)
 YESTERDAY
  MAXIMUM         67    119 PM  80    1972  66      1       61
  MINIMUM         52    729 AM  31    1968  45      7       46
  AVERAGE         60                        56      4       54

PRECIPITATION (IN)
  YESTERDAY        0.00          1.21 2010   0.07  -0.07     0.00
  MONTH TO DATE    4.37                      1.20   3.17     0.34
  SINCE JUL 1      5.41                      3.07   2.34     1.31
  SINCE JAN 1      8.60                     11.51  -2.91     4.18

SNOWFALL (IN)
  YESTERDAY        0.0
  MONTH TO DATE    0.0
  SINCE DEC 1      0.0
  SINCE JUL 1      0.0

DEGREE DAYS
 HEATING
  YESTERDAY        5                         9     -4       11
  MONTH TO DATE   90                       180    -90      179
  SINCE DEC 1     90                       180    -90      179
  SINCE JUL 1    126                       329   -203      274

 COOLING
  YESTERDAY        0                         0      0        0
  MONTH TO DATE    3                         0      3        8
  SINCE DEC 1      3                         0      3        8
  SINCE JAN 1   1705                      1125    580     1235
..................................................................


WIND (MPH)
  HIGHEST WIND SPEED     8   HIGHEST WIND DIRECTION    SW (210)
  HIGHEST GUST SPEED    11   HIGHEST GUST DIRECTION     S (200)
  AVERAGE WIND SPEED     2.2


SKY COVER
  POSSIBLE SUNSHINE  MM
  AVERAGE SKY COVER 0.2


WEATHER CONDITIONS
 THE FOLLOWING WEATHER WAS RECORDED YESTERDAY.
  FOG
  HAZE


RELATIVE HUMIDITY (PERCENT)
 HIGHEST    93          1000 PM
 LOWEST     67          1200 PM
 AVERAGE    80

..........................................................


THE LONG BEACH AIRPORT CA CLIMATE NORMALS FOR TODAY
                         NORMAL    RECORD    YEAR
 MAXIMUM TEMPERATURE (F)   66        84      1960
 MINIMUM TEMPERATURE (F)   45        28      1990


SUNRISE AND SUNSET
DECEMBER 22 2014......SUNRISE   654 AM PST   SUNSET   448 PM PST
DECEMBER 23 2014......SUNRISE   655 AM PST   SUNSET   449 PM PST


-  INDICATES NEGATIVE NUMBERS.
R  INDICATES RECORD WAS SET OR TIED.
MM INDICATES DATA IS MISSING.
T  INDICATES TRACE AMOUNT.




$$
