685
CDUS46 KLOX 130912
CLILGB


CLIMATE REPORT
NATIONAL WEATHER SERVICE LOS ANGELES/OXNARD CA
112 AM PST SAT FEB 13 2016


...................................

...THE LONG BEACH AIRPORT CA CLIMATE SUMMARY FOR FEBRUARY 12 2016...

CLIMATE NORMAL PERIOD 1981 TO 2010
CLIMATE RECORD PERIOD 1958 TO 2016


WEATHER ITEM   OBSERVED TIME   RECORD YEAR NORMAL DEPARTURE LAST
                VALUE   (LST)  VALUE       VALUE  FROM      YEAR
                                                  NORMAL
..................................................................
TEMPERATURE (F)
 YESTERDAY
  MAXIMUM         82   1244 PM  91    1971  67     15       88
  MINIMUM         51    654 AM  33    1965  48      3       53
  AVERAGE         67                        57     10       71

PRECIPITATION (IN)
  YESTERDAY        0.00          2.53 2003   0.11  -0.11     0.00
  MONTH TO DATE    0.00                      1.22  -1.22      T
  SINCE OCT 1      3.29                      7.40  -4.11     6.13
  SINCE JAN 1      2.29                      3.82  -1.53     0.87

SNOWFALL (IN)
  YESTERDAY        0.0
  MONTH TO DATE    0.0
  SINCE DEC 1      0.0
  SINCE JUL 1      0.0

DEGREE DAYS
 HEATING
  YESTERDAY        0                         8     -8        0
  MONTH TO DATE   54                        96    -42       19
  SINCE DEC 1    520                       626   -106      333
  SINCE JUL 1    612                       775   -163      369

 COOLING
  YESTERDAY        2                         0      2        6
  MONTH TO DATE   24                         0     24       17
  SINCE DEC 1     30                         4     26       30
  SINCE JAN 1     24                         3     21       25
..................................................................


WIND (MPH)
  HIGHEST WIND SPEED    12   HIGHEST WIND DIRECTION    NW (310)
  HIGHEST GUST SPEED    13   HIGHEST GUST DIRECTION    NW (320)
  AVERAGE WIND SPEED     2.3


SKY COVER
  POSSIBLE SUNSHINE  MM
  AVERAGE SKY COVER 0.0


WEATHER CONDITIONS
 THE FOLLOWING WEATHER WAS RECORDED YESTERDAY.
  HAZE


RELATIVE HUMIDITY (PERCENT)
 HIGHEST    80          1100 PM
 LOWEST     23          1200 PM
 AVERAGE    52

..........................................................


THE LONG BEACH AIRPORT CA CLIMATE NORMALS FOR TODAY
                         NORMAL    RECORD    YEAR
 MAXIMUM TEMPERATURE (F)   67        89      2015
 MINIMUM TEMPERATURE (F)   48        37      1965


SUNRISE AND SUNSET
FEBRUARY 13 2016......SUNRISE   639 AM PST   SUNSET   535 PM PST
FEBRUARY 14 2016......SUNRISE   638 AM PST   SUNSET   536 PM PST


-  INDICATES NEGATIVE NUMBERS.
R  INDICATES RECORD WAS SET OR TIED.
MM INDICATES DATA IS MISSING.
T  INDICATES TRACE AMOUNT.




$$
