507
CDHW41 PHFO 091245
CLILIH


CLIMATE REPORT
NATIONAL WEATHER SERVICE HONOLULU HI
245 AM HST TUE FEB 9 2016


...................................

...THE LIHUE HI CLIMATE SUMMARY FOR FEBRUARY 8 2016...

CLIMATE NORMAL PERIOD 1981 TO 2010
CLIMATE RECORD PERIOD 1946 TO 2016


WEATHER ITEM   OBSERVED TIME   RECORD YEAR NORMAL DEPARTURE LAST
                VALUE   (LST)  VALUE       VALUE  FROM      YEAR
                                                  NORMAL
..................................................................
TEMPERATURE (F)
 YESTERDAY
  MAXIMUM         74    455 PM  85    1991  78     -4       80
                                      1986
                                      1958
  MINIMUM         56R   653 AM  56    1998  65     -9       62
  AVERAGE         65                        72     -7       71

PRECIPITATION (IN)
  YESTERDAY        0.00          0.74 1966   0.10  -0.10     0.00
  MONTH TO DATE    T                         0.89  -0.89     0.27
  SINCE DEC 1      1.74                      9.84  -8.10     2.83
  SINCE JAN 1      0.32                      4.64  -4.32     1.43

SNOWFALL (IN)
  YESTERDAY        0.0
  MONTH TO DATE    0.0
  SINCE DEC 1      0.0
  SINCE JUL 1      0.0
  SNOW DEPTH       0

DEGREE DAYS
 HEATING
  YESTERDAY        0                         0      0        0
  MONTH TO DATE    0                         0      0        0
  SINCE DEC 1      0                         0      0        0
  SINCE JUL 1      0                         0      0        0

 COOLING
  YESTERDAY        0                         7     -7        6
  MONTH TO DATE   60                        56      4       69
  SINCE DEC 1    658                       519    139      493
  SINCE JAN 1    302                       265     37      277
..................................................................


WIND (MPH)
  HIGHEST WIND SPEED    17   HIGHEST WIND DIRECTION    NE (40)
  HIGHEST GUST SPEED    21   HIGHEST GUST DIRECTION    NE (30)
  AVERAGE WIND SPEED     8.9


SKY COVER
  POSSIBLE SUNSHINE  MM
  AVERAGE SKY COVER 0.2


WEATHER CONDITIONS
 THE FOLLOWING WEATHER WAS RECORDED YESTERDAY.
  NO SIGNIFICANT WEATHER WAS OBSERVED.


RELATIVE HUMIDITY (PERCENT)
 HIGHEST    78          1000 PM
 LOWEST     41          1100 AM
 AVERAGE    60

..........................................................


THE LIHUE HI CLIMATE NORMALS FOR TODAY
                         NORMAL    RECORD    YEAR
 MAXIMUM TEMPERATURE (F)   78        84      1958
 MINIMUM TEMPERATURE (F)   65        54      1981


SUNRISE AND SUNSET
FEBRUARY  9 2016......SUNRISE   712 AM HST   SUNSET   631 PM HST
FEBRUARY 10 2016......SUNRISE   712 AM HST   SUNSET   632 PM HST


-  INDICATES NEGATIVE NUMBERS.
R  INDICATES RECORD WAS SET OR TIED.
MM INDICATES DATA IS MISSING.
T  INDICATES TRACE AMOUNT.




$$
