000
CDHW41 PHFO 191245
CLILIH


CLIMATE REPORT
NATIONAL WEATHER SERVICE HONOLULU HI
245 AM HST SUN NOV 19 2017


...................................

...THE LIHUE HI CLIMATE SUMMARY FOR NOVEMBER 18 2017...

CLIMATE NORMAL PERIOD 1981 TO 2010
CLIMATE RECORD PERIOD 1946 TO 2017


WEATHER ITEM   OBSERVED TIME   RECORD YEAR NORMAL DEPARTURE LAST
                VALUE   (LST)  VALUE       VALUE  FROM      YEAR
                                                  NORMAL
..................................................................
TEMPERATURE (F)
 YESTERDAY
  MAXIMUM         78   1111 AM  85    1983  81     -3       83
                                      1963
  MINIMUM         62R   650 AM  63    1983  71     -9       72
  AVERAGE         70                        76     -6       78

PRECIPITATION (IN)
  YESTERDAY        0.02          1.00 1997   0.15  -0.13     0.03
  MONTH TO DATE    0.80                      2.73  -1.93     0.09
  SINCE SEP 1      4.14                      8.67  -4.53     1.18
  SINCE JAN 1     21.84                     30.12  -8.28    11.92

SNOWFALL (IN)
  YESTERDAY        0.0
  MONTH TO DATE    0.0
  SINCE SEP 1      0.0
  SINCE JUL 1      0.0
  SNOW DEPTH      MM

DEGREE DAYS
 HEATING
  YESTERDAY        0                         0      0        0
  MONTH TO DATE    0                         0      0        0
  SINCE SEP 1      0                         0      0        0
  SINCE JUL 1      0                         0      0        0

 COOLING
  YESTERDAY        5                        11     -6       13
  MONTH TO DATE  225                       205     20      215
  SINCE SEP 1   1131                      1046     85     1158
  SINCE JAN 1   4004                      3572    432     3817
..................................................................


WIND (MPH)
  HIGHEST WIND SPEED    21   HIGHEST WIND DIRECTION     N (10)
  HIGHEST GUST SPEED    25   HIGHEST GUST DIRECTION     N (360)
  AVERAGE WIND SPEED     7.8


SKY COVER
  POSSIBLE SUNSHINE  MM
  AVERAGE SKY COVER  MM


WEATHER CONDITIONS
 THE FOLLOWING WEATHER WAS RECORDED YESTERDAY.
  FOG


RELATIVE HUMIDITY (PERCENT)
 HIGHEST    MM
 LOWEST     MM
 AVERAGE    MM

..........................................................


THE LIHUE HI CLIMATE NORMALS FOR TODAY
                         NORMAL    RECORD    YEAR
 MAXIMUM TEMPERATURE (F)   81        85      2015
                                             1957
 MINIMUM TEMPERATURE (F)   71        63      1997
                                             1957


SUNRISE AND SUNSET
NOVEMBER 19 2017......SUNRISE   652 AM HST   SUNSET   554 PM HST
NOVEMBER 20 2017......SUNRISE   653 AM HST   SUNSET   553 PM HST


-  INDICATES NEGATIVE NUMBERS.
R  INDICATES RECORD WAS SET OR TIED.
MM INDICATES DATA IS MISSING.
T  INDICATES TRACE AMOUNT.




$$
