000
CDHW41 PHFO 230232
CLILIH


CLIMATE REPORT
NATIONAL WEATHER SERVICE HONOLULU HI
430 PM HST WED MAR 22 2017


...................................

...THE LIHUE HI CLIMATE SUMMARY FOR MARCH 22 2017...
VALID TODAY AS OF 0400 PM LOCAL TIME.

CLIMATE NORMAL PERIOD 1981 TO 2010
CLIMATE RECORD PERIOD 1946 TO 2017


WEATHER ITEM   OBSERVED TIME   RECORD YEAR NORMAL DEPARTURE LAST
                VALUE   (LST)  VALUE       VALUE  FROM      YEAR
                                                  NORMAL
..................................................................
TEMPERATURE (F)
 TODAY
  MAXIMUM         80    338 PM  85    1981  79      1       80
  MINIMUM         73    703 AM  57    1957  68      5       68
  AVERAGE         77                        73      4       74

PRECIPITATION (IN)
  TODAY            0.00          2.31 1955   0.15  -0.15     0.00
  MONTH TO DATE    4.06                      3.28   0.78     0.20
  SINCE MAR 1      4.06                      3.28   0.78     0.20
  SINCE JAN 1     10.54                     10.19   0.35     1.37

SNOWFALL (IN)
  TODAY            0.0
  MONTH TO DATE    0.0
  SINCE MAR 1      0.0
  SINCE JUL 1      0.0
  SNOW DEPTH       0

DEGREE DAYS
 HEATING
  TODAY            0                         0      0        0
  MONTH TO DATE    0                         0      0        0
  SINCE MAR 1      0                         0      0        0
  SINCE JUL 1      0                         0      0        0

 COOLING
  TODAY           12                         8      4        9
  MONTH TO DATE  177                       164     13      166
  SINCE MAR 1    177                       164     13      166
  SINCE JAN 1    618                       559     59      621
..................................................................


WIND (MPH)
  HIGHEST WIND SPEED    15   HIGHEST WIND DIRECTION     E (90)
  HIGHEST GUST SPEED    18   HIGHEST GUST DIRECTION    NE (60)
  AVERAGE WIND SPEED    11.4


SKY COVER
  POSSIBLE SUNSHINE  MM
  AVERAGE SKY COVER 0.3


WEATHER CONDITIONS
 THE FOLLOWING WEATHER WAS RECORDED TODAY.
  NO SIGNIFICANT WEATHER WAS OBSERVED.


RELATIVE HUMIDITY (PERCENT)
 HIGHEST    79          1200 AM
 LOWEST     62           200 PM
 AVERAGE    71

..........................................................


THE LIHUE HI CLIMATE NORMALS FOR TOMORROW
                         NORMAL    RECORD    YEAR
 MAXIMUM TEMPERATURE (F)   79        83      1981
                                             1961
 MINIMUM TEMPERATURE (F)   68        55      1957
                                             1954


SUNRISE AND SUNSET
MARCH 22 2017.........SUNRISE   639 AM HST   SUNSET   649 PM HST
MARCH 23 2017.........SUNRISE   638 AM HST   SUNSET   650 PM HST


-  INDICATES NEGATIVE NUMBERS.
R  INDICATES RECORD WAS SET OR TIED.
MM INDICATES DATA IS MISSING.
T  INDICATES TRACE AMOUNT.




$$
