000
CDHW41 PHFO 271245
CLILIH


CLIMATE REPORT
NATIONAL WEATHER SERVICE HONOLULU HI
245 AM HST SAT MAY 27 2017


...................................

...THE LIHUE HI CLIMATE SUMMARY FOR MAY 26 2017...

CLIMATE NORMAL PERIOD 1981 TO 2010
CLIMATE RECORD PERIOD 1946 TO 2017


WEATHER ITEM   OBSERVED TIME   RECORD YEAR NORMAL DEPARTURE LAST
                VALUE   (LST)  VALUE       VALUE  FROM      YEAR
                                                  NORMAL
..................................................................
TEMPERATURE (F)
 YESTERDAY
  MAXIMUM         84    131 PM  85    1979  82      2       81
                                      1960
  MINIMUM         69   1159 PM  62    1959  71     -2       71
  AVERAGE         77                        77      0       76

PRECIPITATION (IN)
  YESTERDAY        0.03          0.36 1988   0.06  -0.03     0.04
  MONTH TO DATE    0.78                      1.82  -1.04     0.92
  SINCE MAR 1      7.28                      8.68  -1.40     4.38
  SINCE JAN 1     13.76                     15.59  -1.83     5.55

SNOWFALL (IN)
  YESTERDAY        0.0
  MONTH TO DATE    0.0
  SINCE MAR 1      0.0
  SINCE JUL 1      0.0
  SNOW DEPTH      MM

DEGREE DAYS
 HEATING
  YESTERDAY        0                         0      0        0
  MONTH TO DATE    0                         0      0        0
  SINCE MAR 1      0                         0      0        0
  SINCE JUL 1      0                         0      0        0

 COOLING
  YESTERDAY       12                        12      0       11
  MONTH TO DATE  346                       276     70      327
  SINCE MAR 1    967                       785    182      895
  SINCE JAN 1   1408                      1180    228     1350
..................................................................


WIND (MPH)
  HIGHEST WIND SPEED    16   HIGHEST WIND DIRECTION     N (10)
  HIGHEST GUST SPEED    19   HIGHEST GUST DIRECTION     N (10)
  AVERAGE WIND SPEED     7.7


SKY COVER
  POSSIBLE SUNSHINE  MM
  AVERAGE SKY COVER  MM


WEATHER CONDITIONS
 THE FOLLOWING WEATHER WAS RECORDED YESTERDAY.
  NO SIGNIFICANT WEATHER WAS OBSERVED.


RELATIVE HUMIDITY (PERCENT)
 HIGHEST    MM
 LOWEST     MM
 AVERAGE    MM

..........................................................


THE LIHUE HI CLIMATE NORMALS FOR TODAY
                         NORMAL    RECORD    YEAR
 MAXIMUM TEMPERATURE (F)   82        85      1981
 MINIMUM TEMPERATURE (F)   71        64      1997
                                             1973


SUNRISE AND SUNSET
MAY 27 2017...........SUNRISE   554 AM HST   SUNSET   715 PM HST
MAY 28 2017...........SUNRISE   554 AM HST   SUNSET   716 PM HST


-  INDICATES NEGATIVE NUMBERS.
R  INDICATES RECORD WAS SET OR TIED.
MM INDICATES DATA IS MISSING.
T  INDICATES TRACE AMOUNT.




$$
