000
CDHW41 PHFO 241245
CLILIH


CLIMATE REPORT
NATIONAL WEATHER SERVICE HONOLULU HI
245 AM HST FRI FEB 24 2017


...................................

...THE LIHUE HI CLIMATE SUMMARY FOR FEBRUARY 23 2017...

CLIMATE NORMAL PERIOD 1981 TO 2010
CLIMATE RECORD PERIOD 1946 TO 2017


WEATHER ITEM   OBSERVED TIME   RECORD YEAR NORMAL DEPARTURE LAST
                VALUE   (LST)  VALUE       VALUE  FROM      YEAR
                                                  NORMAL
..................................................................
TEMPERATURE (F)
 YESTERDAY
  MAXIMUM         78   1249 PM  83    1980  78      0       76
  MINIMUM         68    619 AM  56    1957  66      2       63
  AVERAGE         73                        72      1       70

PRECIPITATION (IN)
  YESTERDAY        0.01          3.46 2006   0.12  -0.11     0.00
  MONTH TO DATE    4.50                      2.55   1.95     0.84
  SINCE DEC 1      5.87                     11.50  -5.63     2.58
  SINCE JAN 1      4.70                      6.30  -1.60     1.16

SNOWFALL (IN)
  YESTERDAY        0.0
  MONTH TO DATE    0.0
  SINCE DEC 1      0.0
  SINCE JUL 1      0.0
  SNOW DEPTH       0

DEGREE DAYS
 HEATING
  YESTERDAY        0                         0      0        0
  MONTH TO DATE    0                         0      0        0
  SINCE DEC 1      0                         0      0        0
  SINCE JUL 1      0                         0      0        0

 COOLING
  YESTERDAY        8                         7      1        5
  MONTH TO DATE  172                       161     11      172
  SINCE DEC 1    686                       624     62      770
  SINCE JAN 1    416                       370     46      414
..................................................................


WIND (MPH)
  HIGHEST WIND SPEED    23   HIGHEST WIND DIRECTION    NE (60)
  HIGHEST GUST SPEED    27   HIGHEST GUST DIRECTION    NE (50)
  AVERAGE WIND SPEED    17.3


SKY COVER
  POSSIBLE SUNSHINE  MM
  AVERAGE SKY COVER 0.6


WEATHER CONDITIONS
 THE FOLLOWING WEATHER WAS RECORDED YESTERDAY.
  NO SIGNIFICANT WEATHER WAS OBSERVED.


RELATIVE HUMIDITY (PERCENT)
 HIGHEST    78           700 AM
 LOWEST     50          1200 PM
 AVERAGE    64

..........................................................


THE LIHUE HI CLIMATE NORMALS FOR TODAY
                         NORMAL    RECORD    YEAR
 MAXIMUM TEMPERATURE (F)   78        85      1983
 MINIMUM TEMPERATURE (F)   66        56      1962


SUNRISE AND SUNSET
FEBRUARY 24 2017......SUNRISE   702 AM HST   SUNSET   639 PM HST
FEBRUARY 25 2017......SUNRISE   701 AM HST   SUNSET   640 PM HST


-  INDICATES NEGATIVE NUMBERS.
R  INDICATES RECORD WAS SET OR TIED.
MM INDICATES DATA IS MISSING.
T  INDICATES TRACE AMOUNT.




$$
