000
CDHW41 PHFO 241245
CLILIH


CLIMATE REPORT
NATIONAL WEATHER SERVICE HONOLULU HI
245 AM HST THU APR 24 2014


...................................

...THE LIHUE HI CLIMATE SUMMARY FOR APRIL 23 2014...

CLIMATE NORMAL PERIOD 1981 TO 2010
CLIMATE RECORD PERIOD 1946 TO 2014


WEATHER ITEM   OBSERVED TIME   RECORD YEAR NORMAL DEPARTURE LAST
                VALUE   (LST)  VALUE       VALUE  FROM      YEAR
                                                  NORMAL
..................................................................
TEMPERATURE (F)
 YESTERDAY
  MAXIMUM         80   1210 PM  85    1997  80      0       75
                                      1981
                                      1962
  MINIMUM         72    708 AM  57    1956  69      3       66
  AVERAGE         76                        74      2       71

PRECIPITATION (IN)
  YESTERDAY        0.01          1.07 1954   0.07  -0.06     0.09
  MONTH TO DATE    0.35                      1.82  -1.47     2.78
  SINCE MAR 1      2.28                      6.43  -4.15     7.07
  SINCE JAN 1     12.68                     13.34  -0.66    13.95

SNOWFALL (IN)
  YESTERDAY        0.0
  MONTH TO DATE    0.0
  SINCE MAR 1      0.0
  SINCE JUL 1      0.0
  SNOW DEPTH       0

DEGREE DAYS
 HEATING
  YESTERDAY        0                         0      0        0
  MONTH TO DATE    0                         0      0        0
  SINCE MAR 1      0                         0      0        0
  SINCE JUL 1      0                         0      0        0

 COOLING
  YESTERDAY       11                         9      2        6
  MONTH TO DATE  223                       206     17      153
  SINCE MAR 1    434                       445    -11      306
  SINCE JAN 1    810                       840    -30      693
..................................................................


WIND (MPH)
  HIGHEST WIND SPEED    23   HIGHEST WIND DIRECTION    NE (40)
  HIGHEST GUST SPEED    28   HIGHEST GUST DIRECTION    NE (50)
  AVERAGE WIND SPEED    17.1


SKY COVER
  POSSIBLE SUNSHINE  MM
  AVERAGE SKY COVER 0.6


WEATHER CONDITIONS
 THE FOLLOWING WEATHER WAS RECORDED YESTERDAY.
  LIGHT RAIN
  FOG


RELATIVE HUMIDITY (PERCENT)
 HIGHEST    87          1200 AM
 LOWEST     69          1200 PM
 AVERAGE    78

..........................................................


THE LIHUE HI CLIMATE NORMALS FOR TODAY
                         NORMAL    RECORD    YEAR
 MAXIMUM TEMPERATURE (F)   80        85      1981
 MINIMUM TEMPERATURE (F)   69        60      1958


SUNRISE AND SUNSET
APRIL 24 2014.........SUNRISE   610 AM HST   SUNSET   701 PM HST
APRIL 25 2014.........SUNRISE   610 AM HST   SUNSET   701 PM HST


-  INDICATES NEGATIVE NUMBERS.
R  INDICATES RECORD WAS SET OR TIED.
MM INDICATES DATA IS MISSING.
T  INDICATES TRACE AMOUNT.




$$
