175
CDHW41 PHFO 301245
CLILIH


CLIMATE REPORT
NATIONAL WEATHER SERVICE HONOLULU HI
245 AM HST MON MAY 30 2016


...................................

...THE LIHUE HI CLIMATE SUMMARY FOR MAY 29 2016...

CLIMATE NORMAL PERIOD 1981 TO 2010
CLIMATE RECORD PERIOD 1946 TO 2016


WEATHER ITEM   OBSERVED TIME   RECORD YEAR NORMAL DEPARTURE LAST
                VALUE   (LST)  VALUE       VALUE  FROM      YEAR
                                                  NORMAL
..................................................................
TEMPERATURE (F)
 YESTERDAY
  MAXIMUM         80   1246 PM  86    2013  82     -2       82
  MINIMUM         67    614 AM  65    1983  72     -5       67
                                      1978
  AVERAGE         74                        77     -3       75

PRECIPITATION (IN)
  YESTERDAY        0.28          0.47 1986   0.06   0.22      T
  MONTH TO DATE    1.46                      1.98  -0.52     0.81
  SINCE MAR 1      4.92                      8.84  -3.92     3.93
  SINCE JAN 1      6.09                     15.75  -9.66     5.84

SNOWFALL (IN)
  YESTERDAY        0.0
  MONTH TO DATE    0.0
  SINCE MAR 1      0.0
  SINCE JUL 1      0.0
  SNOW DEPTH       0

DEGREE DAYS
 HEATING
  YESTERDAY        0                         0      0        0
  MONTH TO DATE    0                         0      0        0
  SINCE MAR 1      0                         0      0        0
  SINCE JUL 1      0                         0      0        0

 COOLING
  YESTERDAY        9                        12     -3       10
  MONTH TO DATE  360                       312     48      334
  SINCE MAR 1    928                       821    107      939
  SINCE JAN 1   1383                      1216    167     1395
..................................................................


WIND (MPH)
  HIGHEST WIND SPEED    12   HIGHEST WIND DIRECTION     W (250)
  HIGHEST GUST SPEED    13   HIGHEST GUST DIRECTION     E (80)
  AVERAGE WIND SPEED     6.4


SKY COVER
  POSSIBLE SUNSHINE  MM
  AVERAGE SKY COVER 0.4


WEATHER CONDITIONS
 THE FOLLOWING WEATHER WAS RECORDED YESTERDAY.
  RAIN
  LIGHT RAIN
  FOG


RELATIVE HUMIDITY (PERCENT)
 HIGHEST   100           400 PM
 LOWEST     71          1200 PM
 AVERAGE    86

..........................................................


THE LIHUE HI CLIMATE NORMALS FOR TODAY
                         NORMAL    RECORD    YEAR
 MAXIMUM TEMPERATURE (F)   82        85      2001
                                             1996
                                             1969
 MINIMUM TEMPERATURE (F)   72        65      1957


SUNRISE AND SUNSET
MAY 30 2016...........SUNRISE   554 AM HST   SUNSET   717 PM HST
MAY 31 2016...........SUNRISE   554 AM HST   SUNSET   717 PM HST


-  INDICATES NEGATIVE NUMBERS.
R  INDICATES RECORD WAS SET OR TIED.
MM INDICATES DATA IS MISSING.
T  INDICATES TRACE AMOUNT.




$$
