000
CDUS44 KLZK 010911
CLILIT


CLIMATE REPORT
NATIONAL WEATHER SERVICE LITTLE ROCK AR
411 AM CDT WED OCT 1 2014


...................................

...THE LITTLE ROCK ADAMS FIELD CLIMATE SUMMARY FOR SEPTEMBER 30 2014...

CLIMATE NORMAL PERIOD 1981 TO 2010
CLIMATE RECORD PERIOD 1874 TO 2014


WEATHER ITEM   OBSERVED TIME   RECORD YEAR NORMAL DEPARTURE LAST
                VALUE   (LST)  VALUE       VALUE  FROM      YEAR
                                                  NORMAL
..................................................................
TEMPERATURE (F)
 YESTERDAY
  MAXIMUM         89    251 PM  99    1953  80      9       80
  MINIMUM         63    628 AM  42    1967  59      4       70
                                      1899
  AVERAGE         76                        69      7       75

PRECIPITATION (IN)
  YESTERDAY        0.00          2.77 1883   0.12  -0.12      T
  MONTH TO DATE    2.01                      3.18  -1.17     3.21
  SINCE SEP 1      2.01                      3.18  -1.17     3.21
  SINCE JAN 1     39.14                     34.59   4.55    37.81

SNOWFALL (IN)
  YESTERDAY        0.0          MM      MM   0.0    0.0      0.0
  MONTH TO DATE    0.0                       0.0    0.0      0.0
  SINCE SEP 1      0.0                       0.0    0.0      0.0
  SINCE JUL 1      0.0                       0.0    0.0      0.0
  SNOW DEPTH       0

DEGREE DAYS
 HEATING
  YESTERDAY        0                         1     -1        0
  MONTH TO DATE    4                         9     -5        0
  SINCE SEP 1      4                        11     -7        0
  SINCE JUL 1      4                        11     -7        0

 COOLING
  YESTERDAY       11                         6      5       10
  MONTH TO DATE  330                       312     18      404
  SINCE SEP 1    330                       312     18      404
  SINCE JAN 1   1940                      2113   -173     2110
..................................................................


WIND (MPH)
  HIGHEST WIND SPEED     9   HIGHEST WIND DIRECTION     S (190)
  HIGHEST GUST SPEED    15   HIGHEST GUST DIRECTION    SE (130)
  AVERAGE WIND SPEED     1.5


SKY COVER
  POSSIBLE SUNSHINE  MM
  AVERAGE SKY COVER 0.4


WEATHER CONDITIONS
 THE FOLLOWING WEATHER WAS RECORDED YESTERDAY.
  NO SIGNIFICANT WEATHER WAS OBSERVED.


RELATIVE HUMIDITY (PERCENT)
 HIGHEST    87           200 AM
 LOWEST     32           100 PM
 AVERAGE    60

..........................................................


THE LITTLE ROCK ADAMS FIELD CLIMATE NORMALS FOR TODAY
                         NORMAL    RECORD    YEAR
 MAXIMUM TEMPERATURE (F)   80        94      1953
 MINIMUM TEMPERATURE (F)   58        39      1984


SUNRISE AND SUNSET
OCTOBER  1 2014.......SUNRISE   704 AM CDT   SUNSET   653 PM CDT
OCTOBER  2 2014.......SUNRISE   704 AM CDT   SUNSET   652 PM CDT


-  INDICATES NEGATIVE NUMBERS.
R  INDICATES RECORD WAS SET OR TIED.
MM INDICATES DATA IS MISSING.
T  INDICATES TRACE AMOUNT.




$$
