000
CDUS44 KLZK 180640
CLILIT


CLIMATE REPORT
NATIONAL WEATHER SERVICE LITTLE ROCK AR
139 AM CDT FRI AUG 18 2017


...................................

...THE LITTLE ROCK ADAMS FIELD CLIMATE SUMMARY FOR AUGUST 17 2017...

CLIMATE NORMAL PERIOD 1981 TO 2010
CLIMATE RECORD PERIOD 1874 TO 2017


WEATHER ITEM   OBSERVED TIME   RECORD YEAR NORMAL DEPARTURE LAST
                VALUE   (LST)  VALUE       VALUE  FROM      YEAR
                                                  NORMAL
..................................................................
TEMPERATURE (F)
 YESTERDAY
  MAXIMUM         89    338 PM 105    2000  93     -4       85
                                      1909
  MINIMUM         74   1159 PM  55    1992  73      1       75
  AVERAGE         82                        83     -1       80

PRECIPITATION (IN)
  YESTERDAY        T             2.02 1958   0.08  -0.08     0.10
  MONTH TO DATE    1.72                      1.38   0.34     6.55
  SINCE JUN 1      9.72                      8.30   1.42    15.75
  SINCE JAN 1     35.54                     30.20   5.34    44.94

SNOWFALL (IN)
  YESTERDAY        0.0          MM      MM   0.0    0.0      0.0
  MONTH TO DATE    0.0                       0.0    0.0      0.0
  SINCE JUN 1      0.0                       0.0    0.0      0.0
  SINCE JUL 1      0.0                       0.0    0.0      0.0
  SNOW DEPTH       0

DEGREE DAYS
 HEATING
  YESTERDAY        0                         0      0        0
  MONTH TO DATE    0                         0      0        0
  SINCE JUN 1      0                         0      0        0
  SINCE JUL 1      0                         0      0        0

 COOLING
  YESTERDAY       17                        18     -1       15
  MONTH TO DATE  231                       306    -75      326
  SINCE JUN 1   1111                      1284   -173     1518
  SINCE JAN 1   1377                      1565   -188     1792
..................................................................


WIND (MPH)
  HIGHEST WIND SPEED    17   HIGHEST WIND DIRECTION    NW (310)
  HIGHEST GUST SPEED    22   HIGHEST GUST DIRECTION    NW (310)
  AVERAGE WIND SPEED     8.1


SKY COVER
  POSSIBLE SUNSHINE  MM
  AVERAGE SKY COVER 0.7


WEATHER CONDITIONS
 THE FOLLOWING WEATHER WAS RECORDED YESTERDAY.
  THUNDERSTORM
  LIGHT RAIN


RELATIVE HUMIDITY (PERCENT)
 HIGHEST   100           100 AM
 LOWEST     59           300 PM
 AVERAGE    80

..........................................................


THE LITTLE ROCK ADAMS FIELD CLIMATE NORMALS FOR TODAY
                         NORMAL    RECORD    YEAR
 MAXIMUM TEMPERATURE (F)   93       103      1995
 MINIMUM TEMPERATURE (F)   73        58      1992


SUNRISE AND SUNSET
AUGUST 18 2017........SUNRISE   632 AM CDT   SUNSET   753 PM CDT
AUGUST 19 2017........SUNRISE   633 AM CDT   SUNSET   752 PM CDT


-  INDICATES NEGATIVE NUMBERS.
R  INDICATES RECORD WAS SET OR TIED.
MM INDICATES DATA IS MISSING.
T  INDICATES TRACE AMOUNT.




$$
