000
CDUS44 KLZK 260658
CLILIT


CLIMATE REPORT
NATIONAL WEATHER SERVICE LITTLE ROCK AR
158 AM CDT MON JUN 26 2017


...................................

...THE LITTLE ROCK ADAMS FIELD CLIMATE SUMMARY FOR JUNE 25 2017...

CLIMATE NORMAL PERIOD 1981 TO 2010
CLIMATE RECORD PERIOD 1874 TO 2017


WEATHER ITEM   OBSERVED TIME   RECORD YEAR NORMAL DEPARTURE LAST
                VALUE   (LST)  VALUE       VALUE  FROM      YEAR
                                                  NORMAL
..................................................................
TEMPERATURE (F)
 YESTERDAY
  MAXIMUM         85    238 PM 105    2012  91     -6       96
  MINIMUM         65   1118 PM  57    1974  71     -6       75
  AVERAGE         75                        81     -6       86

PRECIPITATION (IN)
  YESTERDAY        0.00          3.79 1958   0.11  -0.11     0.00
  MONTH TO DATE    3.10                      3.09   0.01     1.41
  SINCE JUN 1      3.10                      3.09   0.01     1.41
  SINCE JAN 1     28.92                     24.99   3.93    30.60

SNOWFALL (IN)
  YESTERDAY        0.0          MM      MM   0.0    0.0      0.0
  MONTH TO DATE    0.0                       0.0    0.0      0.0
  SINCE JUN 1      0.0                       0.0    0.0      0.0
  SINCE JUL 1      0.2                       3.5   -3.3      5.7
  SNOW DEPTH       0

DEGREE DAYS
 HEATING
  YESTERDAY        0                         0      0        0
  MONTH TO DATE    0                         0      0        0
  SINCE JUN 1      0                         0      0        0
  SINCE JUL 1   2294                      3052   -758     2191

 COOLING
  YESTERDAY       10                        16     -6       21
  MONTH TO DATE  290                       342    -52      442
  SINCE JUN 1    290                       342    -52      442
  SINCE JAN 1    556                       623    -67      716
..................................................................


WIND (MPH)
  HIGHEST WIND SPEED    12   HIGHEST WIND DIRECTION     E (70)
  HIGHEST GUST SPEED    16   HIGHEST GUST DIRECTION     E (80)
  AVERAGE WIND SPEED     4.4


SKY COVER
  POSSIBLE SUNSHINE  MM
  AVERAGE SKY COVER 0.4


WEATHER CONDITIONS
 THE FOLLOWING WEATHER WAS RECORDED YESTERDAY.
  NO SIGNIFICANT WEATHER WAS OBSERVED.


RELATIVE HUMIDITY (PERCENT)
 HIGHEST    87           600 AM
 LOWEST     37           200 PM
 AVERAGE    62

..........................................................


THE LITTLE ROCK ADAMS FIELD CLIMATE NORMALS FOR TODAY
                         NORMAL    RECORD    YEAR
 MAXIMUM TEMPERATURE (F)   91       101      1954
 MINIMUM TEMPERATURE (F)   72        55      1958


SUNRISE AND SUNSET
JUNE 26 2017..........SUNRISE   558 AM CDT   SUNSET   826 PM CDT
JUNE 27 2017..........SUNRISE   558 AM CDT   SUNSET   826 PM CDT


-  INDICATES NEGATIVE NUMBERS.
R  INDICATES RECORD WAS SET OR TIED.
MM INDICATES DATA IS MISSING.
T  INDICATES TRACE AMOUNT.




$$
