000
CDUS44 KLZK 240751
CLILIT


CLIMATE REPORT
NATIONAL WEATHER SERVICE LITTLE ROCK AR
251 AM CDT TUE MAY 24 2016


...................................

...THE LITTLE ROCK ADAMS FIELD CLIMATE SUMMARY FOR MAY 23 2016...

CLIMATE NORMAL PERIOD 1981 TO 2010
CLIMATE RECORD PERIOD 1874 TO 2016


WEATHER ITEM   OBSERVED TIME   RECORD YEAR NORMAL DEPARTURE LAST
                VALUE   (LST)  VALUE       VALUE  FROM      YEAR
                                                  NORMAL
..................................................................
TEMPERATURE (F)
 YESTERDAY
  MAXIMUM         83    233 PM  94    1978  83      0       82
  MINIMUM         57    456 AM  42    1963  63     -6       61
  AVERAGE         70                        73     -3       72

PRECIPITATION (IN)
  YESTERDAY        T             5.11 1946   0.15  -0.15     0.00
  MONTH TO DATE    2.08                      3.78  -1.70     5.54
  SINCE MAR 1     22.14                     13.60   8.54    19.07
  SINCE JAN 1     27.83                     20.81   7.02    25.88

SNOWFALL (IN)
  YESTERDAY        0.0          MM      MM   0.0    0.0      0.0
  MONTH TO DATE    0.0                       0.0    0.0      0.0
  SINCE MAR 1      0.0                       0.4   -0.4      5.7
  SINCE JUL 1      5.7                       3.5    2.2     11.1
  SNOW DEPTH       0

DEGREE DAYS
 HEATING
  YESTERDAY        0                         0      0        0
  MONTH TO DATE    8                        18    -10       11
  SINCE MAR 1    302                       537   -235      483
  SINCE JUL 1   2191                      3050   -859     3129

 COOLING
  YESTERDAY        5                         8     -3        7
  MONTH TO DATE   87                       132    -45      157
  SINCE MAR 1    176                       202    -26      247
  SINCE JAN 1    182                       204    -22      247
..................................................................


WIND (MPH)
  HIGHEST WIND SPEED    18   HIGHEST WIND DIRECTION     S (180)
  HIGHEST GUST SPEED    23   HIGHEST GUST DIRECTION     S (170)
  AVERAGE WIND SPEED     5.8


SKY COVER
  POSSIBLE SUNSHINE  MM
  AVERAGE SKY COVER 0.8


WEATHER CONDITIONS
 THE FOLLOWING WEATHER WAS RECORDED YESTERDAY.
  LIGHT RAIN


RELATIVE HUMIDITY (PERCENT)
 HIGHEST    93           500 AM
 LOWEST     40          1100 AM
 AVERAGE    67

..........................................................


THE LITTLE ROCK ADAMS FIELD CLIMATE NORMALS FOR TODAY
                         NORMAL    RECORD    YEAR
 MAXIMUM TEMPERATURE (F)   83        95      1978
 MINIMUM TEMPERATURE (F)   64        48      1963


SUNRISE AND SUNSET
MAY 24 2016...........SUNRISE   600 AM CDT   SUNSET   812 PM CDT
MAY 25 2016...........SUNRISE   559 AM CDT   SUNSET   813 PM CDT


-  INDICATES NEGATIVE NUMBERS.
R  INDICATES RECORD WAS SET OR TIED.
MM INDICATES DATA IS MISSING.
T  INDICATES TRACE AMOUNT.




$$
