000
CDUS44 KLZK 040653
CLILIT


CLIMATE REPORT
NATIONAL WEATHER SERVICE LITTLE ROCK AR
1250 AM CST SUN DEC 4 2016


...................................

...THE LITTLE ROCK ADAMS FIELD CLIMATE SUMMARY FOR DECEMBER 3 2016...

CLIMATE NORMAL PERIOD 1981 TO 2010
CLIMATE RECORD PERIOD 1874 TO 2016


WEATHER ITEM   OBSERVED TIME   RECORD YEAR NORMAL DEPARTURE LAST
                VALUE   (LST)  VALUE       VALUE  FROM      YEAR
                                                  NORMAL
..................................................................
TEMPERATURE (F)
 YESTERDAY
  MAXIMUM         48    416 AM  80    2005  56     -8       55
  MINIMUM         42   1159 PM  17    1895  36      6       33
  AVERAGE         45                        46     -1       44

PRECIPITATION (IN)
  YESTERDAY        0.56          3.13 1973   0.18   0.38     0.00
  MONTH TO DATE    0.56                      0.55   0.01     0.00
  SINCE DEC 1      0.56                      0.55   0.01     0.00
  SINCE JAN 1     52.29                     45.33   6.96    52.85

SNOWFALL (IN)
  YESTERDAY       MM             1.2  1886   0.0   MM        0.0
  MONTH TO DATE    0.0                       0.0    0.0      0.0
  SINCE DEC 1      0.0                       0.0    0.0      0.0
  SINCE JUL 1      0.0                       T      0.0      0.0
  SNOW DEPTH       0

DEGREE DAYS
 HEATING
  YESTERDAY       20                        19      1       21
  MONTH TO DATE   56                        56      0       59
  SINCE DEC 1     56                        56      0       59
  SINCE JUL 1    395                       570   -175      383

 COOLING
  YESTERDAY        0                         0      0        0
  MONTH TO DATE    0                         0      0        0
  SINCE DEC 1      0                         0      0        0
  SINCE JAN 1   2650                      2204    446     2489
..................................................................


WIND (MPH)
  HIGHEST WIND SPEED    23   HIGHEST WIND DIRECTION     E (90)
  HIGHEST GUST SPEED    29   HIGHEST GUST DIRECTION     E (80)
  AVERAGE WIND SPEED     9.7


SKY COVER
  POSSIBLE SUNSHINE  MM
  AVERAGE SKY COVER 1.0


WEATHER CONDITIONS
 THE FOLLOWING WEATHER WAS RECORDED YESTERDAY.
  RAIN
  LIGHT RAIN
  FOG


RELATIVE HUMIDITY (PERCENT)
 HIGHEST   100          1100 AM
 LOWEST     71           100 AM
 AVERAGE    86

..........................................................


THE LITTLE ROCK ADAMS FIELD CLIMATE NORMALS FOR TODAY
                         NORMAL    RECORD    YEAR
 MAXIMUM TEMPERATURE (F)   55        77      2013
 MINIMUM TEMPERATURE (F)   36        18      1893
                                             1886


SUNRISE AND SUNSET
DECEMBER  4 2016......SUNRISE   701 AM CST   SUNSET   458 PM CST
DECEMBER  5 2016......SUNRISE   702 AM CST   SUNSET   458 PM CST


-  INDICATES NEGATIVE NUMBERS.
R  INDICATES RECORD WAS SET OR TIED.
MM INDICATES DATA IS MISSING.
T  INDICATES TRACE AMOUNT.




$$
